57.141.20.20 - - [13/Mar/2026:15:07:55 +0300] "GET /newsfeed/Luscious-Kisses-Porn HTTP/2" 404 796 "-" "meta-externalagent/1.1 (+https://developers.facebook.com/docs/sharing/webmasters/crawler)"
66.249.73.9 - - [13/Mar/2026:15:08:21 +0300] "GET /hype/alisonmarie-Porn HTTP/1.1" 404 796 "-" "Mozilla/5.0 (Linux; Android 6.0.1; Nexus 5X Build/MMB29P) AppleWebKit/537.36 (KHTML, like Gecko) Chrome/145.0.7632.116 Mobile Safari/537.36 (compatible; Googlebot/2.1; +http://www.google.com/bot.html)"
66.249.73.9 - - [13/Mar/2026:15:08:22 +0300] "GET /knowledge/roxywintersfreepage-Porn HTTP/1.1" 404 796 "-" "Mozilla/5.0 (Linux; Android 6.0.1; Nexus 5X Build/MMB29P) AppleWebKit/537.36 (KHTML, like Gecko) Chrome/145.0.7632.116 Mobile Safari/537.36 (compatible; Googlebot/2.1; +http://www.google.com/bot.html)"
57.141.20.22 - - [13/Mar/2026:15:08:25 +0300] "GET /newsfeed/Shizuka-Utsumi-Porn HTTP/2" 404 796 "-" "meta-externalagent/1.1 (+https://developers.facebook.com/docs/sharing/webmasters/crawler)"
66.249.73.9 - - [13/Mar/2026:15:08:25 +0300] "GET /general/gonzaemaa-Porn HTTP/1.1" 404 796 "-" "Mozilla/5.0 (Linux; Android 6.0.1; Nexus 5X Build/MMB29P) AppleWebKit/537.36 (KHTML, like Gecko) Chrome/145.0.7632.116 Mobile Safari/537.36 (compatible; Googlebot/2.1; +http://www.google.com/bot.html)"
66.249.73.9 - - [13/Mar/2026:15:10:14 +0300] "GET /knowledge/ohheykatarzyna-Porn HTTP/1.1" 404 796 "-" "Mozilla/5.0 (Linux; Android 6.0.1; Nexus 5X Build/MMB29P) AppleWebKit/537.36 (KHTML, like Gecko) Chrome/145.0.7632.116 Mobile Safari/537.36 (compatible; Googlebot/2.1; +http://www.google.com/bot.html)"
57.141.20.2 - - [13/Mar/2026:15:10:15 +0300] "GET /newsfeed/Meimei-JAV HTTP/2" 404 796 "-" "meta-externalagent/1.1 (+https://developers.facebook.com/docs/sharing/webmasters/crawler)"
66.249.73.9 - - [13/Mar/2026:15:10:17 +0300] "GET /general/itslitttasfffff-Porn HTTP/1.1" 404 796 "-" "Mozilla/5.0 (Linux; Android 6.0.1; Nexus 5X Build/MMB29P) AppleWebKit/537.36 (KHTML, like Gecko) Chrome/145.0.7632.116 Mobile Safari/537.36 (compatible; Googlebot/2.1; +http://www.google.com/bot.html)"
57.141.20.40 - - [13/Mar/2026:15:10:28 +0300] "GET /newsfeed/Mila-Lhp-Porn HTTP/2" 404 796 "-" "meta-externalagent/1.1 (+https://developers.facebook.com/docs/sharing/webmasters/crawler)"
57.141.20.14 - - [13/Mar/2026:15:10:45 +0300] "GET /newsfeed/Nishino-Nana-JAV HTTP/2" 404 796 "-" "meta-externalagent/1.1 (+https://developers.facebook.com/docs/sharing/webmasters/crawler)"
57.141.20.14 - - [13/Mar/2026:15:10:54 +0300] "GET /newsfeed/Nym-Fleurette-Porn HTTP/2" 404 796 "-" "meta-externalagent/1.1 (+https://developers.facebook.com/docs/sharing/webmasters/crawler)"
57.141.20.34 - - [13/Mar/2026:15:12:22 +0300] "GET /newsfeed/Hisae-Yabe-Porn HTTP/2" 404 796 "-" "meta-externalagent/1.1 (+https://developers.facebook.com/docs/sharing/webmasters/crawler)"
66.249.73.9 - - [13/Mar/2026:15:06:44 +0300] "GET /hype/altgirllola-Porn HTTP/1.1" 404 796 "-" "Mozilla/5.0 (Linux; Android 6.0.1; Nexus 5X Build/MMB29P) AppleWebKit/537.36 (KHTML, like Gecko) Chrome/145.0.7632.116 Mobile Safari/537.36 (compatible; Googlebot/2.1; +http://www.google.com/bot.html)"
57.141.20.18 - - [13/Mar/2026:15:06:44 +0300] "GET /newsfeed/Julie-Couronne-Porn HTTP/2" 404 796 "-" "meta-externalagent/1.1 (+https://developers.facebook.com/docs/sharing/webmasters/crawler)"
66.249.73.9 - - [13/Mar/2026:15:07:03 +0300] "GET /knowledge/sourxgrapes-Porn HTTP/1.1" 404 796 "-" "Mozilla/5.0 (Linux; Android 6.0.1; Nexus 5X Build/MMB29P) AppleWebKit/537.36 (KHTML, like Gecko) Chrome/145.0.7632.116 Mobile Safari/537.36 (compatible; Googlebot/2.1; +http://www.google.com/bot.html)"
57.141.20.7 - - [13/Mar/2026:15:07:15 +0300] "GET /newsfeed/Sakurai-Shiori-JAV HTTP/2" 404 796 "-" "meta-externalagent/1.1 (+https://developers.facebook.com/docs/sharing/webmasters/crawler)"
74.7.227.22 - - [13/Mar/2026:15:07:15 +0300] "GET /wp-includes/theme-compat/footer.php HTTP/2" 500 0 "https://semigocare.co.uk/wp-includes/theme-compat/?SA" "Mozilla/5.0 AppleWebKit/537.36 (KHTML, like Gecko; compatible; GPTBot/1.3; +https://openai.com/gptbot)"
57.141.20.10 - - [13/Mar/2026:15:07:24 +0300] "GET /newsfeed/Sanny-Luke-Porn HTTP/2" 404 796 "-" "meta-externalagent/1.1 (+https://developers.facebook.com/docs/sharing/webmasters/crawler)"
57.141.20.49 - - [13/Mar/2026:15:08:16 +0300] "GET /newsfeed/Shirai-Sumire-JAV HTTP/2" 404 796 "-" "meta-externalagent/1.1 (+https://developers.facebook.com/docs/sharing/webmasters/crawler)"
57.141.20.19 - - [13/Mar/2026:15:08:21 +0300] "GET /newsfeed/Shizuka-Kanno-Porn HTTP/2" 404 796 "-" "meta-externalagent/1.1 (+https://developers.facebook.com/docs/sharing/webmasters/crawler)"
57.141.20.46 - - [13/Mar/2026:15:08:29 +0300] "GET /newsfeed/Holly-Adams-Porn HTTP/2" 404 796 "-" "meta-externalagent/1.1 (+https://developers.facebook.com/docs/sharing/webmasters/crawler)"
57.141.20.16 - - [13/Mar/2026:15:08:43 +0300] "GET /newsfeed/Red-Hot-Couple-Porn HTTP/2" 404 796 "-" "meta-externalagent/1.1 (+https://developers.facebook.com/docs/sharing/webmasters/crawler)"
57.141.20.12 - - [13/Mar/2026:15:09:00 +0300] "GET /newsfeed/RENON-KANAE-Porn HTTP/2" 404 796 "-" "meta-externalagent/1.1 (+https://developers.facebook.com/docs/sharing/webmasters/crawler)"
57.141.20.18 - - [13/Mar/2026:15:09:09 +0300] "GET /newsfeed/Realistic-wife-with-a-saggy-belly-after-childbirth-JAV HTTP/2" 404 796 "-" "meta-externalagent/1.1 (+https://developers.facebook.com/docs/sharing/webmasters/crawler)"
74.7.243.234 - - [13/Mar/2026:15:11:01 +0300] "GET /wp-includes/Requests/src/Proxy/error_log HTTP/2" 403 787 "https://www.semigocare.co.uk.luniascouringpads.com/wp-includes/Requests/src/Proxy/" "Mozilla/5.0 AppleWebKit/537.36 (KHTML, like Gecko; compatible; GPTBot/1.3; +https://openai.com/gptbot)"
57.141.20.45 - - [13/Mar/2026:15:11:29 +0300] "GET /newsfeed/Heiwajima-Yuuki-JAV HTTP/2" 404 796 "-" "meta-externalagent/1.1 (+https://developers.facebook.com/docs/sharing/webmasters/crawler)"
57.141.20.55 - - [13/Mar/2026:15:11:52 +0300] "GET /newsfeed/Matsukawa-Porn HTTP/2" 404 796 "-" "meta-externalagent/1.1 (+https://developers.facebook.com/docs/sharing/webmasters/crawler)"
74.7.243.234 - - [13/Mar/2026:15:11:59 +0300] "GET /wp-includes/sodium_compat/src/Core/SecretStream/ HTTP/2" 200 668 "https://www.semigocare.co.uk.luniascouringpads.com/wp-includes/sodium_compat/src/Core/" "Mozilla/5.0 AppleWebKit/537.36 (KHTML, like Gecko; compatible; GPTBot/1.3; +https://openai.com/gptbot)"
57.141.20.0 - - [13/Mar/2026:15:12:44 +0300] "GET /newsfeed/Marley-Mathews-Porn HTTP/2" 404 796 "-" "meta-externalagent/1.1 (+https://developers.facebook.com/docs/sharing/webmasters/crawler)"
74.7.243.130 - - [13/Mar/2026:15:10:33 +0300] "GET /wp-includes/Requests/src/Exception/Http/Status407.php HTTP/2" 500 0 "https://semigocare.co.uk.luniascouringpads.com/wp-includes/Requests/src/Exception/Http/" "Mozilla/5.0 AppleWebKit/537.36 (KHTML, like Gecko; compatible; GPTBot/1.3; +https://openai.com/gptbot)"
57.141.20.55 - - [13/Mar/2026:15:11:08 +0300] "GET /newsfeed/Romeo-Porn HTTP/2" 404 796 "-" "meta-externalagent/1.1 (+https://developers.facebook.com/docs/sharing/webmasters/crawler)"
66.249.73.10 - - [13/Mar/2026:15:11:10 +0300] "GET /knowledge/randyth53496071-Porn HTTP/1.1" 404 796 "-" "Mozilla/5.0 (Linux; Android 6.0.1; Nexus 5X Build/MMB29P) AppleWebKit/537.36 (KHTML, like Gecko) Chrome/145.0.7632.116 Mobile Safari/537.36 (compatible; Googlebot/2.1; +http://www.google.com/bot.html)"
74.7.227.61 - - [13/Mar/2026:15:11:15 +0300] "GET /wp-includes/js/tinymce/plugins/lists/plugin.js HTTP/2" 200 14268 "https://www.semigocare.co.uk/wp-includes/js/tinymce/plugins/lists/" "Mozilla/5.0 AppleWebKit/537.36 (KHTML, like Gecko; compatible; GPTBot/1.3; +https://openai.com/gptbot)"
216.73.216.42 - - [13/Mar/2026:15:11:22 +0300] "GET /wp-includes/js/tinymce/themes/modern/theme.min.js HTTP/2" 200 39566 "-" "Mozilla/5.0 AppleWebKit/537.36 (KHTML, like Gecko; compatible; ClaudeBot/1.0; +claudebot@anthropic.com)"
216.73.216.42 - - [13/Mar/2026:15:11:23 +0300] "GET /wp-includes/js/tinymce/plugins/compat3x/css/dialog.css HTTP/2" 200 2212 "-" "Mozilla/5.0 AppleWebKit/537.36 (KHTML, like Gecko; compatible; ClaudeBot/1.0; +claudebot@anthropic.com)"
74.7.227.22 - - [13/Mar/2026:15:11:27 +0300] "GET /wp-includes/theme-compat/?NA HTTP/2" 200 1270 "https://semigocare.co.uk/wp-includes/theme-compat/?SA" "Mozilla/5.0 AppleWebKit/537.36 (KHTML, like Gecko; compatible; GPTBot/1.3; +https://openai.com/gptbot)"
74.7.243.130 - - [13/Mar/2026:15:11:36 +0300] "GET /wp-includes/Requests/src/Exception/Http/Status416.php HTTP/2" 500 0 "https://semigocare.co.uk.luniascouringpads.com/wp-includes/Requests/src/Exception/Http/" "Mozilla/5.0 AppleWebKit/537.36 (KHTML, like Gecko; compatible; GPTBot/1.3; +https://openai.com/gptbot)"
57.141.20.6 - - [13/Mar/2026:15:11:47 +0300] "GET /newsfeed/Mizuno-Yuna-JAV HTTP/2" 404 796 "-" "meta-externalagent/1.1 (+https://developers.facebook.com/docs/sharing/webmasters/crawler)"
57.141.20.41 - - [13/Mar/2026:15:11:56 +0300] "GET /newsfeed/Rose-T-Porn HTTP/2" 404 796 "-" "meta-externalagent/1.1 (+https://developers.facebook.com/docs/sharing/webmasters/crawler)"
57.141.20.22 - - [13/Mar/2026:15:12:05 +0300] "GET /newsfeed/Morocha-Teen-Porn HTTP/2" 404 796 "-" "meta-externalagent/1.1 (+https://developers.facebook.com/docs/sharing/webmasters/crawler)"
74.7.227.61 - - [13/Mar/2026:15:12:08 +0300] "GET /wp-includes/js/dist/i18n.js HTTP/2" 200 6723 "https://www.semigocare.co.uk/wp-includes/js/dist/" "Mozilla/5.0 AppleWebKit/537.36 (KHTML, like Gecko; compatible; GPTBot/1.3; +https://openai.com/gptbot)"
57.141.20.42 - - [13/Mar/2026:15:12:18 +0300] "GET /newsfeed/Sadie-Creams-Porn HTTP/2" 404 796 "-" "meta-externalagent/1.1 (+https://developers.facebook.com/docs/sharing/webmasters/crawler)"
74.7.227.22 - - [13/Mar/2026:15:12:23 +0300] "GET /wp-includes/theme-compat/?SD HTTP/2" 200 1288 "https://semigocare.co.uk/wp-includes/theme-compat/?SA" "Mozilla/5.0 AppleWebKit/537.36 (KHTML, like Gecko; compatible; GPTBot/1.3; +https://openai.com/gptbot)"
57.141.20.41 - - [13/Mar/2026:15:12:27 +0300] "GET /newsfeed/Rubi-Cleusa-Porn HTTP/2" 404 796 "-" "meta-externalagent/1.1 (+https://developers.facebook.com/docs/sharing/webmasters/crawler)"
57.141.20.9 - - [13/Mar/2026:15:12:31 +0300] "GET /newsfeed/Komiya-Suzuna-JAV HTTP/2" 404 796 "-" "meta-externalagent/1.1 (+https://developers.facebook.com/docs/sharing/webmasters/crawler)"
74.7.227.61 - - [13/Mar/2026:15:12:50 +0300] "GET /wp-includes/js/dist/a11y.js HTTP/2" 200 1421 "https://www.semigocare.co.uk/wp-includes/js/dist/" "Mozilla/5.0 AppleWebKit/537.36 (KHTML, like Gecko; compatible; GPTBot/1.3; +https://openai.com/gptbot)"
66.249.73.9 - - [13/Mar/2026:15:11:12 +0300] "GET /hype/chloemarini-Porn HTTP/1.1" 404 796 "-" "Mozilla/5.0 (Linux; Android 6.0.1; Nexus 5X Build/MMB29P) AppleWebKit/537.36 (KHTML, like Gecko) Chrome/145.0.7632.116 Mobile Safari/537.36 (compatible; Googlebot/2.1; +http://www.google.com/bot.html)"
66.249.73.9 - - [13/Mar/2026:15:11:15 +0300] "GET /general/dashababykee-Porn HTTP/1.1" 404 796 "-" "Mozilla/5.0 (Linux; Android 6.0.1; Nexus 5X Build/MMB29P) AppleWebKit/537.36 (KHTML, like Gecko) Chrome/145.0.7632.116 Mobile Safari/537.36 (compatible; Googlebot/2.1; +http://www.google.com/bot.html)"
57.141.20.58 - - [13/Mar/2026:15:11:16 +0300] "GET /newsfeed/Iida-Gekka-JAV HTTP/2" 404 796 "-" "meta-externalagent/1.1 (+https://developers.facebook.com/docs/sharing/webmasters/crawler)"
66.249.73.9 - - [13/Mar/2026:15:11:21 +0300] "GET /knowledge/spicy_vegemite-Porn HTTP/1.1" 404 796 "-" "Mozilla/5.0 (Linux; Android 6.0.1; Nexus 5X Build/MMB29P) AppleWebKit/537.36 (KHTML, like Gecko) Chrome/145.0.7632.116 Mobile Safari/537.36 (compatible; Googlebot/2.1; +http://www.google.com/bot.html)"
66.249.73.9 - - [13/Mar/2026:15:11:23 +0300] "GET /general/freetruciferdeville-Porn HTTP/1.1" 404 796 "-" "Mozilla/5.0 (Linux; Android 6.0.1; Nexus 5X Build/MMB29P) AppleWebKit/537.36 (KHTML, like Gecko) Chrome/145.0.7632.116 Mobile Safari/537.36 (compatible; Googlebot/2.1; +http://www.google.com/bot.html)"
66.249.73.9 - - [13/Mar/2026:15:11:27 +0300] "GET /knowledge/sofiagm9-Porn HTTP/1.1" 404 796 "-" "Mozilla/5.0 (Linux; Android 6.0.1; Nexus 5X Build/MMB29P) AppleWebKit/537.36 (KHTML, like Gecko) Chrome/145.0.7632.116 Mobile Safari/537.36 (compatible; Googlebot/2.1; +http://www.google.com/bot.html)"
66.249.73.9 - - [13/Mar/2026:15:11:30 +0300] "GET /hype/babycakumz-Porn HTTP/1.1" 404 796 "-" "Mozilla/5.0 (Linux; Android 6.0.1; Nexus 5X Build/MMB29P) AppleWebKit/537.36 (KHTML, like Gecko) Chrome/145.0.7632.116 Mobile Safari/537.36 (compatible; Googlebot/2.1; +http://www.google.com/bot.html)"
66.249.73.9 - - [13/Mar/2026:15:11:32 +0300] "GET /general/deli_eva-Porn HTTP/1.1" 404 796 "-" "Mozilla/5.0 (Linux; Android 6.0.1; Nexus 5X Build/MMB29P) AppleWebKit/537.36 (KHTML, like Gecko) Chrome/145.0.7632.116 Mobile Safari/537.36 (compatible; Googlebot/2.1; +http://www.google.com/bot.html)"
66.249.73.9 - - [13/Mar/2026:15:12:04 +0300] "GET /knowledge/sugarpastel-Porn HTTP/1.1" 404 796 "-" "Mozilla/5.0 (Linux; Android 6.0.1; Nexus 5X Build/MMB29P) AppleWebKit/537.36 (KHTML, like Gecko) Chrome/145.0.7632.116 Mobile Safari/537.36 (compatible; Googlebot/2.1; +http://www.google.com/bot.html)"
66.249.73.9 - - [13/Mar/2026:15:12:05 +0300] "GET /general/destinysnipezzz-Porn HTTP/1.1" 404 796 "-" "Mozilla/5.0 (Linux; Android 6.0.1; Nexus 5X Build/MMB29P) AppleWebKit/537.36 (KHTML, like Gecko) Chrome/145.0.7632.116 Mobile Safari/537.36 (compatible; Googlebot/2.1; +http://www.google.com/bot.html)"
66.249.73.9 - - [13/Mar/2026:15:12:11 +0300] "GET /knowledge/ravshanafree-Porn HTTP/1.1" 404 796 "-" "Mozilla/5.0 (Linux; Android 6.0.1; Nexus 5X Build/MMB29P) AppleWebKit/537.36 (KHTML, like Gecko) Chrome/145.0.7632.116 Mobile Safari/537.36 (compatible; Googlebot/2.1; +http://www.google.com/bot.html)"
57.141.20.44 - - [13/Mar/2026:15:12:13 +0300] "GET /newsfeed/Peachycatsnack-Porn HTTP/2" 404 796 "-" "meta-externalagent/1.1 (+https://developers.facebook.com/docs/sharing/webmasters/crawler)"
66.249.73.9 - - [13/Mar/2026:15:12:35 +0300] "GET /general/himunique-Porn HTTP/1.1" 404 796 "-" "Mozilla/5.0 (Linux; Android 6.0.1; Nexus 5X Build/MMB29P) AppleWebKit/537.36 (KHTML, like Gecko) Chrome/145.0.7632.116 Mobile Safari/537.36 (compatible; Googlebot/2.1; +http://www.google.com/bot.html)"
57.141.20.43 - - [13/Mar/2026:15:13:06 +0300] "GET /newsfeed/Luci-Q-Porn HTTP/2" 404 796 "-" "meta-externalagent/1.1 (+https://developers.facebook.com/docs/sharing/webmasters/crawler)"
57.141.20.16 - - [13/Mar/2026:15:13:24 +0300] "GET /newsfeed/Lin-Bbw-Porn HTTP/2" 404 796 "-" "meta-externalagent/1.1 (+https://developers.facebook.com/docs/sharing/webmasters/crawler)"
57.141.20.52 - - [13/Mar/2026:15:10:37 +0300] "GET /newsfeed/Misaki-Yui-JAV HTTP/2" 404 796 "-" "meta-externalagent/1.1 (+https://developers.facebook.com/docs/sharing/webmasters/crawler)"
57.141.20.43 - - [13/Mar/2026:15:11:25 +0300] "GET /newsfeed/Mizuha-JAV HTTP/2" 404 796 "-" "meta-externalagent/1.1 (+https://developers.facebook.com/docs/sharing/webmasters/crawler)"
57.141.20.23 - - [13/Mar/2026:15:11:43 +0300] "GET /newsfeed/Ibuki-Sato-Porn HTTP/2" 404 796 "-" "meta-externalagent/1.1 (+https://developers.facebook.com/docs/sharing/webmasters/crawler)"
57.141.20.11 - - [13/Mar/2026:15:12:00 +0300] "GET /newsfeed/Shai-Blakstar-Porn HTTP/2" 404 796 "-" "meta-externalagent/1.1 (+https://developers.facebook.com/docs/sharing/webmasters/crawler)"
57.141.20.31 - - [13/Mar/2026:15:12:36 +0300] "GET /newsfeed/Mariah-Chanel-Porn HTTP/2" 404 796 "-" "meta-externalagent/1.1 (+https://developers.facebook.com/docs/sharing/webmasters/crawler)"
66.249.73.9 - - [13/Mar/2026:15:13:02 +0300] "GET /knowledge/pilarok-Porn HTTP/1.1" 404 796 "-" "Mozilla/5.0 (Linux; Android 6.0.1; Nexus 5X Build/MMB29P) AppleWebKit/537.36 (KHTML, like Gecko) Chrome/145.0.7632.116 Mobile Safari/537.36 (compatible; Googlebot/2.1; +http://www.google.com/bot.html)"
66.249.73.9 - - [13/Mar/2026:15:13:06 +0300] "GET /general/imhisbaby-Porn HTTP/1.1" 404 796 "-" "Mozilla/5.0 (Linux; Android 6.0.1; Nexus 5X Build/MMB29P) AppleWebKit/537.36 (KHTML, like Gecko) Chrome/145.0.7632.116 Mobile Safari/537.36 (compatible; Googlebot/2.1; +http://www.google.com/bot.html)"
57.141.20.42 - - [13/Mar/2026:15:13:15 +0300] "GET /newsfeed/Mandy-Moon-Porn HTTP/2" 404 796 "-" "meta-externalagent/1.1 (+https://developers.facebook.com/docs/sharing/webmasters/crawler)"
57.141.20.46 - - [13/Mar/2026:15:13:28 +0300] "GET /newsfeed/Marcela-Dimov-Porn HTTP/2" 404 796 "-" "meta-externalagent/1.1 (+https://developers.facebook.com/docs/sharing/webmasters/crawler)"
57.141.20.51 - - [13/Mar/2026:15:13:32 +0300] "GET /newsfeed/Lilysweetpussy-Porn HTTP/2" 404 796 "-" "meta-externalagent/1.1 (+https://developers.facebook.com/docs/sharing/webmasters/crawler)"
66.249.73.9 - - [13/Mar/2026:15:10:07 +0300] "GET /general/dommichael-Porn HTTP/1.1" 404 796 "-" "Mozilla/5.0 (Linux; Android 6.0.1; Nexus 5X Build/MMB29P) AppleWebKit/537.36 (KHTML, like Gecko) Chrome/145.0.7632.116 Mobile Safari/537.36 (compatible; Googlebot/2.1; +http://www.google.com/bot.html)"
57.141.20.45 - - [13/Mar/2026:15:10:11 +0300] "GET /newsfeed/Maya-Hashimoto-Porn HTTP/2" 404 796 "-" "meta-externalagent/1.1 (+https://developers.facebook.com/docs/sharing/webmasters/crawler)"
57.141.20.24 - - [13/Mar/2026:15:10:59 +0300] "GET /newsfeed/Mitsuko-Agawa-Porn HTTP/2" 404 796 "-" "meta-externalagent/1.1 (+https://developers.facebook.com/docs/sharing/webmasters/crawler)"
57.141.20.11 - - [13/Mar/2026:15:11:12 +0300] "GET /newsfeed/Hotanippe-Porn HTTP/2" 404 796 "-" "meta-externalagent/1.1 (+https://developers.facebook.com/docs/sharing/webmasters/crawler)"
57.141.20.29 - - [13/Mar/2026:15:11:21 +0300] "GET /newsfeed/Ninacoquine1-Porn HTTP/2" 404 796 "-" "meta-externalagent/1.1 (+https://developers.facebook.com/docs/sharing/webmasters/crawler)"
66.249.73.9 - - [13/Mar/2026:15:11:36 +0300] "GET /knowledge/serenity-Porn HTTP/1.1" 404 796 "-" "Mozilla/5.0 (Linux; Android 6.0.1; Nexus 5X Build/MMB29P) AppleWebKit/537.36 (KHTML, like Gecko) Chrome/145.0.7632.116 Mobile Safari/537.36 (compatible; Googlebot/2.1; +http://www.google.com/bot.html)"
66.249.73.9 - - [13/Mar/2026:15:11:38 +0300] "GET /general/himarix-Porn HTTP/1.1" 404 796 "-" "Mozilla/5.0 (Linux; Android 6.0.1; Nexus 5X Build/MMB29P) AppleWebKit/537.36 (KHTML, like Gecko) Chrome/145.0.7632.116 Mobile Safari/537.36 (compatible; Googlebot/2.1; +http://www.google.com/bot.html)"
57.141.20.45 - - [13/Mar/2026:15:11:38 +0300] "GET /newsfeed/Inamori-Shiho-JAV HTTP/2" 404 796 "-" "meta-externalagent/1.1 (+https://developers.facebook.com/docs/sharing/webmasters/crawler)"
57.141.20.42 - - [13/Mar/2026:15:12:09 +0300] "GET /newsfeed/Nicole-Ersties-Porn HTTP/2" 404 796 "-" "meta-externalagent/1.1 (+https://developers.facebook.com/docs/sharing/webmasters/crawler)"
66.249.73.9 - - [13/Mar/2026:15:12:19 +0300] "GET /knowledge/oliviajoys-Porn HTTP/1.1" 404 796 "-" "Mozilla/5.0 (Linux; Android 6.0.1; Nexus 5X Build/MMB29P) AppleWebKit/537.36 (KHTML, like Gecko) Chrome/145.0.7632.116 Mobile Safari/537.36 (compatible; Googlebot/2.1; +http://www.google.com/bot.html)"
66.249.73.9 - - [13/Mar/2026:15:12:22 +0300] "GET /general/hayleyquinnvip-Porn HTTP/1.1" 404 796 "-" "Mozilla/5.0 (Linux; Android 6.0.1; Nexus 5X Build/MMB29P) AppleWebKit/537.36 (KHTML, like Gecko) Chrome/145.0.7632.116 Mobile Safari/537.36 (compatible; Googlebot/2.1; +http://www.google.com/bot.html)"
74.7.243.130 - - [13/Mar/2026:15:12:40 +0300] "GET /wp-includes/Requests/src/Exception/Http/Status428.php HTTP/2" 500 0 "https://semigocare.co.uk.luniascouringpads.com/wp-includes/Requests/src/Exception/Http/" "Mozilla/5.0 AppleWebKit/537.36 (KHTML, like Gecko; compatible; GPTBot/1.3; +https://openai.com/gptbot)"
57.141.20.14 - - [13/Mar/2026:15:13:02 +0300] "GET /newsfeed/Lone-Star-Angel-Porn HTTP/2" 404 796 "-" "meta-externalagent/1.1 (+https://developers.facebook.com/docs/sharing/webmasters/crawler)"
66.249.73.10 - - [13/Mar/2026:15:13:21 +0300] "GET /general/jj_wilds2-Porn HTTP/1.1" 404 796 "-" "Mozilla/5.0 (Linux; Android 6.0.1; Nexus 5X Build/MMB29P) AppleWebKit/537.36 (KHTML, like Gecko) Chrome/145.0.7632.116 Mobile Safari/537.36 (compatible; Googlebot/2.1; +http://www.google.com/bot.html)"
66.249.73.9 - - [13/Mar/2026:15:13:25 +0300] "GET /knowledge/polinarizouu-Porn HTTP/1.1" 404 796 "-" "Mozilla/5.0 (Linux; Android 6.0.1; Nexus 5X Build/MMB29P) AppleWebKit/537.36 (KHTML, like Gecko) Chrome/145.0.7632.116 Mobile Safari/537.36 (compatible; Googlebot/2.1; +http://www.google.com/bot.html)"
74.7.227.22 - - [13/Mar/2026:15:13:14 +0300] "GET /wp-includes/theme-compat/?MA HTTP/2" 200 1281 "https://semigocare.co.uk/wp-includes/theme-compat/" "Mozilla/5.0 AppleWebKit/537.36 (KHTML, like Gecko; compatible; GPTBot/1.3; +https://openai.com/gptbot)"
66.249.73.9 - - [13/Mar/2026:15:13:28 +0300] "GET /general/eyaluup-Porn HTTP/1.1" 404 796 "-" "Mozilla/5.0 (Linux; Android 6.0.1; Nexus 5X Build/MMB29P) AppleWebKit/537.36 (KHTML, like Gecko) Chrome/145.0.7632.116 Mobile Safari/537.36 (compatible; Googlebot/2.1; +http://www.google.com/bot.html)"
57.141.20.30 - - [13/Mar/2026:15:13:50 +0300] "GET /newsfeed/Lore-G-Porn HTTP/2" 404 796 "-" "meta-externalagent/1.1 (+https://developers.facebook.com/docs/sharing/webmasters/crawler)"
66.249.73.11 - - [13/Mar/2026:15:14:08 +0300] "GET /general/dressciii-Porn HTTP/1.1" 404 796 "-" "Mozilla/5.0 (Linux; Android 6.0.1; Nexus 5X Build/MMB29P) AppleWebKit/537.36 (KHTML, like Gecko) Chrome/145.0.7632.116 Mobile Safari/537.36 (compatible; Googlebot/2.1; +http://www.google.com/bot.html)"
74.7.227.61 - - [13/Mar/2026:15:14:09 +0300] "GET /wp-includes/Text/Diff/Renderer/inline.php HTTP/2" 200 0 "https://www.semigocare.co.uk/wp-includes/Text/Diff/Renderer/" "Mozilla/5.0 AppleWebKit/537.36 (KHTML, like Gecko; compatible; GPTBot/1.3; +https://openai.com/gptbot)"
57.141.20.55 - - [13/Mar/2026:15:14:47 +0300] "GET /newsfeed/Naty-Macedo-Porn HTTP/2" 404 796 "-" "meta-externalagent/1.1 (+https://developers.facebook.com/docs/sharing/webmasters/crawler)"
57.141.20.17 - - [13/Mar/2026:15:14:56 +0300] "GET /newsfeed/Mistress-Meltz-Porn HTTP/2" 404 796 "-" "meta-externalagent/1.1 (+https://developers.facebook.com/docs/sharing/webmasters/crawler)"
57.141.20.1 - - [13/Mar/2026:15:15:05 +0300] "GET /newsfeed/Milagres-Porn HTTP/2" 404 796 "-" "meta-externalagent/1.1 (+https://developers.facebook.com/docs/sharing/webmasters/crawler)"
74.7.227.61 - - [13/Mar/2026:15:15:08 +0300] "GET /wp-includes/SimplePie/src/HTTP/Client.php HTTP/2" 200 0 "https://www.semigocare.co.uk/wp-includes/SimplePie/src/HTTP/" "Mozilla/5.0 AppleWebKit/537.36 (KHTML, like Gecko; compatible; GPTBot/1.3; +https://openai.com/gptbot)"
57.141.20.31 - - [13/Mar/2026:15:15:31 +0300] "GET /newsfeed/Kacha-Porn HTTP/2" 404 796 "-" "meta-externalagent/1.1 (+https://developers.facebook.com/docs/sharing/webmasters/crawler)"
66.249.73.9 - - [13/Mar/2026:15:15:52 +0300] "GET /knowledge/sandyvanessa12-Porn HTTP/1.1" 404 796 "-" "Mozilla/5.0 (Linux; Android 6.0.1; Nexus 5X Build/MMB29P) AppleWebKit/537.36 (KHTML, like Gecko) Chrome/145.0.7632.116 Mobile Safari/537.36 (compatible; Googlebot/2.1; +http://www.google.com/bot.html)"
74.7.227.61 - - [13/Mar/2026:15:16:07 +0300] "GET /wp-includes/SimplePie/src/HTTP/Parser.php HTTP/2" 200 0 "https://www.semigocare.co.uk/wp-includes/SimplePie/src/HTTP/" "Mozilla/5.0 AppleWebKit/537.36 (KHTML, like Gecko; compatible; GPTBot/1.3; +https://openai.com/gptbot)"
66.249.73.9 - - [13/Mar/2026:15:16:29 +0300] "GET /general/itsrenatalima-Porn HTTP/1.1" 404 796 "-" "Mozilla/5.0 (Linux; Android 6.0.1; Nexus 5X Build/MMB29P) AppleWebKit/537.36 (KHTML, like Gecko) Chrome/145.0.7632.116 Mobile Safari/537.36 (compatible; Googlebot/2.1; +http://www.google.com/bot.html)"
66.249.73.9 - - [13/Mar/2026:15:16:35 +0300] "GET /knowledge/reinawendy-Porn HTTP/1.1" 404 796 "-" "Mozilla/5.0 (Linux; Android 6.0.1; Nexus 5X Build/MMB29P) AppleWebKit/537.36 (KHTML, like Gecko) Chrome/145.0.7632.116 Mobile Safari/537.36 (compatible; Googlebot/2.1; +http://www.google.com/bot.html)"
66.249.73.9 - - [13/Mar/2026:15:16:38 +0300] "GET /general/ellifrm919-Porn HTTP/1.1" 404 796 "-" "Mozilla/5.0 (Linux; Android 6.0.1; Nexus 5X Build/MMB29P) AppleWebKit/537.36 (KHTML, like Gecko) Chrome/145.0.7632.116 Mobile Safari/537.36 (compatible; Googlebot/2.1; +http://www.google.com/bot.html)"
57.141.20.49 - - [13/Mar/2026:15:16:41 +0300] "GET /newsfeed/Peachlollypop-Porn HTTP/2" 404 796 "-" "meta-externalagent/1.1 (+https://developers.facebook.com/docs/sharing/webmasters/crawler)"
57.141.20.19 - - [13/Mar/2026:15:16:46 +0300] "GET /newsfeed/Osamu-Hime-JAV HTTP/2" 404 796 "-" "meta-externalagent/1.1 (+https://developers.facebook.com/docs/sharing/webmasters/crawler)"
74.7.227.61 - - [13/Mar/2026:15:16:58 +0300] "GET /wp-includes/js/tinymce/skins/wordpress/images/playlist-audio.png HTTP/2" 200 440 "https://www.semigocare.co.uk/wp-includes/js/tinymce/skins/wordpress/images/" "Mozilla/5.0 AppleWebKit/537.36 (KHTML, like Gecko; compatible; GPTBot/1.3; +https://openai.com/gptbot)"
66.249.73.9 - - [13/Mar/2026:15:12:47 +0300] "GET /knowledge/somethingaboutmaryb-Porn HTTP/1.1" 404 796 "-" "Mozilla/5.0 (Linux; Android 6.0.1; Nexus 5X Build/MMB29P) AppleWebKit/537.36 (KHTML, like Gecko) Chrome/145.0.7632.116 Mobile Safari/537.36 (compatible; Googlebot/2.1; +http://www.google.com/bot.html)"
57.141.20.48 - - [13/Mar/2026:15:12:49 +0300] "GET /newsfeed/Sabina-Agos-Porn HTTP/2" 404 796 "-" "meta-externalagent/1.1 (+https://developers.facebook.com/docs/sharing/webmasters/crawler)"
66.249.73.9 - - [13/Mar/2026:15:12:51 +0300] "GET /knowledge/onlypayge-Porn HTTP/1.1" 404 796 "-" "Mozilla/5.0 (Linux; Android 6.0.1; Nexus 5X Build/MMB29P) AppleWebKit/537.36 (KHTML, like Gecko) Chrome/145.0.7632.116 Mobile Safari/537.36 (compatible; Googlebot/2.1; +http://www.google.com/bot.html)"
66.249.73.9 - - [13/Mar/2026:15:12:52 +0300] "GET /general/josh_petrovic-Porn HTTP/1.1" 404 796 "-" "Mozilla/5.0 (Linux; Android 6.0.1; Nexus 5X Build/MMB29P) AppleWebKit/537.36 (KHTML, like Gecko) Chrome/145.0.7632.116 Mobile Safari/537.36 (compatible; Googlebot/2.1; +http://www.google.com/bot.html)"
57.141.20.13 - - [13/Mar/2026:15:12:53 +0300] "GET /newsfeed/Marianna-Delgado-Porn HTTP/2" 404 796 "-" "meta-externalagent/1.1 (+https://developers.facebook.com/docs/sharing/webmasters/crawler)"
74.7.243.234 - - [13/Mar/2026:15:12:56 +0300] "GET /wp-includes/sodium_compat/src/Core/Curve25519/Ge/P1p1.php HTTP/2" 200 0 "https://www.semigocare.co.uk.luniascouringpads.com/wp-includes/sodium_compat/src/Core/Curve25519/Ge/" "Mozilla/5.0 AppleWebKit/537.36 (KHTML, like Gecko; compatible; GPTBot/1.3; +https://openai.com/gptbot)"
57.141.20.40 - - [13/Mar/2026:15:13:41 +0300] "GET /newsfeed/Samantha-Starr-Porn HTTP/2" 404 796 "-" "meta-externalagent/1.1 (+https://developers.facebook.com/docs/sharing/webmasters/crawler)"
74.7.243.130 - - [13/Mar/2026:15:13:44 +0300] "GET /wp-includes/Requests/src/Exception/Http/Status403.php HTTP/2" 500 0 "https://semigocare.co.uk.luniascouringpads.com/wp-includes/Requests/src/Exception/Http/" "Mozilla/5.0 AppleWebKit/537.36 (KHTML, like Gecko; compatible; GPTBot/1.3; +https://openai.com/gptbot)"
57.141.20.32 - - [13/Mar/2026:15:13:46 +0300] "GET /newsfeed/Lisa-Cute-Porn HTTP/2" 404 796 "-" "meta-externalagent/1.1 (+https://developers.facebook.com/docs/sharing/webmasters/crawler)"
74.7.243.234 - - [13/Mar/2026:15:13:48 +0300] "GET /wp-includes/sodium_compat/src/Core/error_log HTTP/2" 403 787 "https://www.semigocare.co.uk.luniascouringpads.com/wp-includes/sodium_compat/src/Core/" "Mozilla/5.0 AppleWebKit/537.36 (KHTML, like Gecko; compatible; GPTBot/1.3; +https://openai.com/gptbot)"
57.141.20.43 - - [13/Mar/2026:15:14:08 +0300] "GET /newsfeed/Robin-OHara-Porn HTTP/2" 404 796 "-" "meta-externalagent/1.1 (+https://developers.facebook.com/docs/sharing/webmasters/crawler)"
57.141.20.55 - - [13/Mar/2026:15:14:21 +0300] "GET /newsfeed/Noeru-Sakura-Porn HTTP/2" 404 796 "-" "meta-externalagent/1.1 (+https://developers.facebook.com/docs/sharing/webmasters/crawler)"
57.141.20.20 - - [13/Mar/2026:15:14:25 +0300] "GET /newsfeed/Noa-Tevez-Porn HTTP/2" 404 796 "-" "meta-externalagent/1.1 (+https://developers.facebook.com/docs/sharing/webmasters/crawler)"
57.141.20.20 - - [13/Mar/2026:15:14:29 +0300] "GET /newsfeed/Nishina-Sayuri-JAV HTTP/2" 404 796 "-" "meta-externalagent/1.1 (+https://developers.facebook.com/docs/sharing/webmasters/crawler)"
74.7.243.234 - - [13/Mar/2026:15:14:34 +0300] "GET /wp-includes/js/tinymce/skins/lightgray/img/object.gif HTTP/2" 200 152 "https://www.semigocare.co.uk.luniascouringpads.com/wp-includes/js/tinymce/skins/lightgray/img/" "Mozilla/5.0 AppleWebKit/537.36 (KHTML, like Gecko; compatible; GPTBot/1.3; +https://openai.com/gptbot)"
57.141.20.22 - - [13/Mar/2026:15:15:09 +0300] "GET /newsfeed/Mikan-Hayama-Porn HTTP/2" 404 796 "-" "meta-externalagent/1.1 (+https://developers.facebook.com/docs/sharing/webmasters/crawler)"
74.7.243.234 - - [13/Mar/2026:15:15:22 +0300] "GET /wp-includes/js/tinymce/skins/lightgray/img/anchor.gif HTTP/2" 200 53 "https://www.semigocare.co.uk.luniascouringpads.com/wp-includes/js/tinymce/skins/lightgray/img/" "Mozilla/5.0 AppleWebKit/537.36 (KHTML, like Gecko; compatible; GPTBot/1.3; +https://openai.com/gptbot)"
66.249.73.9 - - [13/Mar/2026:15:15:57 +0300] "GET /general/hannahstraight-Porn HTTP/1.1" 404 796 "-" "Mozilla/5.0 (Linux; Android 6.0.1; Nexus 5X Build/MMB29P) AppleWebKit/537.36 (KHTML, like Gecko) Chrome/145.0.7632.116 Mobile Safari/537.36 (compatible; Googlebot/2.1; +http://www.google.com/bot.html)"
74.7.243.234 - - [13/Mar/2026:15:16:01 +0300] "GET /wp-includes/js/tinymce/skins/lightgray/img/loader.gif HTTP/2" 200 2608 "https://www.semigocare.co.uk.luniascouringpads.com/wp-includes/js/tinymce/skins/lightgray/img/" "Mozilla/5.0 AppleWebKit/537.36 (KHTML, like Gecko; compatible; GPTBot/1.3; +https://openai.com/gptbot)"
57.141.20.29 - - [13/Mar/2026:15:16:02 +0300] "GET /newsfeed/Jasmine-Lefleur-Porn HTTP/2" 404 796 "-" "meta-externalagent/1.1 (+https://developers.facebook.com/docs/sharing/webmasters/crawler)"
57.141.20.54 - - [13/Mar/2026:15:16:28 +0300] "GET /newsfeed/Princess-Cindi-Porn HTTP/2" 404 796 "-" "meta-externalagent/1.1 (+https://developers.facebook.com/docs/sharing/webmasters/crawler)"
74.7.243.234 - - [13/Mar/2026:15:16:38 +0300] "GET /wp-includes/js/tinymce/skins/wordpress/images/pagebreak-2x.png HTTP/2" 200 835 "https://www.semigocare.co.uk.luniascouringpads.com/wp-includes/js/tinymce/skins/wordpress/images/" "Mozilla/5.0 AppleWebKit/537.36 (KHTML, like Gecko; compatible; GPTBot/1.3; +https://openai.com/gptbot)"
66.249.73.9 - - [13/Mar/2026:15:13:49 +0300] "GET /knowledge/princesskyli333-Porn HTTP/1.1" 404 796 "-" "Mozilla/5.0 (Linux; Android 6.0.1; Nexus 5X Build/MMB29P) AppleWebKit/537.36 (KHTML, like Gecko) Chrome/145.0.7632.116 Mobile Safari/537.36 (compatible; Googlebot/2.1; +http://www.google.com/bot.html)"
66.249.73.9 - - [13/Mar/2026:15:13:51 +0300] "GET /general/itskhloelove-Porn HTTP/1.1" 404 796 "-" "Mozilla/5.0 (Linux; Android 6.0.1; Nexus 5X Build/MMB29P) AppleWebKit/537.36 (KHTML, like Gecko) Chrome/145.0.7632.116 Mobile Safari/537.36 (compatible; Googlebot/2.1; +http://www.google.com/bot.html)"
74.7.227.22 - - [13/Mar/2026:15:14:00 +0300] "GET /wp-includes/style-engine/?NA HTTP/2" 200 776 "https://semigocare.co.uk/wp-includes/style-engine/?SA" "Mozilla/5.0 AppleWebKit/537.36 (KHTML, like Gecko; compatible; GPTBot/1.3; +https://openai.com/gptbot)"
57.141.20.38 - - [13/Mar/2026:15:14:12 +0300] "GET /newsfeed/Rainy-Storm-Porn HTTP/2" 404 796 "-" "meta-externalagent/1.1 (+https://developers.facebook.com/docs/sharing/webmasters/crawler)"
57.141.20.1 - - [13/Mar/2026:15:14:34 +0300] "GET /newsfeed/Nikolsexxxx-Porn HTTP/2" 404 796 "-" "meta-externalagent/1.1 (+https://developers.facebook.com/docs/sharing/webmasters/crawler)"
74.7.227.22 - - [13/Mar/2026:15:14:40 +0300] "GET /wp-includes/js/dist/vendor/wp-polyfill-formdata.js HTTP/2" 200 3364 "https://semigocare.co.uk/wp-includes/js/dist/vendor/" "Mozilla/5.0 AppleWebKit/537.36 (KHTML, like Gecko; compatible; GPTBot/1.3; +https://openai.com/gptbot)"
74.7.243.130 - - [13/Mar/2026:15:14:49 +0300] "GET /wp-includes/Requests/src/Exception/Http/Status410.php HTTP/2" 500 0 "https://semigocare.co.uk.luniascouringpads.com/wp-includes/Requests/src/Exception/Http/" "Mozilla/5.0 AppleWebKit/537.36 (KHTML, like Gecko; compatible; GPTBot/1.3; +https://openai.com/gptbot)"
74.7.227.22 - - [13/Mar/2026:15:15:18 +0300] "GET /wp-includes/images/media/?ND HTTP/2" 200 1246 "https://semigocare.co.uk/wp-includes/images/media/" "Mozilla/5.0 AppleWebKit/537.36 (KHTML, like Gecko; compatible; GPTBot/1.3; +https://openai.com/gptbot)"
57.141.20.51 - - [13/Mar/2026:15:15:26 +0300] "GET /newsfeed/Mature-Stella-Porn HTTP/2" 404 796 "-" "meta-externalagent/1.1 (+https://developers.facebook.com/docs/sharing/webmasters/crawler)"
57.141.20.34 - - [13/Mar/2026:15:15:36 +0300] "GET /newsfeed/Joly-Chrstina-Porn HTTP/2" 404 796 "-" "meta-externalagent/1.1 (+https://developers.facebook.com/docs/sharing/webmasters/crawler)"
74.7.227.22 - - [13/Mar/2026:15:15:51 +0300] "GET /wp-includes/images/media/?MA HTTP/2" 200 1267 "https://semigocare.co.uk/wp-includes/images/media/" "Mozilla/5.0 AppleWebKit/537.36 (KHTML, like Gecko; compatible; GPTBot/1.3; +https://openai.com/gptbot)"
74.7.227.22 - - [13/Mar/2026:15:16:19 +0300] "GET /wp-includes/images/media/?SA HTTP/2" 200 1261 "https://semigocare.co.uk/wp-includes/images/media/" "Mozilla/5.0 AppleWebKit/537.36 (KHTML, like Gecko; compatible; GPTBot/1.3; +https://openai.com/gptbot)"
57.141.20.12 - - [13/Mar/2026:15:16:24 +0300] "GET /newsfeed/Queen-Dream-Porn HTTP/2" 404 796 "-" "meta-externalagent/1.1 (+https://developers.facebook.com/docs/sharing/webmasters/crawler)"
74.7.227.22 - - [13/Mar/2026:15:16:46 +0300] "GET /wp-includes/js/tinymce/plugins/paste/'%20+%20imageItem.uri%20+%20' HTTP/2" 404 796 "https://semigocare.co.uk/wp-includes/js/tinymce/plugins/paste/plugin.js" "Mozilla/5.0 AppleWebKit/537.36 (KHTML, like Gecko; compatible; GPTBot/1.3; +https://openai.com/gptbot)"
66.249.73.9 - - [13/Mar/2026:15:16:59 +0300] "GET /general/itslenalix-Porn HTTP/1.1" 404 796 "-" "Mozilla/5.0 (Linux; Android 6.0.1; Nexus 5X Build/MMB29P) AppleWebKit/537.36 (KHTML, like Gecko) Chrome/145.0.7632.116 Mobile Safari/537.36 (compatible; Googlebot/2.1; +http://www.google.com/bot.html)"
57.141.20.56 - - [13/Mar/2026:15:09:53 +0300] "GET /newsfeed/Joachim-Kessef-Porn HTTP/2" 404 796 "-" "meta-externalagent/1.1 (+https://developers.facebook.com/docs/sharing/webmasters/crawler)"
57.141.20.18 - - [13/Mar/2026:15:09:57 +0300] "GET /newsfeed/Joanna-Amara-Porn HTTP/2" 404 796 "-" "meta-externalagent/1.1 (+https://developers.facebook.com/docs/sharing/webmasters/crawler)"
57.141.20.55 - - [13/Mar/2026:15:10:19 +0300] "GET /newsfeed/Miina-Yoshihara-Porn HTTP/2" 404 796 "-" "meta-externalagent/1.1 (+https://developers.facebook.com/docs/sharing/webmasters/crawler)"
66.249.73.9 - - [13/Mar/2026:15:10:50 +0300] "GET /knowledge/prettyvices-Porn HTTP/1.1" 404 796 "-" "Mozilla/5.0 (Linux; Android 6.0.1; Nexus 5X Build/MMB29P) AppleWebKit/537.36 (KHTML, like Gecko) Chrome/145.0.7632.116 Mobile Safari/537.36 (compatible; Googlebot/2.1; +http://www.google.com/bot.html)"
66.249.73.9 - - [13/Mar/2026:15:11:45 +0300] "GET /knowledge/rachaelbellex-Porn HTTP/1.1" 404 796 "-" "Mozilla/5.0 (Linux; Android 6.0.1; Nexus 5X Build/MMB29P) AppleWebKit/537.36 (KHTML, like Gecko) Chrome/145.0.7632.116 Mobile Safari/537.36 (compatible; Googlebot/2.1; +http://www.google.com/bot.html)"
66.249.73.9 - - [13/Mar/2026:15:11:47 +0300] "GET /general/harmonistrawberry-Porn HTTP/1.1" 404 796 "-" "Mozilla/5.0 (Linux; Android 6.0.1; Nexus 5X Build/MMB29P) AppleWebKit/537.36 (KHTML, like Gecko) Chrome/145.0.7632.116 Mobile Safari/537.36 (compatible; Googlebot/2.1; +http://www.google.com/bot.html)"
66.249.73.11 - - [13/Mar/2026:15:12:13 +0300] "GET /general/kazysmoking-Porn HTTP/1.1" 404 796 "-" "Mozilla/5.0 (Linux; Android 6.0.1; Nexus 5X Build/MMB29P) AppleWebKit/537.36 (KHTML, like Gecko) Chrome/145.0.7632.116 Mobile Safari/537.36 (compatible; Googlebot/2.1; +http://www.google.com/bot.html)"
57.141.20.18 - - [13/Mar/2026:15:13:19 +0300] "GET /newsfeed/Lily-Porn-Porn HTTP/2" 404 796 "-" "meta-externalagent/1.1 (+https://developers.facebook.com/docs/sharing/webmasters/crawler)"
74.7.227.61 - - [13/Mar/2026:15:13:30 +0300] "GET /wp-includes/SimplePie/src/Cache/Redis.php HTTP/2" 500 0 "https://www.semigocare.co.uk/wp-includes/SimplePie/src/Cache/" "Mozilla/5.0 AppleWebKit/537.36 (KHTML, like Gecko; compatible; GPTBot/1.3; +https://openai.com/gptbot)"
66.249.73.9 - - [13/Mar/2026:15:12:30 +0300] "GET /knowledge/saltybae18-Porn HTTP/1.1" 404 796 "-" "Mozilla/5.0 (Linux; Android 6.0.1; Nexus 5X Build/MMB29P) AppleWebKit/537.36 (KHTML, like Gecko) Chrome/145.0.7632.116 Mobile Safari/537.36 (compatible; Googlebot/2.1; +http://www.google.com/bot.html)"
57.141.20.26 - - [13/Mar/2026:15:12:40 +0300] "GET /newsfeed/Makihara-Aya-JAV HTTP/2" 404 796 "-" "meta-externalagent/1.1 (+https://developers.facebook.com/docs/sharing/webmasters/crawler)"
66.249.73.9 - - [13/Mar/2026:15:12:41 +0300] "GET /knowledge/sappy_jane-Porn HTTP/1.1" 404 796 "-" "Mozilla/5.0 (Linux; Android 6.0.1; Nexus 5X Build/MMB29P) AppleWebKit/537.36 (KHTML, like Gecko) Chrome/145.0.7632.116 Mobile Safari/537.36 (compatible; Googlebot/2.1; +http://www.google.com/bot.html)"
66.249.73.9 - - [13/Mar/2026:15:12:42 +0300] "GET /general/freebri-Porn HTTP/1.1" 404 796 "-" "Mozilla/5.0 (Linux; Android 6.0.1; Nexus 5X Build/MMB29P) AppleWebKit/537.36 (KHTML, like Gecko) Chrome/145.0.7632.116 Mobile Safari/537.36 (compatible; Googlebot/2.1; +http://www.google.com/bot.html)"
66.249.73.9 - - [13/Mar/2026:15:13:10 +0300] "GET /knowledge/omgbrooke-Porn HTTP/1.1" 404 796 "-" "Mozilla/5.0 (Linux; Android 6.0.1; Nexus 5X Build/MMB29P) AppleWebKit/537.36 (KHTML, like Gecko) Chrome/145.0.7632.116 Mobile Safari/537.36 (compatible; Googlebot/2.1; +http://www.google.com/bot.html)"
57.141.20.55 - - [13/Mar/2026:15:13:11 +0300] "GET /newsfeed/Lily-Lark-Porn HTTP/2" 404 796 "-" "meta-externalagent/1.1 (+https://developers.facebook.com/docs/sharing/webmasters/crawler)"
216.73.216.42 - - [13/Mar/2026:15:13:17 +0300] "GET /wp-includes/js/tinymce/themes/modern/theme.js HTTP/2" 200 60875 "-" "Mozilla/5.0 AppleWebKit/537.36 (KHTML, like Gecko; compatible; ClaudeBot/1.0; +claudebot@anthropic.com)"
57.141.20.50 - - [13/Mar/2026:15:13:37 +0300] "GET /newsfeed/Santa-Catalina-Porn HTTP/2" 404 796 "-" "meta-externalagent/1.1 (+https://developers.facebook.com/docs/sharing/webmasters/crawler)"
57.141.20.18 - - [13/Mar/2026:15:09:35 +0300] "GET /newsfeed/Hot-TS-Porn HTTP/2" 404 796 "-" "meta-externalagent/1.1 (+https://developers.facebook.com/docs/sharing/webmasters/crawler)"
57.141.20.46 - - [13/Mar/2026:15:09:49 +0300] "GET /newsfeed/Ira-K-Porn HTTP/2" 404 796 "-" "meta-externalagent/1.1 (+https://developers.facebook.com/docs/sharing/webmasters/crawler)"
66.249.73.9 - - [13/Mar/2026:15:09:56 +0300] "GET /knowledge/ssbbwdaniele-Porn HTTP/1.1" 404 796 "-" "Mozilla/5.0 (Linux; Android 6.0.1; Nexus 5X Build/MMB29P) AppleWebKit/537.36 (KHTML, like Gecko) Chrome/145.0.7632.116 Mobile Safari/537.36 (compatible; Googlebot/2.1; +http://www.google.com/bot.html)"
66.249.73.9 - - [13/Mar/2026:15:09:57 +0300] "GET /general/hannahhardstyle-Porn HTTP/1.1" 404 796 "-" "Mozilla/5.0 (Linux; Android 6.0.1; Nexus 5X Build/MMB29P) AppleWebKit/537.36 (KHTML, like Gecko) Chrome/145.0.7632.116 Mobile Safari/537.36 (compatible; Googlebot/2.1; +http://www.google.com/bot.html)"
57.141.20.14 - - [13/Mar/2026:15:10:02 +0300] "GET /newsfeed/Julia-Lust-Porn HTTP/2" 404 796 "-" "meta-externalagent/1.1 (+https://developers.facebook.com/docs/sharing/webmasters/crawler)"
57.141.20.40 - - [13/Mar/2026:15:11:03 +0300] "GET /newsfeed/Liz-Taylor-Porn HTTP/2" 404 796 "-" "meta-externalagent/1.1 (+https://developers.facebook.com/docs/sharing/webmasters/crawler)"
66.249.73.9 - - [13/Mar/2026:15:11:04 +0300] "GET /general/jessicabloom-Porn HTTP/1.1" 404 796 "-" "Mozilla/5.0 (Linux; Android 6.0.1; Nexus 5X Build/MMB29P) AppleWebKit/537.36 (KHTML, like Gecko) Chrome/145.0.7632.116 Mobile Safari/537.36 (compatible; Googlebot/2.1; +http://www.google.com/bot.html)"
57.141.20.49 - - [13/Mar/2026:15:11:34 +0300] "GET /newsfeed/Hitomi-Ikeda-JAV HTTP/2" 404 796 "-" "meta-externalagent/1.1 (+https://developers.facebook.com/docs/sharing/webmasters/crawler)"
57.141.20.49 - - [13/Mar/2026:15:12:57 +0300] "GET /newsfeed/Mareille-Porn HTTP/2" 404 796 "-" "meta-externalagent/1.1 (+https://developers.facebook.com/docs/sharing/webmasters/crawler)"
57.141.20.19 - - [13/Mar/2026:15:13:54 +0300] "GET /newsfeed/Maggie-V-Porn HTTP/2" 404 796 "-" "meta-externalagent/1.1 (+https://developers.facebook.com/docs/sharing/webmasters/crawler)"
57.141.20.4 - - [13/Mar/2026:15:14:38 +0300] "GET /newsfeed/Nika-Nut-Porn HTTP/2" 404 796 "-" "meta-externalagent/1.1 (+https://developers.facebook.com/docs/sharing/webmasters/crawler)"
66.249.73.9 - - [13/Mar/2026:15:14:53 +0300] "GET /general/elfiestarr-Porn HTTP/1.1" 404 796 "-" "Mozilla/5.0 (Linux; Android 6.0.1; Nexus 5X Build/MMB29P) AppleWebKit/537.36 (KHTML, like Gecko) Chrome/145.0.7632.116 Mobile Safari/537.36 (compatible; Googlebot/2.1; +http://www.google.com/bot.html)"
57.141.20.58 - - [13/Mar/2026:15:15:13 +0300] "GET /newsfeed/Miho-Ichiki-Porn HTTP/2" 404 796 "-" "meta-externalagent/1.1 (+https://developers.facebook.com/docs/sharing/webmasters/crawler)"
57.141.20.6 - - [13/Mar/2026:15:15:18 +0300] "GET /newsfeed/Maverick-Jackson-Porn HTTP/2" 404 796 "-" "meta-externalagent/1.1 (+https://developers.facebook.com/docs/sharing/webmasters/crawler)"
57.141.20.0 - - [13/Mar/2026:15:15:40 +0300] "GET /newsfeed/Joanna-Roman-Porn HTTP/2" 404 796 "-" "meta-externalagent/1.1 (+https://developers.facebook.com/docs/sharing/webmasters/crawler)"
57.141.20.35 - - [13/Mar/2026:15:15:44 +0300] "GET /newsfeed/Jm-Blonde-Bianca-Porn HTTP/2" 404 796 "-" "meta-externalagent/1.1 (+https://developers.facebook.com/docs/sharing/webmasters/crawler)"
66.249.73.9 - - [13/Mar/2026:15:15:46 +0300] "GET /general/ggrrcc-Porn HTTP/1.1" 404 796 "-" "Mozilla/5.0 (Linux; Android 6.0.1; Nexus 5X Build/MMB29P) AppleWebKit/537.36 (KHTML, like Gecko) Chrome/145.0.7632.116 Mobile Safari/537.36 (compatible; Googlebot/2.1; +http://www.google.com/bot.html)"
57.141.20.55 - - [13/Mar/2026:15:15:49 +0300] "GET /newsfeed/Jennifer-Garner-Porn HTTP/2" 404 796 "-" "meta-externalagent/1.1 (+https://developers.facebook.com/docs/sharing/webmasters/crawler)"
57.141.20.59 - - [13/Mar/2026:15:15:57 +0300] "GET /newsfeed/Jasminebellxxx-Porn HTTP/2" 404 796 "-" "meta-externalagent/1.1 (+https://developers.facebook.com/docs/sharing/webmasters/crawler)"
57.141.20.19 - - [13/Mar/2026:15:16:06 +0300] "GET /newsfeed/Jasmina-Porn HTTP/2" 404 796 "-" "meta-externalagent/1.1 (+https://developers.facebook.com/docs/sharing/webmasters/crawler)"
57.141.20.12 - - [13/Mar/2026:15:16:15 +0300] "GET /newsfeed/Jake-Crew-Porn HTTP/2" 404 796 "-" "meta-externalagent/1.1 (+https://developers.facebook.com/docs/sharing/webmasters/crawler)"
57.141.20.10 - - [13/Mar/2026:15:16:37 +0300] "GET /newsfeed/Pinkxxx-Porn HTTP/2" 404 796 "-" "meta-externalagent/1.1 (+https://developers.facebook.com/docs/sharing/webmasters/crawler)"
57.141.20.43 - - [13/Mar/2026:15:17:25 +0300] "GET /newsfeed/Katerina-Hartlova-Porn HTTP/2" 404 796 "-" "meta-externalagent/1.1 (+https://developers.facebook.com/docs/sharing/webmasters/crawler)"
57.141.20.34 - - [13/Mar/2026:15:17:30 +0300] "GET /newsfeed/Kate-Cavalier-Porn HTTP/2" 404 796 "-" "meta-externalagent/1.1 (+https://developers.facebook.com/docs/sharing/webmasters/crawler)"
185.252.235.182 - - [13/Mar/2026:15:17:52 +0300] "GET /wp-content/plugins/ph-file-manager/wp-file.php HTTP/1.1" 404 796 "www.google.com" "Mozlila/5.0 (Linux; Android 7.0; SM-G892A Bulid/NRD90M; wv) AppleWebKit/537.36 (KHTML, like Gecko) Version/4.0 Chrome/60.0.3112.107 Moblie Safari/537.36"
57.141.20.40 - - [13/Mar/2026:15:17:56 +0300] "GET /newsfeed/Mark-Doses-Porn HTTP/2" 404 796 "-" "meta-externalagent/1.1 (+https://developers.facebook.com/docs/sharing/webmasters/crawler)"
57.141.20.24 - - [13/Mar/2026:15:18:13 +0300] "GET /newsfeed/Manaka-Riho-JAV HTTP/2" 404 796 "-" "meta-externalagent/1.1 (+https://developers.facebook.com/docs/sharing/webmasters/crawler)"
57.141.20.11 - - [13/Mar/2026:15:18:31 +0300] "GET /newsfeed/Nora-Porn HTTP/2" 404 796 "-" "meta-externalagent/1.1 (+https://developers.facebook.com/docs/sharing/webmasters/crawler)"
66.249.73.9 - - [13/Mar/2026:15:13:56 +0300] "GET /knowledge/paudolly-Porn HTTP/1.1" 404 796 "-" "Mozilla/5.0 (Linux; Android 6.0.1; Nexus 5X Build/MMB29P) AppleWebKit/537.36 (KHTML, like Gecko) Chrome/145.0.7632.116 Mobile Safari/537.36 (compatible; Googlebot/2.1; +http://www.google.com/bot.html)"
66.249.73.9 - - [13/Mar/2026:15:13:59 +0300] "GET /general/fart_queen_99-Porn HTTP/1.1" 404 796 "-" "Mozilla/5.0 (Linux; Android 6.0.1; Nexus 5X Build/MMB29P) AppleWebKit/537.36 (KHTML, like Gecko) Chrome/145.0.7632.116 Mobile Safari/537.36 (compatible; Googlebot/2.1; +http://www.google.com/bot.html)"
66.249.73.9 - - [13/Mar/2026:15:14:47 +0300] "GET /knowledge/sweetasnicolee-Porn HTTP/1.1" 404 796 "-" "Mozilla/5.0 (Linux; Android 6.0.1; Nexus 5X Build/MMB29P) AppleWebKit/537.36 (KHTML, like Gecko) Chrome/145.0.7632.116 Mobile Safari/537.36 (compatible; Googlebot/2.1; +http://www.google.com/bot.html)"
57.141.20.6 - - [13/Mar/2026:15:15:22 +0300] "GET /newsfeed/Matusyan-Porn HTTP/2" 404 796 "-" "meta-externalagent/1.1 (+https://developers.facebook.com/docs/sharing/webmasters/crawler)"
66.249.73.10 - - [13/Mar/2026:15:15:44 +0300] "GET /knowledge/ohpeach-Porn HTTP/1.1" 404 796 "-" "Mozilla/5.0 (Linux; Android 6.0.1; Nexus 5X Build/MMB29P) AppleWebKit/537.36 (KHTML, like Gecko) Chrome/145.0.7632.116 Mobile Safari/537.36 (compatible; Googlebot/2.1; +http://www.google.com/bot.html)"
57.141.20.7 - - [13/Mar/2026:15:15:53 +0300] "GET /newsfeed/Jellybaby90-Porn HTTP/2" 404 796 "-" "meta-externalagent/1.1 (+https://developers.facebook.com/docs/sharing/webmasters/crawler)"
66.249.73.9 - - [13/Mar/2026:15:16:03 +0300] "GET /knowledge/shayybanxxx-Porn HTTP/1.1" 404 796 "-" "Mozilla/5.0 (Linux; Android 6.0.1; Nexus 5X Build/MMB29P) AppleWebKit/537.36 (KHTML, like Gecko) Chrome/145.0.7632.116 Mobile Safari/537.36 (compatible; Googlebot/2.1; +http://www.google.com/bot.html)"
66.249.73.9 - - [13/Mar/2026:15:16:09 +0300] "GET /general/funsizehanna-Porn HTTP/1.1" 404 796 "-" "Mozilla/5.0 (Linux; Android 6.0.1; Nexus 5X Build/MMB29P) AppleWebKit/537.36 (KHTML, like Gecko) Chrome/145.0.7632.116 Mobile Safari/537.36 (compatible; Googlebot/2.1; +http://www.google.com/bot.html)"
57.141.20.11 - - [13/Mar/2026:15:16:19 +0300] "GET /newsfeed/Queen-Drinker-Porn HTTP/2" 404 796 "-" "meta-externalagent/1.1 (+https://developers.facebook.com/docs/sharing/webmasters/crawler)"
66.249.73.9 - - [13/Mar/2026:15:16:42 +0300] "GET /knowledge/tokyo_depapelvip-Porn HTTP/1.1" 404 796 "-" "Mozilla/5.0 (Linux; Android 6.0.1; Nexus 5X Build/MMB29P) AppleWebKit/537.36 (KHTML, like Gecko) Chrome/145.0.7632.116 Mobile Safari/537.36 (compatible; Googlebot/2.1; +http://www.google.com/bot.html)"
57.141.20.30 - - [13/Mar/2026:15:17:08 +0300] "GET /newsfeed/Kleo-Furiosa-Porn HTTP/2" 404 796 "-" "meta-externalagent/1.1 (+https://developers.facebook.com/docs/sharing/webmasters/crawler)"
66.249.73.9 - - [13/Mar/2026:15:17:25 +0300] "GET /knowledge/savbabyy-Porn HTTP/1.1" 404 796 "-" "Mozilla/5.0 (Linux; Android 6.0.1; Nexus 5X Build/MMB29P) AppleWebKit/537.36 (KHTML, like Gecko) Chrome/145.0.7632.116 Mobile Safari/537.36 (compatible; Googlebot/2.1; +http://www.google.com/bot.html)"
66.249.73.9 - - [13/Mar/2026:15:17:27 +0300] "GET /general/kathie_holle-Porn HTTP/1.1" 404 796 "-" "Mozilla/5.0 (Linux; Android 6.0.1; Nexus 5X Build/MMB29P) AppleWebKit/537.36 (KHTML, like Gecko) Chrome/145.0.7632.116 Mobile Safari/537.36 (compatible; Googlebot/2.1; +http://www.google.com/bot.html)"
57.141.20.34 - - [13/Mar/2026:15:17:38 +0300] "GET /newsfeed/Kashiwagi-Rin-JAV HTTP/2" 404 796 "-" "meta-externalagent/1.1 (+https://developers.facebook.com/docs/sharing/webmasters/crawler)"
57.141.20.21 - - [13/Mar/2026:15:18:35 +0300] "GET /newsfeed/Mrscurvyliscious-Porn HTTP/2" 404 796 "-" "meta-externalagent/1.1 (+https://developers.facebook.com/docs/sharing/webmasters/crawler)"
74.7.243.234 - - [13/Mar/2026:15:17:11 +0300] "GET /wp-includes/Requests/src/Exception/Transport/Curl.php HTTP/2" 500 0 "https://www.semigocare.co.uk.luniascouringpads.com/wp-includes/Requests/src/Exception/Transport/" "Mozilla/5.0 AppleWebKit/537.36 (KHTML, like Gecko; compatible; GPTBot/1.3; +https://openai.com/gptbot)"
57.141.20.44 - - [13/Mar/2026:15:17:12 +0300] "GET /newsfeed/Kiyomizu-Saori-JAV HTTP/2" 404 796 "-" "meta-externalagent/1.1 (+https://developers.facebook.com/docs/sharing/webmasters/crawler)"
57.141.20.48 - - [13/Mar/2026:15:17:16 +0300] "GET /newsfeed/Kimberly-Blind-Porn HTTP/2" 404 796 "-" "meta-externalagent/1.1 (+https://developers.facebook.com/docs/sharing/webmasters/crawler)"
57.141.20.15 - - [13/Mar/2026:15:17:21 +0300] "GET /newsfeed/Khrysie-Porn HTTP/2" 404 796 "-" "meta-externalagent/1.1 (+https://developers.facebook.com/docs/sharing/webmasters/crawler)"
66.249.73.10 - - [13/Mar/2026:15:17:43 +0300] "GET /knowledge/snowsvoyeur-Porn HTTP/1.1" 404 796 "-" "Mozilla/5.0 (Linux; Android 6.0.1; Nexus 5X Build/MMB29P) AppleWebKit/537.36 (KHTML, like Gecko) Chrome/145.0.7632.116 Mobile Safari/537.36 (compatible; Googlebot/2.1; +http://www.google.com/bot.html)"
