43.173.181.172 - - [13/Mar/2026:15:28:02 +0300] "GET /wp-includes/css/dist/block-library/style.min.css?ver=6.9.4 HTTP/1.1" 200 15897 "https://scsgconsultants.com/" "Mozilla/5.0 (Windows NT 10.0; Win64; x64) AppleWebKit/537.36 (KHTML, like Gecko) Chrome/133.0.0.0 Safari/537.36"
43.173.178.142 - - [13/Mar/2026:15:28:03 +0300] "GET /wp-content/plugins/coblocks/dist/js/vendors/tiny-swiper.js?ver=3.1.17 HTTP/1.1" 200 4254 "https://scsgconsultants.com/" "Mozilla/5.0 (Windows NT 10.0; Win64; x64) AppleWebKit/537.36 (KHTML, like Gecko) Chrome/133.0.0.0 Safari/537.36"
43.173.177.5 - - [13/Mar/2026:15:28:05 +0300] "GET /wp-content/plugins/royal-elementor-addons/assets/js/lib/jarallax/jarallax.min.js?ver=1.12.7 HTTP/1.1" 200 5218 "https://scsgconsultants.com/" "Mozilla/5.0 (Windows NT 10.0; Win64; x64) AppleWebKit/537.36 (KHTML, like Gecko) Chrome/133.0.0.0 Safari/537.36"
43.173.177.92 - - [13/Mar/2026:15:28:06 +0300] "GET /wp-content/plugins/royal-elementor-addons/assets/js/lib/parallax/parallax.min.js?ver=1.0 HTTP/1.1" 200 5227 "https://scsgconsultants.com/" "Mozilla/5.0 (Windows NT 10.0; Win64; x64) AppleWebKit/537.36 (KHTML, like Gecko) Chrome/133.0.0.0 Safari/537.36"
66.249.73.132 - - [13/Mar/2026:15:28:04 +0300] "GET /discover/Katou-Akari-JAV HTTP/1.1" 200 7409 "-" "Mozilla/5.0 (Linux; Android 6.0.1; Nexus 5X Build/MMB29P) AppleWebKit/537.36 (KHTML, like Gecko) Chrome/145.0.7632.116 Mobile Safari/537.36 (compatible; Googlebot/2.1; +http://www.google.com/bot.html)"
66.249.73.128 - - [13/Mar/2026:15:30:19 +0300] "GET /insights/Clara-Bea-Porn HTTP/1.1" 200 7419 "-" "Mozilla/5.0 (Linux; Android 6.0.1; Nexus 5X Build/MMB29P) AppleWebKit/537.36 (KHTML, like Gecko) Chrome/145.0.7632.116 Mobile Safari/537.36 (compatible; Googlebot/2.1; +http://www.google.com/bot.html)"
66.249.73.132 - - [13/Mar/2026:15:14:35 +0300] "GET /discover/Hayden-Marie-Porn HTTP/1.1" 200 7424 "-" "Mozilla/5.0 (Linux; Android 6.0.1; Nexus 5X Build/MMB29P) AppleWebKit/537.36 (KHTML, like Gecko) Chrome/145.0.7632.116 Mobile Safari/537.36 (compatible; Googlebot/2.1; +http://www.google.com/bot.html)"
66.249.73.132 - - [13/Mar/2026:15:17:01 +0300] "GET /knowledge/katrintv-Porn HTTP/1.1" 200 7381 "-" "Mozilla/5.0 (Linux; Android 6.0.1; Nexus 5X Build/MMB29P) AppleWebKit/537.36 (KHTML, like Gecko) Chrome/145.0.7632.116 Mobile Safari/537.36 (compatible; Googlebot/2.1; +http://www.google.com/bot.html)"
66.249.73.128 - - [13/Mar/2026:15:20:48 +0300] "GET /hype/selena_diaz-Porn HTTP/1.1" 200 7371 "-" "Mozilla/5.0 (Linux; Android 6.0.1; Nexus 5X Build/MMB29P) AppleWebKit/537.36 (KHTML, like Gecko) Chrome/145.0.7632.116 Mobile Safari/537.36 (compatible; Googlebot/2.1; +http://www.google.com/bot.html)"
66.249.73.129 - - [13/Mar/2026:15:22:59 +0300] "GET /knowledge/jenniferbellooficial-Porn HTTP/1.1" 200 7425 "-" "Mozilla/5.0 (Linux; Android 6.0.1; Nexus 5X Build/MMB29P) AppleWebKit/537.36 (KHTML, like Gecko) Chrome/145.0.7632.116 Mobile Safari/537.36 (compatible; Googlebot/2.1; +http://www.google.com/bot.html)"
66.249.73.129 - - [13/Mar/2026:15:24:11 +0300] "GET /knowledge/fantasyland9-Porn HTTP/1.1" 200 7399 "-" "Mozilla/5.0 (Linux; Android 6.0.1; Nexus 5X Build/MMB29P) AppleWebKit/537.36 (KHTML, like Gecko) Chrome/145.0.7632.116 Mobile Safari/537.36 (compatible; Googlebot/2.1; +http://www.google.com/bot.html)"
66.249.73.132 - - [13/Mar/2026:15:25:27 +0300] "GET /knowledge/dtf_bonnie-Porn HTTP/1.1" 200 7360 "-" "Mozilla/5.0 (Linux; Android 6.0.1; Nexus 5X Build/MMB29P) AppleWebKit/537.36 (KHTML, like Gecko) Chrome/145.0.7632.116 Mobile Safari/537.36 (compatible; Googlebot/2.1; +http://www.google.com/bot.html)"
66.249.73.132 - - [13/Mar/2026:15:25:59 +0300] "GET /knowledge/eroticacai-Porn HTTP/1.1" 200 7370 "-" "Mozilla/5.0 (Linux; Android 6.0.1; Nexus 5X Build/MMB29P) AppleWebKit/537.36 (KHTML, like Gecko) Chrome/145.0.7632.116 Mobile Safari/537.36 (compatible; Googlebot/2.1; +http://www.google.com/bot.html)"
43.173.182.180 - - [13/Mar/2026:15:28:02 +0300] "GET /wp-content/plugins/elementor/assets/lib/font-awesome/css/v4-shims.min.css?ver=3.35.7 HTTP/1.1" 200 4189 "https://scsgconsultants.com/" "Mozilla/5.0 (Windows NT 10.0; Win64; x64) AppleWebKit/537.36 (KHTML, like Gecko) Chrome/133.0.0.0 Safari/537.36"
43.173.173.150 - - [13/Mar/2026:15:28:06 +0300] "GET /wp-includes/js/jquery/ui/core.min.js?ver=1.13.3 HTTP/1.1" 200 7104 "https://scsgconsultants.com/" "Mozilla/5.0 (Windows NT 10.0; Win64; x64) AppleWebKit/537.36 (KHTML, like Gecko) Chrome/133.0.0.0 Safari/537.36"
43.173.176.62 - - [13/Mar/2026:15:28:06 +0300] "GET /wp-content/plugins/elementor/assets/js/frontend.min.js?ver=3.35.7 HTTP/1.1" 200 10355 "https://scsgconsultants.com/" "Mozilla/5.0 (Windows NT 10.0; Win64; x64) AppleWebKit/537.36 (KHTML, like Gecko) Chrome/133.0.0.0 Safari/537.36"
43.173.174.63 - - [13/Mar/2026:15:28:14 +0300] "GET /wp-content/themes/hello-elementor/assets/js/hello-frontend.js?ver=3.4.6 HTTP/1.1" 200 544 "https://scsgconsultants.com/" "Mozilla/5.0 (Windows NT 10.0; Win64; x64) AppleWebKit/537.36 (KHTML, like Gecko) Chrome/133.0.0.0 Safari/537.36"
66.249.73.132 - - [13/Mar/2026:15:28:37 +0300] "GET /discover/Mutou-Shiho-JAV HTTP/1.1" 200 7373 "-" "Mozilla/5.0 (Linux; Android 6.0.1; Nexus 5X Build/MMB29P) AppleWebKit/537.36 (KHTML, like Gecko) Chrome/145.0.7632.116 Mobile Safari/537.36 (compatible; Googlebot/2.1; +http://www.google.com/bot.html)"
66.249.73.132 - - [13/Mar/2026:15:30:25 +0300] "GET /discover/Momotani-Erika-JAV HTTP/1.1" 200 7415 "-" "Mozilla/5.0 (Linux; Android 6.0.1; Nexus 5X Build/MMB29P) AppleWebKit/537.36 (KHTML, like Gecko) Chrome/145.0.7632.116 Mobile Safari/537.36 (compatible; Googlebot/2.1; +http://www.google.com/bot.html)"
66.249.73.132 - - [13/Mar/2026:15:13:51 +0300] "GET /discover/Keke-BBW-Porn HTTP/1.1" 200 7382 "-" "Mozilla/5.0 (Linux; Android 6.0.1; Nexus 5X Build/MMB29P) AppleWebKit/537.36 (KHTML, like Gecko) Chrome/145.0.7632.116 Mobile Safari/537.36 (compatible; Googlebot/2.1; +http://www.google.com/bot.html)"
66.249.73.128 - - [13/Mar/2026:15:23:39 +0300] "GET /knowledge/di_ivi-Porn HTTP/1.1" 200 7370 "-" "Mozilla/5.0 (Linux; Android 6.0.1; Nexus 5X Build/MMB29P) AppleWebKit/537.36 (KHTML, like Gecko) Chrome/145.0.7632.116 Mobile Safari/537.36 (compatible; Googlebot/2.1; +http://www.google.com/bot.html)"
66.249.73.128 - - [13/Mar/2026:15:25:07 +0300] "GET /knowledge/katelise-Porn HTTP/1.1" 200 7361 "-" "Mozilla/5.0 (Linux; Android 6.0.1; Nexus 5X Build/MMB29P) AppleWebKit/537.36 (KHTML, like Gecko) Chrome/145.0.7632.116 Mobile Safari/537.36 (compatible; Googlebot/2.1; +http://www.google.com/bot.html)"
66.249.73.132 - - [13/Mar/2026:15:25:42 +0300] "GET /knowledge/emiliasw-Porn HTTP/1.1" 200 7397 "-" "Mozilla/5.0 (Linux; Android 6.0.1; Nexus 5X Build/MMB29P) AppleWebKit/537.36 (KHTML, like Gecko) Chrome/145.0.7632.116 Mobile Safari/537.36 (compatible; Googlebot/2.1; +http://www.google.com/bot.html)"
66.249.73.128 - - [13/Mar/2026:15:27:09 +0300] "GET /discover/Rika-Sakura-Porn HTTP/1.1" 200 7385 "-" "Mozilla/5.0 (Linux; Android 6.0.1; Nexus 5X Build/MMB29P) AppleWebKit/537.36 (KHTML, like Gecko) Chrome/145.0.7632.116 Mobile Safari/537.36 (compatible; Googlebot/2.1; +http://www.google.com/bot.html)"
43.163.23.21 - - [13/Mar/2026:15:28:02 +0300] "GET /wp-content/plugins/elementor/assets/css/widget-divider.min.css?ver=3.35.7 HTTP/1.1" 200 740 "https://scsgconsultants.com/" "Mozilla/5.0 (Windows NT 10.0; Win64; x64) AppleWebKit/537.36 (KHTML, like Gecko) Chrome/133.0.0.0 Safari/537.36"
43.173.181.160 - - [13/Mar/2026:15:28:02 +0300] "GET /wp-content/plugins/elementor/assets/lib/font-awesome/css/all.min.css?ver=3.35.7 HTTP/1.1" 200 12839 "https://scsgconsultants.com/" "Mozilla/5.0 (Windows NT 10.0; Win64; x64) AppleWebKit/537.36 (KHTML, like Gecko) Chrome/133.0.0.0 Safari/537.36"
43.173.180.90 - - [13/Mar/2026:15:28:02 +0300] "GET /wp-content/plugins/elementor/assets/lib/font-awesome/js/v4-shims.min.js?ver=3.35.7 HTTP/1.1" 200 4169 "https://scsgconsultants.com/" "Mozilla/5.0 (Windows NT 10.0; Win64; x64) AppleWebKit/537.36 (KHTML, like Gecko) Chrome/133.0.0.0 Safari/537.36"
43.173.174.190 - - [13/Mar/2026:15:28:04 +0300] "GET /wp-content/plugins/coblocks/dist/js/coblocks-tinyswiper-initializer.js?ver=3.1.17 HTTP/1.1" 200 5355 "https://scsgconsultants.com/" "Mozilla/5.0 (Windows NT 10.0; Win64; x64) AppleWebKit/537.36 (KHTML, like Gecko) Chrome/133.0.0.0 Safari/537.36"
43.173.180.32 - - [13/Mar/2026:15:28:09 +0300] "GET /wp-content/plugins/metform/public/assets/lib/cute-alert/cute-alert.js?ver=4.1.3 HTTP/1.1" 200 1174 "https://scsgconsultants.com/" "Mozilla/5.0 (Windows NT 10.0; Win64; x64) AppleWebKit/537.36 (KHTML, like Gecko) Chrome/133.0.0.0 Safari/537.36"
66.249.73.132 - - [13/Mar/2026:15:28:16 +0300] "GET /general/adrieamb-Porn HTTP/1.1" 200 7381 "-" "Mozilla/5.0 (Linux; Android 6.0.1; Nexus 5X Build/MMB29P) AppleWebKit/537.36 (KHTML, like Gecko) Chrome/145.0.7632.116 Mobile Safari/537.36 (compatible; Googlebot/2.1; +http://www.google.com/bot.html)"
66.249.73.132 - - [13/Mar/2026:15:28:59 +0300] "GET /?aykax/x1773690.html HTTP/1.1" 301 0 "-" "Mozilla/5.0 (Linux; Android 6.0.1; Nexus 5X Build/MMB29P) AppleWebKit/537.36 (KHTML, like Gecko) Chrome/145.0.7632.116 Mobile Safari/537.36 (compatible; GoogleOther)"
66.249.73.128 - - [13/Mar/2026:15:31:23 +0300] "GET /discover/Minori-Kotani-Porn HTTP/1.1" 200 7398 "-" "Mozilla/5.0 (Linux; Android 6.0.1; Nexus 5X Build/MMB29P) AppleWebKit/537.36 (KHTML, like Gecko) Chrome/145.0.7632.116 Mobile Safari/537.36 (compatible; Googlebot/2.1; +http://www.google.com/bot.html)"
66.249.73.132 - - [13/Mar/2026:15:32:50 +0300] "GET /general/badsofiaaa-Porn HTTP/1.1" 200 7415 "-" "Mozilla/5.0 (Linux; Android 6.0.1; Nexus 5X Build/MMB29P) AppleWebKit/537.36 (KHTML, like Gecko) Chrome/145.0.7632.116 Mobile Safari/537.36 (compatible; Googlebot/2.1; +http://www.google.com/bot.html)"
66.249.73.132 - - [13/Mar/2026:15:32:55 +0300] "GET /knowledge/dylandesirefree-Porn HTTP/1.1" 200 7397 "-" "Mozilla/5.0 (Linux; Android 6.0.1; Nexus 5X Build/MMB29P) AppleWebKit/537.36 (KHTML, like Gecko) Chrome/145.0.7632.116 Mobile Safari/537.36 (compatible; Googlebot/2.1; +http://www.google.com/bot.html)"
66.249.73.132 - - [13/Mar/2026:15:33:17 +0300] "GET /knowledge/hidboy-Porn HTTP/1.1" 200 7399 "-" "Mozilla/5.0 (Linux; Android 6.0.1; Nexus 5X Build/MMB29P) AppleWebKit/537.36 (KHTML, like Gecko) Chrome/145.0.7632.116 Mobile Safari/537.36 (compatible; Googlebot/2.1; +http://www.google.com/bot.html)"
66.249.73.132 - - [13/Mar/2026:15:34:39 +0300] "GET /insights/Adelsw-Porn HTTP/1.1" 200 7382 "-" "Mozilla/5.0 (Linux; Android 6.0.1; Nexus 5X Build/MMB29P) AppleWebKit/537.36 (KHTML, like Gecko) Chrome/145.0.7632.116 Mobile Safari/537.36 (compatible; Googlebot/2.1; +http://www.google.com/bot.html)"
66.249.73.132 - - [13/Mar/2026:15:34:52 +0300] "GET /general/daddys_little_princess69-Porn HTTP/1.1" 200 7454 "-" "Mozilla/5.0 (Linux; Android 6.0.1; Nexus 5X Build/MMB29P) AppleWebKit/537.36 (KHTML, like Gecko) Chrome/145.0.7632.116 Mobile Safari/537.36 (compatible; Googlebot/2.1; +http://www.google.com/bot.html)"
66.249.73.132 - - [13/Mar/2026:15:36:03 +0300] "GET /hype/sophiacute-Porn HTTP/1.1" 200 7381 "-" "Mozilla/5.0 (Linux; Android 6.0.1; Nexus 5X Build/MMB29P) AppleWebKit/537.36 (KHTML, like Gecko) Chrome/145.0.7632.116 Mobile Safari/537.36 (compatible; Googlebot/2.1; +http://www.google.com/bot.html)"
74.7.242.23 - - [13/Mar/2026:15:36:36 +0300] "GET /sitemape.xml HTTP/2" 404 15775 "-" "Mozilla/5.0 AppleWebKit/537.36 (KHTML, like Gecko; compatible; GPTBot/1.3; +https://openai.com/gptbot)"
66.249.73.132 - - [13/Mar/2026:15:37:36 +0300] "GET /newsfeed/mariellafucila-Porn HTTP/1.1" 200 7415 "-" "Mozilla/5.0 (Linux; Android 6.0.1; Nexus 5X Build/MMB29P) AppleWebKit/537.36 (KHTML, like Gecko) Chrome/145.0.7632.116 Mobile Safari/537.36 (compatible; Googlebot/2.1; +http://www.google.com/bot.html)"
66.249.73.132 - - [13/Mar/2026:15:37:40 +0300] "GET /general/casey2horni-Porn HTTP/1.1" 200 7363 "-" "Mozilla/5.0 (Linux; Android 6.0.1; Nexus 5X Build/MMB29P) AppleWebKit/537.36 (KHTML, like Gecko) Chrome/145.0.7632.116 Mobile Safari/537.36 (compatible; Googlebot/2.1; +http://www.google.com/bot.html)"
66.249.73.132 - - [13/Mar/2026:15:40:30 +0300] "GET /newsfeed/magicmare-Porn HTTP/1.1" 200 7376 "-" "Mozilla/5.0 (Linux; Android 6.0.1; Nexus 5X Build/MMB29P) AppleWebKit/537.36 (KHTML, like Gecko) Chrome/145.0.7632.116 Mobile Safari/537.36 (compatible; Googlebot/2.1; +http://www.google.com/bot.html)"
66.249.73.132 - - [13/Mar/2026:15:43:39 +0300] "GET /knowledge/deshay2-Porn HTTP/1.1" 200 7406 "-" "Mozilla/5.0 (Linux; Android 6.0.1; Nexus 5X Build/MMB29P) AppleWebKit/537.36 (KHTML, like Gecko) Chrome/145.0.7632.116 Mobile Safari/537.36 (compatible; Googlebot/2.1; +http://www.google.com/bot.html)"
66.249.73.132 - - [13/Mar/2026:15:43:46 +0300] "GET /insights/Alexa-Campbell-Porn HTTP/1.1" 200 7405 "-" "Mozilla/5.0 (Linux; Android 6.0.1; Nexus 5X Build/MMB29P) AppleWebKit/537.36 (KHTML, like Gecko) Chrome/145.0.7632.116 Mobile Safari/537.36 (compatible; Googlebot/2.1; +http://www.google.com/bot.html)"
66.249.73.129 - - [13/Mar/2026:15:31:11 +0300] "GET /general/LewdRebel-Porn HTTP/1.1" 200 7397 "-" "Mozilla/5.0 (Linux; Android 6.0.1; Nexus 5X Build/MMB29P) AppleWebKit/537.36 (KHTML, like Gecko) Chrome/145.0.7632.116 Mobile Safari/537.36 (compatible; Googlebot/2.1; +http://www.google.com/bot.html)"
66.249.73.132 - - [13/Mar/2026:15:32:24 +0300] "GET /general/clararene_free-Porn HTTP/1.1" 200 7411 "-" "Mozilla/5.0 (Linux; Android 6.0.1; Nexus 5X Build/MMB29P) AppleWebKit/537.36 (KHTML, like Gecko) Chrome/145.0.7632.116 Mobile Safari/537.36 (compatible; Googlebot/2.1; +http://www.google.com/bot.html)"
66.249.73.132 - - [13/Mar/2026:15:33:32 +0300] "GET /knowledge/dontworrybebunny7-Porn HTTP/1.1" 200 7401 "-" "Mozilla/5.0 (Linux; Android 6.0.1; Nexus 5X Build/MMB29P) AppleWebKit/537.36 (KHTML, like Gecko) Chrome/145.0.7632.116 Mobile Safari/537.36 (compatible; Googlebot/2.1; +http://www.google.com/bot.html)"
66.249.73.132 - - [13/Mar/2026:15:35:52 +0300] "GET /general/angelyaa-Porn HTTP/1.1" 200 7373 "-" "Mozilla/5.0 (Linux; Android 6.0.1; Nexus 5X Build/MMB29P) AppleWebKit/537.36 (KHTML, like Gecko) Chrome/145.0.7632.116 Mobile Safari/537.36 (compatible; Googlebot/2.1; +http://www.google.com/bot.html)"
66.249.73.132 - - [13/Mar/2026:15:37:26 +0300] "GET /discover/Olga-EU-Porn HTTP/1.1" 200 7399 "-" "Mozilla/5.0 (Linux; Android 6.0.1; Nexus 5X Build/MMB29P) AppleWebKit/537.36 (KHTML, like Gecko) Chrome/145.0.7632.116 Mobile Safari/537.36 (compatible; Googlebot/2.1; +http://www.google.com/bot.html)"
66.249.73.132 - - [13/Mar/2026:15:37:50 +0300] "GET /insights/vixencasey-Porn HTTP/1.1" 200 7393 "-" "Mozilla/5.0 (Linux; Android 6.0.1; Nexus 5X Build/MMB29P) AppleWebKit/537.36 (KHTML, like Gecko) Chrome/145.0.7632.116 Mobile Safari/537.36 (compatible; Googlebot/2.1; +http://www.google.com/bot.html)"
66.249.73.129 - - [13/Mar/2026:15:38:20 +0300] "GET /newsfeed/mia_love_ua-Porn HTTP/1.1" 200 7393 "-" "Mozilla/5.0 (Linux; Android 6.0.1; Nexus 5X Build/MMB29P) AppleWebKit/537.36 (KHTML, like Gecko) Chrome/145.0.7632.116 Mobile Safari/537.36 (compatible; Googlebot/2.1; +http://www.google.com/bot.html)"
66.249.73.132 - - [13/Mar/2026:15:39:41 +0300] "GET /newsfeed/marybabe_97-Porn HTTP/1.1" 200 7372 "-" "Mozilla/5.0 (Linux; Android 6.0.1; Nexus 5X Build/MMB29P) AppleWebKit/537.36 (KHTML, like Gecko) Chrome/145.0.7632.116 Mobile Safari/537.36 (compatible; Googlebot/2.1; +http://www.google.com/bot.html)"
66.249.73.128 - - [13/Mar/2026:15:41:30 +0300] "GET /newsfeed/lokemefaltava-Porn HTTP/1.1" 200 7397 "-" "Mozilla/5.0 (Linux; Android 6.0.1; Nexus 5X Build/MMB29P) AppleWebKit/537.36 (KHTML, like Gecko) Chrome/145.0.7632.116 Mobile Safari/537.36 (compatible; Googlebot/2.1; +http://www.google.com/bot.html)"
66.249.73.128 - - [13/Mar/2026:15:42:23 +0300] "GET /insights/Adriana-Dirty-Porn HTTP/1.1" 200 7417 "-" "Mozilla/5.0 (Linux; Android 6.0.1; Nexus 5X Build/MMB29P) AppleWebKit/537.36 (KHTML, like Gecko) Chrome/145.0.7632.116 Mobile Safari/537.36 (compatible; Googlebot/2.1; +http://www.google.com/bot.html)"
66.249.73.129 - - [13/Mar/2026:15:46:16 +0300] "GET /insights/winnieworlddfree-Porn HTTP/1.1" 200 7385 "-" "Mozilla/5.0 (Linux; Android 6.0.1; Nexus 5X Build/MMB29P) AppleWebKit/537.36 (KHTML, like Gecko) Chrome/145.0.7632.116 Mobile Safari/537.36 (compatible; Googlebot/2.1; +http://www.google.com/bot.html)"
66.249.73.132 - - [13/Mar/2026:15:47:05 +0300] "GET /general/brenda_boop-Porn HTTP/1.1" 200 7416 "-" "Mozilla/5.0 (Linux; Android 6.0.1; Nexus 5X Build/MMB29P) AppleWebKit/537.36 (KHTML, like Gecko) Chrome/145.0.7632.116 Mobile Safari/537.36 (compatible; Googlebot/2.1; +http://www.google.com/bot.html)"
66.249.73.132 - - [13/Mar/2026:15:47:10 +0300] "GET /hype/stellavirgin1-Porn HTTP/1.1" 200 7428 "-" "Mozilla/5.0 (Linux; Android 6.0.1; Nexus 5X Build/MMB29P) AppleWebKit/537.36 (KHTML, like Gecko) Chrome/145.0.7632.116 Mobile Safari/537.36 (compatible; Googlebot/2.1; +http://www.google.com/bot.html)"
74.7.242.23 - - [13/Mar/2026:15:34:36 +0300] "GET /sitemapc.xml HTTP/2" 404 15774 "-" "Mozilla/5.0 AppleWebKit/537.36 (KHTML, like Gecko; compatible; GPTBot/1.3; +https://openai.com/gptbot)"
66.249.73.132 - - [13/Mar/2026:15:36:13 +0300] "GET /insights/tsjoylove-Porn HTTP/1.1" 200 7406 "-" "Mozilla/5.0 (Linux; Android 6.0.1; Nexus 5X Build/MMB29P) AppleWebKit/537.36 (KHTML, like Gecko) Chrome/145.0.7632.116 Mobile Safari/537.36 (compatible; Googlebot/2.1; +http://www.google.com/bot.html)"
74.7.242.23 - - [13/Mar/2026:15:37:54 +0300] "GET /sitemapa.xml HTTP/2" 404 15775 "-" "Mozilla/5.0 AppleWebKit/537.36 (KHTML, like Gecko; compatible; GPTBot/1.3; +https://openai.com/gptbot)"
74.7.242.23 - - [13/Mar/2026:15:38:02 +0300] "GET /sitemapb.xml HTTP/2" 404 15776 "-" "Mozilla/5.0 AppleWebKit/537.36 (KHTML, like Gecko; compatible; GPTBot/1.3; +https://openai.com/gptbot)"
66.249.73.128 - - [13/Mar/2026:15:38:34 +0300] "GET /hype/thewilsonsisters-Porn HTTP/1.1" 200 7402 "-" "Mozilla/5.0 (Linux; Android 6.0.1; Nexus 5X Build/MMB29P) AppleWebKit/537.36 (KHTML, like Gecko) Chrome/145.0.7632.116 Mobile Safari/537.36 (compatible; Googlebot/2.1; +http://www.google.com/bot.html)"
66.249.73.132 - - [13/Mar/2026:15:39:52 +0300] "GET /discover/Janice-Porn HTTP/1.1" 200 7382 "-" "Mozilla/5.0 (Linux; Android 6.0.1; Nexus 5X Build/MMB29P) AppleWebKit/537.36 (KHTML, like Gecko) Chrome/145.0.7632.116 Mobile Safari/537.36 (compatible; Googlebot/2.1; +http://www.google.com/bot.html)"
66.249.73.132 - - [13/Mar/2026:15:40:52 +0300] "GET /newsfeed/lushandstonerbts-Porn HTTP/1.1" 200 7416 "-" "Mozilla/5.0 (Linux; Android 6.0.1; Nexus 5X Build/MMB29P) AppleWebKit/537.36 (KHTML, like Gecko) Chrome/145.0.7632.116 Mobile Safari/537.36 (compatible; Googlebot/2.1; +http://www.google.com/bot.html)"
66.249.73.128 - - [13/Mar/2026:15:41:13 +0300] "GET /newsfeed/meimatsumotovip-Porn HTTP/1.1" 200 7402 "-" "Mozilla/5.0 (Linux; Android 6.0.1; Nexus 5X Build/MMB29P) AppleWebKit/537.36 (KHTML, like Gecko) Chrome/145.0.7632.116 Mobile Safari/537.36 (compatible; Googlebot/2.1; +http://www.google.com/bot.html)"
66.249.73.132 - - [13/Mar/2026:15:42:42 +0300] "GET /insights/Anita-B-Porn HTTP/1.1" 200 7389 "-" "Mozilla/5.0 (Linux; Android 6.0.1; Nexus 5X Build/MMB29P) AppleWebKit/537.36 (KHTML, like Gecko) Chrome/145.0.7632.116 Mobile Safari/537.36 (compatible; Googlebot/2.1; +http://www.google.com/bot.html)"
66.249.73.132 - - [13/Mar/2026:15:47:58 +0300] "GET /hype/pixiewixiexo-Porn HTTP/1.1" 200 7400 "-" "Mozilla/5.0 (Linux; Android 6.0.1; Nexus 5X Build/MMB29P) AppleWebKit/537.36 (KHTML, like Gecko) Chrome/145.0.7632.116 Mobile Safari/537.36 (compatible; Googlebot/2.1; +http://www.google.com/bot.html)"
66.249.73.132 - - [13/Mar/2026:15:48:02 +0300] "GET /general/angel_lolly-Porn HTTP/1.1" 200 7410 "-" "Mozilla/5.0 (Linux; Android 6.0.1; Nexus 5X Build/MMB29P) AppleWebKit/537.36 (KHTML, like Gecko) Chrome/145.0.7632.116 Mobile Safari/537.36 (compatible; Googlebot/2.1; +http://www.google.com/bot.html)"
66.249.73.129 - - [13/Mar/2026:15:48:21 +0300] "GET /hype/slutttmeout-Porn HTTP/1.1" 200 7368 "-" "Mozilla/5.0 (Linux; Android 6.0.1; Nexus 5X Build/MMB29P) AppleWebKit/537.36 (KHTML, like Gecko) Chrome/145.0.7632.116 Mobile Safari/537.36 (compatible; Googlebot/2.1; +http://www.google.com/bot.html)"
66.249.73.132 - - [13/Mar/2026:15:49:49 +0300] "GET /newsfeed/nusxki-Porn HTTP/1.1" 200 7380 "-" "Mozilla/5.0 (Linux; Android 6.0.1; Nexus 5X Build/MMB29P) AppleWebKit/537.36 (KHTML, like Gecko) Chrome/145.0.7632.116 Mobile Safari/537.36 (compatible; Googlebot/2.1; +http://www.google.com/bot.html)"
66.249.73.132 - - [13/Mar/2026:15:51:05 +0300] "GET /newsfeed/laddyreddllc-Porn HTTP/1.1" 200 7413 "-" "Mozilla/5.0 (Linux; Android 6.0.1; Nexus 5X Build/MMB29P) AppleWebKit/537.36 (KHTML, like Gecko) Chrome/145.0.7632.116 Mobile Safari/537.36 (compatible; Googlebot/2.1; +http://www.google.com/bot.html)"
66.249.73.132 - - [13/Mar/2026:15:31:58 +0300] "GET /general/buzzkittynews-Porn HTTP/1.1" 200 7385 "-" "Mozilla/5.0 (Linux; Android 6.0.1; Nexus 5X Build/MMB29P) AppleWebKit/537.36 (KHTML, like Gecko) Chrome/145.0.7632.116 Mobile Safari/537.36 (compatible; Googlebot/2.1; +http://www.google.com/bot.html)"
66.249.73.129 - - [13/Mar/2026:15:33:10 +0300] "GET /general/avaxadorevip-Porn HTTP/1.1" 200 7409 "-" "Mozilla/5.0 (Linux; Android 6.0.1; Nexus 5X Build/MMB29P) AppleWebKit/537.36 (KHTML, like Gecko) Chrome/145.0.7632.116 Mobile Safari/537.36 (compatible; Googlebot/2.1; +http://www.google.com/bot.html)"
185.252.235.182 - - [13/Mar/2026:15:34:01 +0300] "GET /wp-content/plugins/pwnd/pwnd.php HTTP/1.1" 404 18341 "www.google.com" "Mozlila/5.0 (Linux; Android 7.0; SM-G892A Bulid/NRD90M; wv) AppleWebKit/537.36 (KHTML, like Gecko) Version/4.0 Chrome/60.0.3112.107 Moblie Safari/537.36"
185.252.235.182 - - [13/Mar/2026:15:34:52 +0300] "GET /wp-content/plugins/root-file-manager/wp-file.php HTTP/1.1" 404 18339 "www.google.com" "Mozlila/5.0 (Linux; Android 7.0; SM-G892A Bulid/NRD90M; wv) AppleWebKit/537.36 (KHTML, like Gecko) Version/4.0 Chrome/60.0.3112.107 Moblie Safari/537.36"
185.252.235.182 - - [13/Mar/2026:15:35:51 +0300] "GET /wp-content/themes/jaida/lang.php HTTP/1.1" 404 18341 "www.google.com" "Mozlila/5.0 (Linux; Android 7.0; SM-G892A Bulid/NRD90M; wv) AppleWebKit/537.36 (KHTML, like Gecko) Version/4.0 Chrome/60.0.3112.107 Moblie Safari/537.36"
66.249.73.132 - - [13/Mar/2026:15:41:52 +0300] "GET /knowledge/itsaurylovefree-Porn HTTP/1.1" 200 7421 "-" "Mozilla/5.0 (Linux; Android 6.0.1; Nexus 5X Build/MMB29P) AppleWebKit/537.36 (KHTML, like Gecko) Chrome/145.0.7632.116 Mobile Safari/537.36 (compatible; Googlebot/2.1; +http://www.google.com/bot.html)"
66.249.73.132 - - [13/Mar/2026:15:47:25 +0300] "GET /hype/rosepillowxx-Porn HTTP/1.1" 200 7444 "-" "Mozilla/5.0 (Linux; Android 6.0.1; Nexus 5X Build/MMB29P) AppleWebKit/537.36 (KHTML, like Gecko) Chrome/145.0.7632.116 Mobile Safari/537.36 (compatible; Googlebot/2.1; +http://www.google.com/bot.html)"
66.249.73.132 - - [13/Mar/2026:15:47:30 +0300] "GET /knowledge/juliavearth-Porn HTTP/1.1" 200 7380 "-" "Mozilla/5.0 (Linux; Android 6.0.1; Nexus 5X Build/MMB29P) AppleWebKit/537.36 (KHTML, like Gecko) Chrome/145.0.7632.116 Mobile Safari/537.36 (compatible; Googlebot/2.1; +http://www.google.com/bot.html)"
66.249.73.132 - - [13/Mar/2026:15:49:37 +0300] "GET /newsfeed/klaudiaxxn-Porn HTTP/1.1" 200 7414 "-" "Mozilla/5.0 (Linux; Android 6.0.1; Nexus 5X Build/MMB29P) AppleWebKit/537.36 (KHTML, like Gecko) Chrome/145.0.7632.116 Mobile Safari/537.36 (compatible; Googlebot/2.1; +http://www.google.com/bot.html)"
66.249.73.129 - - [13/Mar/2026:15:53:16 +0300] "GET /newsfeed/kingharrisxxx-Porn HTTP/1.1" 200 7374 "-" "Mozilla/5.0 (Linux; Android 6.0.1; Nexus 5X Build/MMB29P) AppleWebKit/537.36 (KHTML, like Gecko) Chrome/145.0.7632.116 Mobile Safari/537.36 (compatible; Googlebot/2.1; +http://www.google.com/bot.html)"
66.249.73.132 - - [13/Mar/2026:15:57:00 +0300] "GET /insights/tuttisvipaccount-Porn HTTP/1.1" 200 7401 "-" "Mozilla/5.0 (Linux; Android 6.0.1; Nexus 5X Build/MMB29P) AppleWebKit/537.36 (KHTML, like Gecko) Chrome/145.0.7632.116 Mobile Safari/537.36 (compatible; Googlebot/2.1; +http://www.google.com/bot.html)"
66.249.73.132 - - [13/Mar/2026:15:57:18 +0300] "GET /newsfeed/mistressstormfree-Porn HTTP/1.1" 200 7433 "-" "Mozilla/5.0 (Linux; Android 6.0.1; Nexus 5X Build/MMB29P) AppleWebKit/537.36 (KHTML, like Gecko) Chrome/145.0.7632.116 Mobile Safari/537.36 (compatible; Googlebot/2.1; +http://www.google.com/bot.html)"
66.249.73.132 - - [13/Mar/2026:15:58:55 +0300] "GET /newsfeed/keeper_kitten-Porn HTTP/1.1" 200 7407 "-" "Mozilla/5.0 (Linux; Android 6.0.1; Nexus 5X Build/MMB29P) AppleWebKit/537.36 (KHTML, like Gecko) Chrome/145.0.7632.116 Mobile Safari/537.36 (compatible; Googlebot/2.1; +http://www.google.com/bot.html)"
66.249.73.132 - - [13/Mar/2026:15:30:53 +0300] "GET /?fizbm%2Ff717266_html HTTP/1.1" 200 28073 "-" "Mozilla/5.0 (Linux; Android 6.0.1; Nexus 5X Build/MMB29P) AppleWebKit/537.36 (KHTML, like Gecko) Chrome/145.0.7632.116 Mobile Safari/537.36 (compatible; Googlebot/2.1; +http://www.google.com/bot.html)"
66.249.73.132 - - [13/Mar/2026:15:32:05 +0300] "GET /insights/xcharbunnyx-Porn HTTP/1.1" 200 7372 "-" "Mozilla/5.0 (Linux; Android 6.0.1; Nexus 5X Build/MMB29P) AppleWebKit/537.36 (KHTML, like Gecko) Chrome/145.0.7632.116 Mobile Safari/537.36 (compatible; Googlebot/2.1; +http://www.google.com/bot.html)"
66.249.73.132 - - [13/Mar/2026:15:33:47 +0300] "GET /general/cosplaycoffins-Porn HTTP/1.1" 200 7388 "-" "Mozilla/5.0 (Linux; Android 6.0.1; Nexus 5X Build/MMB29P) AppleWebKit/537.36 (KHTML, like Gecko) Chrome/145.0.7632.116 Mobile Safari/537.36 (compatible; Googlebot/2.1; +http://www.google.com/bot.html)"
66.249.73.132 - - [13/Mar/2026:15:34:20 +0300] "GET /general/ZavvyGamer-Porn HTTP/1.1" 200 7395 "-" "Mozilla/5.0 (Linux; Android 6.0.1; Nexus 5X Build/MMB29P) AppleWebKit/537.36 (KHTML, like Gecko) Chrome/145.0.7632.116 Mobile Safari/537.36 (compatible; Googlebot/2.1; +http://www.google.com/bot.html)"
185.252.235.182 - - [13/Mar/2026:15:34:33 +0300] "GET /wp-content/plugins/ph-file-manager/wp-file.php HTTP/1.1" 404 18359 "www.google.com" "Mozlila/5.0 (Linux; Android 7.0; SM-G892A Bulid/NRD90M; wv) AppleWebKit/537.36 (KHTML, like Gecko) Version/4.0 Chrome/60.0.3112.107 Moblie Safari/537.36"
185.252.235.182 - - [13/Mar/2026:15:35:30 +0300] "GET /wp-content/themes/travel/issue.php HTTP/1.1" 404 18341 "www.google.com" "Mozlila/5.0 (Linux; Android 7.0; SM-G892A Bulid/NRD90M; wv) AppleWebKit/537.36 (KHTML, like Gecko) Version/4.0 Chrome/60.0.3112.107 Moblie Safari/537.36"
66.249.73.132 - - [13/Mar/2026:15:36:20 +0300] "GET /insights/yunibubbles-Porn HTTP/1.1" 200 7417 "-" "Mozilla/5.0 (Linux; Android 6.0.1; Nexus 5X Build/MMB29P) AppleWebKit/537.36 (KHTML, like Gecko) Chrome/145.0.7632.116 Mobile Safari/537.36 (compatible; Googlebot/2.1; +http://www.google.com/bot.html)"
66.249.73.132 - - [13/Mar/2026:15:42:53 +0300] "GET /hype/socalunicorn-Porn HTTP/1.1" 200 7380 "-" "Mozilla/5.0 (Linux; Android 6.0.1; Nexus 5X Build/MMB29P) AppleWebKit/537.36 (KHTML, like Gecko) Chrome/145.0.7632.116 Mobile Safari/537.36 (compatible; Googlebot/2.1; +http://www.google.com/bot.html)"
66.249.73.128 - - [13/Mar/2026:15:45:44 +0300] "GET /insights/wetastherayne-Porn HTTP/1.1" 200 7385 "-" "Mozilla/5.0 (Linux; Android 6.0.1; Nexus 5X Build/MMB29P) AppleWebKit/537.36 (KHTML, like Gecko) Chrome/145.0.7632.116 Mobile Safari/537.36 (compatible; Googlebot/2.1; +http://www.google.com/bot.html)"
66.249.73.132 - - [13/Mar/2026:15:45:52 +0300] "GET /insights/xxcplxx-Porn HTTP/1.1" 200 7388 "-" "Mozilla/5.0 (Linux; Android 6.0.1; Nexus 5X Build/MMB29P) AppleWebKit/537.36 (KHTML, like Gecko) Chrome/145.0.7632.116 Mobile Safari/537.36 (compatible; Googlebot/2.1; +http://www.google.com/bot.html)"
66.249.73.132 - - [13/Mar/2026:15:49:26 +0300] "GET /hype/sybianwife-Porn HTTP/1.1" 200 7376 "-" "Mozilla/5.0 (Linux; Android 6.0.1; Nexus 5X Build/MMB29P) AppleWebKit/537.36 (KHTML, like Gecko) Chrome/145.0.7632.116 Mobile Safari/537.36 (compatible; Googlebot/2.1; +http://www.google.com/bot.html)"
66.249.73.132 - - [13/Mar/2026:15:51:37 +0300] "GET /newsfeed/laurajaneuncensored-Porn HTTP/1.1" 200 7408 "-" "Mozilla/5.0 (Linux; Android 6.0.1; Nexus 5X Build/MMB29P) AppleWebKit/537.36 (KHTML, like Gecko) Chrome/145.0.7632.116 Mobile Safari/537.36 (compatible; Googlebot/2.1; +http://www.google.com/bot.html)"
66.249.73.132 - - [13/Mar/2026:16:00:09 +0300] "GET /hype/rubydawwsxx-Porn HTTP/1.1" 200 7406 "-" "Mozilla/5.0 (Linux; Android 6.0.1; Nexus 5X Build/MMB29P) AppleWebKit/537.36 (KHTML, like Gecko) Chrome/145.0.7632.116 Mobile Safari/537.36 (compatible; Googlebot/2.1; +http://www.google.com/bot.html)" thereformersmovement.com.luniascouringpads.com-ssl_log 0000640 00000003465 15155005413 0017475 0 ustar 00
136.144.35.139 - - [13/Mar/2026:15:11:27 +0300] "POST /wp-login.php HTTP/1.1" 200 9864 "-" "Mozilla/5.0"
66.249.73.128 - - [13/Mar/2026:15:13:20 +0300] "GET /?t=149483041 HTTP/1.1" 200 18405 "-" "Mozilla/5.0 (Linux; Android 6.0.1; Nexus 5X Build/MMB29P) AppleWebKit/537.36 (KHTML, like Gecko) Chrome/145.0.7632.116 Mobile Safari/537.36 (compatible; GoogleOther)"
209.235.136.145 - - [13/Mar/2026:15:09:38 +0300] "GET /wp-login.php HTTP/2" 200 2652 "-" "Mozilla/5.0 (Windows NT 10.0; Win64; x64) AppleWebKit/537.36 (KHTML, like Gecko) Chrome/130.0.0.0 Safari/537.36"
209.235.136.145 - - [13/Mar/2026:15:09:39 +0300] "POST /wp-login.php HTTP/2" 200 2741 "https://thereformersmovement.com/wp-login.php" "Mozilla/5.0 (Windows NT 10.0; Win64; x64) AppleWebKit/537.36 (KHTML, like Gecko) Chrome/130.0.0.0 Safari/537.36"
136.144.35.132 - - [13/Mar/2026:15:11:27 +0300] "POST /wp-login.php HTTP/1.1" 200 9864 "-" "Mozilla/5.0"
98.159.37.41 - - [13/Mar/2026:15:18:45 +0300] "POST /wp-login.php HTTP/1.1" 200 9864 "-" "Mozilla/5.0"
216.24.210.49 - - [13/Mar/2026:15:18:45 +0300] "POST /wp-login.php HTTP/1.1" 200 9864 "-" "Mozilla/5.0"
216.24.210.100 - - [13/Mar/2026:15:18:45 +0300] "POST /wp-login.php HTTP/1.1" 200 9864 "-" "Mozilla/5.0"
66.249.73.129 - - [13/Mar/2026:15:28:08 +0300] "GET /?t=9346556 HTTP/1.1" 200 16518 "-" "Mozilla/5.0 (Linux; Android 6.0.1; Nexus 5X Build/MMB29P) AppleWebKit/537.36 (KHTML, like Gecko) Chrome/145.0.7632.116 Mobile Safari/537.36 (compatible; GoogleOther)"
98.159.37.34 - - [13/Mar/2026:15:18:45 +0300] "POST /wp-login.php HTTP/1.1" 200 9864 "-" "Mozilla/5.0"
66.249.73.130 - - [13/Mar/2026:15:21:03 +0300] "GET /?t=426058 HTTP/1.1" 200 16266 "-" "Mozilla/5.0 (Linux; Android 6.0.1; Nexus 5X Build/MMB29P) AppleWebKit/537.36 (KHTML, like Gecko) Chrome/145.0.7632.116 Mobile Safari/537.36 (compatible; GoogleOther)" mestechslns.co.ke.luniascouringpads.com 0000640 00000007564 15155005413 0014332 0 ustar 00
34.53.243.251 - - [13/Mar/2026:15:50:47 +0300] "GET / HTTP/1.1" 200 1414 "-" "Mozilla/5.0 (Windows NT 10.0; Win64; x64) AppleWebKit/537.36 (KHTML, like Gecko) Chrome/78.0.3904.108 Safari/537.36"
34.53.243.251 - - [13/Mar/2026:15:50:48 +0300] "GET / HTTP/1.1" 200 1414 "-" "Mozilla/5.0 (Windows NT 10.0; Win64; x64) AppleWebKit/537.36 (KHTML, like Gecko) Chrome/78.0.3904.108 Safari/537.36"
34.53.243.251 - - [13/Mar/2026:15:50:48 +0300] "GET /wp-includes/wlwmanifest.xml HTTP/1.1" 404 796 "-" "Mozilla/5.0 (Windows NT 10.0; Win64; x64) AppleWebKit/537.36 (KHTML, like Gecko) Chrome/78.0.3904.108 Safari/537.36"
34.53.243.251 - - [13/Mar/2026:15:50:48 +0300] "GET /xmlrpc.php?rsd HTTP/1.1" 404 796 "-" "Mozilla/5.0 (Windows NT 10.0; Win64; x64) AppleWebKit/537.36 (KHTML, like Gecko) Chrome/78.0.3904.108 Safari/537.36"
34.53.243.251 - - [13/Mar/2026:15:50:48 +0300] "GET / HTTP/1.1" 200 1414 "-" "Mozilla/5.0 (Windows NT 10.0; Win64; x64) AppleWebKit/537.36 (KHTML, like Gecko) Chrome/78.0.3904.108 Safari/537.36"
34.53.243.251 - - [13/Mar/2026:15:50:48 +0300] "GET /blog/wp-includes/wlwmanifest.xml HTTP/1.1" 404 796 "-" "Mozilla/5.0 (Windows NT 10.0; Win64; x64) AppleWebKit/537.36 (KHTML, like Gecko) Chrome/78.0.3904.108 Safari/537.36"
34.53.243.251 - - [13/Mar/2026:15:50:48 +0300] "GET /web/wp-includes/wlwmanifest.xml HTTP/1.1" 404 796 "-" "Mozilla/5.0 (Windows NT 10.0; Win64; x64) AppleWebKit/537.36 (KHTML, like Gecko) Chrome/78.0.3904.108 Safari/537.36"
34.53.243.251 - - [13/Mar/2026:15:50:48 +0300] "GET /wordpress/wp-includes/wlwmanifest.xml HTTP/1.1" 404 796 "-" "Mozilla/5.0 (Windows NT 10.0; Win64; x64) AppleWebKit/537.36 (KHTML, like Gecko) Chrome/78.0.3904.108 Safari/537.36"
34.53.243.251 - - [13/Mar/2026:15:50:49 +0300] "GET /website/wp-includes/wlwmanifest.xml HTTP/1.1" 404 796 "-" "Mozilla/5.0 (Windows NT 10.0; Win64; x64) AppleWebKit/537.36 (KHTML, like Gecko) Chrome/78.0.3904.108 Safari/537.36"
34.53.243.251 - - [13/Mar/2026:15:50:49 +0300] "GET /wp/wp-includes/wlwmanifest.xml HTTP/1.1" 404 796 "-" "Mozilla/5.0 (Windows NT 10.0; Win64; x64) AppleWebKit/537.36 (KHTML, like Gecko) Chrome/78.0.3904.108 Safari/537.36"
34.53.243.251 - - [13/Mar/2026:15:50:49 +0300] "GET /news/wp-includes/wlwmanifest.xml HTTP/1.1" 404 796 "-" "Mozilla/5.0 (Windows NT 10.0; Win64; x64) AppleWebKit/537.36 (KHTML, like Gecko) Chrome/78.0.3904.108 Safari/537.36"
34.53.243.251 - - [13/Mar/2026:15:50:49 +0300] "GET /2018/wp-includes/wlwmanifest.xml HTTP/1.1" 404 796 "-" "Mozilla/5.0 (Windows NT 10.0; Win64; x64) AppleWebKit/537.36 (KHTML, like Gecko) Chrome/78.0.3904.108 Safari/537.36"
34.53.243.251 - - [13/Mar/2026:15:50:49 +0300] "GET /2019/wp-includes/wlwmanifest.xml HTTP/1.1" 404 796 "-" "Mozilla/5.0 (Windows NT 10.0; Win64; x64) AppleWebKit/537.36 (KHTML, like Gecko) Chrome/78.0.3904.108 Safari/537.36"
34.53.243.251 - - [13/Mar/2026:15:50:49 +0300] "GET /shop/wp-includes/wlwmanifest.xml HTTP/1.1" 404 796 "-" "Mozilla/5.0 (Windows NT 10.0; Win64; x64) AppleWebKit/537.36 (KHTML, like Gecko) Chrome/78.0.3904.108 Safari/537.36"
34.53.243.251 - - [13/Mar/2026:15:50:49 +0300] "GET /wp1/wp-includes/wlwmanifest.xml HTTP/1.1" 404 796 "-" "Mozilla/5.0 (Windows NT 10.0; Win64; x64) AppleWebKit/537.36 (KHTML, like Gecko) Chrome/78.0.3904.108 Safari/537.36"
34.53.243.251 - - [13/Mar/2026:15:50:49 +0300] "GET /test/wp-includes/wlwmanifest.xml HTTP/1.1" 404 796 "-" "Mozilla/5.0 (Windows NT 10.0; Win64; x64) AppleWebKit/537.36 (KHTML, like Gecko) Chrome/78.0.3904.108 Safari/537.36"
34.53.243.251 - - [13/Mar/2026:15:50:50 +0300] "GET /media/wp-includes/wlwmanifest.xml HTTP/1.1" 404 796 "-" "Mozilla/5.0 (Windows NT 10.0; Win64; x64) AppleWebKit/537.36 (KHTML, like Gecko) Chrome/78.0.3904.108 Safari/537.36"
34.53.243.251 - - [13/Mar/2026:15:50:50 +0300] "GET /wp2/wp-includes/wlwmanifest.xml HTTP/1.1" 404 796 "-" "Mozilla/5.0 (Windows NT 10.0; Win64; x64) AppleWebKit/537.36 (KHTML, like Gecko) Chrome/78.0.3904.108 Safari/537.36" paltutors.co.uk.luniascouringpads.com-ssl_log 0000640 00000115243 15155005420 0015507 0 ustar 00
40.77.167.37 - - [13/Mar/2026:15:07:29 +0300] "GET /?rtthi/k1038014.html HTTP/2" 200 24517 "-" "Mozilla/5.0 AppleWebKit/537.36 (KHTML, like Gecko; compatible; bingbot/2.0; +http://www.bing.com/bingbot.htm) Chrome/116.0.1938.76 Safari/537.36"
52.167.144.24 - - [13/Mar/2026:15:13:31 +0300] "GET /?lnggn/t1799667.html HTTP/2" 200 24724 "-" "Mozilla/5.0 AppleWebKit/537.36 (KHTML, like Gecko; compatible; bingbot/2.0; +http://www.bing.com/bingbot.htm) Chrome/116.0.1938.76 Safari/537.36"
66.249.66.77 - - [13/Mar/2026:15:07:15 +0300] "GET /?dhkri/h1933763.html HTTP/1.1" 200 24584 "-" "Mozilla/5.0 (Linux; Android 6.0.1; Nexus 5X Build/MMB29P) AppleWebKit/537.36 (KHTML, like Gecko) Chrome/145.0.7632.116 Mobile Safari/537.36 (compatible; GoogleOther)"
40.77.167.255 - - [13/Mar/2026:15:09:30 +0300] "GET /?nssms/m512660.html HTTP/2" 200 24825 "-" "Mozilla/5.0 AppleWebKit/537.36 (KHTML, like Gecko; compatible; bingbot/2.0; +http://www.bing.com/bingbot.htm) Chrome/116.0.1938.76 Safari/537.36"
66.249.66.160 - - [13/Mar/2026:15:09:37 +0300] "GET /?zwpzi/m924630.html HTTP/1.1" 200 24944 "-" "Mozilla/5.0 (Linux; Android 6.0.1; Nexus 5X Build/MMB29P) AppleWebKit/537.36 (KHTML, like Gecko) Chrome/145.0.7632.116 Mobile Safari/537.36 (compatible; GoogleOther)"
66.249.66.160 - - [13/Mar/2026:15:13:09 +0300] "GET /?mtcev/w2154362.html HTTP/1.1" 200 24998 "-" "Mozilla/5.0 (Linux; Android 6.0.1; Nexus 5X Build/MMB29P) AppleWebKit/537.36 (KHTML, like Gecko) Chrome/145.0.7632.116 Mobile Safari/537.36 (compatible; GoogleOther)"
66.249.66.34 - - [13/Mar/2026:15:10:12 +0300] "GET /?qvfgw/w1930710.html HTTP/1.1" 200 24320 "-" "Mozilla/5.0 (Linux; Android 6.0.1; Nexus 5X Build/MMB29P) AppleWebKit/537.36 (KHTML, like Gecko) Chrome/145.0.7632.116 Mobile Safari/537.36 (compatible; GoogleOther)"
52.167.144.24 - - [13/Mar/2026:15:12:50 +0300] "GET /?vrspq/k1270610.html HTTP/2" 200 24847 "-" "Mozilla/5.0 AppleWebKit/537.36 (KHTML, like Gecko; compatible; bingbot/2.0; +http://www.bing.com/bingbot.htm) Chrome/116.0.1938.76 Safari/537.36"
66.249.66.78 - - [13/Mar/2026:15:06:15 +0300] "GET /?auhjy/t824199.html HTTP/1.1" 200 24866 "-" "Mozilla/5.0 (Linux; Android 6.0.1; Nexus 5X Build/MMB29P) AppleWebKit/537.36 (KHTML, like Gecko) Chrome/145.0.7632.116 Mobile Safari/537.36 (compatible; GoogleOther)"
40.77.167.37 - - [13/Mar/2026:15:06:40 +0300] "GET /?fqdbp/l2083943.html HTTP/2" 200 24367 "-" "Mozilla/5.0 AppleWebKit/537.36 (KHTML, like Gecko; compatible; bingbot/2.0; +http://www.bing.com/bingbot.htm) Chrome/116.0.1938.76 Safari/537.36"
66.249.66.32 - - [13/Mar/2026:15:07:40 +0300] "GET /?vfmoo/h198549.html HTTP/1.1" 200 24199 "-" "Mozilla/5.0 (Linux; Android 6.0.1; Nexus 5X Build/MMB29P) AppleWebKit/537.36 (KHTML, like Gecko) Chrome/145.0.7632.116 Mobile Safari/537.36 (compatible; GoogleOther)"
40.77.167.235 - - [13/Mar/2026:15:12:59 +0300] "GET /?pztzg/n1577933.html HTTP/2" 200 24282 "-" "Mozilla/5.0 AppleWebKit/537.36 (KHTML, like Gecko; compatible; bingbot/2.0; +http://www.bing.com/bingbot.htm) Chrome/116.0.1938.76 Safari/537.36"
102.212.247.146 - - [13/Mar/2026:15:13:11 +0300] "POST /wp-cron.php?doing_wp_cron=1773403991.0226519107818603515625 HTTP/1.1" 403 787 "-" "WordPress/6.9.1; https://paltutors.co.uk"
185.198.240.189 - - [13/Mar/2026:15:13:07 +0300] "POST /wp-login.php HTTP/1.1" 200 10088 "-" "Mozilla/5.0"
66.249.66.15 - - [13/Mar/2026:15:10:30 +0300] "GET /?uijou/a2307610.html HTTP/1.1" 200 24351 "-" "Mozilla/5.0 (Linux; Android 6.0.1; Nexus 5X Build/MMB29P) AppleWebKit/537.36 (KHTML, like Gecko) Chrome/145.0.7632.116 Mobile Safari/537.36 (compatible; GoogleOther)"
66.249.66.14 - - [13/Mar/2026:15:11:23 +0300] "GET /?nijhf/c801094.html HTTP/1.1" 200 24893 "-" "Mozilla/5.0 (Linux; Android 6.0.1; Nexus 5X Build/MMB29P) AppleWebKit/537.36 (KHTML, like Gecko) Chrome/145.0.7632.116 Mobile Safari/537.36 (compatible; GoogleOther)"
66.249.66.33 - - [13/Mar/2026:15:13:19 +0300] "GET /?pgxdb/q564846.html HTTP/1.1" 200 24289 "-" "Mozilla/5.0 (Linux; Android 6.0.1; Nexus 5X Build/MMB29P) AppleWebKit/537.36 (KHTML, like Gecko) Chrome/145.0.7632.116 Mobile Safari/537.36 (compatible; Googlebot/2.1; +http://www.google.com/bot.html)"
157.55.39.63 - - [13/Mar/2026:15:09:55 +0300] "GET /?ysvqj/j2545987.html HTTP/2" 200 24853 "-" "Mozilla/5.0 AppleWebKit/537.36 (KHTML, like Gecko; compatible; bingbot/2.0; +http://www.bing.com/bingbot.htm) Chrome/116.0.1938.76 Safari/537.36"
40.77.167.37 - - [13/Mar/2026:15:10:19 +0300] "GET /?ucbyy/c451316.html HTTP/2" 200 24485 "-" "Mozilla/5.0 AppleWebKit/537.36 (KHTML, like Gecko; compatible; bingbot/2.0; +http://www.bing.com/bingbot.htm) Chrome/116.0.1938.76 Safari/537.36"
40.77.167.37 - - [13/Mar/2026:15:10:29 +0300] "GET /?tiucd/r1551703.html HTTP/2" 200 24777 "-" "Mozilla/5.0 AppleWebKit/537.36 (KHTML, like Gecko; compatible; bingbot/2.0; +http://www.bing.com/bingbot.htm) Chrome/116.0.1938.76 Safari/537.36"
157.55.39.63 - - [13/Mar/2026:15:10:33 +0300] "GET /?wtuik/b2202545.html HTTP/2" 200 24561 "-" "Mozilla/5.0 AppleWebKit/537.36 (KHTML, like Gecko; compatible; bingbot/2.0; +http://www.bing.com/bingbot.htm) Chrome/116.0.1938.76 Safari/537.36"
157.55.39.63 - - [13/Mar/2026:15:10:43 +0300] "GET /?flnpn/e2127252.html HTTP/2" 200 24379 "-" "Mozilla/5.0 AppleWebKit/537.36 (KHTML, like Gecko; compatible; bingbot/2.0; +http://www.bing.com/bingbot.htm) Chrome/116.0.1938.76 Safari/537.36"
66.249.66.64 - - [13/Mar/2026:15:08:26 +0300] "GET /?jnfoc/c627050.html HTTP/1.1" 200 24597 "-" "Mozilla/5.0 (Linux; Android 6.0.1; Nexus 5X Build/MMB29P) AppleWebKit/537.36 (KHTML, like Gecko) Chrome/145.0.7632.116 Mobile Safari/537.36 (compatible; GoogleOther)"
40.77.167.255 - - [13/Mar/2026:15:08:30 +0300] "GET /?ogtcv/r365401.html HTTP/2" 200 24624 "-" "Mozilla/5.0 AppleWebKit/537.36 (KHTML, like Gecko; compatible; bingbot/2.0; +http://www.bing.com/bingbot.htm) Chrome/116.0.1938.76 Safari/537.36"
40.77.167.37 - - [13/Mar/2026:15:09:49 +0300] "GET /?pderd/m234954.html HTTP/2" 200 24359 "-" "Mozilla/5.0 AppleWebKit/537.36 (KHTML, like Gecko; compatible; bingbot/2.0; +http://www.bing.com/bingbot.htm) Chrome/116.0.1938.76 Safari/537.36"
40.77.167.255 - - [13/Mar/2026:15:10:00 +0300] "GET /?ofcwj/f1152227.html HTTP/2" 200 24605 "-" "Mozilla/5.0 AppleWebKit/537.36 (KHTML, like Gecko; compatible; bingbot/2.0; +http://www.bing.com/bingbot.htm) Chrome/116.0.1938.76 Safari/537.36"
40.77.167.235 - - [13/Mar/2026:15:12:31 +0300] "GET /?bmmqr/s2957368.html HTTP/2" 200 25558 "-" "Mozilla/5.0 AppleWebKit/537.36 (KHTML, like Gecko; compatible; bingbot/2.0; +http://www.bing.com/bingbot.htm) Chrome/116.0.1938.76 Safari/537.36"
40.77.167.37 - - [13/Mar/2026:15:10:49 +0300] "GET /?mcssi/a2527960.html HTTP/2" 200 24713 "-" "Mozilla/5.0 AppleWebKit/537.36 (KHTML, like Gecko; compatible; bingbot/2.0; +http://www.bing.com/bingbot.htm) Chrome/116.0.1938.76 Safari/537.36"
52.167.144.24 - - [13/Mar/2026:15:16:20 +0300] "GET /?ydpyt/r1360317.html HTTP/2" 200 24432 "-" "Mozilla/5.0 AppleWebKit/537.36 (KHTML, like Gecko; compatible; bingbot/2.0; +http://www.bing.com/bingbot.htm) Chrome/116.0.1938.76 Safari/537.36"
66.249.66.194 - - [13/Mar/2026:15:17:52 +0300] "GET /?bslkt/h1710969.html HTTP/1.1" 200 25144 "-" "Mozilla/5.0 (Linux; Android 6.0.1; Nexus 5X Build/MMB29P) AppleWebKit/537.36 (KHTML, like Gecko) Chrome/145.0.7632.116 Mobile Safari/537.36 (compatible; GoogleOther)"
66.249.66.14 - - [13/Mar/2026:15:25:31 +0300] "GET /?ysfkq/k831132.html HTTP/1.1" 200 25487 "-" "Mozilla/5.0 (Linux; Android 6.0.1; Nexus 5X Build/MMB29P) AppleWebKit/537.36 (KHTML, like Gecko) Chrome/145.0.7632.116 Mobile Safari/537.36 (compatible; GoogleOther)"
207.46.13.54 - - [13/Mar/2026:15:26:47 +0300] "GET /?lgmzo/g2926624.html HTTP/2" 200 24115 "-" "Mozilla/5.0 AppleWebKit/537.36 (KHTML, like Gecko; compatible; bingbot/2.0; +http://www.bing.com/bingbot.htm) Chrome/116.0.1938.76 Safari/537.36"
52.167.144.139 - - [13/Mar/2026:15:27:11 +0300] "GET /?kfcso/z594157.html HTTP/2" 200 24454 "-" "Mozilla/5.0 AppleWebKit/537.36 (KHTML, like Gecko; compatible; bingbot/2.0; +http://www.bing.com/bingbot.htm) Chrome/116.0.1938.76 Safari/537.36"
66.249.66.169 - - [13/Mar/2026:15:28:54 +0300] "GET /?mfbod/w1742314.html HTTP/1.1" 200 25064 "-" "Mozilla/5.0 (Linux; Android 6.0.1; Nexus 5X Build/MMB29P) AppleWebKit/537.36 (KHTML, like Gecko) Chrome/145.0.7632.116 Mobile Safari/537.36 (compatible; GoogleOther)"
52.167.144.203 - - [13/Mar/2026:15:30:31 +0300] "GET /?tenno/z2908001.html HTTP/2" 200 24268 "-" "Mozilla/5.0 AppleWebKit/537.36 (KHTML, like Gecko; compatible; bingbot/2.0; +http://www.bing.com/bingbot.htm) Chrome/116.0.1938.76 Safari/537.36"
66.249.66.168 - - [13/Mar/2026:15:30:40 +0300] "GET /?apaua/m297224.html HTTP/1.1" 200 24189 "-" "Mozilla/5.0 (Linux; Android 6.0.1; Nexus 5X Build/MMB29P) AppleWebKit/537.36 (KHTML, like Gecko) Chrome/145.0.7632.116 Mobile Safari/537.36 (compatible; GoogleOther)"
40.77.167.235 - - [13/Mar/2026:15:14:02 +0300] "GET /?wdvzn/f538835.html HTTP/2" 200 25370 "-" "Mozilla/5.0 AppleWebKit/537.36 (KHTML, like Gecko; compatible; bingbot/2.0; +http://www.bing.com/bingbot.htm) Chrome/116.0.1938.76 Safari/537.36"
66.249.66.14 - - [13/Mar/2026:15:17:53 +0300] "GET /?fawix/t792791.html HTTP/1.1" 200 24383 "-" "Mozilla/5.0 (Linux; Android 6.0.1; Nexus 5X Build/MMB29P) AppleWebKit/537.36 (KHTML, like Gecko) Chrome/145.0.7632.116 Mobile Safari/537.36 (compatible; GoogleOther)"
207.46.13.54 - - [13/Mar/2026:15:20:07 +0300] "GET /?oxdnp/o1853378.html HTTP/2" 200 24676 "-" "Mozilla/5.0 AppleWebKit/537.36 (KHTML, like Gecko; compatible; bingbot/2.0; +http://www.bing.com/bingbot.htm) Chrome/116.0.1938.76 Safari/537.36"
66.249.66.1 - - [13/Mar/2026:15:20:24 +0300] "GET /?kxwsa/g2962140.html HTTP/1.1" 200 24236 "-" "Mozilla/5.0 (Linux; Android 6.0.1; Nexus 5X Build/MMB29P) AppleWebKit/537.36 (KHTML, like Gecko) Chrome/145.0.7632.116 Mobile Safari/537.36 (compatible; GoogleOther)"
40.77.167.235 - - [13/Mar/2026:15:20:30 +0300] "GET /?rtrmg/v1052871.html HTTP/2" 200 25310 "-" "Mozilla/5.0 AppleWebKit/537.36 (KHTML, like Gecko; compatible; bingbot/2.0; +http://www.bing.com/bingbot.htm) Chrome/116.0.1938.76 Safari/537.36"
52.167.144.24 - - [13/Mar/2026:15:21:10 +0300] "GET /?obqzz/o1145944.html HTTP/2" 200 25199 "-" "Mozilla/5.0 AppleWebKit/537.36 (KHTML, like Gecko; compatible; bingbot/2.0; +http://www.bing.com/bingbot.htm) Chrome/116.0.1938.76 Safari/537.36"
66.249.66.160 - - [13/Mar/2026:15:23:10 +0300] "GET /?qaejh/z1663043.html HTTP/1.1" 200 24522 "-" "Mozilla/5.0 (Linux; Android 6.0.1; Nexus 5X Build/MMB29P) AppleWebKit/537.36 (KHTML, like Gecko) Chrome/145.0.7632.116 Mobile Safari/537.36 (compatible; GoogleOther)"
66.249.66.169 - - [13/Mar/2026:15:24:21 +0300] "GET /?cnxlz/s2715854.html HTTP/1.1" 200 24396 "-" "Mozilla/5.0 (Linux; Android 6.0.1; Nexus 5X Build/MMB29P) AppleWebKit/537.36 (KHTML, like Gecko) Chrome/145.0.7632.116 Mobile Safari/537.36 (compatible; GoogleOther)"
207.46.13.54 - - [13/Mar/2026:15:26:16 +0300] "GET /?kdckh/s3086640.html HTTP/2" 200 24958 "-" "Mozilla/5.0 AppleWebKit/537.36 (KHTML, like Gecko; compatible; bingbot/2.0; +http://www.bing.com/bingbot.htm) Chrome/116.0.1938.76 Safari/537.36"
52.167.144.139 - - [13/Mar/2026:15:27:41 +0300] "GET /?omebb/z951969.html HTTP/2" 200 24605 "-" "Mozilla/5.0 AppleWebKit/537.36 (KHTML, like Gecko; compatible; bingbot/2.0; +http://www.bing.com/bingbot.htm) Chrome/116.0.1938.76 Safari/537.36"
207.46.13.54 - - [13/Mar/2026:15:27:47 +0300] "GET /?epwis/n2644505.html HTTP/2" 200 24311 "-" "Mozilla/5.0 AppleWebKit/537.36 (KHTML, like Gecko; compatible; bingbot/2.0; +http://www.bing.com/bingbot.htm) Chrome/116.0.1938.76 Safari/537.36"
66.249.66.64 - - [13/Mar/2026:15:28:28 +0300] "GET /?psivx/j1188969.html HTTP/1.1" 200 25061 "-" "Mozilla/5.0 (Linux; Android 6.0.1; Nexus 5X Build/MMB29P) AppleWebKit/537.36 (KHTML, like Gecko) Chrome/145.0.7632.116 Mobile Safari/537.36 (compatible; GoogleOther)"
66.249.66.1 - - [13/Mar/2026:15:15:30 +0300] "GET /?motbl/l897329.html HTTP/1.1" 200 24481 "-" "Mozilla/5.0 (Linux; Android 6.0.1; Nexus 5X Build/MMB29P) AppleWebKit/537.36 (KHTML, like Gecko) Chrome/145.0.7632.116 Mobile Safari/537.36 (compatible; GoogleOther)"
66.249.66.196 - - [13/Mar/2026:15:16:41 +0300] "GET /?qjtvi/b1972341.html HTTP/1.1" 200 25448 "-" "Mozilla/5.0 (Linux; Android 6.0.1; Nexus 5X Build/MMB29P) AppleWebKit/537.36 (KHTML, like Gecko) Chrome/145.0.7632.116 Mobile Safari/537.36 (compatible; GoogleOther)"
54.184.226.94 - - [13/Mar/2026:15:17:00 +0300] "GET /?rnd=1773404214128 HTTP/1.1" 200 198 "http://www.paltutors.co.uk/?rnd=1773404214128" "GoDaddy-UptimeMonitoring"
66.249.66.169 - - [13/Mar/2026:15:17:11 +0300] "GET /?dtnic/v410229.html HTTP/1.1" 200 25034 "-" "Mozilla/5.0 (Linux; Android 6.0.1; Nexus 5X Build/MMB29P) AppleWebKit/537.36 (KHTML, like Gecko) Chrome/145.0.7632.116 Mobile Safari/537.36 (compatible; GoogleOther)"
52.167.144.24 - - [13/Mar/2026:15:20:41 +0300] "GET /?qqvgz/h1782625.html HTTP/2" 200 24760 "-" "Mozilla/5.0 AppleWebKit/537.36 (KHTML, like Gecko; compatible; bingbot/2.0; +http://www.bing.com/bingbot.htm) Chrome/116.0.1938.76 Safari/537.36"
207.46.13.54 - - [13/Mar/2026:15:24:17 +0300] "GET /?vemdt/n135219.html HTTP/2" 200 24715 "-" "Mozilla/5.0 AppleWebKit/537.36 (KHTML, like Gecko; compatible; bingbot/2.0; +http://www.bing.com/bingbot.htm) Chrome/116.0.1938.76 Safari/537.36"
66.249.66.15 - - [13/Mar/2026:15:26:04 +0300] "GET /?zslsz/u3017196.html HTTP/1.1" 200 25118 "-" "Mozilla/5.0 (Linux; Android 6.0.1; Nexus 5X Build/MMB29P) AppleWebKit/537.36 (KHTML, like Gecko) Chrome/145.0.7632.116 Mobile Safari/537.36 (compatible; GoogleOther)"
102.212.247.146 - - [13/Mar/2026:15:27:47 +0300] "POST /wp-admin/admin-ajax.php?action=as_async_request_queue_runner&nonce=4c0a941e52 HTTP/1.1" 403 787 "-" "WordPress/6.9.1; https://paltutors.co.uk"
66.249.66.32 - - [13/Mar/2026:15:29:39 +0300] "GET /?alvve/p798819.html HTTP/1.1" 200 24062 "-" "Mozilla/5.0 (Linux; Android 6.0.1; Nexus 5X Build/MMB29P) AppleWebKit/537.36 (KHTML, like Gecko) Chrome/145.0.7632.116 Mobile Safari/537.36 (compatible; GoogleOther)"
66.249.66.14 - - [13/Mar/2026:15:14:20 +0300] "GET /?jrvyy/w2909792.html HTTP/1.1" 200 24589 "-" "Mozilla/5.0 (Linux; Android 6.0.1; Nexus 5X Build/MMB29P) AppleWebKit/537.36 (KHTML, like Gecko) Chrome/145.0.7632.116 Mobile Safari/537.36 (compatible; GoogleOther)"
40.77.167.235 - - [13/Mar/2026:15:18:50 +0300] "GET /?ttgpc/d441645.html HTTP/2" 200 24667 "-" "Mozilla/5.0 AppleWebKit/537.36 (KHTML, like Gecko; compatible; bingbot/2.0; +http://www.bing.com/bingbot.htm) Chrome/116.0.1938.76 Safari/537.36"
40.77.167.235 - - [13/Mar/2026:15:21:15 +0300] "GET /?oqjpn/z1458059.html HTTP/2" 200 25080 "-" "Mozilla/5.0 AppleWebKit/537.36 (KHTML, like Gecko; compatible; bingbot/2.0; +http://www.bing.com/bingbot.htm) Chrome/116.0.1938.76 Safari/537.36"
40.77.167.235 - - [13/Mar/2026:15:21:15 +0300] "GET /?bdzti/m621756.html HTTP/2" 200 25730 "-" "Mozilla/5.0 AppleWebKit/537.36 (KHTML, like Gecko; compatible; bingbot/2.0; +http://www.bing.com/bingbot.htm) Chrome/116.0.1938.76 Safari/537.36"
