57.141.20.58 - - [13/Mar/2026:16:00:41 +0300] "GET /products/5096295782 HTTP/2" 200 189312 "-" "meta-externalagent/1.1 (+https://developers.facebook.com/docs/sharing/webmasters/crawler)"
57.141.20.59 - - [13/Mar/2026:16:00:47 +0300] "GET /products/71375259204 HTTP/2" 200 190434 "-" "meta-externalagent/1.1 (+https://developers.facebook.com/docs/sharing/webmasters/crawler)"
57.141.20.32 - - [13/Mar/2026:16:00:47 +0300] "GET /products/7137525995 HTTP/2" 200 210140 "-" "meta-externalagent/1.1 (+https://developers.facebook.com/docs/sharing/webmasters/crawler)"
57.141.20.25 - - [13/Mar/2026:16:00:48 +0300] "GET /products/5096293011 HTTP/2" 200 196459 "-" "meta-externalagent/1.1 (+https://developers.facebook.com/docs/sharing/webmasters/crawler)"
57.141.20.35 - - [13/Mar/2026:16:00:51 +0300] "GET /products/62814101684 HTTP/2" 200 199896 "-" "meta-externalagent/1.1 (+https://developers.facebook.com/docs/sharing/webmasters/crawler)"
57.141.20.10 - - [13/Mar/2026:16:00:49 +0300] "GET /products/81966265227 HTTP/2" 200 195522 "-" "meta-externalagent/1.1 (+https://developers.facebook.com/docs/sharing/webmasters/crawler)"
57.141.20.13 - - [13/Mar/2026:16:00:56 +0300] "GET /products/39187226209 HTTP/2" 200 189289 "-" "meta-externalagent/1.1 (+https://developers.facebook.com/docs/sharing/webmasters/crawler)"
57.141.20.22 - - [13/Mar/2026:16:00:55 +0300] "GET /products/50962290371 HTTP/2" 200 191111 "-" "meta-externalagent/1.1 (+https://developers.facebook.com/docs/sharing/webmasters/crawler)"
57.141.20.24 - - [13/Mar/2026:16:00:57 +0300] "GET /products/71375211267 HTTP/2" 200 192108 "-" "meta-externalagent/1.1 (+https://developers.facebook.com/docs/sharing/webmasters/crawler)"
57.141.20.13 - - [13/Mar/2026:16:01:14 +0300] "GET /products/50962111819 HTTP/2" 200 191571 "-" "meta-externalagent/1.1 (+https://developers.facebook.com/docs/sharing/webmasters/crawler)"
57.141.20.46 - - [13/Mar/2026:16:01:20 +0300] "GET /products/79182179745 HTTP/2" 200 189401 "-" "meta-externalagent/1.1 (+https://developers.facebook.com/docs/sharing/webmasters/crawler)"
57.141.20.52 - - [13/Mar/2026:16:01:34 +0300] "GET /products/81966145561 HTTP/2" 200 199437 "-" "meta-externalagent/1.1 (+https://developers.facebook.com/docs/sharing/webmasters/crawler)"
57.141.20.59 - - [13/Mar/2026:16:01:28 +0300] "GET /products/39187130243 HTTP/2" 200 191189 "-" "meta-externalagent/1.1 (+https://developers.facebook.com/docs/sharing/webmasters/crawler)"
57.141.20.18 - - [13/Mar/2026:16:01:46 +0300] "GET /products/8196626536 HTTP/2" 200 193352 "-" "meta-externalagent/1.1 (+https://developers.facebook.com/docs/sharing/webmasters/crawler)"
57.141.20.29 - - [13/Mar/2026:16:01:54 +0300] "GET /products/39187261781 HTTP/2" 200 193617 "-" "meta-externalagent/1.1 (+https://developers.facebook.com/docs/sharing/webmasters/crawler)"
57.141.20.8 - - [13/Mar/2026:16:01:58 +0300] "GET /products/84977105868 HTTP/2" 200 208673 "-" "meta-externalagent/1.1 (+https://developers.facebook.com/docs/sharing/webmasters/crawler)"
57.141.20.54 - - [13/Mar/2026:16:00:50 +0300] "GET /products/79638111064 HTTP/2" 200 190857 "-" "meta-externalagent/1.1 (+https://developers.facebook.com/docs/sharing/webmasters/crawler)"
57.141.20.59 - - [13/Mar/2026:16:00:52 +0300] "GET /products/81966167727 HTTP/2" 200 193926 "-" "meta-externalagent/1.1 (+https://developers.facebook.com/docs/sharing/webmasters/crawler)"
57.141.20.23 - - [13/Mar/2026:16:00:53 +0300] "GET /products/71375186298 HTTP/2" 200 199618 "-" "meta-externalagent/1.1 (+https://developers.facebook.com/docs/sharing/webmasters/crawler)"
57.141.20.26 - - [13/Mar/2026:16:00:58 +0300] "GET /products/5324663940 HTTP/2" 200 196836 "-" "meta-externalagent/1.1 (+https://developers.facebook.com/docs/sharing/webmasters/crawler)"
57.141.20.57 - - [13/Mar/2026:16:01:01 +0300] "GET /products/39187247764 HTTP/2" 200 192885 "-" "meta-externalagent/1.1 (+https://developers.facebook.com/docs/sharing/webmasters/crawler)"
57.141.20.20 - - [13/Mar/2026:16:01:12 +0300] "GET /products/3867695020 HTTP/2" 200 191931 "-" "meta-externalagent/1.1 (+https://developers.facebook.com/docs/sharing/webmasters/crawler)"
57.141.20.41 - - [13/Mar/2026:16:01:16 +0300] "GET /products/84977223255 HTTP/2" 200 198277 "-" "meta-externalagent/1.1 (+https://developers.facebook.com/docs/sharing/webmasters/crawler)"
57.141.20.40 - - [13/Mar/2026:16:01:24 +0300] "GET /products/8497780031 HTTP/2" 200 188650 "-" "meta-externalagent/1.1 (+https://developers.facebook.com/docs/sharing/webmasters/crawler)"
57.141.20.21 - - [13/Mar/2026:16:01:30 +0300] "GET /products/3918733127 HTTP/2" 200 200268 "-" "meta-externalagent/1.1 (+https://developers.facebook.com/docs/sharing/webmasters/crawler)"
57.141.20.34 - - [13/Mar/2026:16:01:33 +0300] "GET /products/39187266055 HTTP/2" 200 200518 "-" "meta-externalagent/1.1 (+https://developers.facebook.com/docs/sharing/webmasters/crawler)"
57.141.20.29 - - [13/Mar/2026:16:01:29 +0300] "GET /products/84977238791 HTTP/2" 200 195897 "-" "meta-externalagent/1.1 (+https://developers.facebook.com/docs/sharing/webmasters/crawler)"
57.141.20.29 - - [13/Mar/2026:16:01:42 +0300] "GET /products/79638182940 HTTP/2" 200 195955 "-" "meta-externalagent/1.1 (+https://developers.facebook.com/docs/sharing/webmasters/crawler)"
57.141.20.2 - - [13/Mar/2026:16:01:43 +0300] "GET /products/81966103848 HTTP/2" 200 200998 "-" "meta-externalagent/1.1 (+https://developers.facebook.com/docs/sharing/webmasters/crawler)"
57.141.20.2 - - [13/Mar/2026:16:01:39 +0300] "GET /products/71375270643 HTTP/2" 200 192545 "-" "meta-externalagent/1.1 (+https://developers.facebook.com/docs/sharing/webmasters/crawler)"
57.141.20.49 - - [13/Mar/2026:16:01:52 +0300] "GET /products/7137561767 HTTP/2" 200 189724 "-" "meta-externalagent/1.1 (+https://developers.facebook.com/docs/sharing/webmasters/crawler)"
57.141.20.10 - - [13/Mar/2026:16:01:50 +0300] "GET /products/53246221053 HTTP/2" 200 189633 "-" "meta-externalagent/1.1 (+https://developers.facebook.com/docs/sharing/webmasters/crawler)"
57.141.20.20 - - [13/Mar/2026:16:01:53 +0300] "GET /products/84977237131 HTTP/2" 200 206136 "-" "meta-externalagent/1.1 (+https://developers.facebook.com/docs/sharing/webmasters/crawler)"
57.141.20.12 - - [13/Mar/2026:16:02:01 +0300] "GET /products/39187114123 HTTP/2" 200 189397 "-" "meta-externalagent/1.1 (+https://developers.facebook.com/docs/sharing/webmasters/crawler)"
57.141.20.27 - - [13/Mar/2026:16:02:01 +0300] "GET /products/8196680908 HTTP/2" 200 194590 "-" "meta-externalagent/1.1 (+https://developers.facebook.com/docs/sharing/webmasters/crawler)"
57.141.20.3 - - [13/Mar/2026:16:02:07 +0300] "GET /products/79182249395 HTTP/2" 200 189890 "-" "meta-externalagent/1.1 (+https://developers.facebook.com/docs/sharing/webmasters/crawler)"
57.141.20.15 - - [13/Mar/2026:16:02:06 +0300] "GET /products/50962108515 HTTP/2" 200 193606 "-" "meta-externalagent/1.1 (+https://developers.facebook.com/docs/sharing/webmasters/crawler)" luniascouringpads.com-ssl_log 0000640 00000062526 15155005335 0012447 0 ustar 00
103.87.142.100 - - [13/Mar/2026:15:06:54 +0300] "GET /product/sunflower-cleaning-scourer-balls-2/ HTTP/1.1" 200 2128756 "https://luniascouringpads.com/" "Mozilla/5.0 (X11; Ubuntu; Linux i686; rv:114.0) Gecko/20100101 Firefox/114.0"
103.87.142.100 - - [13/Mar/2026:15:07:36 +0300] "GET /wp-content/plugins/woocommerce/assets/css/photoswipe/photoswipe.min.css HTTP/1.1" 200 857 "https://luniascouringpads.com/product/sunflower-cleaning-scourer-balls-2/" "Mozilla/5.0 (Windows NT 10.0; Win64; x64) AppleWebKit/537.36 (KHTML, like Gecko) Chrome/143.0.0.0 Safari/537.36"
103.87.142.100 - - [13/Mar/2026:15:07:40 +0300] "GET /wp-content/themes/woostify/style.css HTTP/1.1" 200 39503 "https://luniascouringpads.com/product/sunflower-cleaning-scourer-balls-2/" "Mozilla/5.0 (Windows NT 10.0; Win64; x64) AppleWebKit/537.36 (KHTML, like Gecko) Chrome/143.0.0.0 Safari/537.36"
103.87.142.100 - - [13/Mar/2026:15:07:47 +0300] "GET /product/sunflower-cleaning-scourer-balls-2/ HTTP/1.1" 200 2127379 "https://luniascouringpads.com/product/sunflower-cleaning-scourer-balls-2/" "Mozilla/5.0 (Windows NT 6.3; Win64; x64) AppleWebKit/537.36 (KHTML, like Gecko) Chrome/103.0.0.0 Safari/537.36"
103.87.142.100 - - [13/Mar/2026:15:08:21 +0300] "GET /wp-admin/ HTTP/1.1" 302 0 "https://luniascouringpads.com/product/sunflower-cleaning-scourer-balls-2/" "Mozilla/5.0 (Windows NT 6.3; Win64; x64) AppleWebKit/537.36 (KHTML, like Gecko) Chrome/103.0.0.0 Safari/537.36"
103.87.142.100 - - [13/Mar/2026:15:07:42 +0300] "GET /wp-content/themes/woostify/assets/libs/slick/slick.css HTTP/1.1" 200 483 "https://luniascouringpads.com/product/sunflower-cleaning-scourer-balls-2/" "Mozilla/5.0 (Windows NT 10.0; Win64; x64) AppleWebKit/537.36 (KHTML, like Gecko) Chrome/143.0.0.0 Safari/537.36"
103.87.142.100 - - [13/Mar/2026:15:08:27 +0300] "GET /wp-admin/edit-tags.php?taxonomy=category HTTP/1.1" 302 0 "https://luniascouringpads.com/my-account/" "Mozilla/5.0 (Windows NT 6.3; Win64; x64) AppleWebKit/537.36 (KHTML, like Gecko) Chrome/103.0.0.0 Safari/537.36"
103.87.142.100 - - [13/Mar/2026:15:08:03 +0300] "GET /xmlrpc.php HTTP/1.1" 403 787 "https://luniascouringpads.com/product/sunflower-cleaning-scourer-balls-2/" "Mozilla/5.0 (Windows NT 6.3; Win64; x64) AppleWebKit/537.36 (KHTML, like Gecko) Chrome/103.0.0.0 Safari/537.36"
103.87.142.100 - - [13/Mar/2026:15:08:33 +0300] "GET /?s=&post_type=product HTTP/1.1" 200 89256 "https://luniascouringpads.com/my-account/" "Mozilla/5.0 (Windows NT 6.3; Win64; x64) AppleWebKit/537.36 (KHTML, like Gecko) Chrome/103.0.0.0 Safari/537.36"
103.87.142.100 - - [13/Mar/2026:15:08:36 +0300] "GET /wp-admin/post-new.php HTTP/1.1" 403 998 "https://luniascouringpads.com?s=&post_type=product" "Mozilla/5.0 (Windows NT 6.3; Win64; x64) AppleWebKit/537.36 (KHTML, like Gecko) Chrome/103.0.0.0 Safari/537.36"
103.87.142.100 - - [13/Mar/2026:15:07:34 +0300] "GET /wp-content/plugins/woocommerce/assets/client/blocks/wc-blocks.css HTTP/1.1" 200 2339 "https://luniascouringpads.com/product/sunflower-cleaning-scourer-balls-2/" "Mozilla/5.0 (Windows NT 10.0; Win64; x64) AppleWebKit/537.36 (KHTML, like Gecko) Chrome/143.0.0.0 Safari/537.36"
103.87.142.100 - - [13/Mar/2026:15:07:37 +0300] "GET /wp-content/plugins/yith-woocommerce-wishlist/assets/css/jquery.selectBox.css HTTP/1.1" 200 773 "https://luniascouringpads.com/product/sunflower-cleaning-scourer-balls-2/" "Mozilla/5.0 (Windows NT 10.0; Win64; x64) AppleWebKit/537.36 (KHTML, like Gecko) Chrome/143.0.0.0 Safari/537.36"
144.124.249.141 - - [13/Mar/2026:15:08:34 +0300] "GET /product/sunflower-cleaning-scourer-balls-2/ HTTP/1.0" 200 16616720 "https://luniascouringpads.com/product/sunflower-cleaning-scourer-balls-2/" "Mozilla/5.0 (Windows NT 10.0; Win64; x64) AppleWebKit/537.36 (KHTML, like Gecko) Chrome/129.0.0.0 Safari/537.36"
103.87.142.100 - - [13/Mar/2026:15:07:32 +0300] "GET /wp-includes/css/dist/block-library/style.min.css HTTP/1.1" 200 14889 "https://luniascouringpads.com/product/sunflower-cleaning-scourer-balls-2/" "Mozilla/5.0 (Windows NT 10.0; Win64; x64) AppleWebKit/537.36 (KHTML, like Gecko) Chrome/143.0.0.0 Safari/537.36"
103.87.142.100 - - [13/Mar/2026:15:07:34 +0300] "GET /wp-includes/css/dashicons.min.css HTTP/1.1" 200 35101 "https://luniascouringpads.com/product/sunflower-cleaning-scourer-balls-2/" "Mozilla/5.0 (Windows NT 10.0; Win64; x64) AppleWebKit/537.36 (KHTML, like Gecko) Chrome/143.0.0.0 Safari/537.36"
103.87.142.100 - - [13/Mar/2026:15:07:45 +0300] "POST /product/sunflower-cleaning-scourer-balls-2/ HTTP/1.1" 302 0 "https://luniascouringpads.com/product/sunflower-cleaning-scourer-balls-2/" "Mozilla/5.0 (Windows NT 6.3; Win64; x64) AppleWebKit/537.36 (KHTML, like Gecko) Chrome/103.0.0.0 Safari/537.36"
103.87.142.100 - - [13/Mar/2026:15:08:04 +0300] "GET /product/sunflower-cleaning-scourer-balls-2/ HTTP/1.1" 200 2127880 "https://luniascouringpads.com/xmlrpc.php" "Mozilla/5.0 (Windows NT 6.3; Win64; x64) AppleWebKit/537.36 (KHTML, like Gecko) Chrome/103.0.0.0 Safari/537.36"
103.87.142.100 - - [13/Mar/2026:15:08:24 +0300] "GET /my-account/ HTTP/1.1" 200 83662 "https://luniascouringpads.com/wp-admin/" "Mozilla/5.0 (Windows NT 6.3; Win64; x64) AppleWebKit/537.36 (KHTML, like Gecko) Chrome/103.0.0.0 Safari/537.36"
103.87.142.100 - - [13/Mar/2026:15:07:32 +0300] "GET /wp-content/plugins/click-to-chat-for-whatsapp/new/inc/assets/css/main.css HTTP/1.1" 200 940 "https://luniascouringpads.com/product/sunflower-cleaning-scourer-balls-2/" "Mozilla/5.0 (Windows NT 10.0; Win64; x64) AppleWebKit/537.36 (KHTML, like Gecko) Chrome/143.0.0.0 Safari/537.36"
103.87.142.100 - - [13/Mar/2026:15:07:36 +0300] "GET /wp-content/plugins/woocommerce/assets/css/photoswipe/default-skin/default-skin.min.css HTTP/1.1" 200 1728 "https://luniascouringpads.com/product/sunflower-cleaning-scourer-balls-2/" "Mozilla/5.0 (Windows NT 10.0; Win64; x64) AppleWebKit/537.36 (KHTML, like Gecko) Chrome/143.0.0.0 Safari/537.36"
103.87.142.100 - - [13/Mar/2026:15:07:38 +0300] "GET /wp-content/plugins/woocommerce/assets/css/prettyPhoto.css HTTP/1.1" 200 1806 "https://luniascouringpads.com/product/sunflower-cleaning-scourer-balls-2/" "Mozilla/5.0 (Windows NT 10.0; Win64; x64) AppleWebKit/537.36 (KHTML, like Gecko) Chrome/143.0.0.0 Safari/537.36"
103.87.142.100 - - [13/Mar/2026:15:07:39 +0300] "GET /wp-content/plugins/yith-woocommerce-wishlist/assets/css/style.css HTTP/1.1" 200 6263 "https://luniascouringpads.com/product/sunflower-cleaning-scourer-balls-2/" "Mozilla/5.0 (Windows NT 10.0; Win64; x64) AppleWebKit/537.36 (KHTML, like Gecko) Chrome/143.0.0.0 Safari/537.36"
103.87.142.100 - - [13/Mar/2026:15:07:41 +0300] "GET /wp-content/themes/woostify/assets/css/photoswipe-video.css HTTP/1.1" 200 352 "https://luniascouringpads.com/product/sunflower-cleaning-scourer-balls-2/" "Mozilla/5.0 (Windows NT 10.0; Win64; x64) AppleWebKit/537.36 (KHTML, like Gecko) Chrome/143.0.0.0 Safari/537.36"
103.87.142.100 - - [13/Mar/2026:15:08:32 +0300] "GET /wp-content/plugins/woocommerce/assets/css/select2.css HTTP/1.1" 200 1701 "https://luniascouringpads.com/my-account/" "Mozilla/5.0 (Windows NT 10.0; Win64; x64) AppleWebKit/537.36 (KHTML, like Gecko) Chrome/143.0.0.0 Safari/537.36"
103.87.142.100 - - [13/Mar/2026:15:07:43 +0300] "GET /wp-content/themes/woostify/assets/libs/slick/slick-theme.css HTTP/1.1" 200 763 "https://luniascouringpads.com/product/sunflower-cleaning-scourer-balls-2/" "Mozilla/5.0 (Windows NT 10.0; Win64; x64) AppleWebKit/537.36 (KHTML, like Gecko) Chrome/143.0.0.0 Safari/537.36"
103.87.142.100 - - [13/Mar/2026:15:07:44 +0300] "GET /wp-content/themes/woostify/assets/css/product-video-gallery-frontend.css HTTP/1.1" 200 903 "https://luniascouringpads.com/product/sunflower-cleaning-scourer-balls-2/" "Mozilla/5.0 (Windows NT 10.0; Win64; x64) AppleWebKit/537.36 (KHTML, like Gecko) Chrome/143.0.0.0 Safari/537.36"
103.87.142.100 - - [13/Mar/2026:15:08:29 +0300] "GET /my-account/ HTTP/1.1" 200 83644 "https://luniascouringpads.com/wp-admin/edit-tags.php?taxonomy=category" "Mozilla/5.0 (Windows NT 6.3; Win64; x64) AppleWebKit/537.36 (KHTML, like Gecko) Chrome/103.0.0.0 Safari/537.36"
144.124.249.141 - - [13/Mar/2026:15:08:49 +0300] "POST /wp-comments-post.php HTTP/1.0" 500 6658 "https://luniascouringpads.com/product/sunflower-cleaning-scourer-balls-2/" "Mozilla/5.0 (Windows NT 10.0; Win64; x64) AppleWebKit/537.36 (KHTML, like Gecko) Chrome/129.0.0.0 Safari/537.36"
77.238.252.71 - - [13/Mar/2026:15:16:43 +0300] "GET /product/sunflower-cleaning-scourer-balls-2/ HTTP/1.0" 200 16621639 "https://luniascouringpads.com/product/sunflower-cleaning-scourer-balls-2/" "Mozilla/5.0 (Windows NT 10.0; Win64; x64) AppleWebKit/537.36 (KHTML, like Gecko) Chrome/129.0.0.0 Safari/537.36"
185.92.139.158 - - [13/Mar/2026:15:17:22 +0300] "GET /product/sunflower-cleaning-scourer-balls-2/ HTTP/1.0" 200 16624509 "https://luniascouringpads.com/product/sunflower-cleaning-scourer-balls-2/" "Mozilla/5.0 (Windows NT 10.0; Win64; x64) AppleWebKit/537.36 (KHTML, like Gecko) Chrome/129.0.0.0 Safari/537.36"
195.200.29.222 - - [13/Mar/2026:15:20:25 +0300] "GET /product/sunflower-cleaning-scourer-balls-2/ HTTP/1.0" 200 16628068 "https://luniascouringpads.com/product/sunflower-cleaning-scourer-balls-2/" "Mozilla/5.0 (Windows NT 10.0; Win64; x64) AppleWebKit/537.36 (KHTML, like Gecko) Chrome/130.0.0.0 Safari/537.36 CCleaner/130.0.0.0"
77.238.244.240 - - [13/Mar/2026:15:20:32 +0300] "GET /product/sunflower-cleaning-scourer-balls-2/ HTTP/1.0" 200 16628065 "https://luniascouringpads.com/product/sunflower-cleaning-scourer-balls-2/" "Mozilla/5.0 (Windows NT 10.0; Win64; x64) AppleWebKit/537.36 (KHTML, like Gecko) Chrome/130.0.0.0 Safari/537.36"
216.244.66.242 - - [13/Mar/2026:15:23:58 +0300] "GET /product-category/kenyan-made/?add_to_wishlist=3155&_wpnonce=d5d155e423 HTTP/1.1" 200 475306 "-" "Mozilla/5.0 (compatible; DotBot/1.2; +https://opensiteexplorer.org/dotbot; help@moz.com)"
194.180.48.253 - - [13/Mar/2026:15:26:46 +0300] "GET /.git/config HTTP/1.1" 403 787 "-" "fasthttp"
167.94.138.202 - - [13/Mar/2026:15:28:52 +0300] "GET /wp-content/uploads/2024/10/cropped-icon-lunia-4--32x32.png HTTP/1.1" 200 1163 "-" "Mozilla/5.0 (compatible; CensysInspect/1.1; +https://about.censys.io/)"
91.84.96.29 - - [13/Mar/2026:15:16:03 +0300] "POST /wp-comments-post.php HTTP/1.0" 500 6658 "https://luniascouringpads.com/product/sunflower-cleaning-scourer-balls-2/" "Mozilla/5.0 (Windows NT 10.0; Win64; x64) AppleWebKit/537.36 (KHTML, like Gecko) Chrome/130.0.0.0 Safari/537.36"
77.238.252.71 - - [13/Mar/2026:15:17:00 +0300] "POST /wp-comments-post.php HTTP/1.0" 500 6658 "https://luniascouringpads.com/product/sunflower-cleaning-scourer-balls-2/" "Mozilla/5.0 (Windows NT 10.0; Win64; x64) AppleWebKit/537.36 (KHTML, like Gecko) Chrome/129.0.0.0 Safari/537.36"
195.200.29.222 - - [13/Mar/2026:15:20:42 +0300] "POST /wp-comments-post.php HTTP/1.0" 500 6658 "https://luniascouringpads.com/product/sunflower-cleaning-scourer-balls-2/" "Mozilla/5.0 (Windows NT 10.0; Win64; x64) AppleWebKit/537.36 (KHTML, like Gecko) Chrome/130.0.0.0 Safari/537.36 CCleaner/130.0.0.0"
167.94.138.202 - - [13/Mar/2026:15:28:53 +0300] "GET /wp-content/uploads/2024/10/cropped-icon-lunia-4--192x192.png HTTP/1.1" 200 14805 "-" "Mozilla/5.0 (compatible; CensysInspect/1.1; +https://about.censys.io/)"
91.84.96.29 - - [13/Mar/2026:15:15:44 +0300] "GET /product/sunflower-cleaning-scourer-balls-2/ HTTP/1.0" 200 16618308 "https://luniascouringpads.com/product/sunflower-cleaning-scourer-balls-2/" "Mozilla/5.0 (Windows NT 10.0; Win64; x64) AppleWebKit/537.36 (KHTML, like Gecko) Chrome/130.0.0.0 Safari/537.36"
89.110.101.245 - - [13/Mar/2026:15:19:22 +0300] "GET /product/sunflower-cleaning-scourer-balls-2/ HTTP/1.0" 200 16626951 "https://luniascouringpads.com/product/sunflower-cleaning-scourer-balls-2/" "Mozilla/5.0 (Windows NT 10.0; Win64; x64) AppleWebKit/537.36 (KHTML, like Gecko) Chrome/130.0.0.0 Safari/537.36"
89.110.101.245 - - [13/Mar/2026:15:19:38 +0300] "POST /wp-comments-post.php HTTP/1.0" 500 6658 "https://luniascouringpads.com/product/sunflower-cleaning-scourer-balls-2/" "Mozilla/5.0 (Windows NT 10.0; Win64; x64) AppleWebKit/537.36 (KHTML, like Gecko) Chrome/130.0.0.0 Safari/537.36"
167.94.138.202 - - [13/Mar/2026:15:28:46 +0300] "GET / HTTP/1.1" 200 109225 "-" "Mozilla/5.0 (compatible; CensysInspect/1.1; +https://about.censys.io/)"
167.94.138.202 - - [13/Mar/2026:15:28:55 +0300] "GET /wp-content/uploads/2024/10/cropped-icon-lunia-4--180x180.png HTTP/1.1" 200 13509 "-" "Mozilla/5.0 (compatible; CensysInspect/1.1; +https://about.censys.io/)"
194.164.32.36 - - [13/Mar/2026:15:17:23 +0300] "GET /product/sunflower-cleaning-scourer-balls-2/ HTTP/1.0" 200 16624524 "https://luniascouringpads.com/product/sunflower-cleaning-scourer-balls-2/" "Mozilla/5.0 (Windows NT 10.0; Win64; x64) AppleWebKit/537.36 (KHTML, like Gecko) Chrome/131.0.0.0 Safari/537.36 Avast/131.0.0.0"
194.164.32.36 - - [13/Mar/2026:15:17:50 +0300] "POST /wp-comments-post.php HTTP/1.0" 500 6658 "https://luniascouringpads.com/product/sunflower-cleaning-scourer-balls-2/" "Mozilla/5.0 (Windows NT 10.0; Win64; x64) AppleWebKit/537.36 (KHTML, like Gecko) Chrome/131.0.0.0 Safari/537.36 Avast/131.0.0.0"
185.92.139.158 - - [13/Mar/2026:15:18:27 +0300] "POST /wp-comments-post.php HTTP/1.0" 500 6658 "https://luniascouringpads.com/product/sunflower-cleaning-scourer-balls-2/" "Mozilla/5.0 (Windows NT 10.0; Win64; x64) AppleWebKit/537.36 (KHTML, like Gecko) Chrome/129.0.0.0 Safari/537.36"
77.238.244.240 - - [13/Mar/2026:15:20:51 +0300] "POST /wp-comments-post.php HTTP/1.0" 500 6658 "https://luniascouringpads.com/product/sunflower-cleaning-scourer-balls-2/" "Mozilla/5.0 (Windows NT 10.0; Win64; x64) AppleWebKit/537.36 (KHTML, like Gecko) Chrome/130.0.0.0 Safari/537.36"
167.94.138.202 - - [13/Mar/2026:15:28:56 +0300] "GET /favicon.ico HTTP/1.1" 404 796 "-" "Mozilla/5.0 (compatible; CensysInspect/1.1; +https://about.censys.io/)"
103.87.142.100 - - [13/Mar/2026:15:45:39 +0300] "GET /wp-content/plugins/woocommerce/assets/css/photoswipe/default-skin/default-skin.min.css HTTP/1.1" 200 1728 "https://luniascouringpads.com/product/sunflower-cleaning-scourer-balls-2/" "Mozilla/5.0 (Windows NT 10.0; Win64; x64) AppleWebKit/537.36 (KHTML, like Gecko) Chrome/143.0.0.0 Safari/537.36"
103.87.142.100 - - [13/Mar/2026:15:45:47 +0300] "POST /product/sunflower-cleaning-scourer-balls-2/ HTTP/1.1" 302 0 "https://luniascouringpads.com/product/sunflower-cleaning-scourer-balls-2/" "Mozilla/5.0 (Windows NT 6.3; Win64; x64) AppleWebKit/537.36 (KHTML, like Gecko) Chrome/103.0.0.0 Safari/537.36"
142.250.33.34 - - [13/Mar/2026:15:46:57 +0300] "GET /.well-known/traffic-advice HTTP/1.1" 404 95001 "-" "Chrome Privacy Preserving Prefetch Proxy"
162.120.187.83 - - [13/Mar/2026:15:46:57 +0300] "GET /product/sunflower-cleaning-scourer-balls-2/ HTTP/2" 200 0 "https://www.google.com/" "Mozilla/5.0 (Windows NT 10.0; Win64; x64) AppleWebKit/537.36 (KHTML, like Gecko) Chrome/146.0.0.0 Safari/537.36"
45.11.21.174 - - [13/Mar/2026:15:48:34 +0300] "GET /wp-includes/css/dist/block-library/style.min.css HTTP/1.1" 200 14889 "https://luniascouringpads.com/my-account/" "Mozilla/5.0 (Windows NT 10.0; Win64; x64) AppleWebKit/537.36 (KHTML, like Gecko) Chrome/143.0.0.0 Safari/537.36"
45.11.21.174 - - [13/Mar/2026:15:48:36 +0300] "GET /wp-content/plugins/woocommerce/assets/client/blocks/wc-blocks.css HTTP/1.1" 200 2339 "https://luniascouringpads.com/my-account/" "Mozilla/5.0 (Windows NT 10.0; Win64; x64) AppleWebKit/537.36 (KHTML, like Gecko) Chrome/143.0.0.0 Safari/537.36"
45.11.21.174 - - [13/Mar/2026:15:48:37 +0300] "GET /wp-includes/css/dashicons.min.css HTTP/1.1" 200 35101 "https://luniascouringpads.com/my-account/" "Mozilla/5.0 (Windows NT 10.0; Win64; x64) AppleWebKit/537.36 (KHTML, like Gecko) Chrome/143.0.0.0 Safari/537.36"
45.11.21.174 - - [13/Mar/2026:15:48:42 +0300] "GET /wp-content/plugins/woocommerce/assets/css/prettyPhoto.css HTTP/1.1" 200 1806 "https://luniascouringpads.com/my-account/" "Mozilla/5.0 (Windows NT 10.0; Win64; x64) AppleWebKit/537.36 (KHTML, like Gecko) Chrome/143.0.0.0 Safari/537.36"
45.11.21.174 - - [13/Mar/2026:15:48:46 +0300] "GET /wp-content/themes/woostify/style.css HTTP/1.1" 200 39503 "https://luniascouringpads.com/my-account/" "Mozilla/5.0 (Windows NT 10.0; Win64; x64) AppleWebKit/537.36 (KHTML, like Gecko) Chrome/143.0.0.0 Safari/537.36"
45.11.21.174 - - [13/Mar/2026:15:48:48 +0300] "GET /wp-content/themes/woostify/assets/css/photoswipe-video.css HTTP/1.1" 200 352 "https://luniascouringpads.com/my-account/" "Mozilla/5.0 (Windows NT 10.0; Win64; x64) AppleWebKit/537.36 (KHTML, like Gecko) Chrome/143.0.0.0 Safari/537.36"
46.8.193.19 - - [13/Mar/2026:15:49:02 +0300] "GET /xmlrpc.php HTTP/1.1" 403 787 "https://luniascouringpads.com/my-account/" "Mozilla/5.0 (Windows NT 6.3; Win64; x64) AppleWebKit/537.36 (KHTML, like Gecko) Chrome/103.0.0.0 Safari/537.36"
46.8.11.131 - - [13/Mar/2026:15:49:08 +0300] "GET /wp-admin/ HTTP/1.1" 302 0 "https://luniascouringpads.com/my-account/" "Mozilla/5.0 (Windows NT 6.3; Win64; x64) AppleWebKit/537.36 (KHTML, like Gecko) Chrome/103.0.0.0 Safari/537.36"
46.8.11.131 - - [13/Mar/2026:15:49:18 +0300] "GET /my-account/ HTTP/1.1" 200 83677 "https://luniascouringpads.com/wp-admin/edit-tags.php?taxonomy=category" "Mozilla/5.0 (Windows NT 6.3; Win64; x64) AppleWebKit/537.36 (KHTML, like Gecko) Chrome/103.0.0.0 Safari/537.36"
46.8.11.131 - - [13/Mar/2026:15:49:21 +0300] "GET /?s=&post_type=product HTTP/1.1" 200 89296 "https://luniascouringpads.com/my-account/" "Mozilla/5.0 (Windows NT 6.3; Win64; x64) AppleWebKit/537.36 (KHTML, like Gecko) Chrome/103.0.0.0 Safari/537.36"
20.151.104.32 - - [13/Mar/2026:15:57:58 +0300] "GET /autodiscover/autodiscover.xml HTTP/1.1" 400 52 "-" "-"
20.151.104.32 - - [13/Mar/2026:15:57:58 +0300] "GET /autodiscover/autodiscover.xml HTTP/1.1" 400 52 "-" "-"
20.151.104.32 - - [13/Mar/2026:15:57:58 +0300] "GET /autodiscover/autodiscover.xml HTTP/1.1" 400 52 "-" "-"
20.151.104.32 - - [13/Mar/2026:15:57:59 +0300] "GET /autodiscover/autodiscover.xml HTTP/1.1" 400 52 "-" "-"
20.151.104.32 - - [13/Mar/2026:15:57:59 +0300] "GET /autodiscover/autodiscover.xml HTTP/1.1" 400 52 "-" "-"
20.151.104.32 - - [13/Mar/2026:15:57:59 +0300] "GET /autodiscover/autodiscover.xml HTTP/1.1" 400 52 "-" "-"
20.151.104.32 - - [13/Mar/2026:15:58:00 +0300] "GET /autodiscover/autodiscover.xml HTTP/1.1" 400 52 "-" "-"
20.151.104.32 - - [13/Mar/2026:15:58:00 +0300] "GET /autodiscover/autodiscover.xml HTTP/1.1" 400 52 "-" "-"
20.151.104.32 - - [13/Mar/2026:15:58:00 +0300] "GET /autodiscover/autodiscover.xml HTTP/1.1" 400 52 "-" "-"
20.151.104.32 - - [13/Mar/2026:15:58:00 +0300] "GET /autodiscover/autodiscover.xml HTTP/1.1" 400 52 "-" "-"
20.151.104.32 - - [13/Mar/2026:15:58:01 +0300] "GET /autodiscover/autodiscover.xml HTTP/1.1" 400 52 "-" "-"
20.151.104.32 - - [13/Mar/2026:15:58:01 +0300] "GET /autodiscover/autodiscover.xml HTTP/1.1" 400 52 "-" "-"
20.151.104.32 - - [13/Mar/2026:15:58:01 +0300] "GET /autodiscover/autodiscover.xml HTTP/1.1" 400 52 "-" "-"
20.151.104.32 - - [13/Mar/2026:15:58:02 +0300] "GET /autodiscover/autodiscover.xml HTTP/1.1" 400 52 "-" "-"
20.151.104.32 - - [13/Mar/2026:15:58:02 +0300] "GET /autodiscover/autodiscover.xml HTTP/1.1" 400 52 "-" "-"
20.151.104.32 - - [13/Mar/2026:15:58:02 +0300] "GET /autodiscover/autodiscover.xml HTTP/1.1" 400 52 "-" "-"
20.151.104.32 - - [13/Mar/2026:15:58:03 +0300] "GET /autodiscover/autodiscover.xml HTTP/1.1" 400 52 "-" "-"
20.151.104.32 - - [13/Mar/2026:15:58:03 +0300] "GET /autodiscover/autodiscover.xml HTTP/1.1" 400 52 "-" "-"
20.151.104.32 - - [13/Mar/2026:15:58:03 +0300] "GET /autodiscover/autodiscover.xml HTTP/1.1" 400 52 "-" "-"
20.151.104.32 - - [13/Mar/2026:15:58:04 +0300] "GET /autodiscover/autodiscover.xml HTTP/1.1" 400 52 "-" "-"
20.151.104.32 - - [13/Mar/2026:15:58:04 +0300] "GET /autodiscover/autodiscover.xml HTTP/1.1" 400 52 "-" "-"
20.151.104.32 - - [13/Mar/2026:15:58:04 +0300] "GET /autodiscover/autodiscover.xml HTTP/1.1" 400 52 "-" "-"
20.151.104.32 - - [13/Mar/2026:15:58:05 +0300] "GET /autodiscover/autodiscover.xml HTTP/1.1" 400 52 "-" "-"
20.151.104.32 - - [13/Mar/2026:15:58:05 +0300] "GET /autodiscover/autodiscover.xml HTTP/1.1" 400 52 "-" "-"
20.151.104.32 - - [13/Mar/2026:15:58:05 +0300] "GET /autodiscover/autodiscover.xml HTTP/1.1" 400 52 "-" "-"
20.151.104.32 - - [13/Mar/2026:15:58:05 +0300] "GET /autodiscover/autodiscover.xml HTTP/1.1" 400 52 "-" "-"
20.151.104.32 - - [13/Mar/2026:15:58:06 +0300] "GET /autodiscover/autodiscover.xml HTTP/1.1" 400 52 "-" "-"
20.151.104.32 - - [13/Mar/2026:15:58:06 +0300] "GET /autodiscover/autodiscover.xml HTTP/1.1" 400 52 "-" "-"
20.151.104.32 - - [13/Mar/2026:15:58:06 +0300] "GET /autodiscover/autodiscover.xml HTTP/1.1" 400 52 "-" "-"
20.151.104.32 - - [13/Mar/2026:15:58:07 +0300] "GET /autodiscover/autodiscover.xml HTTP/1.1" 400 52 "-" "-"
20.151.104.32 - - [13/Mar/2026:15:58:07 +0300] "GET /autodiscover/autodiscover.xml HTTP/1.1" 400 52 "-" "-"
20.151.104.32 - - [13/Mar/2026:15:58:07 +0300] "GET /autodiscover/autodiscover.xml HTTP/1.1" 400 52 "-" "-"
20.151.104.32 - - [13/Mar/2026:15:58:07 +0300] "GET /autodiscover/autodiscover.xml HTTP/1.1" 400 52 "-" "-"
20.151.104.32 - - [13/Mar/2026:15:58:08 +0300] "GET /autodiscover/autodiscover.xml HTTP/1.1" 400 52 "-" "-"
20.151.104.32 - - [13/Mar/2026:15:58:08 +0300] "GET /autodiscover/autodiscover.xml HTTP/1.1" 400 52 "-" "-"
20.151.104.32 - - [13/Mar/2026:15:58:08 +0300] "GET /autodiscover/autodiscover.xml HTTP/1.1" 400 52 "-" "-"
20.151.104.32 - - [13/Mar/2026:15:58:09 +0300] "GET /autodiscover/autodiscover.xml HTTP/1.1" 400 52 "-" "-"
20.151.104.32 - - [13/Mar/2026:15:58:09 +0300] "GET /autodiscover/autodiscover.xml HTTP/1.1" 400 52 "-" "-"
20.151.104.32 - - [13/Mar/2026:15:58:09 +0300] "GET /autodiscover/autodiscover.xml HTTP/1.1" 400 52 "-" "-"
20.151.104.32 - - [13/Mar/2026:15:58:09 +0300] "GET /autodiscover/autodiscover.xml HTTP/1.1" 400 52 "-" "-"
20.151.104.32 - - [13/Mar/2026:15:58:10 +0300] "GET /autodiscover/autodiscover.xml HTTP/1.1" 400 52 "-" "-"
20.151.104.32 - - [13/Mar/2026:15:58:10 +0300] "GET /autodiscover/autodiscover.xml HTTP/1.1" 400 52 "-" "-"
20.151.104.32 - - [13/Mar/2026:15:58:10 +0300] "GET /autodiscover/autodiscover.xml HTTP/1.1" 400 52 "-" "-"
20.151.104.32 - - [13/Mar/2026:15:58:10 +0300] "GET /autodiscover/autodiscover.xml HTTP/1.1" 400 52 "-" "-"
20.151.104.32 - - [13/Mar/2026:15:58:11 +0300] "GET /autodiscover/autodiscover.xml HTTP/1.1" 400 52 "-" "-"
20.151.104.32 - - [13/Mar/2026:15:58:11 +0300] "GET /autodiscover/autodiscover.xml HTTP/1.1" 400 52 "-" "-"
20.151.104.32 - - [13/Mar/2026:15:58:11 +0300] "GET /autodiscover/autodiscover.xml HTTP/1.1" 400 52 "-" "-"
20.151.104.32 - - [13/Mar/2026:15:58:11 +0300] "GET /autodiscover/autodiscover.xml HTTP/1.1" 400 52 "-" "-"
20.151.104.32 - - [13/Mar/2026:15:58:12 +0300] "GET /autodiscover/autodiscover.xml HTTP/1.1" 400 52 "-" "-"
20.151.104.32 - - [13/Mar/2026:15:58:12 +0300] "GET /autodiscover/autodiscover.xml HTTP/1.1" 400 52 "-" "-"
20.151.104.32 - - [13/Mar/2026:15:58:12 +0300] "GET /autodiscover/autodiscover.xml HTTP/1.1" 400 52 "-" "-"
20.151.104.32 - - [13/Mar/2026:15:58:12 +0300] "GET /autodiscover/autodiscover.xml HTTP/1.1" 400 52 "-" "-"
20.151.104.32 - - [13/Mar/2026:15:58:13 +0300] "GET /autodiscover/autodiscover.xml HTTP/1.1" 400 52 "-" "-"
20.151.104.32 - - [13/Mar/2026:15:58:13 +0300] "GET /autodiscover/autodiscover.xml HTTP/1.1" 400 52 "-" "-"
20.151.104.32 - - [13/Mar/2026:15:58:13 +0300] "GET /autodiscover/autodiscover.xml HTTP/1.1" 400 52 "-" "-"
20.151.104.32 - - [13/Mar/2026:15:58:13 +0300] "GET /autodiscover/autodiscover.xml HTTP/1.1" 400 52 "-" "-"
20.151.104.32 - - [13/Mar/2026:15:58:14 +0300] "GET /autodiscover/autodiscover.xml HTTP/1.1" 400 52 "-" "-"
20.151.104.32 - - [13/Mar/2026:15:58:14 +0300] "GET /autodiscover/autodiscover.xml HTTP/1.1" 400 52 "-" "-"
20.151.104.32 - - [13/Mar/2026:15:58:14 +0300] "GET /autodiscover/autodiscover.xml HTTP/1.1" 400 52 "-" "-"
20.151.104.32 - - [13/Mar/2026:15:58:14 +0300] "GET /autodiscover/autodiscover.xml HTTP/1.1" 400 52 "-" "-"
20.151.104.32 - - [13/Mar/2026:15:58:15 +0300] "GET /autodiscover/autodiscover.xml HTTP/1.1" 400 52 "-" "-"
20.151.104.32 - - [13/Mar/2026:15:58:15 +0300] "GET /autodiscover/autodiscover.xml HTTP/1.1" 400 52 "-" "-"
20.151.104.32 - - [13/Mar/2026:15:58:15 +0300] "GET /autodiscover/autodiscover.xml HTTP/1.1" 400 52 "-" "-"
20.151.104.32 - - [13/Mar/2026:15:58:16 +0300] "GET /autodiscover/autodiscover.xml HTTP/1.1" 400 52 "-" "-"
20.151.104.32 - - [13/Mar/2026:15:58:16 +0300] "GET /autodiscover/autodiscover.xml HTTP/1.1" 400 52 "-" "-"
20.151.104.32 - - [13/Mar/2026:15:58:16 +0300] "GET /autodiscover/autodiscover.xml HTTP/1.1" 400 52 "-" "-"
20.151.104.32 - - [13/Mar/2026:15:58:17 +0300] "GET /autodiscover/autodiscover.xml HTTP/1.1" 400 52 "-" "-"
20.151.104.32 - - [13/Mar/2026:15:58:17 +0300] "GET /autodiscover/autodiscover.xml HTTP/1.1" 400 52 "-" "-"
20.151.104.32 - - [13/Mar/2026:15:58:17 +0300] "GET /autodiscover/autodiscover.xml HTTP/1.1" 400 52 "-" "-"
20.151.104.32 - - [13/Mar/2026:15:58:17 +0300] "GET /autodiscover/autodiscover.xml HTTP/1.1" 400 52 "-" "-"
20.151.104.32 - - [13/Mar/2026:15:58:18 +0300] "GET /autodiscover/autodiscover.xml HTTP/1.1" 400 52 "-" "-"
20.151.104.32 - - [13/Mar/2026:15:58:18 +0300] "GET /autodiscover/autodiscover.xml HTTP/1.1" 400 52 "-" "-"
20.151.104.32 - - [13/Mar/2026:15:58:18 +0300] "GET /autodiscover/autodiscover.xml HTTP/1.1" 400 52 "-" "-"
20.151.104.32 - - [13/Mar/2026:15:58:19 +0300] "GET /autodiscover/autodiscover.xml HTTP/1.1" 400 52 "-" "-"
20.151.104.32 - - [13/Mar/2026:15:58:19 +0300] "GET /autodiscover/autodiscover.xml HTTP/1.1" 400 52 "-" "-"
20.151.104.32 - - [13/Mar/2026:15:58:19 +0300] "GET /autodiscover/autodiscover.xml HTTP/1.1" 400 52 "-" "-"
20.151.104.32 - - [13/Mar/2026:15:58:19 +0300] "GET /autodiscover/autodiscover.xml HTTP/1.1" 400 52 "-" "-" jestinanabelle.com.luniascouringpads.com 0000640 00000001204 15155005342 0014523 0 ustar 00
102.212.247.146 - - [26/Aug/2025:17:37:55 +0300] "GET /.well-known/acme-challenge/CJC_G1S-BP2QU5-0-FDGS9W1BCR6GFJF HTTP/1.1" 200 64 "-" "Cpanel-HTTP-Client/1.0"
102.212.247.146 - - [26/Aug/2025:17:37:55 +0300] "GET /.well-known/acme-challenge/MHKH1D34PZQNYKUDXD9ZWL8FC-X2FHB9 HTTP/1.1" 200 64 "-" "Cpanel-HTTP-Client/1.0"
102.212.247.146 - - [26/Aug/2025:20:37:00 +0300] "GET /.well-known/acme-challenge/WL01VYIOA4UZ5GVG4SSRUGR85XQ9KLWH HTTP/1.1" 200 64 "-" "Cpanel-HTTP-Client/1.0"
102.212.247.146 - - [26/Aug/2025:20:37:00 +0300] "GET /.well-known/acme-challenge/OE_SUJV1I9KWN0VU2T814JY26GVXXIQH HTTP/1.1" 200 64 "-" "Cpanel-HTTP-Client/1.0" karaqana.com.luniascouringpads.com 0000640 00000000000 15155005342 0013313 0 ustar 00 conseb.co.uk.luniascouringpads.com 0000640 00000000160 15155005342 0013255 0 ustar 00
139.59.246.66 - - [13/Mar/2026:15:06:55 +0300] "GET /license.txt HTTP/1.1" 301 795 "-" "python-requests/2.27.1" discoveryfinanceke.co.ke.luniascouringpads.com-ssl_log 0000640 00000000000 15155005342 0017270 0 ustar 00 rafikisprings.co.uk.luniascouringpads.com-ssl_log 0000640 00000234323 15155005342 0016331 0 ustar 00
40.77.167.247 - - [13/Mar/2026:15:06:26 +0300] "GET /?m=39454381778 HTTP/2" 200 18786 "-" "Mozilla/5.0 AppleWebKit/537.36 (KHTML, like Gecko; compatible; bingbot/2.0; +http://www.bing.com/bingbot.htm) Chrome/116.0.1938.76 Safari/537.36"
40.77.167.75 - - [13/Mar/2026:15:06:50 +0300] "GET /hiroshi.php?m=3945443886 HTTP/2" 200 18524 "-" "Mozilla/5.0 AppleWebKit/537.36 (KHTML, like Gecko; compatible; bingbot/2.0; +http://www.bing.com/bingbot.htm) Chrome/116.0.1938.76 Safari/537.36"
40.77.167.75 - - [13/Mar/2026:15:06:51 +0300] "GET /?v=71989251966 HTTP/2" 200 18562 "-" "Mozilla/5.0 AppleWebKit/537.36 (KHTML, like Gecko; compatible; bingbot/2.0; +http://www.bing.com/bingbot.htm) Chrome/116.0.1938.76 Safari/537.36"
102.212.247.146 - - [13/Mar/2026:15:08:57 +0300] "POST /wp-cron.php?doing_wp_cron=1773403737.0201759338378906250000 HTTP/1.1" 200 0 "-" "WordPress/6.9.4; https://rafikisprings.co.uk"
40.77.167.73 - - [13/Mar/2026:15:08:59 +0300] "GET /?y=294824854 HTTP/2" 200 18282 "-" "Mozilla/5.0 AppleWebKit/537.36 (KHTML, like Gecko; compatible; bingbot/2.0; +http://www.bing.com/bingbot.htm) Chrome/116.0.1938.76 Safari/537.36"
40.77.167.73 - - [13/Mar/2026:15:08:59 +0300] "GET /?y=2948293198 HTTP/2" 200 18541 "-" "Mozilla/5.0 AppleWebKit/537.36 (KHTML, like Gecko; compatible; bingbot/2.0; +http://www.bing.com/bingbot.htm) Chrome/116.0.1938.76 Safari/537.36"
17.246.15.227 - - [13/Mar/2026:15:11:48 +0300] "GET /invoice/invoice/ HTTP/1.1" 200 17910 "-" "Mozilla/5.0 (Macintosh; Intel Mac OS X 10_15_7) AppleWebKit/605.1.15 (KHTML, like Gecko) Version/17.4 Safari/605.1.15 (Applebot/0.1; +http://www.apple.com/go/applebot)"
185.191.171.11 - - [13/Mar/2026:15:12:07 +0300] "GET /?s=1697030856 HTTP/1.1" 200 18063 "-" "Mozilla/5.0 (compatible; SemrushBot/7~bl; +http://www.semrush.com/bot.html)"
185.191.171.11 - - [13/Mar/2026:15:13:12 +0300] "GET /?v=7198973979 HTTP/1.1" 200 20243 "-" "Mozilla/5.0 (compatible; SemrushBot/7~bl; +http://www.semrush.com/bot.html)"
185.191.171.4 - - [13/Mar/2026:15:06:30 +0300] "GET /?y=2948293665 HTTP/1.1" 200 20243 "-" "Mozilla/5.0 (compatible; SemrushBot/7~bl; +http://www.semrush.com/bot.html)"
104.234.53.92 - - [13/Mar/2026:15:06:43 +0300] "POST /wp-login.php HTTP/1.1" 200 9853 "-" "Mozilla/5.0"
40.77.167.73 - - [13/Mar/2026:15:07:10 +0300] "GET /?y=29482116837 HTTP/2" 200 18195 "-" "Mozilla/5.0 AppleWebKit/537.36 (KHTML, like Gecko; compatible; bingbot/2.0; +http://www.bing.com/bingbot.htm) Chrome/116.0.1938.76 Safari/537.36"
85.208.96.208 - - [13/Mar/2026:15:09:02 +0300] "GET /?s=1697097291 HTTP/1.1" 200 18064 "-" "Mozilla/5.0 (compatible; SemrushBot/7~bl; +http://www.semrush.com/bot.html)"
185.191.171.12 - - [13/Mar/2026:15:09:09 +0300] "GET /?v=7198995228 HTTP/1.1" 200 20243 "-" "Mozilla/5.0 (compatible; SemrushBot/7~bl; +http://www.semrush.com/bot.html)"
85.208.96.210 - - [13/Mar/2026:15:11:06 +0300] "GET /?s=1697039618 HTTP/1.1" 200 18064 "-" "Mozilla/5.0 (compatible; SemrushBot/7~bl; +http://www.semrush.com/bot.html)"
52.167.144.24 - - [13/Mar/2026:15:12:44 +0300] "GET /?y=29482136887 HTTP/2" 200 18357 "-" "Mozilla/5.0 AppleWebKit/537.36 (KHTML, like Gecko; compatible; bingbot/2.0; +http://www.bing.com/bingbot.htm) Chrome/116.0.1938.76 Safari/537.36"
85.208.96.195 - - [13/Mar/2026:15:13:29 +0300] "GET /?r=8046195627 HTTP/1.1" 200 20243 "-" "Mozilla/5.0 (compatible; SemrushBot/7~bl; +http://www.semrush.com/bot.html)"
185.191.171.12 - - [13/Mar/2026:15:06:21 +0300] "GET /?s=1697032345 HTTP/1.1" 200 18063 "-" "Mozilla/5.0 (compatible; SemrushBot/7~bl; +http://www.semrush.com/bot.html)"
104.234.53.68 - - [13/Mar/2026:15:06:43 +0300] "POST /wp-login.php HTTP/1.1" 200 9849 "-" "Mozilla/5.0"
40.77.167.247 - - [13/Mar/2026:15:07:52 +0300] "GET /?v=7198934683 HTTP/2" 200 18576 "-" "Mozilla/5.0 AppleWebKit/537.36 (KHTML, like Gecko; compatible; bingbot/2.0; +http://www.bing.com/bingbot.htm) Chrome/116.0.1938.76 Safari/537.36"
102.212.247.146 - - [13/Mar/2026:15:08:23 +0300] "POST /wp-cron.php?doing_wp_cron=1773403703.2330660820007324218750 HTTP/1.1" 200 0 "-" "WordPress/6.9.4; https://rafikisprings.co.uk"
85.208.96.199 - - [13/Mar/2026:15:08:21 +0300] "GET /?s=1697031015 HTTP/1.1" 200 18063 "-" "Mozilla/5.0 (compatible; SemrushBot/7~bl; +http://www.semrush.com/bot.html)"
52.167.144.24 - - [13/Mar/2026:15:08:41 +0300] "GET /?y=294829740 HTTP/2" 200 18646 "-" "Mozilla/5.0 AppleWebKit/537.36 (KHTML, like Gecko; compatible; bingbot/2.0; +http://www.bing.com/bingbot.htm) Chrome/116.0.1938.76 Safari/537.36"
102.212.247.146 - - [13/Mar/2026:15:10:02 +0300] "POST /wp-cron.php?doing_wp_cron=1773403802.6594760417938232421875 HTTP/1.1" 200 0 "-" "WordPress/6.9.4; https://rafikisprings.co.uk"
85.208.96.209 - - [13/Mar/2026:15:10:22 +0300] "GET /?s=1697065447 HTTP/1.1" 200 18064 "-" "Mozilla/5.0 (compatible; SemrushBot/7~bl; +http://www.semrush.com/bot.html)"
85.208.96.210 - - [13/Mar/2026:15:10:31 +0300] "GET /?s=1697043824 HTTP/1.1" 200 18063 "-" "Mozilla/5.0 (compatible; SemrushBot/7~bl; +http://www.semrush.com/bot.html)"
104.234.53.70 - - [13/Mar/2026:15:12:27 +0300] "POST /wp-login.php HTTP/1.1" 200 9853 "-" "Mozilla/5.0"
102.212.247.146 - - [13/Mar/2026:15:06:19 +0300] "POST /wp-cron.php?doing_wp_cron=1773403579.1177639961242675781250 HTTP/1.1" 200 0 "-" "WordPress/6.9.4; https://rafikisprings.co.uk"
85.208.96.209 - - [13/Mar/2026:15:07:07 +0300] "GET /?s=1697044686 HTTP/1.1" 200 18064 "-" "Mozilla/5.0 (compatible; SemrushBot/7~bl; +http://www.semrush.com/bot.html)"
52.167.144.24 - - [13/Mar/2026:15:09:42 +0300] "GET /?f=84791109754 HTTP/2" 200 17766 "-" "Mozilla/5.0 AppleWebKit/537.36 (KHTML, like Gecko; compatible; bingbot/2.0; +http://www.bing.com/bingbot.htm) Chrome/116.0.1938.76 Safari/537.36"
52.167.144.24 - - [13/Mar/2026:15:11:21 +0300] "GET /?y=29482232188 HTTP/2" 200 17906 "-" "Mozilla/5.0 AppleWebKit/537.36 (KHTML, like Gecko; compatible; bingbot/2.0; +http://www.bing.com/bingbot.htm) Chrome/116.0.1938.76 Safari/537.36"
85.208.96.210 - - [13/Mar/2026:15:12:31 +0300] "GET /?s=1697061372 HTTP/1.1" 200 18057 "-" "Mozilla/5.0 (compatible; SemrushBot/7~bl; +http://www.semrush.com/bot.html)"
185.191.171.14 - - [13/Mar/2026:15:13:17 +0300] "GET /?s=1697026894 HTTP/1.1" 200 18064 "-" "Mozilla/5.0 (compatible; SemrushBot/7~bl; +http://www.semrush.com/bot.html)"
185.191.171.6 - - [13/Mar/2026:15:13:23 +0300] "GET /?s=1697057151 HTTP/1.1" 200 18063 "-" "Mozilla/5.0 (compatible; SemrushBot/7~bl; +http://www.semrush.com/bot.html)"
185.191.171.4 - - [13/Mar/2026:15:06:17 +0300] "GET /?s=1697085964 HTTP/1.1" 200 18064 "-" "Mozilla/5.0 (compatible; SemrushBot/7~bl; +http://www.semrush.com/bot.html)"
185.191.171.14 - - [13/Mar/2026:15:06:27 +0300] "GET /?y=2948248802 HTTP/1.1" 200 20244 "-" "Mozilla/5.0 (compatible; SemrushBot/7~bl; +http://www.semrush.com/bot.html)"
40.77.167.247 - - [13/Mar/2026:15:09:13 +0300] "GET /?y=29482258895 HTTP/2" 200 18858 "-" "Mozilla/5.0 AppleWebKit/537.36 (KHTML, like Gecko; compatible; bingbot/2.0; +http://www.bing.com/bingbot.htm) Chrome/116.0.1938.76 Safari/537.36"
185.191.171.13 - - [13/Mar/2026:15:10:08 +0300] "GET /?s=1697050359 HTTP/1.1" 200 18064 "-" "Mozilla/5.0 (compatible; SemrushBot/7~bl; +http://www.semrush.com/bot.html)"
85.208.96.208 - - [13/Mar/2026:15:10:36 +0300] "GET /?y=2948242590 HTTP/1.1" 200 20242 "-" "Mozilla/5.0 (compatible; SemrushBot/7~bl; +http://www.semrush.com/bot.html)"
102.212.247.146 - - [13/Mar/2026:15:13:10 +0300] "POST /wp-cron.php?doing_wp_cron=1773403989.9754450321197509765625 HTTP/1.1" 200 0 "-" "WordPress/6.9.4; https://rafikisprings.co.uk"
85.208.96.196 - - [13/Mar/2026:15:06:48 +0300] "GET /?v=7198919805 HTTP/1.1" 200 20243 "-" "Mozilla/5.0 (compatible; SemrushBot/7~bl; +http://www.semrush.com/bot.html)"
85.208.96.199 - - [13/Mar/2026:15:06:51 +0300] "GET /?y=2948287603 HTTP/1.1" 200 20242 "-" "Mozilla/5.0 (compatible; SemrushBot/7~bl; +http://www.semrush.com/bot.html)"
185.191.171.9 - - [13/Mar/2026:15:06:54 +0300] "GET /?s=1697058614 HTTP/1.1" 200 18063 "-" "Mozilla/5.0 (compatible; SemrushBot/7~bl; +http://www.semrush.com/bot.html)"
185.191.171.4 - - [13/Mar/2026:15:08:34 +0300] "GET /?s=1697047881 HTTP/1.1" 200 18063 "-" "Mozilla/5.0 (compatible; SemrushBot/7~bl; +http://www.semrush.com/bot.html)"
85.208.96.195 - - [13/Mar/2026:15:09:06 +0300] "GET /?v=7198931522 HTTP/1.1" 200 20243 "-" "Mozilla/5.0 (compatible; SemrushBot/7~bl; +http://www.semrush.com/bot.html)"
51.195.183.117 - - [13/Mar/2026:15:10:02 +0300] "GET /shop/cart/cart.aspx HTTP/2" 404 15482 "-" "Mozilla/5.0 (compatible; AhrefsBot/7.0; +http://ahrefs.com/robot/)"
85.208.96.208 - - [13/Mar/2026:15:10:39 +0300] "GET /?a=34944375 HTTP/1.1" 200 20242 "-" "Mozilla/5.0 (compatible; SemrushBot/7~bl; +http://www.semrush.com/bot.html)"
102.212.247.146 - - [13/Mar/2026:15:11:50 +0300] "POST /wp-cron.php?doing_wp_cron=1773403910.2118170261383056640625 HTTP/1.1" 200 0 "-" "WordPress/6.9.4; https://rafikisprings.co.uk"
85.208.96.210 - - [13/Mar/2026:15:12:43 +0300] "GET /?s=1697050787 HTTP/1.1" 200 18063 "-" "Mozilla/5.0 (compatible; SemrushBot/7~bl; +http://www.semrush.com/bot.html)"
102.212.247.146 - - [13/Mar/2026:15:06:50 +0300] "POST /wp-cron.php?doing_wp_cron=1773403610.2505030632019042968750 HTTP/1.1" 200 0 "-" "WordPress/6.9.4; https://rafikisprings.co.uk"
85.208.96.209 - - [13/Mar/2026:15:08:38 +0300] "GET /?s=1697052727 HTTP/1.1" 200 18063 "-" "Mozilla/5.0 (compatible; SemrushBot/7~bl; +http://www.semrush.com/bot.html)"
185.191.171.2 - - [13/Mar/2026:15:08:55 +0300] "GET /?s=1697095988 HTTP/1.1" 200 18064 "-" "Mozilla/5.0 (compatible; SemrushBot/7~bl; +http://www.semrush.com/bot.html)"
185.191.171.6 - - [13/Mar/2026:15:10:27 +0300] "GET /?s=1697087588 HTTP/1.1" 200 18064 "-" "Mozilla/5.0 (compatible; SemrushBot/7~bl; +http://www.semrush.com/bot.html)"
104.234.53.71 - - [13/Mar/2026:15:12:27 +0300] "POST /wp-login.php HTTP/1.1" 200 9849 "-" "Mozilla/5.0"
85.208.96.195 - - [13/Mar/2026:15:12:38 +0300] "GET /?s=1697031431 HTTP/1.1" 200 18063 "-" "Mozilla/5.0 (compatible; SemrushBot/7~bl; +http://www.semrush.com/bot.html)"
40.77.167.75 - - [13/Mar/2026:15:06:22 +0300] "GET /?r=36339105975 HTTP/2" 200 17224 "-" "Mozilla/5.0 AppleWebKit/537.36 (KHTML, like Gecko; compatible; bingbot/2.0; +http://www.bing.com/bingbot.htm) Chrome/116.0.1938.76 Safari/537.36"
85.208.96.208 - - [13/Mar/2026:15:07:36 +0300] "GET /?s=1697061587 HTTP/1.1" 200 18063 "-" "Mozilla/5.0 (compatible; SemrushBot/7~bl; +http://www.semrush.com/bot.html)"
85.208.96.209 - - [13/Mar/2026:15:08:58 +0300] "GET /?s=1697078227 HTTP/1.1" 200 18063 "-" "Mozilla/5.0 (compatible; SemrushBot/7~bl; +http://www.semrush.com/bot.html)"
185.191.171.18 - - [13/Mar/2026:15:09:30 +0300] "GET /?y=2948220270 HTTP/1.1" 200 20242 "-" "Mozilla/5.0 (compatible; SemrushBot/7~bl; +http://www.semrush.com/bot.html)"
185.191.171.19 - - [13/Mar/2026:15:10:00 +0300] "GET /?y=2948292108 HTTP/1.1" 200 20243 "-" "Mozilla/5.0 (compatible; SemrushBot/7~bl; +http://www.semrush.com/bot.html)"
185.191.171.11 - - [13/Mar/2026:15:11:01 +0300] "GET /?s=1697056178 HTTP/1.1" 200 18063 "-" "Mozilla/5.0 (compatible; SemrushBot/7~bl; +http://www.semrush.com/bot.html)"
85.208.96.207 - - [13/Mar/2026:15:11:09 +0300] "GET /?s=1697059812 HTTP/1.1" 200 18063 "-" "Mozilla/5.0 (compatible; SemrushBot/7~bl; +http://www.semrush.com/bot.html)"
40.77.167.247 - - [13/Mar/2026:15:11:43 +0300] "GET /?r=36339235223 HTTP/2" 200 17553 "-" "Mozilla/5.0 AppleWebKit/537.36 (KHTML, like Gecko; compatible; bingbot/2.0; +http://www.bing.com/bingbot.htm) Chrome/116.0.1938.76 Safari/537.36"
40.77.167.73 - - [13/Mar/2026:15:12:10 +0300] "GET /?m=39454345969 HTTP/2" 200 17927 "-" "Mozilla/5.0 AppleWebKit/537.36 (KHTML, like Gecko; compatible; bingbot/2.0; +http://www.bing.com/bingbot.htm) Chrome/116.0.1938.76 Safari/537.36"
40.77.167.73 - - [13/Mar/2026:15:12:18 +0300] "GET /?y=2948261096 HTTP/2" 200 18539 "-" "Mozilla/5.0 AppleWebKit/537.36 (KHTML, like Gecko; compatible; bingbot/2.0; +http://www.bing.com/bingbot.htm) Chrome/116.0.1938.76 Safari/537.36"
40.77.167.73 - - [13/Mar/2026:15:12:27 +0300] "GET /?a=34944280955 HTTP/2" 200 18219 "-" "Mozilla/5.0 AppleWebKit/537.36 (KHTML, like Gecko; compatible; bingbot/2.0; +http://www.bing.com/bingbot.htm) Chrome/116.0.1938.76 Safari/537.36"
40.77.167.73 - - [13/Mar/2026:15:12:27 +0300] "GET /?y=2948252977 HTTP/2" 200 18532 "-" "Mozilla/5.0 AppleWebKit/537.36 (KHTML, like Gecko; compatible; bingbot/2.0; +http://www.bing.com/bingbot.htm) Chrome/116.0.1938.76 Safari/537.36"
185.191.171.16 - - [13/Mar/2026:15:13:07 +0300] "GET /?v=7198952359 HTTP/1.1" 200 20243 "-" "Mozilla/5.0 (compatible; SemrushBot/7~bl; +http://www.semrush.com/bot.html)"
185.191.171.17 - - [13/Mar/2026:15:14:18 +0300] "GET /?s=1697038731 HTTP/1.1" 200 18063 "-" "Mozilla/5.0 (compatible; SemrushBot/7~bl; +http://www.semrush.com/bot.html)"
17.246.23.27 - - [13/Mar/2026:15:14:36 +0300] "GET /wp-includes/css/dist/components/style.min.css?ver=6.9.4 HTTP/1.1" 200 14171 "https://rafikisprings.co.uk/invoice/invoice/" "Mozilla/5.0 (Macintosh; Intel Mac OS X 10_15_7) AppleWebKit/605.1.15 (KHTML, like Gecko) Version/17.4 Safari/605.1.15 (Applebot/0.1; +http://www.apple.com/go/applebot)"
17.246.23.143 - - [13/Mar/2026:15:14:37 +0300] "GET /wp-content/plugins/coblocks/includes/Dependencies/GoDaddy/Styles/build/latest.css?ver=2.0.2 HTTP/1.1" 200 1466 "https://rafikisprings.co.uk/invoice/invoice/" "Mozilla/5.0 (Macintosh; Intel Mac OS X 10_15_7) AppleWebKit/605.1.15 (KHTML, like Gecko) Version/17.4 Safari/605.1.15 (Applebot/0.1; +http://www.apple.com/go/applebot)"
17.246.23.27 - - [13/Mar/2026:15:14:41 +0300] "GET /wp-content/uploads/elementor/css/post-45263.css?ver=1773281143 HTTP/1.1" 200 1422 "https://rafikisprings.co.uk/invoice/invoice/" "Mozilla/5.0 (Macintosh; Intel Mac OS X 10_15_7) AppleWebKit/605.1.15 (KHTML, like Gecko) Version/17.4 Safari/605.1.15 (Applebot/0.1; +http://www.apple.com/go/applebot)"
17.246.23.27 - - [13/Mar/2026:15:14:45 +0300] "GET /wp-content/uploads/elementor/google-fonts/css/playfairdisplay.css?ver=1746717104 HTTP/1.1" 200 819 "https://rafikisprings.co.uk/invoice/invoice/" "Mozilla/5.0 (Macintosh; Intel Mac OS X 10_15_7) AppleWebKit/605.1.15 (KHTML, like Gecko) Version/17.4 Safari/605.1.15 (Applebot/0.1; +http://www.apple.com/go/applebot)"
17.246.15.129 - - [13/Mar/2026:15:14:49 +0300] "GET /wp-includes/js/jquery/jquery.min.js?ver=3.7.1 HTTP/1.1" 200 30412 "https://rafikisprings.co.uk/invoice/invoice/" "Mozilla/5.0 (Macintosh; Intel Mac OS X 10_15_7) AppleWebKit/605.1.15 (KHTML, like Gecko) Version/17.4 Safari/605.1.15 (Applebot/0.1; +http://www.apple.com/go/applebot)"
17.246.23.22 - - [13/Mar/2026:15:14:52 +0300] "GET /wp-includes/js/dist/hooks.min.js?ver=dd5603f07f9220ed27f1 HTTP/1.1" 200 1939 "https://rafikisprings.co.uk/invoice/invoice/" "Mozilla/5.0 (Macintosh; Intel Mac OS X 10_15_7) AppleWebKit/605.1.15 (KHTML, like Gecko) Version/17.4 Safari/605.1.15 (Applebot/0.1; +http://www.apple.com/go/applebot)"
17.246.19.130 - - [13/Mar/2026:15:14:56 +0300] "GET /wp-content/plugins/metform/public/assets/lib/cute-alert/cute-alert.js?ver=4.1.3 HTTP/1.1" 200 1174 "https://rafikisprings.co.uk/invoice/invoice/" "Mozilla/5.0 (Macintosh; Intel Mac OS X 10_15_7) AppleWebKit/605.1.15 (KHTML, like Gecko) Version/17.4 Safari/605.1.15 (Applebot/0.1; +http://www.apple.com/go/applebot)"
17.246.19.219 - - [13/Mar/2026:15:14:57 +0300] "GET /wp-content/plugins/essential-addons-for-elementor-lite/assets/front-end/js/view/general.min.js?ver=6.5.13 HTTP/1.1" 200 4086 "https://rafikisprings.co.uk/invoice/invoice/" "Mozilla/5.0 (Macintosh; Intel Mac OS X 10_15_7) AppleWebKit/605.1.15 (KHTML, like Gecko) Version/17.4 Safari/605.1.15 (Applebot/0.1; +http://www.apple.com/go/applebot)"
