74.7.243.234 - - [13/Mar/2026:15:17:43 +0300] "GET /wp-includes/SimplePie/src/Content/Type/ HTTP/2" 200 660 "https://www.semigocare.co.uk.luniascouringpads.com/wp-includes/SimplePie/src/Content/" "Mozilla/5.0 AppleWebKit/537.36 (KHTML, like Gecko; compatible; GPTBot/1.3; +https://openai.com/gptbot)"
66.249.73.10 - - [13/Mar/2026:15:17:45 +0300] "GET /general/eleonhot-Porn HTTP/1.1" 404 796 "-" "Mozilla/5.0 (Linux; Android 6.0.1; Nexus 5X Build/MMB29P) AppleWebKit/537.36 (KHTML, like Gecko) Chrome/145.0.7632.116 Mobile Safari/537.36 (compatible; Googlebot/2.1; +http://www.google.com/bot.html)"
57.141.20.50 - - [13/Mar/2026:15:17:48 +0300] "GET /newsfeed/Silvia-Diamond-Porn HTTP/2" 404 796 "-" "meta-externalagent/1.1 (+https://developers.facebook.com/docs/sharing/webmasters/crawler)"
185.252.235.182 - - [13/Mar/2026:15:17:48 +0300] "GET /wp-content/plugins/pwnd/pwnd.php HTTP/1.1" 404 796 "www.google.com" "Mozlila/5.0 (Linux; Android 7.0; SM-G892A Bulid/NRD90M; wv) AppleWebKit/537.36 (KHTML, like Gecko) Version/4.0 Chrome/60.0.3112.107 Moblie Safari/537.36"
185.252.235.182 - - [13/Mar/2026:15:18:03 +0300] "GET /wp-content/themes/jaida/lang.php HTTP/1.1" 404 796 "www.google.com" "Mozlila/5.0 (Linux; Android 7.0; SM-G892A Bulid/NRD90M; wv) AppleWebKit/537.36 (KHTML, like Gecko) Version/4.0 Chrome/60.0.3112.107 Moblie Safari/537.36"
57.141.20.7 - - [13/Mar/2026:15:18:09 +0300] "GET /newsfeed/Mandy-J-Porn HTTP/2" 404 796 "-" "meta-externalagent/1.1 (+https://developers.facebook.com/docs/sharing/webmasters/crawler)"
57.141.20.33 - - [13/Mar/2026:15:18:18 +0300] "GET /newsfeed/Mamamea-Porn HTTP/2" 404 796 "-" "meta-externalagent/1.1 (+https://developers.facebook.com/docs/sharing/webmasters/crawler)"
57.141.20.6 - - [13/Mar/2026:15:19:10 +0300] "GET /newsfeed/Red-Pixie-Porn HTTP/2" 404 796 "-" "meta-externalagent/1.1 (+https://developers.facebook.com/docs/sharing/webmasters/crawler)"
66.249.73.10 - - [13/Mar/2026:15:19:15 +0300] "GET /knowledge/stacyfancy-Porn HTTP/1.1" 404 796 "-" "Mozilla/5.0 (Linux; Android 6.0.1; Nexus 5X Build/MMB29P) AppleWebKit/537.36 (KHTML, like Gecko) Chrome/145.0.7632.116 Mobile Safari/537.36 (compatible; Googlebot/2.1; +http://www.google.com/bot.html)"
66.249.73.10 - - [13/Mar/2026:15:19:19 +0300] "GET /general/jaclynuncensored-Porn HTTP/1.1" 404 796 "-" "Mozilla/5.0 (Linux; Android 6.0.1; Nexus 5X Build/MMB29P) AppleWebKit/537.36 (KHTML, like Gecko) Chrome/145.0.7632.116 Mobile Safari/537.36 (compatible; Googlebot/2.1; +http://www.google.com/bot.html)"
57.141.20.53 - - [13/Mar/2026:15:19:55 +0300] "GET /newsfeed/Jericob-Porn HTTP/2" 404 796 "-" "meta-externalagent/1.1 (+https://developers.facebook.com/docs/sharing/webmasters/crawler)"
57.141.20.45 - - [13/Mar/2026:15:19:59 +0300] "GET /newsfeed/Jessica-Cutie-Porn HTTP/2" 404 796 "-" "meta-externalagent/1.1 (+https://developers.facebook.com/docs/sharing/webmasters/crawler)"
57.141.20.55 - - [13/Mar/2026:15:17:03 +0300] "GET /newsfeed/Lady-Muffin-Porn HTTP/2" 404 796 "-" "meta-externalagent/1.1 (+https://developers.facebook.com/docs/sharing/webmasters/crawler)"
74.7.227.61 - - [13/Mar/2026:15:17:47 +0300] "GET /wp-includes/js/mce-view.js HTTP/2" 200 6607 "https://www.semigocare.co.uk/wp-includes/js/" "Mozilla/5.0 AppleWebKit/537.36 (KHTML, like Gecko; compatible; GPTBot/1.3; +https://openai.com/gptbot)"
57.141.20.20 - - [13/Mar/2026:15:18:00 +0300] "GET /newsfeed/Mariana-Rios-Porn HTTP/2" 404 796 "-" "meta-externalagent/1.1 (+https://developers.facebook.com/docs/sharing/webmasters/crawler)"
185.252.235.182 - - [13/Mar/2026:15:18:01 +0300] "GET /wp-content/themes/travel/issue.php HTTP/1.1" 404 796 "www.google.com" "Mozlila/5.0 (Linux; Android 7.0; SM-G892A Bulid/NRD90M; wv) AppleWebKit/537.36 (KHTML, like Gecko) Version/4.0 Chrome/60.0.3112.107 Moblie Safari/537.36"
74.7.227.61 - - [13/Mar/2026:15:18:24 +0300] "GET /wp-includes/SimplePie/src/Parse/Date.php HTTP/2" 200 0 "https://www.semigocare.co.uk/wp-includes/SimplePie/src/Parse/" "Mozilla/5.0 AppleWebKit/537.36 (KHTML, like Gecko; compatible; GPTBot/1.3; +https://openai.com/gptbot)"
74.7.243.234 - - [13/Mar/2026:15:18:47 +0300] "GET /wp-includes/Requests/src/Exception/Http/Status414.php HTTP/2" 500 0 "https://www.semigocare.co.uk.luniascouringpads.com/wp-includes/Requests/src/Exception/Http/" "Mozilla/5.0 AppleWebKit/537.36 (KHTML, like Gecko; compatible; GPTBot/1.3; +https://openai.com/gptbot)"
74.7.227.61 - - [13/Mar/2026:15:19:01 +0300] "GET /wp-includes/SimplePie/src/Cache/File.php HTTP/2" 500 0 "https://www.semigocare.co.uk/wp-includes/SimplePie/src/Cache/" "Mozilla/5.0 AppleWebKit/537.36 (KHTML, like Gecko; compatible; GPTBot/1.3; +https://openai.com/gptbot)"
74.7.227.61 - - [13/Mar/2026:15:19:36 +0300] "GET /wp-includes/SimplePie/src/Cache/Base.php HTTP/2" 200 0 "https://www.semigocare.co.uk/wp-includes/SimplePie/src/Cache/" "Mozilla/5.0 AppleWebKit/537.36 (KHTML, like Gecko; compatible; GPTBot/1.3; +https://openai.com/gptbot)"
57.141.20.51 - - [13/Mar/2026:15:19:37 +0300] "GET /newsfeed/Litta-Porn HTTP/2" 404 796 "-" "meta-externalagent/1.1 (+https://developers.facebook.com/docs/sharing/webmasters/crawler)"
74.7.243.234 - - [13/Mar/2026:15:19:44 +0300] "GET /wp-includes/Requests/src/Exception/Http/Status411.php HTTP/2" 500 0 "https://www.semigocare.co.uk.luniascouringpads.com/wp-includes/Requests/src/Exception/Http/" "Mozilla/5.0 AppleWebKit/537.36 (KHTML, like Gecko; compatible; GPTBot/1.3; +https://openai.com/gptbot)"
57.141.20.42 - - [13/Mar/2026:15:20:03 +0300] "GET /newsfeed/Jessica-Takizawa-JAV HTTP/2" 404 796 "-" "meta-externalagent/1.1 (+https://developers.facebook.com/docs/sharing/webmasters/crawler)"
74.7.243.130 - - [13/Mar/2026:15:20:06 +0300] "GET /wp-includes/Requests/src/Exception/Http/Status504.php HTTP/2" 500 0 "https://semigocare.co.uk.luniascouringpads.com/wp-includes/Requests/src/Exception/Http/" "Mozilla/5.0 AppleWebKit/537.36 (KHTML, like Gecko; compatible; GPTBot/1.3; +https://openai.com/gptbot)"
74.7.243.234 - - [13/Mar/2026:15:20:43 +0300] "GET /wp-includes/Requests/src/Exception/Http/Status511.php HTTP/2" 500 0 "https://www.semigocare.co.uk.luniascouringpads.com/wp-includes/Requests/src/Exception/Http/" "Mozilla/5.0 AppleWebKit/537.36 (KHTML, like Gecko; compatible; GPTBot/1.3; +https://openai.com/gptbot)"
57.141.20.50 - - [13/Mar/2026:15:20:47 +0300] "GET /newsfeed/Inose-Hitomi-JAV HTTP/2" 404 796 "-" "meta-externalagent/1.1 (+https://developers.facebook.com/docs/sharing/webmasters/crawler)"
66.249.73.9 - - [13/Mar/2026:15:20:56 +0300] "GET /knowledge/siv54-Porn HTTP/1.1" 404 796 "-" "Mozilla/5.0 (Linux; Android 6.0.1; Nexus 5X Build/MMB29P) AppleWebKit/537.36 (KHTML, like Gecko) Chrome/145.0.7632.116 Mobile Safari/537.36 (compatible; Googlebot/2.1; +http://www.google.com/bot.html)"
57.141.20.11 - - [13/Mar/2026:15:14:16 +0300] "GET /newsfeed/Non-Ohana-Porn HTTP/2" 404 796 "-" "meta-externalagent/1.1 (+https://developers.facebook.com/docs/sharing/webmasters/crawler)"
66.249.73.9 - - [13/Mar/2026:15:14:22 +0300] "GET /knowledge/sugar_kris-Porn HTTP/1.1" 404 796 "-" "Mozilla/5.0 (Linux; Android 6.0.1; Nexus 5X Build/MMB29P) AppleWebKit/537.36 (KHTML, like Gecko) Chrome/145.0.7632.116 Mobile Safari/537.36 (compatible; Googlebot/2.1; +http://www.google.com/bot.html)"
66.249.73.9 - - [13/Mar/2026:15:14:32 +0300] "GET /knowledge/onlykimselfies-Porn HTTP/1.1" 404 796 "-" "Mozilla/5.0 (Linux; Android 6.0.1; Nexus 5X Build/MMB29P) AppleWebKit/537.36 (KHTML, like Gecko) Chrome/145.0.7632.116 Mobile Safari/537.36 (compatible; Googlebot/2.1; +http://www.google.com/bot.html)"
66.249.73.9 - - [13/Mar/2026:15:14:34 +0300] "GET /general/dashafromrussia2-Porn HTTP/1.1" 404 796 "-" "Mozilla/5.0 (Linux; Android 6.0.1; Nexus 5X Build/MMB29P) AppleWebKit/537.36 (KHTML, like Gecko) Chrome/145.0.7632.116 Mobile Safari/537.36 (compatible; Googlebot/2.1; +http://www.google.com/bot.html)"
66.249.73.9 - - [13/Mar/2026:15:14:38 +0300] "GET /knowledge/thiccbunni2000-Porn HTTP/1.1" 404 796 "-" "Mozilla/5.0 (Linux; Android 6.0.1; Nexus 5X Build/MMB29P) AppleWebKit/537.36 (KHTML, like Gecko) Chrome/145.0.7632.116 Mobile Safari/537.36 (compatible; Googlebot/2.1; +http://www.google.com/bot.html)"
66.249.73.9 - - [13/Mar/2026:15:14:40 +0300] "GET /general/inkdviking-Porn HTTP/1.1" 404 796 "-" "Mozilla/5.0 (Linux; Android 6.0.1; Nexus 5X Build/MMB29P) AppleWebKit/537.36 (KHTML, like Gecko) Chrome/145.0.7632.116 Mobile Safari/537.36 (compatible; Googlebot/2.1; +http://www.google.com/bot.html)"
74.7.243.130 - - [13/Mar/2026:15:15:55 +0300] "GET /wp-includes/Requests/src/Exception/Http/Status429.php HTTP/2" 500 0 "https://semigocare.co.uk.luniascouringpads.com/wp-includes/Requests/src/Exception/Http/" "Mozilla/5.0 AppleWebKit/537.36 (KHTML, like Gecko; compatible; GPTBot/1.3; +https://openai.com/gptbot)"
57.141.20.53 - - [13/Mar/2026:15:16:11 +0300] "GET /newsfeed/Jana-Hot-Porn HTTP/2" 404 796 "-" "meta-externalagent/1.1 (+https://developers.facebook.com/docs/sharing/webmasters/crawler)"
57.141.20.1 - - [13/Mar/2026:15:16:55 +0300] "GET /newsfeed/Lena-Love-X-Porn HTTP/2" 404 796 "-" "meta-externalagent/1.1 (+https://developers.facebook.com/docs/sharing/webmasters/crawler)"
74.7.243.130 - - [13/Mar/2026:15:16:55 +0300] "GET /wp-includes/Requests/src/Exception/Http/Status305.php HTTP/2" 500 0 "https://semigocare.co.uk.luniascouringpads.com/wp-includes/Requests/src/Exception/Http/" "Mozilla/5.0 AppleWebKit/537.36 (KHTML, like Gecko; compatible; GPTBot/1.3; +https://openai.com/gptbot)"
74.7.243.130 - - [13/Mar/2026:15:18:00 +0300] "GET /wp-includes/Requests/src/Exception/Http/Status431.php HTTP/2" 500 0 "https://semigocare.co.uk.luniascouringpads.com/wp-includes/Requests/src/Exception/Http/" "Mozilla/5.0 AppleWebKit/537.36 (KHTML, like Gecko; compatible; GPTBot/1.3; +https://openai.com/gptbot)"
57.141.20.26 - - [13/Mar/2026:15:18:27 +0300] "GET /newsfeed/Nolalovexxx-Porn HTTP/2" 404 796 "-" "meta-externalagent/1.1 (+https://developers.facebook.com/docs/sharing/webmasters/crawler)"
74.7.243.130 - - [13/Mar/2026:15:19:01 +0300] "GET /wp-includes/Requests/src/Exception/Http/Status401.php HTTP/2" 500 0 "https://semigocare.co.uk.luniascouringpads.com/wp-includes/Requests/src/Exception/Http/" "Mozilla/5.0 AppleWebKit/537.36 (KHTML, like Gecko; compatible; GPTBot/1.3; +https://openai.com/gptbot)"
57.141.20.16 - - [13/Mar/2026:15:20:16 +0300] "GET /newsfeed/Hinako-Mizukawa-Porn HTTP/2" 404 796 "-" "meta-externalagent/1.1 (+https://developers.facebook.com/docs/sharing/webmasters/crawler)"
57.141.20.28 - - [13/Mar/2026:15:20:38 +0300] "GET /newsfeed/India-Summer-Porn HTTP/2" 404 796 "-" "meta-externalagent/1.1 (+https://developers.facebook.com/docs/sharing/webmasters/crawler)"
57.141.20.20 - - [13/Mar/2026:15:13:59 +0300] "GET /newsfeed/Rosetta-Pink-Porn HTTP/2" 404 796 "-" "meta-externalagent/1.1 (+https://developers.facebook.com/docs/sharing/webmasters/crawler)"
66.249.73.9 - - [13/Mar/2026:15:14:04 +0300] "GET /knowledge/sexytimewtyler-Porn HTTP/1.1" 404 796 "-" "Mozilla/5.0 (Linux; Android 6.0.1; Nexus 5X Build/MMB29P) AppleWebKit/537.36 (KHTML, like Gecko) Chrome/145.0.7632.116 Mobile Safari/537.36 (compatible; Googlebot/2.1; +http://www.google.com/bot.html)"
66.249.73.10 - - [13/Mar/2026:15:14:24 +0300] "GET /general/halfangel666-Porn HTTP/1.1" 404 796 "-" "Mozilla/5.0 (Linux; Android 6.0.1; Nexus 5X Build/MMB29P) AppleWebKit/537.36 (KHTML, like Gecko) Chrome/145.0.7632.116 Mobile Safari/537.36 (compatible; Googlebot/2.1; +http://www.google.com/bot.html)"
57.141.20.15 - - [13/Mar/2026:15:14:43 +0300] "GET /newsfeed/Neen-Sever-Porn HTTP/2" 404 796 "-" "meta-externalagent/1.1 (+https://developers.facebook.com/docs/sharing/webmasters/crawler)"
57.141.20.53 - - [13/Mar/2026:15:14:52 +0300] "GET /newsfeed/Natasha-Babich-Porn HTTP/2" 404 796 "-" "meta-externalagent/1.1 (+https://developers.facebook.com/docs/sharing/webmasters/crawler)"
57.141.20.45 - - [13/Mar/2026:15:15:01 +0300] "GET /newsfeed/Miss-Whitney-Morgan-Porn HTTP/2" 404 796 "-" "meta-externalagent/1.1 (+https://developers.facebook.com/docs/sharing/webmasters/crawler)"
66.249.73.11 - - [13/Mar/2026:15:15:21 +0300] "GET /knowledge/sweet_kkk-Porn HTTP/1.1" 404 796 "-" "Mozilla/5.0 (Linux; Android 6.0.1; Nexus 5X Build/MMB29P) AppleWebKit/537.36 (KHTML, like Gecko) Chrome/145.0.7632.116 Mobile Safari/537.36 (compatible; Googlebot/2.1; +http://www.google.com/bot.html)"
66.249.73.11 - - [13/Mar/2026:15:15:25 +0300] "GET /general/devinetime69-Porn HTTP/1.1" 404 796 "-" "Mozilla/5.0 (Linux; Android 6.0.1; Nexus 5X Build/MMB29P) AppleWebKit/537.36 (KHTML, like Gecko) Chrome/145.0.7632.116 Mobile Safari/537.36 (compatible; Googlebot/2.1; +http://www.google.com/bot.html)"
57.141.20.8 - - [13/Mar/2026:15:16:32 +0300] "GET /newsfeed/Pnayztar-Porn HTTP/2" 404 796 "-" "meta-externalagent/1.1 (+https://developers.facebook.com/docs/sharing/webmasters/crawler)"
57.141.20.43 - - [13/Mar/2026:15:16:50 +0300] "GET /newsfeed/Lilith-Enkur-Porn HTTP/2" 404 796 "-" "meta-externalagent/1.1 (+https://developers.facebook.com/docs/sharing/webmasters/crawler)"
57.141.20.1 - - [13/Mar/2026:15:17:51 +0300] "GET /newsfeed/Shizuka-Mori-Porn HTTP/2" 404 796 "-" "meta-externalagent/1.1 (+https://developers.facebook.com/docs/sharing/webmasters/crawler)"
66.249.73.10 - - [13/Mar/2026:15:18:55 +0300] "GET /knowledge/tiffany_me-Porn HTTP/1.1" 404 796 "-" "Mozilla/5.0 (Linux; Android 6.0.1; Nexus 5X Build/MMB29P) AppleWebKit/537.36 (KHTML, like Gecko) Chrome/145.0.7632.116 Mobile Safari/537.36 (compatible; Googlebot/2.1; +http://www.google.com/bot.html)"
57.141.20.10 - - [13/Mar/2026:15:19:28 +0300] "GET /newsfeed/Remi-Shirosaki-Porn HTTP/2" 404 796 "-" "meta-externalagent/1.1 (+https://developers.facebook.com/docs/sharing/webmasters/crawler)"
66.249.73.9 - - [13/Mar/2026:15:20:26 +0300] "GET /general/ddmama_1-Porn HTTP/1.1" 404 796 "-" "Mozilla/5.0 (Linux; Android 6.0.1; Nexus 5X Build/MMB29P) AppleWebKit/537.36 (KHTML, like Gecko) Chrome/145.0.7632.116 Mobile Safari/537.36 (compatible; Googlebot/2.1; +http://www.google.com/bot.html)"
57.141.20.0 - - [13/Mar/2026:15:21:01 +0300] "GET /newsfeed/John-Henry-Porn HTTP/2" 404 796 "-" "meta-externalagent/1.1 (+https://developers.facebook.com/docs/sharing/webmasters/crawler)"
66.249.73.9 - - [13/Mar/2026:15:21:05 +0300] "GET /knowledge/sweetlifesmith-Porn HTTP/1.1" 404 796 "-" "Mozilla/5.0 (Linux; Android 6.0.1; Nexus 5X Build/MMB29P) AppleWebKit/537.36 (KHTML, like Gecko) Chrome/145.0.7632.116 Mobile Safari/537.36 (compatible; Googlebot/2.1; +http://www.google.com/bot.html)"
57.141.20.23 - - [13/Mar/2026:15:14:03 +0300] "GET /newsfeed/Rory-Ersties-Porn HTTP/2" 404 796 "-" "meta-externalagent/1.1 (+https://developers.facebook.com/docs/sharing/webmasters/crawler)"
66.249.73.9 - - [13/Mar/2026:15:16:13 +0300] "GET /knowledge/rimiyoko-Porn HTTP/1.1" 404 796 "-" "Mozilla/5.0 (Linux; Android 6.0.1; Nexus 5X Build/MMB29P) AppleWebKit/537.36 (KHTML, like Gecko) Chrome/145.0.7632.116 Mobile Safari/537.36 (compatible; Googlebot/2.1; +http://www.google.com/bot.html)"
57.141.20.20 - - [13/Mar/2026:15:16:59 +0300] "GET /newsfeed/Layla-Price-JAV HTTP/2" 404 796 "-" "meta-externalagent/1.1 (+https://developers.facebook.com/docs/sharing/webmasters/crawler)"
57.141.20.28 - - [13/Mar/2026:15:17:34 +0300] "GET /newsfeed/Kat-Dior-Porn HTTP/2" 404 796 "-" "meta-externalagent/1.1 (+https://developers.facebook.com/docs/sharing/webmasters/crawler)"
66.249.73.9 - - [13/Mar/2026:15:18:04 +0300] "GET /knowledge/tefwesley-Porn HTTP/1.1" 404 796 "-" "Mozilla/5.0 (Linux; Android 6.0.1; Nexus 5X Build/MMB29P) AppleWebKit/537.36 (KHTML, like Gecko) Chrome/145.0.7632.116 Mobile Safari/537.36 (compatible; Googlebot/2.1; +http://www.google.com/bot.html)"
57.141.20.2 - - [13/Mar/2026:15:18:05 +0300] "GET /newsfeed/Maria-Bella-Porn HTTP/2" 404 796 "-" "meta-externalagent/1.1 (+https://developers.facebook.com/docs/sharing/webmasters/crawler)"
66.249.73.9 - - [13/Mar/2026:15:18:31 +0300] "GET /general/k_b_kid2-Porn HTTP/1.1" 404 796 "-" "Mozilla/5.0 (Linux; Android 6.0.1; Nexus 5X Build/MMB29P) AppleWebKit/537.36 (KHTML, like Gecko) Chrome/145.0.7632.116 Mobile Safari/537.36 (compatible; Googlebot/2.1; +http://www.google.com/bot.html)"
57.141.20.39 - - [13/Mar/2026:15:18:40 +0300] "GET /newsfeed/Rick-Cannon-Porn HTTP/2" 404 796 "-" "meta-externalagent/1.1 (+https://developers.facebook.com/docs/sharing/webmasters/crawler)"
57.141.20.44 - - [13/Mar/2026:15:18:53 +0300] "GET /newsfeed/Mofdragons1-Porn HTTP/2" 404 796 "-" "meta-externalagent/1.1 (+https://developers.facebook.com/docs/sharing/webmasters/crawler)"
57.141.20.30 - - [13/Mar/2026:15:19:33 +0300] "GET /newsfeed/Linda-L-Porn HTTP/2" 404 796 "-" "meta-externalagent/1.1 (+https://developers.facebook.com/docs/sharing/webmasters/crawler)"
66.249.73.10 - - [13/Mar/2026:15:19:42 +0300] "GET /knowledge/sailingqueen-Porn HTTP/1.1" 404 796 "-" "Mozilla/5.0 (Linux; Android 6.0.1; Nexus 5X Build/MMB29P) AppleWebKit/537.36 (KHTML, like Gecko) Chrome/145.0.7632.116 Mobile Safari/537.36 (compatible; Googlebot/2.1; +http://www.google.com/bot.html)"
57.141.20.27 - - [13/Mar/2026:15:19:50 +0300] "GET /newsfeed/Jenna-J-Ross-Porn HTTP/2" 404 796 "-" "meta-externalagent/1.1 (+https://developers.facebook.com/docs/sharing/webmasters/crawler)"
66.249.73.9 - - [13/Mar/2026:15:19:55 +0300] "GET /knowledge/shotbykoni-Porn HTTP/1.1" 404 796 "-" "Mozilla/5.0 (Linux; Android 6.0.1; Nexus 5X Build/MMB29P) AppleWebKit/537.36 (KHTML, like Gecko) Chrome/145.0.7632.116 Mobile Safari/537.36 (compatible; Googlebot/2.1; +http://www.google.com/bot.html)"
57.141.20.11 - - [13/Mar/2026:15:20:12 +0300] "GET /newsfeed/Hikari-Kawanishi-Porn HTTP/2" 404 796 "-" "meta-externalagent/1.1 (+https://developers.facebook.com/docs/sharing/webmasters/crawler)"
74.7.227.61 - - [13/Mar/2026:15:20:38 +0300] "GET /wp-includes/images/media/video.png HTTP/2" 200 283 "https://www.semigocare.co.uk/wp-includes/images/media/" "Mozilla/5.0 AppleWebKit/537.36 (KHTML, like Gecko; compatible; GPTBot/1.3; +https://openai.com/gptbot)"
57.141.20.45 - - [13/Mar/2026:15:20:43 +0300] "GET /newsfeed/Indian-Couple-Porn HTTP/2" 404 796 "-" "meta-externalagent/1.1 (+https://developers.facebook.com/docs/sharing/webmasters/crawler)"
74.7.227.61 - - [13/Mar/2026:15:21:33 +0300] "GET /wp-includes/images/media/video.svg HTTP/2" 200 203 "https://www.semigocare.co.uk/wp-includes/images/media/" "Mozilla/5.0 AppleWebKit/537.36 (KHTML, like Gecko; compatible; GPTBot/1.3; +https://openai.com/gptbot)"
74.7.227.22 - - [13/Mar/2026:15:17:11 +0300] "GET /wp-includes/js/tinymce/plugins/paste/'%20+%20blobInfo.blobUri()%20+%20' HTTP/2" 404 796 "https://semigocare.co.uk/wp-includes/js/tinymce/plugins/paste/plugin.js" "Mozilla/5.0 AppleWebKit/537.36 (KHTML, like Gecko; compatible; GPTBot/1.3; +https://openai.com/gptbot)"
74.7.227.22 - - [13/Mar/2026:15:17:37 +0300] "GET /wp-includes/sodium_compat/namespaced/Core/Curve25519/Ge/Cached.php HTTP/2" 500 0 "https://semigocare.co.uk/wp-includes/sodium_compat/namespaced/Core/Curve25519/Ge/" "Mozilla/5.0 AppleWebKit/537.36 (KHTML, like Gecko; compatible; GPTBot/1.3; +https://openai.com/gptbot)"
57.141.20.41 - - [13/Mar/2026:15:17:43 +0300] "GET /newsfeed/Silvie-Taylor-Porn HTTP/2" 404 796 "-" "meta-externalagent/1.1 (+https://developers.facebook.com/docs/sharing/webmasters/crawler)"
185.252.235.182 - - [13/Mar/2026:15:17:57 +0300] "GET /wp-content/plugins/root-file-manager/wp-file.php HTTP/1.1" 404 796 "www.google.com" "Mozlila/5.0 (Linux; Android 7.0; SM-G892A Bulid/NRD90M; wv) AppleWebKit/537.36 (KHTML, like Gecko) Version/4.0 Chrome/60.0.3112.107 Moblie Safari/537.36"
74.7.227.22 - - [13/Mar/2026:15:18:00 +0300] "GET /wp-includes/sodium_compat/src/Core/Curve25519/Ge/Precomp.php HTTP/2" 200 0 "https://semigocare.co.uk/wp-includes/sodium_compat/src/Core/Curve25519/Ge/" "Mozilla/5.0 AppleWebKit/537.36 (KHTML, like Gecko; compatible; GPTBot/1.3; +https://openai.com/gptbot)"
57.141.20.25 - - [13/Mar/2026:15:18:22 +0300] "GET /newsfeed/MAYU-SATOMI-Porn HTTP/2" 404 796 "-" "meta-externalagent/1.1 (+https://developers.facebook.com/docs/sharing/webmasters/crawler)"
57.141.20.54 - - [13/Mar/2026:15:18:48 +0300] "GET /newsfeed/Minja-Martini-Porn HTTP/2" 404 796 "-" "meta-externalagent/1.1 (+https://developers.facebook.com/docs/sharing/webmasters/crawler)"
74.7.227.22 - - [13/Mar/2026:15:19:01 +0300] "GET /wp-includes/sodium_compat/namespaced/Core/Curve25519/Ge/Precomp.php HTTP/2" 500 0 "https://semigocare.co.uk/wp-includes/sodium_compat/namespaced/Core/Curve25519/Ge/" "Mozilla/5.0 AppleWebKit/537.36 (KHTML, like Gecko; compatible; GPTBot/1.3; +https://openai.com/gptbot)"
57.141.20.41 - - [13/Mar/2026:15:19:24 +0300] "GET /newsfeed/Ms-Galaxy-Porn HTTP/2" 404 796 "-" "meta-externalagent/1.1 (+https://developers.facebook.com/docs/sharing/webmasters/crawler)"
74.7.227.22 - - [13/Mar/2026:15:20:00 +0300] "GET /wp-includes/theme-compat/?MD HTTP/2" 200 1274 "https://semigocare.co.uk/wp-includes/theme-compat/?MA" "Mozilla/5.0 AppleWebKit/537.36 (KHTML, like Gecko; compatible; GPTBot/1.3; +https://openai.com/gptbot)"
66.249.73.9 - - [13/Mar/2026:15:20:01 +0300] "GET /general/jessieluvonly2-Porn HTTP/1.1" 404 796 "-" "Mozilla/5.0 (Linux; Android 6.0.1; Nexus 5X Build/MMB29P) AppleWebKit/537.36 (KHTML, like Gecko) Chrome/145.0.7632.116 Mobile Safari/537.36 (compatible; Googlebot/2.1; +http://www.google.com/bot.html)"
74.7.227.22 - - [13/Mar/2026:15:21:00 +0300] "GET /wp-includes/js/dist/vendor/wp-polyfill.js HTTP/2" 200 22413 "https://semigocare.co.uk/wp-includes/js/dist/vendor/" "Mozilla/5.0 AppleWebKit/537.36 (KHTML, like Gecko; compatible; GPTBot/1.3; +https://openai.com/gptbot)"
66.249.73.10 - - [13/Mar/2026:15:21:13 +0300] "GET /general/deliciousdani-Porn HTTP/1.1" 404 796 "-" "Mozilla/5.0 (Linux; Android 6.0.1; Nexus 5X Build/MMB29P) AppleWebKit/537.36 (KHTML, like Gecko) Chrome/145.0.7632.116 Mobile Safari/537.36 (compatible; Googlebot/2.1; +http://www.google.com/bot.html)"
57.141.20.14 - - [13/Mar/2026:15:21:40 +0300] "GET /newsfeed/Sakaki-Nachi-JAV HTTP/2" 404 796 "-" "meta-externalagent/1.1 (+https://developers.facebook.com/docs/sharing/webmasters/crawler)"
74.7.227.22 - - [13/Mar/2026:15:21:55 +0300] "GET /wp-includes/js/dist/vendor/wp-polyfill-fetch.js HTTP/2" 200 5194 "https://semigocare.co.uk/wp-includes/js/dist/vendor/" "Mozilla/5.0 AppleWebKit/537.36 (KHTML, like Gecko; compatible; GPTBot/1.3; +https://openai.com/gptbot)"
57.141.20.0 - - [13/Mar/2026:15:18:44 +0300] "GET /newsfeed/Okay_google-Porn HTTP/2" 404 796 "-" "meta-externalagent/1.1 (+https://developers.facebook.com/docs/sharing/webmasters/crawler)"
57.141.20.22 - - [13/Mar/2026:15:18:57 +0300] "GET /newsfeed/Ms-Cleo-Porn HTTP/2" 404 796 "-" "meta-externalagent/1.1 (+https://developers.facebook.com/docs/sharing/webmasters/crawler)"
57.141.20.28 - - [13/Mar/2026:15:19:06 +0300] "GET /newsfeed/Ramona-Marie-Porn HTTP/2" 404 796 "-" "meta-externalagent/1.1 (+https://developers.facebook.com/docs/sharing/webmasters/crawler)"
57.141.20.49 - - [13/Mar/2026:15:19:41 +0300] "GET /newsfeed/Lucia-Nieto-Porn HTTP/2" 404 796 "-" "meta-externalagent/1.1 (+https://developers.facebook.com/docs/sharing/webmasters/crawler)"
66.249.73.9 - - [13/Mar/2026:15:19:44 +0300] "GET /general/glittergirlok93-Porn HTTP/1.1" 404 796 "-" "Mozilla/5.0 (Linux; Android 6.0.1; Nexus 5X Build/MMB29P) AppleWebKit/537.36 (KHTML, like Gecko) Chrome/145.0.7632.116 Mobile Safari/537.36 (compatible; Googlebot/2.1; +http://www.google.com/bot.html)"
57.141.20.34 - - [13/Mar/2026:15:20:52 +0300] "GET /newsfeed/Iona-Normal-Porn HTTP/2" 404 796 "-" "meta-externalagent/1.1 (+https://developers.facebook.com/docs/sharing/webmasters/crawler)"
57.141.20.8 - - [13/Mar/2026:15:20:56 +0300] "GET /newsfeed/Jin-Taylor-Porn HTTP/2" 404 796 "-" "meta-externalagent/1.1 (+https://developers.facebook.com/docs/sharing/webmasters/crawler)"
57.141.20.12 - - [13/Mar/2026:15:21:05 +0300] "GET /newsfeed/Julia-Black-Porn HTTP/2" 404 796 "-" "meta-externalagent/1.1 (+https://developers.facebook.com/docs/sharing/webmasters/crawler)"
74.7.243.130 - - [13/Mar/2026:15:21:09 +0300] "GET /wp-includes/Requests/src/Exception/Http/Status417.php HTTP/2" 500 0 "https://semigocare.co.uk.luniascouringpads.com/wp-includes/Requests/src/Exception/Http/" "Mozilla/5.0 AppleWebKit/537.36 (KHTML, like Gecko; compatible; GPTBot/1.3; +https://openai.com/gptbot)"
57.141.20.55 - - [13/Mar/2026:15:21:14 +0300] "GET /newsfeed/Maya-Rae-Porn HTTP/2" 404 796 "-" "meta-externalagent/1.1 (+https://developers.facebook.com/docs/sharing/webmasters/crawler)"
57.141.20.37 - - [13/Mar/2026:15:21:35 +0300] "GET /newsfeed/Saeki-Hanaeda-JAV HTTP/2" 404 796 "-" "meta-externalagent/1.1 (+https://developers.facebook.com/docs/sharing/webmasters/crawler)"
74.7.243.130 - - [13/Mar/2026:15:22:10 +0300] "GET /wp-includes/Requests/src/Exception/Http/Status502.php HTTP/2" 500 0 "https://semigocare.co.uk.luniascouringpads.com/wp-includes/Requests/src/Exception/Http/" "Mozilla/5.0 AppleWebKit/537.36 (KHTML, like Gecko; compatible; GPTBot/1.3; +https://openai.com/gptbot)"
66.249.73.11 - - [13/Mar/2026:15:22:16 +0300] "GET /general/goddessmama-Porn HTTP/1.1" 404 796 "-" "Mozilla/5.0 (Linux; Android 6.0.1; Nexus 5X Build/MMB29P) AppleWebKit/537.36 (KHTML, like Gecko) Chrome/145.0.7632.116 Mobile Safari/537.36 (compatible; Googlebot/2.1; +http://www.google.com/bot.html)"
57.141.20.15 - - [13/Mar/2026:15:22:19 +0300] "GET /newsfeed/Mocha-Puff-Porn HTTP/2" 404 796 "-" "meta-externalagent/1.1 (+https://developers.facebook.com/docs/sharing/webmasters/crawler)"
57.141.20.59 - - [13/Mar/2026:15:22:33 +0300] "GET /newsfeed/Mona-Porn HTTP/2" 404 796 "-" "meta-externalagent/1.1 (+https://developers.facebook.com/docs/sharing/webmasters/crawler)"
57.141.20.22 - - [13/Mar/2026:15:22:50 +0300] "GET /newsfeed/Nadia-Noel-Porn HTTP/2" 404 796 "-" "meta-externalagent/1.1 (+https://developers.facebook.com/docs/sharing/webmasters/crawler)"
57.141.20.29 - - [13/Mar/2026:15:23:03 +0300] "GET /newsfeed/Nagahara-Natsuki-JAV HTTP/2" 404 796 "-" "meta-externalagent/1.1 (+https://developers.facebook.com/docs/sharing/webmasters/crawler)"
66.249.73.9 - - [13/Mar/2026:15:23:52 +0300] "GET /general/haleyvongeld-Porn HTTP/1.1" 404 796 "-" "Mozilla/5.0 (Linux; Android 6.0.1; Nexus 5X Build/MMB29P) AppleWebKit/537.36 (KHTML, like Gecko) Chrome/145.0.7632.116 Mobile Safari/537.36 (compatible; Googlebot/2.1; +http://www.google.com/bot.html)"
57.141.20.4 - - [13/Mar/2026:15:20:08 +0300] "GET /newsfeed/Helen-Hernandez-Porn HTTP/2" 404 796 "-" "meta-externalagent/1.1 (+https://developers.facebook.com/docs/sharing/webmasters/crawler)"
66.249.73.9 - - [13/Mar/2026:15:20:18 +0300] "GET /knowledge/saitamu-Porn HTTP/1.1" 404 796 "-" "Mozilla/5.0 (Linux; Android 6.0.1; Nexus 5X Build/MMB29P) AppleWebKit/537.36 (KHTML, like Gecko) Chrome/145.0.7632.116 Mobile Safari/537.36 (compatible; Googlebot/2.1; +http://www.google.com/bot.html)"
57.141.20.13 - - [13/Mar/2026:15:20:21 +0300] "GET /newsfeed/Hiramatsu-Ayako-JAV HTTP/2" 404 796 "-" "meta-externalagent/1.1 (+https://developers.facebook.com/docs/sharing/webmasters/crawler)"
57.141.20.43 - - [13/Mar/2026:15:20:26 +0300] "GET /newsfeed/Hope-Dg-Porn HTTP/2" 404 796 "-" "meta-externalagent/1.1 (+https://developers.facebook.com/docs/sharing/webmasters/crawler)"
57.141.20.42 - - [13/Mar/2026:15:20:34 +0300] "GET /newsfeed/Sabrina-Swallows-Porn HTTP/2" 404 796 "-" "meta-externalagent/1.1 (+https://developers.facebook.com/docs/sharing/webmasters/crawler)"
66.249.73.9 - - [13/Mar/2026:15:20:39 +0300] "GET /knowledge/rubylane-Porn HTTP/1.1" 404 796 "-" "Mozilla/5.0 (Linux; Android 6.0.1; Nexus 5X Build/MMB29P) AppleWebKit/537.36 (KHTML, like Gecko) Chrome/145.0.7632.116 Mobile Safari/537.36 (compatible; Googlebot/2.1; +http://www.google.com/bot.html)"
66.249.73.9 - - [13/Mar/2026:15:20:40 +0300] "GET /general/flynnoyingfree-Porn HTTP/1.1" 404 796 "-" "Mozilla/5.0 (Linux; Android 6.0.1; Nexus 5X Build/MMB29P) AppleWebKit/537.36 (KHTML, like Gecko) Chrome/145.0.7632.116 Mobile Safari/537.36 (compatible; Googlebot/2.1; +http://www.google.com/bot.html)"
57.141.20.4 - - [13/Mar/2026:15:21:22 +0300] "GET /newsfeed/Michaela-Porn HTTP/2" 404 796 "-" "meta-externalagent/1.1 (+https://developers.facebook.com/docs/sharing/webmasters/crawler)"
57.141.20.22 - - [13/Mar/2026:15:21:27 +0300] "GET /newsfeed/Milana-Dani-Porn HTTP/2" 404 796 "-" "meta-externalagent/1.1 (+https://developers.facebook.com/docs/sharing/webmasters/crawler)"
57.141.20.26 - - [13/Mar/2026:15:21:48 +0300] "GET /newsfeed/Mr-Milky-Man-Porn HTTP/2" 404 796 "-" "meta-externalagent/1.1 (+https://developers.facebook.com/docs/sharing/webmasters/crawler)"
57.141.20.49 - - [13/Mar/2026:15:21:58 +0300] "GET /newsfeed/Raquel-Moreno-Porn HTTP/2" 404 796 "-" "meta-externalagent/1.1 (+https://developers.facebook.com/docs/sharing/webmasters/crawler)"
57.141.20.39 - - [13/Mar/2026:15:22:02 +0300] "GET /newsfeed/Saphir-desire-Porn HTTP/2" 404 796 "-" "meta-externalagent/1.1 (+https://developers.facebook.com/docs/sharing/webmasters/crawler)"
57.141.20.28 - - [13/Mar/2026:15:22:06 +0300] "GET /newsfeed/Paola-White-Porn HTTP/2" 404 796 "-" "meta-externalagent/1.1 (+https://developers.facebook.com/docs/sharing/webmasters/crawler)"
57.141.20.19 - - [13/Mar/2026:15:22:37 +0300] "GET /newsfeed/Monster-Curves-Porn HTTP/2" 404 796 "-" "meta-externalagent/1.1 (+https://developers.facebook.com/docs/sharing/webmasters/crawler)"
57.141.20.37 - - [13/Mar/2026:15:23:17 +0300] "GET /newsfeed/Sheima-Porn HTTP/2" 404 796 "-" "meta-externalagent/1.1 (+https://developers.facebook.com/docs/sharing/webmasters/crawler)"
57.141.20.33 - - [13/Mar/2026:15:23:59 +0300] "GET /newsfeed/Kuriyama-Tomoka-JAV HTTP/2" 404 796 "-" "meta-externalagent/1.1 (+https://developers.facebook.com/docs/sharing/webmasters/crawler)"
57.141.20.43 - - [13/Mar/2026:15:24:16 +0300] "GET /newsfeed/Liang-Mi-Porn HTTP/2" 404 796 "-" "meta-externalagent/1.1 (+https://developers.facebook.com/docs/sharing/webmasters/crawler)"
74.7.243.130 - - [13/Mar/2026:15:24:21 +0300] "GET /wp-includes/Requests/src/Exception/Http/Status405.php HTTP/2" 500 0 "https://semigocare.co.uk.luniascouringpads.com/wp-includes/Requests/src/Exception/Http/" "Mozilla/5.0 AppleWebKit/537.36 (KHTML, like Gecko; compatible; GPTBot/1.3; +https://openai.com/gptbot)"
57.141.20.25 - - [13/Mar/2026:15:24:24 +0300] "GET /newsfeed/Lil-Bitch-Porn HTTP/2" 404 796 "-" "meta-externalagent/1.1 (+https://developers.facebook.com/docs/sharing/webmasters/crawler)"
66.249.73.9 - - [13/Mar/2026:15:19:02 +0300] "GET /knowledge/steelangel-Porn HTTP/1.1" 404 796 "-" "Mozilla/5.0 (Linux; Android 6.0.1; Nexus 5X Build/MMB29P) AppleWebKit/537.36 (KHTML, like Gecko) Chrome/145.0.7632.116 Mobile Safari/537.36 (compatible; Googlebot/2.1; +http://www.google.com/bot.html)"
57.141.20.35 - - [13/Mar/2026:15:19:02 +0300] "GET /newsfeed/Nadin-Ov-Porn HTTP/2" 404 796 "-" "meta-externalagent/1.1 (+https://developers.facebook.com/docs/sharing/webmasters/crawler)"
66.249.73.9 - - [13/Mar/2026:15:19:05 +0300] "GET /general/imlili0069-Porn HTTP/1.1" 404 796 "-" "Mozilla/5.0 (Linux; Android 6.0.1; Nexus 5X Build/MMB29P) AppleWebKit/537.36 (KHTML, like Gecko) Chrome/145.0.7632.116 Mobile Safari/537.36 (compatible; Googlebot/2.1; +http://www.google.com/bot.html)"
57.141.20.54 - - [13/Mar/2026:15:19:15 +0300] "GET /newsfeed/Nanda-Face-Fuck-Porn HTTP/2" 404 796 "-" "meta-externalagent/1.1 (+https://developers.facebook.com/docs/sharing/webmasters/crawler)"
57.141.20.26 - - [13/Mar/2026:15:19:19 +0300] "GET /newsfeed/Mizushiro-An-JAV HTTP/2" 404 796 "-" "meta-externalagent/1.1 (+https://developers.facebook.com/docs/sharing/webmasters/crawler)"
57.141.20.58 - - [13/Mar/2026:15:19:46 +0300] "GET /newsfeed/Ivy-Lebelle-Porn HTTP/2" 404 796 "-" "meta-externalagent/1.1 (+https://developers.facebook.com/docs/sharing/webmasters/crawler)"
57.141.20.35 - - [13/Mar/2026:15:20:30 +0300] "GET /newsfeed/Hoshino-Asuka-JAV HTTP/2" 404 796 "-" "meta-externalagent/1.1 (+https://developers.facebook.com/docs/sharing/webmasters/crawler)"
57.141.20.47 - - [13/Mar/2026:15:21:09 +0300] "GET /newsfeed/Kagawa-Yuuki-JAV HTTP/2" 404 796 "-" "meta-externalagent/1.1 (+https://developers.facebook.com/docs/sharing/webmasters/crawler)"
57.141.20.45 - - [13/Mar/2026:15:21:18 +0300] "GET /newsfeed/Michaela-F-Porn HTTP/2" 404 796 "-" "meta-externalagent/1.1 (+https://developers.facebook.com/docs/sharing/webmasters/crawler)"
66.249.73.10 - - [13/Mar/2026:15:21:23 +0300] "GET /knowledge/peachuni-Porn HTTP/1.1" 404 796 "-" "Mozilla/5.0 (Linux; Android 6.0.1; Nexus 5X Build/MMB29P) AppleWebKit/537.36 (KHTML, like Gecko) Chrome/145.0.7632.116 Mobile Safari/537.36 (compatible; Googlebot/2.1; +http://www.google.com/bot.html)"
57.141.20.35 - - [13/Mar/2026:15:21:44 +0300] "GET /newsfeed/Sakurami-Yuki-JAV HTTP/2" 404 796 "-" "meta-externalagent/1.1 (+https://developers.facebook.com/docs/sharing/webmasters/crawler)"
57.141.20.10 - - [13/Mar/2026:15:21:53 +0300] "GET /newsfeed/Natsie-Hisatomi-Porn HTTP/2" 404 796 "-" "meta-externalagent/1.1 (+https://developers.facebook.com/docs/sharing/webmasters/crawler)"
57.141.20.57 - - [13/Mar/2026:15:22:41 +0300] "GET /newsfeed/Mrs-Gingerbread-Porn HTTP/2" 404 796 "-" "meta-externalagent/1.1 (+https://developers.facebook.com/docs/sharing/webmasters/crawler)"
57.141.20.37 - - [13/Mar/2026:15:22:55 +0300] "GET /newsfeed/Kelsey-Tyler-Porn HTTP/2" 404 796 "-" "meta-externalagent/1.1 (+https://developers.facebook.com/docs/sharing/webmasters/crawler)"
74.7.243.130 - - [13/Mar/2026:15:23:17 +0300] "GET /wp-includes/Requests/src/Exception/Http/Status409.php HTTP/2" 500 0 "https://semigocare.co.uk.luniascouringpads.com/wp-includes/Requests/src/Exception/Http/" "Mozilla/5.0 AppleWebKit/537.36 (KHTML, like Gecko; compatible; GPTBot/1.3; +https://openai.com/gptbot)"
57.141.20.55 - - [13/Mar/2026:15:23:21 +0300] "GET /newsfeed/Shelbie-Porn HTTP/2" 404 796 "-" "meta-externalagent/1.1 (+https://developers.facebook.com/docs/sharing/webmasters/crawler)"
66.249.73.9 - - [13/Mar/2026:15:23:33 +0300] "GET /knowledge/okaykaylakayfree-Porn HTTP/1.1" 404 796 "-" "Mozilla/5.0 (Linux; Android 6.0.1; Nexus 5X Build/MMB29P) AppleWebKit/537.36 (KHTML, like Gecko) Chrome/145.0.7632.116 Mobile Safari/537.36 (compatible; Googlebot/2.1; +http://www.google.com/bot.html)"
57.141.20.43 - - [13/Mar/2026:15:24:12 +0300] "GET /newsfeed/Lexis-Porn HTTP/2" 404 796 "-" "meta-externalagent/1.1 (+https://developers.facebook.com/docs/sharing/webmasters/crawler)"
66.249.73.9 - - [13/Mar/2026:15:21:33 +0300] "GET /general/ginagalactic-Porn HTTP/1.1" 404 796 "-" "Mozilla/5.0 (Linux; Android 6.0.1; Nexus 5X Build/MMB29P) AppleWebKit/537.36 (KHTML, like Gecko) Chrome/145.0.7632.116 Mobile Safari/537.36 (compatible; Googlebot/2.1; +http://www.google.com/bot.html)"
74.7.243.234 - - [13/Mar/2026:15:21:49 +0300] "GET /wp-includes/Requests/src/Exception/Http/Status500.php HTTP/2" 500 0 "https://www.semigocare.co.uk.luniascouringpads.com/wp-includes/Requests/src/Exception/Http/" "Mozilla/5.0 AppleWebKit/537.36 (KHTML, like Gecko; compatible; GPTBot/1.3; +https://openai.com/gptbot)"
66.249.73.11 - - [13/Mar/2026:15:21:55 +0300] "GET /knowledge/paolaonly-Porn HTTP/1.1" 404 796 "-" "Mozilla/5.0 (Linux; Android 6.0.1; Nexus 5X Build/MMB29P) AppleWebKit/537.36 (KHTML, like Gecko) Chrome/145.0.7632.116 Mobile Safari/537.36 (compatible; Googlebot/2.1; +http://www.google.com/bot.html)"
57.141.20.16 - - [13/Mar/2026:15:22:11 +0300] "GET /newsfeed/Pinkyrose8-Porn HTTP/2" 404 796 "-" "meta-externalagent/1.1 (+https://developers.facebook.com/docs/sharing/webmasters/crawler)"
57.141.20.42 - - [13/Mar/2026:15:22:24 +0300] "GET /newsfeed/Momoka-Nishina-Porn HTTP/2" 404 796 "-" "meta-externalagent/1.1 (+https://developers.facebook.com/docs/sharing/webmasters/crawler)"
57.141.20.30 - - [13/Mar/2026:15:22:46 +0300] "GET /newsfeed/Muna-Bootyfrutti-Porn HTTP/2" 404 796 "-" "meta-externalagent/1.1 (+https://developers.facebook.com/docs/sharing/webmasters/crawler)"
74.7.243.234 - - [13/Mar/2026:15:22:49 +0300] "GET /wp-includes/Requests/src/Exception/Http/Status404.php HTTP/2" 500 0 "https://www.semigocare.co.uk.luniascouringpads.com/wp-includes/Requests/src/Exception/Http/" "Mozilla/5.0 AppleWebKit/537.36 (KHTML, like Gecko; compatible; GPTBot/1.3; +https://openai.com/gptbot)"
57.141.20.51 - - [13/Mar/2026:15:23:12 +0300] "GET /newsfeed/Sasaki-Kozue-JAV HTTP/2" 404 796 "-" "meta-externalagent/1.1 (+https://developers.facebook.com/docs/sharing/webmasters/crawler)"
66.249.73.9 - - [13/Mar/2026:15:23:39 +0300] "GET /general/filofficialfreee-Porn HTTP/1.1" 404 796 "-" "Mozilla/5.0 (Linux; Android 6.0.1; Nexus 5X Build/MMB29P) AppleWebKit/537.36 (KHTML, like Gecko) Chrome/145.0.7632.116 Mobile Safari/537.36 (compatible; Googlebot/2.1; +http://www.google.com/bot.html)"
74.7.243.234 - - [13/Mar/2026:15:23:50 +0300] "GET /wp-includes/Requests/src/Exception/Http/Status400.php HTTP/2" 500 0 "https://www.semigocare.co.uk.luniascouringpads.com/wp-includes/Requests/src/Exception/Http/" "Mozilla/5.0 AppleWebKit/537.36 (KHTML, like Gecko; compatible; GPTBot/1.3; +https://openai.com/gptbot)"
57.141.20.24 - - [13/Mar/2026:15:24:46 +0300] "GET /newsfeed/Orangeamere-Porn HTTP/2" 404 796 "-" "meta-externalagent/1.1 (+https://developers.facebook.com/docs/sharing/webmasters/crawler)"
57.141.20.53 - - [13/Mar/2026:15:24:50 +0300] "GET /newsfeed/Kamerafrau-Porn HTTP/2" 404 796 "-" "meta-externalagent/1.1 (+https://developers.facebook.com/docs/sharing/webmasters/crawler)"
74.7.243.234 - - [13/Mar/2026:15:24:52 +0300] "GET /wp-includes/Requests/src/Exception/Http/Status505.php HTTP/2" 500 0 "https://www.semigocare.co.uk.luniascouringpads.com/wp-includes/Requests/src/Exception/Http/" "Mozilla/5.0 AppleWebKit/537.36 (KHTML, like Gecko; compatible; GPTBot/1.3; +https://openai.com/gptbot)"
57.141.20.18 - - [13/Mar/2026:15:25:23 +0300] "GET /newsfeed/Quirapretty-Porn HTTP/2" 404 796 "-" "meta-externalagent/1.1 (+https://developers.facebook.com/docs/sharing/webmasters/crawler)"
66.249.73.10 - - [13/Mar/2026:15:25:25 +0300] "GET /general/datasianbottom-Porn HTTP/1.1" 404 796 "-" "Mozilla/5.0 (Linux; Android 6.0.1; Nexus 5X Build/MMB29P) AppleWebKit/537.36 (KHTML, like Gecko) Chrome/145.0.7632.116 Mobile Safari/537.36 (compatible; Googlebot/2.1; +http://www.google.com/bot.html)"
57.141.20.58 - - [13/Mar/2026:15:25:40 +0300] "GET /newsfeed/Renmi-Yoshioka-Porn HTTP/2" 404 796 "-" "meta-externalagent/1.1 (+https://developers.facebook.com/docs/sharing/webmasters/crawler)"
66.249.73.9 - - [13/Mar/2026:15:21:47 +0300] "GET /general/jay_mariex-Porn HTTP/1.1" 404 796 "-" "Mozilla/5.0 (Linux; Android 6.0.1; Nexus 5X Build/MMB29P) AppleWebKit/537.36 (KHTML, like Gecko) Chrome/145.0.7632.116 Mobile Safari/537.36 (compatible; Googlebot/2.1; +http://www.google.com/bot.html)"
74.7.227.61 - - [13/Mar/2026:15:22:24 +0300] "GET /wp-includes/Requests/src/Cookie/Jar.php HTTP/2" 200 0 "https://www.semigocare.co.uk/wp-includes/Requests/src/Cookie/" "Mozilla/5.0 AppleWebKit/537.36 (KHTML, like Gecko; compatible; GPTBot/1.3; +https://openai.com/gptbot)"
57.141.20.46 - - [13/Mar/2026:15:22:28 +0300] "GET /newsfeed/Kazama-Kyouko-JAV HTTP/2" 404 796 "-" "meta-externalagent/1.1 (+https://developers.facebook.com/docs/sharing/webmasters/crawler)"
66.249.73.10 - - [13/Mar/2026:15:22:46 +0300] "GET /general/doublehholly-Porn HTTP/1.1" 404 796 "-" "Mozilla/5.0 (Linux; Android 6.0.1; Nexus 5X Build/MMB29P) AppleWebKit/537.36 (KHTML, like Gecko) Chrome/145.0.7632.116 Mobile Safari/537.36 (compatible; Googlebot/2.1; +http://www.google.com/bot.html)"
57.141.20.0 - - [13/Mar/2026:15:23:08 +0300] "GET /newsfeed/Sara-Swirls-Porn HTTP/2" 404 796 "-" "meta-externalagent/1.1 (+https://developers.facebook.com/docs/sharing/webmasters/crawler)"
74.7.227.61 - - [13/Mar/2026:15:23:10 +0300] "GET /wp-includes/Text/Diff/Engine/string.php HTTP/2" 200 0 "https://www.semigocare.co.uk/wp-includes/Text/Diff/Engine/" "Mozilla/5.0 AppleWebKit/537.36 (KHTML, like Gecko; compatible; GPTBot/1.3; +https://openai.com/gptbot)"
57.141.20.31 - - [13/Mar/2026:15:23:30 +0300] "GET /wp-includes/widgets.php HTTP/2" 200 0 "-" "meta-externalagent/1.1 (+https://developers.facebook.com/docs/sharing/webmasters/crawler)"
57.141.20.51 - - [13/Mar/2026:15:23:38 +0300] "GET /newsfeed/Kishi-Annam-JAV HTTP/2" 404 796 "-" "meta-externalagent/1.1 (+https://developers.facebook.com/docs/sharing/webmasters/crawler)"
74.7.227.61 - - [13/Mar/2026:15:23:49 +0300] "GET /wp-includes/Requests/src/Auth/Basic.php HTTP/2" 500 0 "https://www.semigocare.co.uk/wp-includes/Requests/src/Auth/" "Mozilla/5.0 AppleWebKit/537.36 (KHTML, like Gecko; compatible; GPTBot/1.3; +https://openai.com/gptbot)"
57.141.20.5 - - [13/Mar/2026:15:24:08 +0300] "GET /newsfeed/Lauren-Taylor-Porn HTTP/2" 404 796 "-" "meta-externalagent/1.1 (+https://developers.facebook.com/docs/sharing/webmasters/crawler)"
66.249.73.9 - - [13/Mar/2026:15:24:11 +0300] "GET /general/katarinakonow-Porn HTTP/1.1" 404 796 "-" "Mozilla/5.0 (Linux; Android 6.0.1; Nexus 5X Build/MMB29P) AppleWebKit/537.36 (KHTML, like Gecko) Chrome/145.0.7632.116 Mobile Safari/537.36 (compatible; Googlebot/2.1; +http://www.google.com/bot.html)"
74.7.227.61 - - [13/Mar/2026:15:24:25 +0300] "GET /wp-includes/Requests/src/Proxy/Http.php HTTP/2" 500 0 "https://www.semigocare.co.uk/wp-includes/Requests/src/Proxy/" "Mozilla/5.0 AppleWebKit/537.36 (KHTML, like Gecko; compatible; GPTBot/1.3; +https://openai.com/gptbot)"
66.249.73.9 - - [13/Mar/2026:15:24:47 +0300] "GET /general/gwen_rose-Porn HTTP/1.1" 404 796 "-" "Mozilla/5.0 (Linux; Android 6.0.1; Nexus 5X Build/MMB29P) AppleWebKit/537.36 (KHTML, like Gecko) Chrome/145.0.7632.116 Mobile Safari/537.36 (compatible; Googlebot/2.1; +http://www.google.com/bot.html)"
57.141.20.15 - - [13/Mar/2026:15:24:54 +0300] "GET /newsfeed/Kara-Lady-Porn HTTP/2" 404 796 "-" "meta-externalagent/1.1 (+https://developers.facebook.com/docs/sharing/webmasters/crawler)"
57.141.20.16 - - [13/Mar/2026:15:25:03 +0300] "GET /newsfeed/Luna-Mills-Porn HTTP/2" 404 796 "-" "meta-externalagent/1.1 (+https://developers.facebook.com/docs/sharing/webmasters/crawler)"
74.7.243.130 - - [13/Mar/2026:15:25:26 +0300] "GET /wp-includes/Requests/src/Exception/Http/Status408.php HTTP/2" 500 0 "https://semigocare.co.uk.luniascouringpads.com/wp-includes/Requests/src/Exception/Http/" "Mozilla/5.0 AppleWebKit/537.36 (KHTML, like Gecko; compatible; GPTBot/1.3; +https://openai.com/gptbot)"
66.249.73.9 - - [13/Mar/2026:15:20:58 +0300] "GET /general/emmaskyeefree-Porn HTTP/1.1" 404 796 "-" "Mozilla/5.0 (Linux; Android 6.0.1; Nexus 5X Build/MMB29P) AppleWebKit/537.36 (KHTML, like Gecko) Chrome/145.0.7632.116 Mobile Safari/537.36 (compatible; Googlebot/2.1; +http://www.google.com/bot.html)"
57.141.20.6 - - [13/Mar/2026:15:21:31 +0300] "GET /newsfeed/Misaki-Miyu-JAV HTTP/2" 404 796 "-" "meta-externalagent/1.1 (+https://developers.facebook.com/docs/sharing/webmasters/crawler)"
66.249.73.10 - - [13/Mar/2026:15:22:51 +0300] "GET /knowledge/sydneyxorose-Porn HTTP/1.1" 404 796 "-" "Mozilla/5.0 (Linux; Android 6.0.1; Nexus 5X Build/MMB29P) AppleWebKit/537.36 (KHTML, like Gecko) Chrome/145.0.7632.116 Mobile Safari/537.36 (compatible; Googlebot/2.1; +http://www.google.com/bot.html)"
66.249.73.10 - - [13/Mar/2026:15:22:57 +0300] "GET /general/freesammmy-Porn HTTP/1.1" 404 796 "-" "Mozilla/5.0 (Linux; Android 6.0.1; Nexus 5X Build/MMB29P) AppleWebKit/537.36 (KHTML, like Gecko) Chrome/145.0.7632.116 Mobile Safari/537.36 (compatible; Googlebot/2.1; +http://www.google.com/bot.html)"
66.249.73.11 - - [13/Mar/2026:15:23:11 +0300] "GET /knowledge/thicccage-Porn HTTP/1.1" 404 796 "-" "Mozilla/5.0 (Linux; Android 6.0.1; Nexus 5X Build/MMB29P) AppleWebKit/537.36 (KHTML, like Gecko) Chrome/145.0.7632.116 Mobile Safari/537.36 (compatible; Googlebot/2.1; +http://www.google.com/bot.html)"
57.141.20.32 - - [13/Mar/2026:15:23:34 +0300] "GET /newsfeed/Miu-Miyazaki-Porn HTTP/2" 404 796 "-" "meta-externalagent/1.1 (+https://developers.facebook.com/docs/sharing/webmasters/crawler)"
57.141.20.24 - - [13/Mar/2026:15:23:42 +0300] "GET /newsfeed/Konami-Aya-JAV HTTP/2" 404 796 "-" "meta-externalagent/1.1 (+https://developers.facebook.com/docs/sharing/webmasters/crawler)"
57.141.20.34 - - [13/Mar/2026:15:23:47 +0300] "GET /newsfeed/Kristie-Taylor-Porn HTTP/2" 404 796 "-" "meta-externalagent/1.1 (+https://developers.facebook.com/docs/sharing/webmasters/crawler)"
57.141.20.24 - - [13/Mar/2026:15:23:55 +0300] "GET /newsfeed/Kurata-Anna-JAV HTTP/2" 404 796 "-" "meta-externalagent/1.1 (+https://developers.facebook.com/docs/sharing/webmasters/crawler)"
66.249.73.10 - - [13/Mar/2026:15:24:26 +0300] "GET /knowledge/princesstae5-Porn HTTP/1.1" 404 796 "-" "Mozilla/5.0 (Linux; Android 6.0.1; Nexus 5X Build/MMB29P) AppleWebKit/537.36 (KHTML, like Gecko) Chrome/145.0.7632.116 Mobile Safari/537.36 (compatible; Googlebot/2.1; +http://www.google.com/bot.html)"
74.7.227.61 - - [13/Mar/2026:15:25:28 +0300] "GET /wp-includes/Text/Diff/Engine/native.php HTTP/2" 200 0 "https://www.semigocare.co.uk/wp-includes/Text/Diff/Engine/" "Mozilla/5.0 AppleWebKit/537.36 (KHTML, like Gecko; compatible; GPTBot/1.3; +https://openai.com/gptbot)"
57.141.20.31 - - [13/Mar/2026:15:25:32 +0300] "GET /newsfeed/Reiner-Porn HTTP/2" 404 796 "-" "meta-externalagent/1.1 (+https://developers.facebook.com/docs/sharing/webmasters/crawler)"
57.141.20.43 - - [13/Mar/2026:15:25:36 +0300] "GET /newsfeed/Rena-Shiraishi-Porn HTTP/2" 404 796 "-" "meta-externalagent/1.1 (+https://developers.facebook.com/docs/sharing/webmasters/crawler)"
66.249.73.9 - - [13/Mar/2026:15:26:20 +0300] "GET /newsfeed/Morioka-Ririsu-JAV HTTP/1.1" 404 796 "-" "Mozilla/5.0 (Linux; Android 6.0.1; Nexus 5X Build/MMB29P) AppleWebKit/537.36 (KHTML, like Gecko) Chrome/145.0.7632.116 Mobile Safari/537.36 (compatible; Googlebot/2.1; +http://www.google.com/bot.html)"
66.249.73.9 - - [13/Mar/2026:15:26:21 +0300] "GET /insights/Hairy-Pussy-Porn HTTP/1.1" 404 796 "-" "Mozilla/5.0 (Linux; Android 6.0.1; Nexus 5X Build/MMB29P) AppleWebKit/537.36 (KHTML, like Gecko) Chrome/145.0.7632.116 Mobile Safari/537.36 (compatible; Googlebot/2.1; +http://www.google.com/bot.html)"
57.141.20.43 - - [13/Mar/2026:15:26:22 +0300] "GET /newsfeed/Sharon-Porn HTTP/2" 404 796 "-" "meta-externalagent/1.1 (+https://developers.facebook.com/docs/sharing/webmasters/crawler)"
74.7.227.22 - - [13/Mar/2026:15:22:47 +0300] "GET /wp-includes/images/media/?NA HTTP/2" 200 1257 "https://semigocare.co.uk/wp-includes/images/media/?ND" "Mozilla/5.0 AppleWebKit/537.36 (KHTML, like Gecko; compatible; GPTBot/1.3; +https://openai.com/gptbot)"
57.141.20.48 - - [13/Mar/2026:15:23:25 +0300] "GET /newsfeed/Sheryl-Riviera-Porn HTTP/2" 404 796 "-" "meta-externalagent/1.1 (+https://developers.facebook.com/docs/sharing/webmasters/crawler)"
74.7.227.22 - - [13/Mar/2026:15:23:34 +0300] "GET /wp-includes/images/media/?MD HTTP/2" 200 1268 "https://semigocare.co.uk/wp-includes/images/media/?MA" "Mozilla/5.0 AppleWebKit/537.36 (KHTML, like Gecko; compatible; GPTBot/1.3; +https://openai.com/gptbot)"
57.141.20.50 - - [13/Mar/2026:15:23:51 +0300] "GET /newsfeed/Ksal-Morningstar-Porn HTTP/2" 404 796 "-" "meta-externalagent/1.1 (+https://developers.facebook.com/docs/sharing/webmasters/crawler)"
74.7.227.22 - - [13/Mar/2026:15:24:16 +0300] "GET /wp-includes/images/media/?SD HTTP/2" 200 1247 "https://semigocare.co.uk/wp-includes/images/media/?SA" "Mozilla/5.0 AppleWebKit/537.36 (KHTML, like Gecko; compatible; GPTBot/1.3; +https://openai.com/gptbot)"
74.7.227.22 - - [13/Mar/2026:15:24:53 +0300] "GET /wp-includes/js/dist/vendor/wp-polyfill-inert.js HTTP/2" 200 6810 "https://semigocare.co.uk/wp-includes/js/dist/vendor/" "Mozilla/5.0 AppleWebKit/537.36 (KHTML, like Gecko; compatible; GPTBot/1.3; +https://openai.com/gptbot)"
57.141.20.2 - - [13/Mar/2026:15:25:07 +0300] "GET /newsfeed/Lydia-Black-Porn HTTP/2" 404 796 "-" "meta-externalagent/1.1 (+https://developers.facebook.com/docs/sharing/webmasters/crawler)"
66.249.73.9 - - [13/Mar/2026:15:25:15 +0300] "GET /knowledge/spoilprincessaurelia-Porn HTTP/1.1" 404 796 "-" "Mozilla/5.0 (Linux; Android 6.0.1; Nexus 5X Build/MMB29P) AppleWebKit/537.36 (KHTML, like Gecko) Chrome/145.0.7632.116 Mobile Safari/537.36 (compatible; Googlebot/2.1; +http://www.google.com/bot.html)"
57.141.20.56 - - [13/Mar/2026:15:25:19 +0300] "GET /newsfeed/Manami-Sasakura-JAV HTTP/2" 404 796 "-" "meta-externalagent/1.1 (+https://developers.facebook.com/docs/sharing/webmasters/crawler)"
74.7.227.22 - - [13/Mar/2026:15:25:26 +0300] "GET /wp-includes/js/tinymce/?MA HTTP/2" 200 1220 "https://semigocare.co.uk/wp-includes/js/tinymce/" "Mozilla/5.0 AppleWebKit/537.36 (KHTML, like Gecko; compatible; GPTBot/1.3; +https://openai.com/gptbot)"
66.249.73.9 - - [13/Mar/2026:15:25:33 +0300] "GET /knowledge/tommykyra-Porn HTTP/1.1" 404 796 "-" "Mozilla/5.0 (Linux; Android 6.0.1; Nexus 5X Build/MMB29P) AppleWebKit/537.36 (KHTML, like Gecko) Chrome/145.0.7632.116 Mobile Safari/537.36 (compatible; Googlebot/2.1; +http://www.google.com/bot.html)"
74.7.227.22 - - [13/Mar/2026:15:25:54 +0300] "GET /wp-includes/js/tinymce/?SA HTTP/2" 200 1227 "https://semigocare.co.uk/wp-includes/js/tinymce/" "Mozilla/5.0 AppleWebKit/537.36 (KHTML, like Gecko; compatible; GPTBot/1.3; +https://openai.com/gptbot)"
74.7.243.234 - - [13/Mar/2026:15:25:56 +0300] "GET /wp-includes/Requests/src/Exception/Http/Status504.php HTTP/2" 500 0 "https://www.semigocare.co.uk.luniascouringpads.com/wp-includes/Requests/src/Exception/Http/" "Mozilla/5.0 AppleWebKit/537.36 (KHTML, like Gecko; compatible; GPTBot/1.3; +https://openai.com/gptbot)"
66.249.73.9 - - [13/Mar/2026:15:25:58 +0300] "GET /general/humanchuo-Porn HTTP/1.1" 404 796 "-" "Mozilla/5.0 (Linux; Android 6.0.1; Nexus 5X Build/MMB29P) AppleWebKit/537.36 (KHTML, like Gecko) Chrome/145.0.7632.116 Mobile Safari/537.36 (compatible; Googlebot/2.1; +http://www.google.com/bot.html)"
