66.249.73.172 - - [13/Mar/2026:15:15:26 +0300] "GET /hiroshi.php?shop/zapping/exampled52043327030.html HTTP/1.1" 200 18025 "-" "Mozilla/5.0 (Linux; Android 6.0.1; Nexus 5X Build/MMB29P) AppleWebKit/537.36 (KHTML, like Gecko) Chrome/145.0.7632.116 Mobile Safari/537.36 (compatible; Googlebot/2.1; +http://www.google.com/bot.html)"
185.191.171.16 - - [13/Mar/2026:15:16:47 +0300] "GET /?y=2948278025 HTTP/1.1" 200 20243 "-" "Mozilla/5.0 (compatible; SemrushBot/7~bl; +http://www.semrush.com/bot.html)"
185.191.171.16 - - [13/Mar/2026:15:16:53 +0300] "GET /?s=1697058036 HTTP/1.1" 200 18063 "-" "Mozilla/5.0 (compatible; SemrushBot/7~bl; +http://www.semrush.com/bot.html)"
185.191.171.14 - - [13/Mar/2026:15:17:13 +0300] "GET /?s=1697045959 HTTP/1.1" 200 18064 "-" "Mozilla/5.0 (compatible; SemrushBot/7~bl; +http://www.semrush.com/bot.html)"
85.208.96.205 - - [13/Mar/2026:15:17:21 +0300] "GET /?s=169705793 HTTP/1.1" 200 18062 "-" "Mozilla/5.0 (compatible; SemrushBot/7~bl; +http://www.semrush.com/bot.html)"
102.212.247.146 - - [13/Mar/2026:15:14:18 +0300] "POST /wp-cron.php?doing_wp_cron=1773404058.2902119159698486328125 HTTP/1.1" 200 0 "-" "WordPress/6.9.4; https://rafikisprings.co.uk"
17.246.19.21 - - [13/Mar/2026:15:14:34 +0300] "GET /wp-content/plugins/elementor/assets/lib/font-awesome/css/all.min.css?ver=3.35.7 HTTP/1.1" 200 12839 "https://rafikisprings.co.uk/invoice/invoice/" "Mozilla/5.0 (Macintosh; Intel Mac OS X 10_15_7) AppleWebKit/605.1.15 (KHTML, like Gecko) Version/17.4 Safari/605.1.15 (Applebot/0.1; +http://www.apple.com/go/applebot)"
17.246.19.21 - - [13/Mar/2026:15:14:39 +0300] "GET /wp-content/plugins/elementor/assets/lib/eicons/css/elementor-icons.min.css?ver=5.47.0 HTTP/1.1" 200 4382 "https://rafikisprings.co.uk/invoice/invoice/" "Mozilla/5.0 (Macintosh; Intel Mac OS X 10_15_7) AppleWebKit/605.1.15 (KHTML, like Gecko) Version/17.4 Safari/605.1.15 (Applebot/0.1; +http://www.apple.com/go/applebot)"
17.246.19.21 - - [13/Mar/2026:15:14:43 +0300] "GET /wp-content/plugins/essential-addons-for-elementor-lite/assets/front-end/css/view/general.min.css?ver=6.5.13 HTTP/1.1" 200 1581 "https://rafikisprings.co.uk/invoice/invoice/" "Mozilla/5.0 (Macintosh; Intel Mac OS X 10_15_7) AppleWebKit/605.1.15 (KHTML, like Gecko) Version/17.4 Safari/605.1.15 (Applebot/0.1; +http://www.apple.com/go/applebot)"
17.246.19.21 - - [13/Mar/2026:15:14:49 +0300] "GET /wp-includes/js/jquery/jquery-migrate.min.js?ver=3.4.1 HTTP/1.1" 200 4870 "https://rafikisprings.co.uk/invoice/invoice/" "Mozilla/5.0 (Macintosh; Intel Mac OS X 10_15_7) AppleWebKit/605.1.15 (KHTML, like Gecko) Version/17.4 Safari/605.1.15 (Applebot/0.1; +http://www.apple.com/go/applebot)"
17.246.19.187 - - [13/Mar/2026:15:14:51 +0300] "GET /wp-content/plugins/coblocks/dist/js/coblocks-animation.js?ver=3.1.17 HTTP/1.1" 200 242 "https://rafikisprings.co.uk/invoice/invoice/" "Mozilla/5.0 (Macintosh; Intel Mac OS X 10_15_7) AppleWebKit/605.1.15 (KHTML, like Gecko) Version/17.4 Safari/605.1.15 (Applebot/0.1; +http://www.apple.com/go/applebot)"
17.246.19.21 - - [13/Mar/2026:15:14:53 +0300] "GET /wp-includes/js/dist/i18n.min.js?ver=c26c3dc7bed366793375 HTTP/1.1" 200 2229 "https://rafikisprings.co.uk/invoice/invoice/" "Mozilla/5.0 (Macintosh; Intel Mac OS X 10_15_7) AppleWebKit/605.1.15 (KHTML, like Gecko) Version/17.4 Safari/605.1.15 (Applebot/0.1; +http://www.apple.com/go/applebot)"
185.191.171.16 - - [13/Mar/2026:15:15:02 +0300] "GET /?s=1697031414 HTTP/1.1" 200 18057 "-" "Mozilla/5.0 (compatible; SemrushBot/7~bl; +http://www.semrush.com/bot.html)"
40.77.167.77 - - [13/Mar/2026:15:18:48 +0300] "GET /?l=40311102377 HTTP/2" 200 19029 "-" "Mozilla/5.0 AppleWebKit/537.36 (KHTML, like Gecko; compatible; bingbot/2.0; +http://www.bing.com/bingbot.htm) Chrome/116.0.1938.76 Safari/537.36"
85.208.96.209 - - [13/Mar/2026:15:19:56 +0300] "GET /?s=1697085227 HTTP/1.1" 200 18063 "-" "Mozilla/5.0 (compatible; SemrushBot/7~bl; +http://www.semrush.com/bot.html)"
40.77.167.77 - - [13/Mar/2026:15:20:59 +0300] "GET /?y=29482223520 HTTP/2" 200 19183 "-" "Mozilla/5.0 AppleWebKit/537.36 (KHTML, like Gecko; compatible; bingbot/2.0; +http://www.bing.com/bingbot.htm) Chrome/116.0.1938.76 Safari/537.36"
102.212.247.146 - - [13/Mar/2026:15:22:12 +0300] "POST /wp-cron.php?doing_wp_cron=1773404532.1357278823852539062500 HTTP/1.1" 200 0 "-" "WordPress/6.9.4; https://rafikisprings.co.uk"
104.234.53.86 - - [13/Mar/2026:15:24:10 +0300] "POST /wp-login.php HTTP/1.1" 200 9849 "-" "Mozilla/5.0"
185.191.171.2 - - [13/Mar/2026:15:24:26 +0300] "GET /?v=7198934417 HTTP/1.1" 200 20242 "-" "Mozilla/5.0 (compatible; SemrushBot/7~bl; +http://www.semrush.com/bot.html)"
66.249.73.160 - - [13/Mar/2026:15:26:22 +0300] "GET /item.php?y=29482145777 HTTP/1.1" 200 18549 "-" "Mozilla/5.0 (Linux; Android 6.0.1; Nexus 5X Build/MMB29P) AppleWebKit/537.36 (KHTML, like Gecko) Chrome/145.0.7632.116 Mobile Safari/537.36 (compatible; Googlebot/2.1; +http://www.google.com/bot.html)"
17.246.19.77 - - [13/Mar/2026:15:14:42 +0300] "GET /wp-content/plugins/metform/public/assets/css/text-editor.css?ver=4.1.3 HTTP/1.1" 200 3543 "https://rafikisprings.co.uk/invoice/invoice/" "Mozilla/5.0 (Macintosh; Intel Mac OS X 10_15_7) AppleWebKit/605.1.15 (KHTML, like Gecko) Version/17.4 Safari/605.1.15 (Applebot/0.1; +http://www.apple.com/go/applebot)"
185.191.171.13 - - [13/Mar/2026:15:14:50 +0300] "GET /?s=1697031417 HTTP/1.1" 200 18063 "-" "Mozilla/5.0 (compatible; SemrushBot/7~bl; +http://www.semrush.com/bot.html)"
17.246.23.201 - - [13/Mar/2026:15:14:56 +0300] "GET /wp-content/plugins/contact-form-7/includes/js/index.js?ver=6.1.5 HTTP/1.1" 200 4236 "https://rafikisprings.co.uk/invoice/invoice/" "Mozilla/5.0 (Macintosh; Intel Mac OS X 10_15_7) AppleWebKit/605.1.15 (KHTML, like Gecko) Version/17.4 Safari/605.1.15 (Applebot/0.1; +http://www.apple.com/go/applebot)"
17.246.15.43 - - [13/Mar/2026:15:14:57 +0300] "GET /wp-content/plugins/contact-form-7/includes/swv/js/index.js?ver=6.1.5 HTTP/1.1" 200 3523 "https://rafikisprings.co.uk/invoice/invoice/" "Mozilla/5.0 (Macintosh; Intel Mac OS X 10_15_7) AppleWebKit/605.1.15 (KHTML, like Gecko) Version/17.4 Safari/605.1.15 (Applebot/0.1; +http://www.apple.com/go/applebot)"
17.246.19.224 - - [13/Mar/2026:15:14:58 +0300] "GET /wp-includes/js/dist/script-modules/block-library/navigation/view.min.js?ver=b0f909c3ec791c383210 HTTP/1.1" 200 1160 "https://rafikisprings.co.uk/invoice/invoice/" "Mozilla/5.0 (Macintosh; Intel Mac OS X 10_15_7) AppleWebKit/605.1.15 (KHTML, like Gecko) Version/17.4 Safari/605.1.15 (Applebot/0.1; +http://www.apple.com/go/applebot)"
185.191.171.13 - - [13/Mar/2026:15:15:51 +0300] "GET /?s=1697055439 HTTP/1.1" 200 18064 "-" "Mozilla/5.0 (compatible; SemrushBot/7~bl; +http://www.semrush.com/bot.html)"
85.208.96.204 - - [13/Mar/2026:15:18:41 +0300] "GET /?v=719894481 HTTP/1.1" 200 20243 "-" "Mozilla/5.0 (compatible; SemrushBot/7~bl; +http://www.semrush.com/bot.html)"
85.208.96.197 - - [13/Mar/2026:15:18:44 +0300] "GET /?s=1697044202 HTTP/1.1" 200 18063 "-" "Mozilla/5.0 (compatible; SemrushBot/7~bl; +http://www.semrush.com/bot.html)"
85.208.96.205 - - [13/Mar/2026:15:19:16 +0300] "GET /?s=1697083055 HTTP/1.1" 200 18063 "-" "Mozilla/5.0 (compatible; SemrushBot/7~bl; +http://www.semrush.com/bot.html)"
85.208.96.197 - - [13/Mar/2026:15:20:52 +0300] "GET /?s=1697057614 HTTP/1.1" 200 18063 "-" "Mozilla/5.0 (compatible; SemrushBot/7~bl; +http://www.semrush.com/bot.html)"
40.77.167.131 - - [13/Mar/2026:15:20:54 +0300] "GET /?r=80461101178 HTTP/2" 200 17224 "-" "Mozilla/5.0 AppleWebKit/537.36 (KHTML, like Gecko; compatible; bingbot/2.0; +http://www.bing.com/bingbot.htm) Chrome/116.0.1938.76 Safari/537.36"
185.191.171.6 - - [13/Mar/2026:15:21:15 +0300] "GET /?s=1697052100 HTTP/1.1" 200 18063 "-" "Mozilla/5.0 (compatible; SemrushBot/7~bl; +http://www.semrush.com/bot.html)"
52.167.144.183 - - [13/Mar/2026:15:21:41 +0300] "GET /?v=71989125060 HTTP/2" 200 17661 "-" "Mozilla/5.0 AppleWebKit/537.36 (KHTML, like Gecko; compatible; bingbot/2.0; +http://www.bing.com/bingbot.htm) Chrome/116.0.1938.76 Safari/537.36"
185.191.171.17 - - [13/Mar/2026:15:22:16 +0300] "GET /?s=1697064665 HTTP/1.1" 200 18064 "-" "Mozilla/5.0 (compatible; SemrushBot/7~bl; +http://www.semrush.com/bot.html)"
102.212.247.146 - - [13/Mar/2026:15:23:06 +0300] "POST /wp-cron.php?doing_wp_cron=1773404586.4525699615478515625000 HTTP/1.1" 200 0 "-" "WordPress/6.9.4; https://rafikisprings.co.uk"
104.234.53.48 - - [13/Mar/2026:15:24:10 +0300] "POST /wp-login.php HTTP/1.1" 200 9853 "-" "Mozilla/5.0"
102.212.247.146 - - [13/Mar/2026:15:26:43 +0300] "POST /wp-cron.php?doing_wp_cron=1773404803.8136949539184570312500 HTTP/1.1" 200 0 "-" "WordPress/6.9.4; https://rafikisprings.co.uk"
185.191.171.17 - - [13/Mar/2026:15:27:44 +0300] "GET /?y=2948213165 HTTP/1.1" 200 20242 "-" "Mozilla/5.0 (compatible; SemrushBot/7~bl; +http://www.semrush.com/bot.html)"
17.246.19.138 - - [13/Mar/2026:15:14:41 +0300] "GET /wp-content/plugins/elementor/assets/lib/font-awesome/css/v4-shims.min.css?ver=3.35.7 HTTP/1.1" 200 4189 "https://rafikisprings.co.uk/invoice/invoice/" "Mozilla/5.0 (Macintosh; Intel Mac OS X 10_15_7) AppleWebKit/605.1.15 (KHTML, like Gecko) Version/17.4 Safari/605.1.15 (Applebot/0.1; +http://www.apple.com/go/applebot)"
17.246.19.138 - - [13/Mar/2026:15:14:46 +0300] "GET /wp-content/plugins/elementor/assets/lib/font-awesome/js/v4-shims.min.js?ver=3.35.7 HTTP/1.1" 200 4169 "https://rafikisprings.co.uk/invoice/invoice/" "Mozilla/5.0 (Macintosh; Intel Mac OS X 10_15_7) AppleWebKit/605.1.15 (KHTML, like Gecko) Version/17.4 Safari/605.1.15 (Applebot/0.1; +http://www.apple.com/go/applebot)"
17.246.19.27 - - [13/Mar/2026:15:14:49 +0300] "GET /wp-content/plugins/metform/public/assets/lib/cute-alert/style.css?ver=4.1.3 HTTP/1.1" 200 1221 "https://rafikisprings.co.uk/invoice/invoice/" "Mozilla/5.0 (Macintosh; Intel Mac OS X 10_15_7) AppleWebKit/605.1.15 (KHTML, like Gecko) Version/17.4 Safari/605.1.15 (Applebot/0.1; +http://www.apple.com/go/applebot)"
102.212.247.146 - - [13/Mar/2026:15:14:52 +0300] "POST /wp-cron.php?doing_wp_cron=1773404092.6346309185028076171875 HTTP/1.1" 200 0 "-" "WordPress/6.9.4; https://rafikisprings.co.uk"
85.208.96.209 - - [13/Mar/2026:15:15:05 +0300] "GET /?y=2948293383 HTTP/1.1" 200 20242 "-" "Mozilla/5.0 (compatible; SemrushBot/7~bl; +http://www.semrush.com/bot.html)"
185.191.171.19 - - [13/Mar/2026:15:15:19 +0300] "GET /?s=1697033854 HTTP/1.1" 200 18064 "-" "Mozilla/5.0 (compatible; SemrushBot/7~bl; +http://www.semrush.com/bot.html)"
52.167.144.24 - - [13/Mar/2026:15:15:42 +0300] "GET /?y=29482116396 HTTP/2" 200 18199 "-" "Mozilla/5.0 AppleWebKit/537.36 (KHTML, like Gecko; compatible; bingbot/2.0; +http://www.bing.com/bingbot.htm) Chrome/116.0.1938.76 Safari/537.36"
185.191.171.16 - - [13/Mar/2026:15:17:49 +0300] "GET /?y=2948226626 HTTP/1.1" 200 20242 "-" "Mozilla/5.0 (compatible; SemrushBot/7~bl; +http://www.semrush.com/bot.html)"
85.208.96.196 - - [13/Mar/2026:15:18:07 +0300] "GET /?y=294828458 HTTP/1.1" 200 20243 "-" "Mozilla/5.0 (compatible; SemrushBot/7~bl; +http://www.semrush.com/bot.html)"
85.208.96.197 - - [13/Mar/2026:15:18:14 +0300] "GET /?s=1697053123 HTTP/1.1" 200 18063 "-" "Mozilla/5.0 (compatible; SemrushBot/7~bl; +http://www.semrush.com/bot.html)"
102.212.247.146 - - [13/Mar/2026:15:19:08 +0300] "POST /wp-cron.php?doing_wp_cron=1773404348.2081620693206787109375 HTTP/1.1" 200 0 "-" "WordPress/6.9.4; https://rafikisprings.co.uk"
185.191.171.6 - - [13/Mar/2026:15:20:34 +0300] "GET /?s=1697024643 HTTP/1.1" 200 18063 "-" "Mozilla/5.0 (compatible; SemrushBot/7~bl; +http://www.semrush.com/bot.html)"
185.191.171.8 - - [13/Mar/2026:15:21:35 +0300] "GET /?s=1697022254 HTTP/1.1" 200 18063 "-" "Mozilla/5.0 (compatible; SemrushBot/7~bl; +http://www.semrush.com/bot.html)"
85.208.96.202 - - [13/Mar/2026:15:24:57 +0300] "GET /?s=1697079057 HTTP/1.1" 200 18064 "-" "Mozilla/5.0 (compatible; SemrushBot/7~bl; +http://www.semrush.com/bot.html)"
185.191.171.12 - - [13/Mar/2026:15:25:19 +0300] "GET /?s=1697072280 HTTP/1.1" 200 18063 "-" "Mozilla/5.0 (compatible; SemrushBot/7~bl; +http://www.semrush.com/bot.html)"
66.249.73.172 - - [13/Mar/2026:15:26:32 +0300] "GET /hiroshi.php?shop/cellule/malvales19784169369.html HTTP/1.1" 200 18857 "-" "Mozilla/5.0 (Linux; Android 6.0.1; Nexus 5X Build/MMB29P) AppleWebKit/537.36 (KHTML, like Gecko) Chrome/145.0.7632.116 Mobile Safari/537.36 (compatible; Googlebot/2.1; +http://www.google.com/bot.html)"
66.249.73.172 - - [13/Mar/2026:15:26:32 +0300] "GET /item.php?shop/pathogens/convene3533827797.html HTTP/1.1" 200 18455 "-" "Mozilla/5.0 (Linux; Android 6.0.1; Nexus 5X Build/MMB29P) AppleWebKit/537.36 (KHTML, like Gecko) Chrome/145.0.7632.116 Mobile Safari/537.36 (compatible; Googlebot/2.1; +http://www.google.com/bot.html)"
85.208.96.193 - - [13/Mar/2026:15:26:46 +0300] "GET /?s=1697071537 HTTP/1.1" 200 18063 "-" "Mozilla/5.0 (compatible; SemrushBot/7~bl; +http://www.semrush.com/bot.html)"
17.246.23.42 - - [13/Mar/2026:15:14:36 +0300] "GET /wp-content/plugins/jeg-elementor-kit/assets/css/elements/main.css?ver=3.0.3 HTTP/1.1" 200 25073 "https://rafikisprings.co.uk/invoice/invoice/" "Mozilla/5.0 (Macintosh; Intel Mac OS X 10_15_7) AppleWebKit/605.1.15 (KHTML, like Gecko) Version/17.4 Safari/605.1.15 (Applebot/0.1; +http://www.apple.com/go/applebot)"
17.246.23.42 - - [13/Mar/2026:15:14:40 +0300] "GET /wp-content/plugins/elementor/assets/css/frontend.min.css?ver=3.35.7 HTTP/1.1" 200 7269 "https://rafikisprings.co.uk/invoice/invoice/" "Mozilla/5.0 (Macintosh; Intel Mac OS X 10_15_7) AppleWebKit/605.1.15 (KHTML, like Gecko) Version/17.4 Safari/605.1.15 (Applebot/0.1; +http://www.apple.com/go/applebot)"
17.246.23.42 - - [13/Mar/2026:15:14:44 +0300] "GET /wp-content/uploads/elementor/google-fonts/css/dmsans.css?ver=1746717040 HTTP/1.1" 200 693 "https://rafikisprings.co.uk/invoice/invoice/" "Mozilla/5.0 (Macintosh; Intel Mac OS X 10_15_7) AppleWebKit/605.1.15 (KHTML, like Gecko) Version/17.4 Safari/605.1.15 (Applebot/0.1; +http://www.apple.com/go/applebot)"
52.167.144.24 - - [13/Mar/2026:15:14:43 +0300] "GET /?r=80461123797 HTTP/2" 200 17224 "-" "Mozilla/5.0 AppleWebKit/537.36 (KHTML, like Gecko; compatible; bingbot/2.0; +http://www.bing.com/bingbot.htm) Chrome/116.0.1938.76 Safari/537.36"
17.246.15.209 - - [13/Mar/2026:15:15:00 +0300] "GET /wp-includes/js/wp-emoji-release.min.js?ver=6.9.4 HTTP/1.1" 200 5385 "https://rafikisprings.co.uk/invoice/invoice/" "Mozilla/5.0 (Macintosh; Intel Mac OS X 10_15_7) AppleWebKit/605.1.15 (KHTML, like Gecko) Version/17.4 Safari/605.1.15 (Applebot/0.1; +http://www.apple.com/go/applebot)"
85.208.96.204 - - [13/Mar/2026:15:14:59 +0300] "GET /?v=7198942602 HTTP/1.1" 200 20243 "-" "Mozilla/5.0 (compatible; SemrushBot/7~bl; +http://www.semrush.com/bot.html)"
102.212.247.146 - - [13/Mar/2026:15:16:49 +0300] "POST /wp-cron.php?doing_wp_cron=1773404209.9363539218902587890625 HTTP/1.1" 200 0 "-" "WordPress/6.9.4; https://rafikisprings.co.uk"
85.208.96.204 - - [13/Mar/2026:15:17:30 +0300] "GET /?y=2948256282 HTTP/1.1" 200 20242 "-" "Mozilla/5.0 (compatible; SemrushBot/7~bl; +http://www.semrush.com/bot.html)"
104.234.53.88 - - [13/Mar/2026:15:18:26 +0300] "POST /wp-login.php HTTP/1.1" 200 9853 "-" "Mozilla/5.0"
185.191.171.8 - - [13/Mar/2026:15:19:06 +0300] "GET /?a=34944695 HTTP/1.1" 200 20242 "-" "Mozilla/5.0 (compatible; SemrushBot/7~bl; +http://www.semrush.com/bot.html)"
185.191.171.6 - - [13/Mar/2026:15:19:12 +0300] "GET /?d=279273688 HTTP/1.1" 200 20243 "-" "Mozilla/5.0 (compatible; SemrushBot/7~bl; +http://www.semrush.com/bot.html)"
85.208.96.208 - - [13/Mar/2026:15:22:30 +0300] "GET /?s=1697047092 HTTP/1.1" 200 18063 "-" "Mozilla/5.0 (compatible; SemrushBot/7~bl; +http://www.semrush.com/bot.html)"
185.191.171.1 - - [13/Mar/2026:15:23:05 +0300] "GET /?s=1697071824 HTTP/1.1" 200 18063 "-" "Mozilla/5.0 (compatible; SemrushBot/7~bl; +http://www.semrush.com/bot.html)"
185.191.171.7 - - [13/Mar/2026:15:23:07 +0300] "GET /?v=7198968079 HTTP/1.1" 200 20242 "-" "Mozilla/5.0 (compatible; SemrushBot/7~bl; +http://www.semrush.com/bot.html)"
185.191.171.7 - - [13/Mar/2026:15:23:11 +0300] "GET /?s=1697041516 HTTP/1.1" 200 18063 "-" "Mozilla/5.0 (compatible; SemrushBot/7~bl; +http://www.semrush.com/bot.html)"
102.212.247.146 - - [13/Mar/2026:15:23:23 +0300] "POST /wp-cron.php?doing_wp_cron=1773404603.4296638965606689453125 HTTP/1.1" 200 0 "-" "WordPress/6.9.4; https://rafikisprings.co.uk"
185.191.171.13 - - [13/Mar/2026:15:25:36 +0300] "GET /?s=1697027466 HTTP/1.1" 200 18063 "-" "Mozilla/5.0 (compatible; SemrushBot/7~bl; +http://www.semrush.com/bot.html)"
66.249.73.160 - - [13/Mar/2026:15:27:55 +0300] "GET /?l=4031141639 HTTP/1.1" 200 19058 "-" "Mozilla/5.0 (Linux; Android 6.0.1; Nexus 5X Build/MMB29P) AppleWebKit/537.36 (KHTML, like Gecko) Chrome/145.0.7632.116 Mobile Safari/537.36 (compatible; GoogleOther)"
102.212.247.146 - - [13/Mar/2026:15:27:57 +0300] "POST /wp-cron.php?doing_wp_cron=1773404877.1577970981597900390625 HTTP/1.1" 200 0 "-" "WordPress/6.9.4; https://rafikisprings.co.uk"
185.191.171.10 - - [13/Mar/2026:15:29:10 +0300] "GET /?s=1697074710 HTTP/1.1" 200 18063 "-" "Mozilla/5.0 (compatible; SemrushBot/7~bl; +http://www.semrush.com/bot.html)"
85.208.96.209 - - [13/Mar/2026:15:29:53 +0300] "GET /?v=7198961188 HTTP/1.1" 200 20242 "-" "Mozilla/5.0 (compatible; SemrushBot/7~bl; +http://www.semrush.com/bot.html)"
104.234.53.91 - - [13/Mar/2026:15:29:58 +0300] "POST /wp-login.php HTTP/1.1" 200 9853 "-" "Mozilla/5.0"
66.249.73.160 - - [13/Mar/2026:15:30:29 +0300] "GET /_next/static/media/seloProconIcon.855d98cc.svg HTTP/1.1" 200 17769 "https://rafikisprings.co.uk/item.php?shop/bugaboo/increases15178118796.html" "Mozilla/5.0 (Linux; Android 6.0.1; Nexus 5X Build/MMB29P) AppleWebKit/537.36 (KHTML, like Gecko) Chrome/145.0.7632.116 Mobile Safari/537.36 (compatible; Googlebot/2.1; +http://www.google.com/bot.html)"
66.249.73.160 - - [13/Mar/2026:15:30:30 +0300] "GET /_next/static/media/youtubeIcon.41f0f8eb.svg HTTP/1.1" 200 18512 "https://rafikisprings.co.uk/item.php?shop/bugaboo/increases15178118796.html" "Mozilla/5.0 (Linux; Android 6.0.1; Nexus 5X Build/MMB29P) AppleWebKit/537.36 (KHTML, like Gecko) Chrome/145.0.7632.116 Mobile Safari/537.36 (compatible; Googlebot/2.1; +http://www.google.com/bot.html)"
102.212.247.146 - - [13/Mar/2026:15:30:49 +0300] "POST /wp-cron.php?doing_wp_cron=1773405049.0487229824066162109375 HTTP/1.1" 200 0 "-" "WordPress/6.9.4; https://rafikisprings.co.uk"
85.208.96.200 - - [13/Mar/2026:15:30:47 +0300] "GET /?s=1697037769 HTTP/1.1" 200 18064 "-" "Mozilla/5.0 (compatible; SemrushBot/7~bl; +http://www.semrush.com/bot.html)"
85.208.96.199 - - [13/Mar/2026:15:29:08 +0300] "GET /?s=1697032298 HTTP/1.1" 200 18063 "-" "Mozilla/5.0 (compatible; SemrushBot/7~bl; +http://www.semrush.com/bot.html)"
66.249.73.172 - - [13/Mar/2026:15:29:37 +0300] "GET /_next/static/media/facebookIcon.86d8823e.svg HTTP/1.1" 200 16982 "https://rafikisprings.co.uk/hiroshi.php?shop/prophetry/choralist6888888520.html" "Mozilla/5.0 (Linux; Android 6.0.1; Nexus 5X Build/MMB29P) AppleWebKit/537.36 (KHTML, like Gecko) Chrome/145.0.7632.116 Mobile Safari/537.36 (compatible; Googlebot/2.1; +http://www.google.com/bot.html)"
66.249.73.172 - - [13/Mar/2026:15:30:28 +0300] "GET /_next/static/media/greyHamburguerIcon.54572277.svg HTTP/1.1" 200 18090 "https://rafikisprings.co.uk/item.php?shop/bugaboo/increases15178118796.html" "Mozilla/5.0 (Linux; Android 6.0.1; Nexus 5X Build/MMB29P) AppleWebKit/537.36 (KHTML, like Gecko) Chrome/145.0.7632.116 Mobile Safari/537.36 (compatible; Googlebot/2.1; +http://www.google.com/bot.html)"
102.212.247.146 - - [13/Mar/2026:15:19:57 +0300] "POST /wp-cron.php?doing_wp_cron=1773404397.8614890575408935546875 HTTP/1.1" 200 0 "-" "WordPress/6.9.4; https://rafikisprings.co.uk"
185.191.171.5 - - [13/Mar/2026:15:22:41 +0300] "GET /?s=1697034631 HTTP/1.1" 200 18063 "-" "Mozilla/5.0 (compatible; SemrushBot/7~bl; +http://www.semrush.com/bot.html)"
85.208.96.212 - - [13/Mar/2026:15:23:22 +0300] "GET /?s=1697079898 HTTP/1.1" 200 18064 "-" "Mozilla/5.0 (compatible; SemrushBot/7~bl; +http://www.semrush.com/bot.html)"
102.212.247.146 - - [13/Mar/2026:15:23:55 +0300] "POST /wp-cron.php?doing_wp_cron=1773404635.2810239791870117187500 HTTP/1.1" 200 0 "-" "WordPress/6.9.4; https://rafikisprings.co.uk"
85.208.96.212 - - [13/Mar/2026:15:27:10 +0300] "GET /?s=1697067848 HTTP/1.1" 200 18064 "-" "Mozilla/5.0 (compatible; SemrushBot/7~bl; +http://www.semrush.com/bot.html)"
185.191.171.19 - - [13/Mar/2026:15:27:12 +0300] "GET /?s=1697077587 HTTP/1.1" 200 18064 "-" "Mozilla/5.0 (compatible; SemrushBot/7~bl; +http://www.semrush.com/bot.html)"
85.208.96.197 - - [13/Mar/2026:15:27:15 +0300] "GET /?s=1697037346 HTTP/1.1" 200 18064 "-" "Mozilla/5.0 (compatible; SemrushBot/7~bl; +http://www.semrush.com/bot.html)"
85.208.96.210 - - [13/Mar/2026:15:27:17 +0300] "GET /?s=1697053849 HTTP/1.1" 200 18064 "-" "Mozilla/5.0 (compatible; SemrushBot/7~bl; +http://www.semrush.com/bot.html)"
185.191.171.2 - - [13/Mar/2026:15:30:05 +0300] "GET /?s=1697029254 HTTP/1.1" 200 18063 "-" "Mozilla/5.0 (compatible; SemrushBot/7~bl; +http://www.semrush.com/bot.html)"
85.208.96.202 - - [13/Mar/2026:15:14:24 +0300] "GET /?s=1697048256 HTTP/1.1" 200 18063 "-" "Mozilla/5.0 (compatible; SemrushBot/7~bl; +http://www.semrush.com/bot.html)"
185.191.171.15 - - [13/Mar/2026:15:15:09 +0300] "GET /?s=1697023624 HTTP/1.1" 200 18063 "-" "Mozilla/5.0 (compatible; SemrushBot/7~bl; +http://www.semrush.com/bot.html)"
85.208.96.202 - - [13/Mar/2026:15:16:44 +0300] "GET /robots.txt HTTP/1.1" 200 114 "-" "Mozilla/5.0 (compatible; SemrushBot/7~bl; +http://www.semrush.com/bot.html)"
185.191.171.17 - - [13/Mar/2026:15:17:41 +0300] "GET /?s=1697071387 HTTP/1.1" 200 18063 "-" "Mozilla/5.0 (compatible; SemrushBot/7~bl; +http://www.semrush.com/bot.html)"
104.234.53.63 - - [13/Mar/2026:15:18:26 +0300] "POST /wp-login.php HTTP/1.1" 200 9849 "-" "Mozilla/5.0"
52.167.144.24 - - [13/Mar/2026:15:18:31 +0300] "GET /?y=2948214185 HTTP/2" 200 18457 "-" "Mozilla/5.0 AppleWebKit/537.36 (KHTML, like Gecko; compatible; bingbot/2.0; +http://www.bing.com/bingbot.htm) Chrome/116.0.1938.76 Safari/537.36"
85.208.96.202 - - [13/Mar/2026:15:20:21 +0300] "GET /?s=1697093582 HTTP/1.1" 200 18064 "-" "Mozilla/5.0 (compatible; SemrushBot/7~bl; +http://www.semrush.com/bot.html)"
185.191.171.4 - - [13/Mar/2026:15:21:38 +0300] "GET /?v=7198918484 HTTP/1.1" 200 20243 "-" "Mozilla/5.0 (compatible; SemrushBot/7~bl; +http://www.semrush.com/bot.html)"
185.191.171.1 - - [13/Mar/2026:15:22:10 +0300] "GET /?s=1697029543 HTTP/1.1" 200 18064 "-" "Mozilla/5.0 (compatible; SemrushBot/7~bl; +http://www.semrush.com/bot.html)"
185.191.171.11 - - [13/Mar/2026:15:23:25 +0300] "GET /?s=1697032230 HTTP/1.1" 200 18063 "-" "Mozilla/5.0 (compatible; SemrushBot/7~bl; +http://www.semrush.com/bot.html)"
51.195.215.166 - - [13/Mar/2026:15:23:53 +0300] "GET /reserve/tool/ HTTP/2" 404 15460 "-" "Mozilla/5.0 (compatible; AhrefsBot/7.0; +http://ahrefs.com/robot/)"
102.212.247.146 - - [13/Mar/2026:15:24:58 +0300] "POST /wp-cron.php?doing_wp_cron=1773404698.8267180919647216796875 HTTP/1.1" 200 0 "-" "WordPress/6.9.4; https://rafikisprings.co.uk"
85.208.96.208 - - [13/Mar/2026:15:25:45 +0300] "GET /?v=7198953242 HTTP/1.1" 200 20243 "-" "Mozilla/5.0 (compatible; SemrushBot/7~bl; +http://www.semrush.com/bot.html)"
185.191.171.12 - - [13/Mar/2026:15:26:42 +0300] "GET /?s=1697058216 HTTP/1.1" 200 18063 "-" "Mozilla/5.0 (compatible; SemrushBot/7~bl; +http://www.semrush.com/bot.html)"
102.212.247.146 - - [13/Mar/2026:15:27:05 +0300] "POST /wp-cron.php?doing_wp_cron=1773404825.0531449317932128906250 HTTP/1.1" 200 0 "-" "WordPress/6.9.4; https://rafikisprings.co.uk"
185.191.171.14 - - [13/Mar/2026:15:27:03 +0300] "GET /?s=1697059457 HTTP/1.1" 200 18064 "-" "Mozilla/5.0 (compatible; SemrushBot/7~bl; +http://www.semrush.com/bot.html)"
85.208.96.210 - - [13/Mar/2026:15:28:41 +0300] "GET /?y=2948241938 HTTP/1.1" 200 20243 "-" "Mozilla/5.0 (compatible; SemrushBot/7~bl; +http://www.semrush.com/bot.html)"
66.249.73.160 - - [13/Mar/2026:15:29:26 +0300] "GET /hiroshi.php?shop/prophetry/choralist6888888520.html HTTP/1.1" 200 17860 "-" "Mozilla/5.0 (Linux; Android 6.0.1; Nexus 5X Build/MMB29P) AppleWebKit/537.36 (KHTML, like Gecko) Chrome/145.0.7632.116 Mobile Safari/537.36 (compatible; Googlebot/2.1; +http://www.google.com/bot.html)"
66.249.73.160 - - [13/Mar/2026:15:29:29 +0300] "GET /item.php?shop/pressurized/palpatine73010144107.html HTTP/1.1" 200 18504 "-" "Mozilla/5.0 (Linux; Android 6.0.1; Nexus 5X Build/MMB29P) AppleWebKit/537.36 (KHTML, like Gecko) Chrome/145.0.7632.116 Mobile Safari/537.36 (compatible; Googlebot/2.1; +http://www.google.com/bot.html)"
52.167.144.24 - - [13/Mar/2026:15:13:43 +0300] "GET /?r=80461120249 HTTP/2" 200 17223 "-" "Mozilla/5.0 AppleWebKit/537.36 (KHTML, like Gecko; compatible; bingbot/2.0; +http://www.bing.com/bingbot.htm) Chrome/116.0.1938.76 Safari/537.36"
40.77.167.247 - - [13/Mar/2026:15:14:16 +0300] "GET /?r=36339245581 HTTP/2" 200 17224 "-" "Mozilla/5.0 AppleWebKit/537.36 (KHTML, like Gecko; compatible; bingbot/2.0; +http://www.bing.com/bingbot.htm) Chrome/116.0.1938.76 Safari/537.36"
40.77.167.247 - - [13/Mar/2026:15:14:18 +0300] "GET /?y=29482148980 HTTP/2" 200 18443 "-" "Mozilla/5.0 AppleWebKit/537.36 (KHTML, like Gecko; compatible; bingbot/2.0; +http://www.bing.com/bingbot.htm) Chrome/116.0.1938.76 Safari/537.36"
17.246.19.102 - - [13/Mar/2026:15:14:59 +0300] "GET /wp-includes/js/dist/script-modules/interactivity/index.min.js?ver=66c613f68580994bb00a HTTP/1.1" 200 15018 "https://rafikisprings.co.uk/invoice/invoice/" "Mozilla/5.0 (Macintosh; Intel Mac OS X 10_15_7) AppleWebKit/605.1.15 (KHTML, like Gecko) Version/17.4 Safari/605.1.15 (Applebot/0.1; +http://www.apple.com/go/applebot)"
185.191.171.13 - - [13/Mar/2026:15:15:13 +0300] "GET /?s=1697098153 HTTP/1.1" 200 18064 "-" "Mozilla/5.0 (compatible; SemrushBot/7~bl; +http://www.semrush.com/bot.html)"
85.208.96.202 - - [13/Mar/2026:15:16:57 +0300] "GET /?s=1697027763 HTTP/1.1" 200 18063 "-" "Mozilla/5.0 (compatible; SemrushBot/7~bl; +http://www.semrush.com/bot.html)"
52.167.144.183 - - [13/Mar/2026:15:17:24 +0300] "GET /?l=4031151690 HTTP/2" 200 18592 "-" "Mozilla/5.0 AppleWebKit/537.36 (KHTML, like Gecko; compatible; bingbot/2.0; +http://www.bing.com/bingbot.htm) Chrome/116.0.1938.76 Safari/537.36"
102.212.247.146 - - [13/Mar/2026:15:17:50 +0300] "POST /wp-cron.php?doing_wp_cron=1773404270.8199269771575927734375 HTTP/1.1" 200 0 "-" "WordPress/6.9.4; https://rafikisprings.co.uk"
85.208.96.204 - - [13/Mar/2026:15:18:22 +0300] "GET /?v=7198953743 HTTP/1.1" 200 20243 "-" "Mozilla/5.0 (compatible; SemrushBot/7~bl; +http://www.semrush.com/bot.html)"
85.208.96.206 - - [13/Mar/2026:15:18:31 +0300] "GET /?d=279272898 HTTP/1.1" 200 20243 "-" "Mozilla/5.0 (compatible; SemrushBot/7~bl; +http://www.semrush.com/bot.html)"
85.208.96.204 - - [13/Mar/2026:15:19:09 +0300] "GET /?v=7198960742 HTTP/1.1" 200 20243 "-" "Mozilla/5.0 (compatible; SemrushBot/7~bl; +http://www.semrush.com/bot.html)"
185.191.171.15 - - [13/Mar/2026:15:19:19 +0300] "GET /?v=7198918659 HTTP/1.1" 200 20243 "-" "Mozilla/5.0 (compatible; SemrushBot/7~bl; +http://www.semrush.com/bot.html)"
40.77.167.77 - - [13/Mar/2026:15:20:09 +0300] "GET /?y=29482154086 HTTP/2" 200 17914 "-" "Mozilla/5.0 AppleWebKit/537.36 (KHTML, like Gecko; compatible; bingbot/2.0; +http://www.bing.com/bingbot.htm) Chrome/116.0.1938.76 Safari/537.36"
102.212.247.146 - - [13/Mar/2026:15:20:53 +0300] "POST /wp-cron.php?doing_wp_cron=1773404453.4269950389862060546875 HTTP/1.1" 200 0 "-" "WordPress/6.9.4; https://rafikisprings.co.uk"
185.191.171.16 - - [13/Mar/2026:15:25:23 +0300] "GET /?s=1697049218 HTTP/1.1" 200 18063 "-" "Mozilla/5.0 (compatible; SemrushBot/7~bl; +http://www.semrush.com/bot.html)"
185.191.171.8 - - [13/Mar/2026:15:25:26 +0300] "GET /?y=2948234510 HTTP/1.1" 200 20242 "-" "Mozilla/5.0 (compatible; SemrushBot/7~bl; +http://www.semrush.com/bot.html)"
102.212.247.146 - - [13/Mar/2026:15:29:00 +0300] "POST /wp-cron.php?doing_wp_cron=1773404940.7610559463500976562500 HTTP/1.1" 200 0 "-" "WordPress/6.9.4; https://rafikisprings.co.uk"
102.212.247.146 - - [13/Mar/2026:15:29:54 +0300] "POST /wp-cron.php?doing_wp_cron=1773404994.5634748935699462890625 HTTP/1.1" 200 0 "-" "WordPress/6.9.4; https://rafikisprings.co.uk"
66.249.73.172 - - [13/Mar/2026:15:30:23 +0300] "GET /item.php?shop/bugaboo/increases15178118796.html HTTP/1.1" 200 18026 "-" "Mozilla/5.0 (Linux; Android 6.0.1; Nexus 5X Build/MMB29P) AppleWebKit/537.36 (KHTML, like Gecko) Chrome/145.0.7632.116 Mobile Safari/537.36 (compatible; Googlebot/2.1; +http://www.google.com/bot.html)"
40.77.167.77 - - [13/Mar/2026:15:14:08 +0300] "GET /?r=80461181714 HTTP/2" 200 18778 "-" "Mozilla/5.0 AppleWebKit/537.36 (KHTML, like Gecko; compatible; bingbot/2.0; +http://www.bing.com/bingbot.htm) Chrome/116.0.1938.76 Safari/537.36"
85.208.96.208 - - [13/Mar/2026:15:14:21 +0300] "GET /?r=363395176 HTTP/1.1" 200 20243 "-" "Mozilla/5.0 (compatible; SemrushBot/7~bl; +http://www.semrush.com/bot.html)"
185.191.171.5 - - [13/Mar/2026:15:14:27 +0300] "GET /?s=1697043745 HTTP/1.1" 200 18064 "-" "Mozilla/5.0 (compatible; SemrushBot/7~bl; +http://www.semrush.com/bot.html)"
102.212.247.146 - - [13/Mar/2026:15:15:54 +0300] "POST /wp-cron.php?doing_wp_cron=1773404154.1246879100799560546875 HTTP/1.1" 200 0 "-" "WordPress/6.9.4; https://rafikisprings.co.uk"
40.77.167.77 - - [13/Mar/2026:15:18:19 +0300] "GET /?v=7198994649 HTTP/2" 200 18911 "-" "Mozilla/5.0 AppleWebKit/537.36 (KHTML, like Gecko; compatible; bingbot/2.0; +http://www.bing.com/bingbot.htm) Chrome/116.0.1938.76 Safari/537.36"
185.191.171.15 - - [13/Mar/2026:15:21:21 +0300] "GET /?s=1697045788 HTTP/1.1" 200 18064 "-" "Mozilla/5.0 (compatible; SemrushBot/7~bl; +http://www.semrush.com/bot.html)"
185.191.171.8 - - [13/Mar/2026:15:21:31 +0300] "GET /?s=1697074287 HTTP/1.1" 200 18063 "-" "Mozilla/5.0 (compatible; SemrushBot/7~bl; +http://www.semrush.com/bot.html)"
85.208.96.197 - - [13/Mar/2026:15:23:31 +0300] "GET /?y=2948288608 HTTP/1.1" 200 20243 "-" "Mozilla/5.0 (compatible; SemrushBot/7~bl; +http://www.semrush.com/bot.html)"
85.208.96.201 - - [13/Mar/2026:15:25:08 +0300] "GET /?s=1697035212 HTTP/1.1" 200 18063 "-" "Mozilla/5.0 (compatible; SemrushBot/7~bl; +http://www.semrush.com/bot.html)"
185.191.171.17 - - [13/Mar/2026:15:25:40 +0300] "GET /?s=1697036109 HTTP/1.1" 200 18063 "-" "Mozilla/5.0 (compatible; SemrushBot/7~bl; +http://www.semrush.com/bot.html)"
185.191.171.15 - - [13/Mar/2026:15:25:42 +0300] "GET /?y=2948278394 HTTP/1.1" 200 20243 "-" "Mozilla/5.0 (compatible; SemrushBot/7~bl; +http://www.semrush.com/bot.html)"
66.249.73.160 - - [13/Mar/2026:15:26:07 +0300] "GET /?m=39454373724 HTTP/1.1" 200 19180 "-" "Mozilla/5.0 (Linux; Android 6.0.1; Nexus 5X Build/MMB29P) AppleWebKit/537.36 (KHTML, like Gecko) Chrome/145.0.7632.116 Mobile Safari/537.36 (compatible; GoogleOther)"
66.249.73.160 - - [13/Mar/2026:15:28:01 +0300] "GET /_next/static/media/storeLoginIcon.0af75623.svg HTTP/1.1" 200 17720 "https://rafikisprings.co.uk/?l=4031141639" "Mozilla/5.0 (Linux; Android 6.0.1; Nexus 5X Build/MMB29P) AppleWebKit/537.36 (KHTML, like Gecko) Chrome/145.0.7632.116 Mobile Safari/537.36 (compatible; GoogleOther)"
85.208.96.203 - - [13/Mar/2026:15:29:19 +0300] "GET /?s=1697036400 HTTP/1.1" 200 18063 "-" "Mozilla/5.0 (compatible; SemrushBot/7~bl; +http://www.semrush.com/bot.html)"
85.208.96.197 - - [13/Mar/2026:15:29:40 +0300] "GET /?s=1697038941 HTTP/1.1" 200 18064 "-" "Mozilla/5.0 (compatible; SemrushBot/7~bl; +http://www.semrush.com/bot.html)"
185.191.171.5 - - [13/Mar/2026:15:27:32 +0300] "GET /?s=1697092903 HTTP/1.1" 200 18064 "-" "Mozilla/5.0 (compatible; SemrushBot/7~bl; +http://www.semrush.com/bot.html)"
85.208.96.202 - - [13/Mar/2026:15:27:55 +0300] "GET /?y=2948265716 HTTP/1.1" 200 20242 "-" "Mozilla/5.0 (compatible; SemrushBot/7~bl; +http://www.semrush.com/bot.html)"
185.191.171.17 - - [13/Mar/2026:15:28:12 +0300] "GET /?y=2948277360 HTTP/1.1" 200 20242 "-" "Mozilla/5.0 (compatible; SemrushBot/7~bl; +http://www.semrush.com/bot.html)"
85.208.96.207 - - [13/Mar/2026:15:28:59 +0300] "GET /?v=7198937256 HTTP/1.1" 200 20242 "-" "Mozilla/5.0 (compatible; SemrushBot/7~bl; +http://www.semrush.com/bot.html)"
104.234.53.70 - - [13/Mar/2026:15:29:58 +0300] "POST /wp-login.php HTTP/1.1" 200 9849 "-" "Mozilla/5.0"
185.191.171.2 - - [13/Mar/2026:15:30:53 +0300] "GET /?y=2948286530 HTTP/1.1" 200 20243 "-" "Mozilla/5.0 (compatible; SemrushBot/7~bl; +http://www.semrush.com/bot.html)"
85.208.96.204 - - [13/Mar/2026:15:32:06 +0300] "GET /?v=7198965853 HTTP/1.1" 200 20244 "-" "Mozilla/5.0 (compatible; SemrushBot/7~bl; +http://www.semrush.com/bot.html)"
102.212.247.146 - - [13/Mar/2026:15:34:53 +0300] "POST /wp-cron.php?doing_wp_cron=1773405292.9151580333709716796875 HTTP/1.1" 200 0 "-" "WordPress/6.9.4; https://rafikisprings.co.uk"
85.208.96.209 - - [13/Mar/2026:15:34:55 +0300] "GET /?v=7198976917 HTTP/1.1" 200 20243 "-" "Mozilla/5.0 (compatible; SemrushBot/7~bl; +http://www.semrush.com/bot.html)"
85.208.96.209 - - [13/Mar/2026:15:35:01 +0300] "GET /?v=7198994209 HTTP/1.1" 200 20244 "-" "Mozilla/5.0 (compatible; SemrushBot/7~bl; +http://www.semrush.com/bot.html)"
66.249.73.172 - - [13/Mar/2026:15:36:24 +0300] "GET /_next/static/media/seloProconIcon.855d98cc.svg HTTP/1.1" 200 17740 "https://rafikisprings.co.uk/?r=8701456" "Mozilla/5.0 (Linux; Android 6.0.1; Nexus 5X Build/MMB29P) AppleWebKit/537.36 (KHTML, like Gecko) Chrome/145.0.7632.116 Mobile Safari/537.36 (compatible; GoogleOther)"
185.191.171.7 - - [13/Mar/2026:15:36:28 +0300] "GET /?v=7198912389 HTTP/1.1" 200 20243 "-" "Mozilla/5.0 (compatible; SemrushBot/7~bl; +http://www.semrush.com/bot.html)"
185.191.171.19 - - [13/Mar/2026:15:37:18 +0300] "GET /?s=1697094156 HTTP/1.1" 200 18064 "-" "Mozilla/5.0 (compatible; SemrushBot/7~bl; +http://www.semrush.com/bot.html)"
85.208.96.195 - - [13/Mar/2026:15:38:50 +0300] "GET /?y=2948285798 HTTP/1.1" 200 20243 "-" "Mozilla/5.0 (compatible; SemrushBot/7~bl; +http://www.semrush.com/bot.html)"
85.208.96.195 - - [13/Mar/2026:15:39:08 +0300] "GET /?v=7198933882 HTTP/1.1" 200 20243 "-" "Mozilla/5.0 (compatible; SemrushBot/7~bl; +http://www.semrush.com/bot.html)"
185.191.171.14 - - [13/Mar/2026:15:39:27 +0300] "GET /?v=7198951388 HTTP/1.1" 200 20243 "-" "Mozilla/5.0 (compatible; SemrushBot/7~bl; +http://www.semrush.com/bot.html)"
185.191.171.15 - - [13/Mar/2026:15:39:34 +0300] "GET /?s=1697032820 HTTP/1.1" 200 18063 "-" "Mozilla/5.0 (compatible; SemrushBot/7~bl; +http://www.semrush.com/bot.html)"
40.77.167.247 - - [13/Mar/2026:15:40:31 +0300] "GET /?a=349448267 HTTP/2" 200 18652 "-" "Mozilla/5.0 AppleWebKit/537.36 (KHTML, like Gecko; compatible; bingbot/2.0; +http://www.bing.com/bingbot.htm) Chrome/116.0.1938.76 Safari/537.36"
40.77.167.247 - - [13/Mar/2026:15:41:12 +0300] "GET /?r=80461193464 HTTP/2" 200 17223 "-" "Mozilla/5.0 AppleWebKit/537.36 (KHTML, like Gecko; compatible; bingbot/2.0; +http://www.bing.com/bingbot.htm) Chrome/116.0.1938.76 Safari/537.36"
185.191.171.18 - - [13/Mar/2026:15:41:19 +0300] "GET /?y=2948221645 HTTP/1.1" 200 20243 "-" "Mozilla/5.0 (compatible; SemrushBot/7~bl; +http://www.semrush.com/bot.html)"
52.167.144.167 - - [13/Mar/2026:15:41:34 +0300] "GET /hiroshi.php?f=84791185463 HTTP/2" 200 18508 "-" "Mozilla/5.0 AppleWebKit/537.36 (KHTML, like Gecko; compatible; bingbot/2.0; +http://www.bing.com/bingbot.htm) Chrome/116.0.1938.76 Safari/537.36"
52.167.144.167 - - [13/Mar/2026:15:41:35 +0300] "GET /?v=71989315384 HTTP/2" 200 18452 "-" "Mozilla/5.0 AppleWebKit/537.36 (KHTML, like Gecko; compatible; bingbot/2.0; +http://www.bing.com/bingbot.htm) Chrome/116.0.1938.76 Safari/537.36"
40.77.167.247 - - [13/Mar/2026:15:42:22 +0300] "GET /?r=8046140405 HTTP/2" 200 17224 "-" "Mozilla/5.0 AppleWebKit/537.36 (KHTML, like Gecko; compatible; bingbot/2.0; +http://www.bing.com/bingbot.htm) Chrome/116.0.1938.76 Safari/537.36"
40.77.167.247 - - [13/Mar/2026:15:42:24 +0300] "GET /?a=34944167842 HTTP/2" 200 18195 "-" "Mozilla/5.0 AppleWebKit/537.36 (KHTML, like Gecko; compatible; bingbot/2.0; +http://www.bing.com/bingbot.htm) Chrome/116.0.1938.76 Safari/537.36"
85.208.96.204 - - [13/Mar/2026:15:42:52 +0300] "GET /?s=1697050419 HTTP/1.1" 200 18063 "-" "Mozilla/5.0 (compatible; SemrushBot/7~bl; +http://www.semrush.com/bot.html)"
185.191.171.14 - - [13/Mar/2026:15:30:56 +0300] "GET /?v=7198958351 HTTP/1.1" 200 20243 "-" "Mozilla/5.0 (compatible; SemrushBot/7~bl; +http://www.semrush.com/bot.html)"
85.208.96.202 - - [13/Mar/2026:15:31:23 +0300] "GET /?s=1697041089 HTTP/1.1" 200 18063 "-" "Mozilla/5.0 (compatible; SemrushBot/7~bl; +http://www.semrush.com/bot.html)"
85.208.96.204 - - [13/Mar/2026:15:31:35 +0300] "GET /?y=2948254247 HTTP/1.1" 200 20244 "-" "Mozilla/5.0 (compatible; SemrushBot/7~bl; +http://www.semrush.com/bot.html)"
85.208.96.201 - - [13/Mar/2026:15:31:45 +0300] "GET /?s=1697021487 HTTP/1.1" 200 18063 "-" "Mozilla/5.0 (compatible; SemrushBot/7~bl; +http://www.semrush.com/bot.html)"
85.208.96.210 - - [13/Mar/2026:15:33:54 +0300] "GET /?v=7198924130 HTTP/1.1" 200 20243 "-" "Mozilla/5.0 (compatible; SemrushBot/7~bl; +http://www.semrush.com/bot.html)"
85.208.96.196 - - [13/Mar/2026:15:34:15 +0300] "GET /?s=1697024588 HTTP/1.1" 200 18063 "-" "Mozilla/5.0 (compatible; SemrushBot/7~bl; +http://www.semrush.com/bot.html)"
85.208.96.210 - - [13/Mar/2026:15:35:08 +0300] "GET /?v=7198953269 HTTP/1.1" 200 20243 "-" "Mozilla/5.0 (compatible; SemrushBot/7~bl; +http://www.semrush.com/bot.html)"
85.208.96.198 - - [13/Mar/2026:15:35:18 +0300] "GET /?y=2948290989 HTTP/1.1" 200 20243 "-" "Mozilla/5.0 (compatible; SemrushBot/7~bl; +http://www.semrush.com/bot.html)"
85.208.96.210 - - [13/Mar/2026:15:35:57 +0300] "GET /?s=1697018282 HTTP/1.1" 200 18063 "-" "Mozilla/5.0 (compatible; SemrushBot/7~bl; +http://www.semrush.com/bot.html)"
85.208.96.195 - - [13/Mar/2026:15:36:10 +0300] "GET /?y=294823827 HTTP/1.1" 200 20243 "-" "Mozilla/5.0 (compatible; SemrushBot/7~bl; +http://www.semrush.com/bot.html)"
185.191.171.10 - - [13/Mar/2026:15:37:56 +0300] "GET /?s=1697075075 HTTP/1.1" 200 18063 "-" "Mozilla/5.0 (compatible; SemrushBot/7~bl; +http://www.semrush.com/bot.html)"
85.208.96.199 - - [13/Mar/2026:15:39:50 +0300] "GET /?s=1697019083 HTTP/1.1" 200 18063 "-" "Mozilla/5.0 (compatible; SemrushBot/7~bl; +http://www.semrush.com/bot.html)"
40.77.167.136 - - [13/Mar/2026:15:41:16 +0300] "GET /?d=27927167056 HTTP/2" 200 18355 "-" "Mozilla/5.0 AppleWebKit/537.36 (KHTML, like Gecko; compatible; bingbot/2.0; +http://www.bing.com/bingbot.htm) Chrome/116.0.1938.76 Safari/537.36"
40.77.167.136 - - [13/Mar/2026:15:41:17 +0300] "GET /?v=71989346517 HTTP/2" 200 17965 "-" "Mozilla/5.0 AppleWebKit/537.36 (KHTML, like Gecko; compatible; bingbot/2.0; +http://www.bing.com/bingbot.htm) Chrome/116.0.1938.76 Safari/537.36"
185.191.171.7 - - [13/Mar/2026:15:41:36 +0300] "GET /?s=1697048662 HTTP/1.1" 200 18063 "-" "Mozilla/5.0 (compatible; SemrushBot/7~bl; +http://www.semrush.com/bot.html)"
185.191.171.17 - - [13/Mar/2026:15:41:56 +0300] "GET /?s=1697082702 HTTP/1.1" 200 18063 "-" "Mozilla/5.0 (compatible; SemrushBot/7~bl; +http://www.semrush.com/bot.html)"
185.191.171.11 - - [13/Mar/2026:15:43:48 +0300] "GET /?s=1697071254 HTTP/1.1" 200 18063 "-" "Mozilla/5.0 (compatible; SemrushBot/7~bl; +http://www.semrush.com/bot.html)"
52.167.144.167 - - [13/Mar/2026:15:45:08 +0300] "GET /hiroshi.php?l=40311186 HTTP/2" 200 17785 "-" "Mozilla/5.0 AppleWebKit/537.36 (KHTML, like Gecko; compatible; bingbot/2.0; +http://www.bing.com/bingbot.htm) Chrome/116.0.1938.76 Safari/537.36"
52.167.144.167 - - [13/Mar/2026:15:45:25 +0300] "GET /?a=3494464517 HTTP/2" 200 18932 "-" "Mozilla/5.0 AppleWebKit/537.36 (KHTML, like Gecko; compatible; bingbot/2.0; +http://www.bing.com/bingbot.htm) Chrome/116.0.1938.76 Safari/537.36"
40.77.167.136 - - [13/Mar/2026:15:46:12 +0300] "GET /?d=27927169346 HTTP/2" 200 18277 "-" "Mozilla/5.0 AppleWebKit/537.36 (KHTML, like Gecko; compatible; bingbot/2.0; +http://www.bing.com/bingbot.htm) Chrome/116.0.1938.76 Safari/537.36"
52.167.144.167 - - [13/Mar/2026:15:46:43 +0300] "GET /?v=7198960262 HTTP/2" 200 18581 "-" "Mozilla/5.0 AppleWebKit/537.36 (KHTML, like Gecko; compatible; bingbot/2.0; +http://www.bing.com/bingbot.htm) Chrome/116.0.1938.76 Safari/537.36"
85.208.96.198 - - [13/Mar/2026:15:34:50 +0300] "GET /?s=1697025345 HTTP/1.1" 200 18063 "-" "Mozilla/5.0 (compatible; SemrushBot/7~bl; +http://www.semrush.com/bot.html)"
66.249.73.172 - - [13/Mar/2026:15:35:13 +0300] "GET /_next/static/media/greyArrowDownIcon.80ce865c.svg HTTP/1.1" 200 17616 "https://rafikisprings.co.uk/?r=427419732" "Mozilla/5.0 (Linux; Android 6.0.1; Nexus 5X Build/MMB29P) AppleWebKit/537.36 (KHTML, like Gecko) Chrome/145.0.7632.116 Mobile Safari/537.36 (compatible; GoogleOther)"
185.191.171.14 - - [13/Mar/2026:15:35:21 +0300] "GET /?s=1697045957 HTTP/1.1" 200 18064 "-" "Mozilla/5.0 (compatible; SemrushBot/7~bl; +http://www.semrush.com/bot.html)"
185.191.171.15 - - [13/Mar/2026:15:35:39 +0300] "GET /?l=403112077 HTTP/1.1" 200 20243 "-" "Mozilla/5.0 (compatible; SemrushBot/7~bl; +http://www.semrush.com/bot.html)"
185.191.171.5 - - [13/Mar/2026:15:36:52 +0300] "GET /?s=1697025169 HTTP/1.1" 200 18063 "-" "Mozilla/5.0 (compatible; SemrushBot/7~bl; +http://www.semrush.com/bot.html)"
185.191.171.14 - - [13/Mar/2026:15:37:04 +0300] "GET /?s=1697044028 HTTP/1.1" 200 18063 "-" "Mozilla/5.0 (compatible; SemrushBot/7~bl; +http://www.semrush.com/bot.html)"
85.208.96.207 - - [13/Mar/2026:15:37:33 +0300] "GET /?s=1697048728 HTTP/1.1" 200 18063 "-" "Mozilla/5.0 (compatible; SemrushBot/7~bl; +http://www.semrush.com/bot.html)"
102.212.247.146 - - [13/Mar/2026:15:37:57 +0300] "POST /wp-cron.php?doing_wp_cron=1773405477.9239571094512939453125 HTTP/1.1" 200 0 "-" "WordPress/6.9.4; https://rafikisprings.co.uk"
85.208.96.207 - - [13/Mar/2026:15:38:06 +0300] "GET /?s=1697030445 HTTP/1.1" 200 18063 "-" "Mozilla/5.0 (compatible; SemrushBot/7~bl; +http://www.semrush.com/bot.html)"
85.208.96.212 - - [13/Mar/2026:15:39:20 +0300] "GET /?s=1697043459 HTTP/1.1" 200 18064 "-" "Mozilla/5.0 (compatible; SemrushBot/7~bl; +http://www.semrush.com/bot.html)"
40.77.167.247 - - [13/Mar/2026:15:42:00 +0300] "GET /?r=3633919747 HTTP/2" 200 17224 "-" "Mozilla/5.0 AppleWebKit/537.36 (KHTML, like Gecko; compatible; bingbot/2.0; +http://www.bing.com/bingbot.htm) Chrome/116.0.1938.76 Safari/537.36"
85.208.96.207 - - [13/Mar/2026:15:43:08 +0300] "GET /?s=1697058625 HTTP/1.1" 200 18063 "-" "Mozilla/5.0 (compatible; SemrushBot/7~bl; +http://www.semrush.com/bot.html)"
185.191.171.2 - - [13/Mar/2026:15:43:12 +0300] "GET /?s=1697043901 HTTP/1.1" 200 18063 "-" "Mozilla/5.0 (compatible; SemrushBot/7~bl; +http://www.semrush.com/bot.html)"
185.191.171.13 - - [13/Mar/2026:15:43:22 +0300] "GET /?s=1697056349 HTTP/1.1" 200 18064 "-" "Mozilla/5.0 (compatible; SemrushBot/7~bl; +http://www.semrush.com/bot.html)"
85.208.96.206 - - [13/Mar/2026:15:43:37 +0300] "GET /?s=1697040208 HTTP/1.1" 200 18062 "-" "Mozilla/5.0 (compatible; SemrushBot/7~bl; +http://www.semrush.com/bot.html)"
185.191.171.5 - - [13/Mar/2026:15:45:43 +0300] "GET /?s=1697092327 HTTP/1.1" 200 18063 "-" "Mozilla/5.0 (compatible; SemrushBot/7~bl; +http://www.semrush.com/bot.html)"
85.208.96.210 - - [13/Mar/2026:15:48:18 +0300] "GET /?v=719893679 HTTP/1.1" 200 20243 "-" "Mozilla/5.0 (compatible; SemrushBot/7~bl; +http://www.semrush.com/bot.html)"
102.212.247.146 - - [13/Mar/2026:15:48:56 +0300] "POST /wp-cron.php?doing_wp_cron=1773406136.0340650081634521484375 HTTP/1.1" 200 0 "-" "WordPress/6.9.4; https://rafikisprings.co.uk"
85.208.96.194 - - [13/Mar/2026:15:49:24 +0300] "GET /?y=2948232930 HTTP/1.1" 200 20244 "-" "Mozilla/5.0 (compatible; SemrushBot/7~bl; +http://www.semrush.com/bot.html)"
85.208.96.195 - - [13/Mar/2026:15:49:29 +0300] "GET /?y=2948273119 HTTP/1.1" 200 20244 "-" "Mozilla/5.0 (compatible; SemrushBot/7~bl; +http://www.semrush.com/bot.html)"
85.208.96.212 - - [13/Mar/2026:15:49:49 +0300] "GET /?s=1697025502 HTTP/1.1" 200 18063 "-" "Mozilla/5.0 (compatible; SemrushBot/7~bl; +http://www.semrush.com/bot.html)"
85.208.96.201 - - [13/Mar/2026:15:51:24 +0300] "GET /?s=1697088275 HTTP/1.1" 200 18063 "-" "Mozilla/5.0 (compatible; SemrushBot/7~bl; +http://www.semrush.com/bot.html)"
85.208.96.203 - - [13/Mar/2026:15:31:16 +0300] "GET /?s=1697031038 HTTP/1.1" 200 18063 "-" "Mozilla/5.0 (compatible; SemrushBot/7~bl; +http://www.semrush.com/bot.html)"
102.212.247.146 - - [13/Mar/2026:15:33:56 +0300] "POST /wp-cron.php?doing_wp_cron=1773405236.4307229518890380859375 HTTP/1.1" 200 0 "-" "WordPress/6.9.4; https://rafikisprings.co.uk"
185.191.171.9 - - [13/Mar/2026:15:35:25 +0300] "GET /?s=169705812 HTTP/1.1" 200 18061 "-" "Mozilla/5.0 (compatible; SemrushBot/7~bl; +http://www.semrush.com/bot.html)"
85.208.96.193 - - [13/Mar/2026:15:36:07 +0300] "GET /?y=2948266880 HTTP/1.1" 200 20243 "-" "Mozilla/5.0 (compatible; SemrushBot/7~bl; +http://www.semrush.com/bot.html)"
66.249.73.172 - - [13/Mar/2026:15:36:54 +0300] "GET /?r=387062532 HTTP/1.1" 200 18598 "-" "Mozilla/5.0 (Linux; Android 6.0.1; Nexus 5X Build/MMB29P) AppleWebKit/537.36 (KHTML, like Gecko) Chrome/145.0.7632.116 Mobile Safari/537.36 (compatible; GoogleOther)"
185.191.171.18 - - [13/Mar/2026:15:38:39 +0300] "GET /?s=1697031095 HTTP/1.1" 200 18063 "-" "Mozilla/5.0 (compatible; SemrushBot/7~bl; +http://www.semrush.com/bot.html)"
102.212.247.146 - - [13/Mar/2026:15:38:52 +0300] "POST /wp-cron.php?doing_wp_cron=1773405532.4155230522155761718750 HTTP/1.1" 200 0 "-" "WordPress/6.9.4; https://rafikisprings.co.uk"
85.208.96.205 - - [13/Mar/2026:15:41:40 +0300] "GET /?s=1697057312 HTTP/1.1" 200 18063 "-" "Mozilla/5.0 (compatible; SemrushBot/7~bl; +http://www.semrush.com/bot.html)"
40.77.167.136 - - [13/Mar/2026:15:42:27 +0300] "GET /?r=3633999911 HTTP/2" 200 19961 "-" "Mozilla/5.0 AppleWebKit/537.36 (KHTML, like Gecko; compatible; bingbot/2.0; +http://www.bing.com/bingbot.htm) Chrome/116.0.1938.76 Safari/537.36"
102.212.247.146 - - [13/Mar/2026:15:42:53 +0300] "POST /wp-cron.php?doing_wp_cron=1773405773.3310039043426513671875 HTTP/1.1" 200 0 "-" "WordPress/6.9.4; https://rafikisprings.co.uk"
185.191.171.15 - - [13/Mar/2026:15:44:09 +0300] "GET /?s=1697021924 HTTP/1.1" 200 18063 "-" "Mozilla/5.0 (compatible; SemrushBot/7~bl; +http://www.semrush.com/bot.html)"
40.77.167.247 - - [13/Mar/2026:15:44:41 +0300] "GET /?y=29482215095 HTTP/2" 200 18744 "-" "Mozilla/5.0 AppleWebKit/537.36 (KHTML, like Gecko; compatible; bingbot/2.0; +http://www.bing.com/bingbot.htm) Chrome/116.0.1938.76 Safari/537.36"
40.77.167.247 - - [13/Mar/2026:15:44:51 +0300] "GET /?m=39454301578 HTTP/2" 200 18843 "-" "Mozilla/5.0 AppleWebKit/537.36 (KHTML, like Gecko; compatible; bingbot/2.0; +http://www.bing.com/bingbot.htm) Chrome/116.0.1938.76 Safari/537.36"
40.77.167.136 - - [13/Mar/2026:15:45:03 +0300] "GET /?r=36339190060 HTTP/2" 200 17224 "-" "Mozilla/5.0 AppleWebKit/537.36 (KHTML, like Gecko; compatible; bingbot/2.0; +http://www.bing.com/bingbot.htm) Chrome/116.0.1938.76 Safari/537.36"
40.77.167.136 - - [13/Mar/2026:15:45:06 +0300] "GET /?y=2948275036 HTTP/2" 200 18877 "-" "Mozilla/5.0 AppleWebKit/537.36 (KHTML, like Gecko; compatible; bingbot/2.0; +http://www.bing.com/bingbot.htm) Chrome/116.0.1938.76 Safari/537.36"
85.208.96.197 - - [13/Mar/2026:15:45:07 +0300] "GET /?s=1697033332 HTTP/1.1" 200 18063 "-" "Mozilla/5.0 (compatible; SemrushBot/7~bl; +http://www.semrush.com/bot.html)"
185.191.171.11 - - [13/Mar/2026:15:47:12 +0300] "GET /?y=2948292244 HTTP/1.1" 200 20243 "-" "Mozilla/5.0 (compatible; SemrushBot/7~bl; +http://www.semrush.com/bot.html)"
104.234.53.74 - - [13/Mar/2026:15:47:33 +0300] "POST /wp-login.php HTTP/1.1" 200 9853 "-" "Mozilla/5.0"
102.212.247.146 - - [13/Mar/2026:15:49:50 +0300] "POST /wp-cron.php?doing_wp_cron=1773406190.8075160980224609375000 HTTP/1.1" 200 0 "-" "WordPress/6.9.4; https://rafikisprings.co.uk"
85.208.96.212 - - [13/Mar/2026:15:49:56 +0300] "GET /?y=294828597 HTTP/1.1" 200 20243 "-" "Mozilla/5.0 (compatible; SemrushBot/7~bl; +http://www.semrush.com/bot.html)"
185.191.171.6 - - [13/Mar/2026:15:51:49 +0300] "GET /?s=1697044645 HTTP/1.1" 200 18064 "-" "Mozilla/5.0 (compatible; SemrushBot/7~bl; +http://www.semrush.com/bot.html)"
85.208.96.193 - - [13/Mar/2026:15:30:50 +0300] "GET /?y=2948213278 HTTP/1.1" 200 20244 "-" "Mozilla/5.0 (compatible; SemrushBot/7~bl; +http://www.semrush.com/bot.html)"
102.212.247.146 - - [13/Mar/2026:15:32:08 +0300] "POST /wp-cron.php?doing_wp_cron=1773405128.4084310531616210937500 HTTP/1.1" 200 0 "-" "WordPress/6.9.4; https://rafikisprings.co.uk"
102.212.247.146 - - [13/Mar/2026:15:32:56 +0300] "POST /wp-cron.php?doing_wp_cron=1773405176.9553270339965820312500 HTTP/1.1" 200 0 "-" "WordPress/6.9.4; https://rafikisprings.co.uk"
85.208.96.206 - - [13/Mar/2026:15:33:11 +0300] "GET /?s=1697071617 HTTP/1.1" 200 18063 "-" "Mozilla/5.0 (compatible; SemrushBot/7~bl; +http://www.semrush.com/bot.html)"
66.249.73.160 - - [13/Mar/2026:15:35:07 +0300] "GET /?r=427419732 HTTP/1.1" 200 19457 "-" "Mozilla/5.0 (Linux; Android 6.0.1; Nexus 5X Build/MMB29P) AppleWebKit/537.36 (KHTML, like Gecko) Chrome/145.0.7632.116 Mobile Safari/537.36 (compatible; GoogleOther)"
66.249.73.161 - - [13/Mar/2026:15:36:12 +0300] "GET /?r=8701456 HTTP/1.1" 200 16592 "-" "Mozilla/5.0 (Linux; Android 6.0.1; Nexus 5X Build/MMB29P) AppleWebKit/537.36 (KHTML, like Gecko) Chrome/145.0.7632.116 Mobile Safari/537.36 (compatible; GoogleOther)"
198.244.240.143 - - [13/Mar/2026:15:36:39 +0300] "GET /pw/ HTTP/2" 404 15460 "-" "Mozilla/5.0 (compatible; AhrefsBot/7.0; +http://ahrefs.com/robot/)"
185.191.171.8 - - [13/Mar/2026:15:37:42 +0300] "GET /?y=2948290428 HTTP/1.1" 200 20243 "-" "Mozilla/5.0 (compatible; SemrushBot/7~bl; +http://www.semrush.com/bot.html)"
185.191.171.19 - - [13/Mar/2026:15:40:02 +0300] "GET /?s=1697025556 HTTP/1.1" 200 18063 "-" "Mozilla/5.0 (compatible; SemrushBot/7~bl; +http://www.semrush.com/bot.html)"
