4.204.197.4 - - [13/Mar/2026:16:42:35 +0300] "GET /lock.php HTTP/1.1" 404 380528 "-" "-"
4.204.197.4 - - [13/Mar/2026:16:42:39 +0300] "GET /install.php HTTP/1.1" 404 380534 "-" "-"
4.204.197.4 - - [13/Mar/2026:16:42:41 +0300] "GET /wp-admin.php HTTP/1.1" 404 380536 "-" "-"
4.204.197.4 - - [13/Mar/2026:16:42:44 +0300] "GET /inputs.php HTTP/1.1" 404 380532 "-" "-"
4.204.197.4 - - [13/Mar/2026:16:42:46 +0300] "GET /test.php HTTP/1.1" 404 380528 "-" "-"
4.204.197.4 - - [13/Mar/2026:16:42:51 +0300] "GET /wp-admin/maint/admin.php HTTP/1.1" 404 380560 "-" "-"
4.204.197.4 - - [13/Mar/2026:16:42:54 +0300] "GET /admin.php HTTP/1.1" 404 380530 "-" "-"
4.204.197.4 - - [13/Mar/2026:16:42:57 +0300] "GET /up.php?x= HTTP/1.1" 404 380528 "-" "-"
4.204.197.4 - - [13/Mar/2026:16:42:59 +0300] "GET /1.php HTTP/1.1" 404 380522 "-" "-"
195.200.31.148 - - [13/Mar/2026:16:48:35 +0300] "GET /product/sunflower-cleaning-scourer-balls-2/ HTTP/1.0" 200 16633451 "https://luniascouringpads.com/product/sunflower-cleaning-scourer-balls-2/" "Mozilla/5.0 (Windows NT 10.0; Win64; x64) AppleWebKit/537.36 (KHTML, like Gecko) Chrome/103.0.0.0 Safari/537.36 OpenWave/97.4.2043.44"
103.87.142.89 - - [13/Mar/2026:16:51:20 +0300] "GET /wp-content/plugins/click-to-chat-for-whatsapp/new/inc/assets/css/main.css HTTP/1.1" 200 940 "https://luniascouringpads.com/product/sunflower-cleaning-scourer-balls-2/" "Mozilla/5.0 (Windows NT 10.0; Win64; x64) AppleWebKit/537.36 (KHTML, like Gecko) Chrome/143.0.0.0 Safari/537.36"
103.87.142.89 - - [13/Mar/2026:16:51:36 +0300] "GET /wp-content/plugins/woocommerce/assets/client/blocks/wc-blocks.css HTTP/1.1" 200 2339 "https://luniascouringpads.com/product/sunflower-cleaning-scourer-balls-2/" "Mozilla/5.0 (Windows NT 10.0; Win64; x64) AppleWebKit/537.36 (KHTML, like Gecko) Chrome/143.0.0.0 Safari/537.36"
103.87.142.89 - - [13/Mar/2026:16:51:36 +0300] "GET /wp-includes/css/dashicons.min.css HTTP/1.1" 200 35101 "https://luniascouringpads.com/product/sunflower-cleaning-scourer-balls-2/" "Mozilla/5.0 (Windows NT 10.0; Win64; x64) AppleWebKit/537.36 (KHTML, like Gecko) Chrome/143.0.0.0 Safari/537.36"
103.87.142.89 - - [13/Mar/2026:16:54:12 +0300] "GET /wp-content/plugins/woocommerce/assets/css/select2.css HTTP/1.1" 200 1701 "https://luniascouringpads.com/my-account/" "Mozilla/5.0 (Windows NT 10.0; Win64; x64) AppleWebKit/537.36 (KHTML, like Gecko) Chrome/143.0.0.0 Safari/537.36"
152.37.91.187 - - [13/Mar/2026:16:23:24 +0300] "GET /?p=3607 HTTP/1.1" 301 0 "https://luniascouringpads.com/my-account/" "Mozilla/5.0 (X11; Ubuntu; Linux i686; rv:114.0) Gecko/20100101 Firefox/114.0"
89.110.102.212 - - [13/Mar/2026:16:36:54 +0300] "POST /wp-comments-post.php HTTP/1.0" 500 6658 "https://luniascouringpads.com/product/sunflower-cleaning-scourer-balls-2/" "Mozilla/5.0 (Windows NT 10.0) AppleWebKit/537.36 (KHTML, like Gecko) Chrome/103.0.0.0 Safari/537.36"
4.204.197.4 - - [13/Mar/2026:16:41:19 +0300] "GET /wp-content/plugins/hellopress/wp_filemanager.php HTTP/1.1" 404 380608 "-" "-"
4.204.197.4 - - [13/Mar/2026:16:41:23 +0300] "GET /doc.php HTTP/1.1" 404 380526 "-" "-"
4.204.197.4 - - [13/Mar/2026:16:41:27 +0300] "GET /packed.php HTTP/1.1" 404 380532 "-" "-"
4.204.197.4 - - [13/Mar/2026:16:41:31 +0300] "GET /click.php HTTP/1.1" 404 380530 "-" "-"
4.204.197.4 - - [13/Mar/2026:16:41:35 +0300] "GET /as.php HTTP/1.1" 404 380524 "-" "-"
4.204.197.4 - - [13/Mar/2026:16:41:38 +0300] "GET /function.php HTTP/1.1" 404 380536 "-" "-"
4.204.197.4 - - [13/Mar/2026:16:41:41 +0300] "GET /wp-mail.php HTTP/1.1" 403 2576 "-" "-"
4.204.197.4 - - [13/Mar/2026:16:41:43 +0300] "GET /xmrlpc.php HTTP/1.1" 404 380532 "-" "-"
4.204.197.4 - - [13/Mar/2026:16:41:46 +0300] "GET /network.php HTTP/1.1" 404 380534 "-" "-"
4.204.197.4 - - [13/Mar/2026:16:41:49 +0300] "GET /content.php HTTP/1.1" 404 380534 "-" "-"
4.204.197.4 - - [13/Mar/2026:16:41:58 +0300] "GET /atomlib.php HTTP/1.1" 200 0 "-" "-"
103.87.142.89 - - [13/Mar/2026:16:51:53 +0300] "GET /wp-content/plugins/yith-woocommerce-wishlist/assets/css/jquery.selectBox.css HTTP/1.1" 200 773 "https://luniascouringpads.com/product/sunflower-cleaning-scourer-balls-2/" "Mozilla/5.0 (Windows NT 10.0; Win64; x64) AppleWebKit/537.36 (KHTML, like Gecko) Chrome/143.0.0.0 Safari/537.36"
103.87.142.89 - - [13/Mar/2026:16:52:11 +0300] "GET /wp-content/themes/woostify/assets/css/photoswipe-video.css HTTP/1.1" 200 352 "https://luniascouringpads.com/product/sunflower-cleaning-scourer-balls-2/" "Mozilla/5.0 (Windows NT 10.0; Win64; x64) AppleWebKit/537.36 (KHTML, like Gecko) Chrome/143.0.0.0 Safari/537.36"
103.87.142.89 - - [13/Mar/2026:16:52:12 +0300] "GET /wp-content/themes/woostify/assets/libs/slick/slick.css HTTP/1.1" 200 483 "https://luniascouringpads.com/product/sunflower-cleaning-scourer-balls-2/" "Mozilla/5.0 (Windows NT 10.0; Win64; x64) AppleWebKit/537.36 (KHTML, like Gecko) Chrome/143.0.0.0 Safari/537.36"
103.87.142.89 - - [13/Mar/2026:16:52:14 +0300] "GET /wp-content/themes/woostify/assets/css/product-video-gallery-frontend.css HTTP/1.1" 200 903 "https://luniascouringpads.com/product/sunflower-cleaning-scourer-balls-2/" "Mozilla/5.0 (Windows NT 10.0; Win64; x64) AppleWebKit/537.36 (KHTML, like Gecko) Chrome/143.0.0.0 Safari/537.36"
103.87.142.89 - - [13/Mar/2026:16:52:19 +0300] "GET /product/sunflower-cleaning-scourer-balls-2/ HTTP/1.1" 200 2129350 "https://luniascouringpads.com/product/sunflower-cleaning-scourer-balls-2/" "Mozilla/5.0 (Windows NT 6.3; Win64; x64) AppleWebKit/537.36 (KHTML, like Gecko) Chrome/103.0.0.0 Safari/537.36"
103.87.142.89 - - [13/Mar/2026:16:53:54 +0300] "GET /wp-admin/edit-tags.php?taxonomy=category HTTP/1.1" 302 0 "https://luniascouringpads.com/my-account/" "Mozilla/5.0 (Windows NT 6.3; Win64; x64) AppleWebKit/537.36 (KHTML, like Gecko) Chrome/103.0.0.0 Safari/537.36"
103.87.142.89 - - [13/Mar/2026:16:53:57 +0300] "GET /my-account/ HTTP/1.1" 200 83664 "https://luniascouringpads.com/wp-admin/edit-tags.php?taxonomy=category" "Mozilla/5.0 (Windows NT 6.3; Win64; x64) AppleWebKit/537.36 (KHTML, like Gecko) Chrome/103.0.0.0 Safari/537.36"
193.151.189.111 - - [13/Mar/2026:16:56:03 +0300] "GET /product/sunflower-cleaning-scourer-balls-2/ HTTP/1.1" 200 2130920 "-" "Mozilla/5.0 (Macintosh; Intel Mac OS X 12.5; rv:114.0) Gecko/20100101 Firefox/114.0"
43.130.74.193 - - [13/Mar/2026:16:57:59 +0300] "GET / HTTP/1.1" 200 90545 "http://luniascouringpads.com" "Mozilla/5.0 (iPhone; CPU iPhone OS 13_2_3 like Mac OS X) AppleWebKit/605.1.15 (KHTML, like Gecko) Version/13.0.3 Mobile/15E148 Safari/604.1"
27.42.98.76 - - [13/Mar/2026:16:57:41 +0300] "GET /product/sunflower-cleaning-scourer-balls-2/ HTTP/1.1" 200 0 "-" "Mozilla/5.0 (Macintosh; Intel Mac OS X 12.5; rv:114.0) Gecko/20100101 Firefox/114.0"
77.238.252.71 - - [13/Mar/2026:16:25:43 +0300] "GET /5-best-lunia-scouring-pads/ HTTP/1.0" 200 2226529 "https://luniascouringpads.com/5-best-lunia-scouring-pads/" "Mozilla/5.0 (Windows NT 10.0; Win64; x64) AppleWebKit/537.36 (KHTML, like Gecko) Chrome/131.0.0.0 Safari/537.36"
77.238.244.240 - - [13/Mar/2026:16:27:25 +0300] "POST /wp-comments-post.php HTTP/1.0" 500 6658 "https://luniascouringpads.com/5-best-lunia-scouring-pads/" "Mozilla/5.0 (Windows NT 10.0; Win64; x64) AppleWebKit/537.36 (KHTML, like Gecko) Chrome/131.0.0.0 Safari/537.36 Avast/131.0.0.0"
89.110.101.245 - - [13/Mar/2026:16:28:03 +0300] "POST /wp-comments-post.php HTTP/1.0" 500 6658 "https://luniascouringpads.com/5-best-lunia-scouring-pads/" "Mozilla/5.0 (Windows NT 10.0; Win64; x64) AppleWebKit/537.36 (KHTML, like Gecko) Chrome/130.0.0.0 Safari/537.36 CCleaner/130.0.0.0"
195.200.31.148 - - [13/Mar/2026:16:49:04 +0300] "POST /wp-comments-post.php HTTP/1.0" 500 6658 "https://luniascouringpads.com/product/sunflower-cleaning-scourer-balls-2/" "Mozilla/5.0 (Windows NT 10.0; Win64; x64) AppleWebKit/537.36 (KHTML, like Gecko) Chrome/103.0.0.0 Safari/537.36 OpenWave/97.4.2043.44"
165.140.116.130 - - [13/Mar/2026:16:50:24 +0300] "GET /product/sunflower-cleaning-scourer-balls-2/ HTTP/1.0" 200 16633073 "https://luniascouringpads.com/product/sunflower-cleaning-scourer-balls-2/" "Mozilla/5.0 (Windows NT 10.0; WOW64) AppleWebKit/537.36 (KHTML, like Gecko) Chrome/103.0.5060.114 Safari/537.36"
91.84.96.29 - - [13/Mar/2026:16:26:36 +0300] "GET /5-best-lunia-scouring-pads/ HTTP/1.0" 200 2228500 "https://luniascouringpads.com/5-best-lunia-scouring-pads/" "Mozilla/5.0 (Windows NT 10.0; Win64; x64) AppleWebKit/537.36 (KHTML, like Gecko) Chrome/129.0.0.0 Safari/537.36"
74.7.228.36 - - [13/Mar/2026:16:38:05 +0300] "GET /robots.txt HTTP/2" 200 146 "https://www.luniascouringpads.com/robots.txt" "Mozilla/5.0 (Macintosh; Intel Mac OS X 10_15_7) AppleWebKit/537.36 (KHTML, like Gecko) Chrome/131.0.0.0 Safari/537.36; compatible; OAI-SearchBot/1.3; robots.txt; +https://openai.com/searchbot"
103.87.142.89 - - [13/Mar/2026:16:52:40 +0300] "GET /product/sunflower-cleaning-scourer-balls-2/ HTTP/1.1" 200 2130382 "https://luniascouringpads.com/xmlrpc.php" "Mozilla/5.0 (Windows NT 6.3; Win64; x64) AppleWebKit/537.36 (KHTML, like Gecko) Chrome/103.0.0.0 Safari/537.36"
103.87.142.89 - - [13/Mar/2026:16:53:40 +0300] "GET /my-account/ HTTP/1.1" 200 83664 "https://luniascouringpads.com/wp-admin/" "Mozilla/5.0 (Windows NT 6.3; Win64; x64) AppleWebKit/537.36 (KHTML, like Gecko) Chrome/103.0.0.0 Safari/537.36"
179.60.64.243 - - [13/Mar/2026:16:23:12 +0300] "GET /my-account/ HTTP/1.1" 200 83943 "https://luniascouringpads.com/" "Mozilla/5.0 (X11; Ubuntu; Linux i686; rv:114.0) Gecko/20100101 Firefox/114.0"
195.200.29.222 - - [13/Mar/2026:16:27:35 +0300] "GET /5-best-lunia-scouring-pads/ HTTP/1.0" 200 2232214 "https://luniascouringpads.com/5-best-lunia-scouring-pads/" "Mozilla/5.0 (Windows NT 10.0; Win64; x64) AppleWebKit/537.36 (KHTML, like Gecko) Chrome/131.0.0.0 Safari/537.36 Avast/131.0.0.0"
195.200.29.222 - - [13/Mar/2026:16:27:40 +0300] "POST /wp-comments-post.php HTTP/1.0" 500 6658 "https://luniascouringpads.com/5-best-lunia-scouring-pads/" "Mozilla/5.0 (Windows NT 10.0; Win64; x64) AppleWebKit/537.36 (KHTML, like Gecko) Chrome/131.0.0.0 Safari/537.36 Avast/131.0.0.0"
74.7.228.36 - - [13/Mar/2026:16:38:03 +0300] "GET /robots.txt HTTP/2" 301 0 "-" "Mozilla/5.0 (Macintosh; Intel Mac OS X 10_15_7) AppleWebKit/537.36 (KHTML, like Gecko) Chrome/131.0.0.0 Safari/537.36; compatible; OAI-SearchBot/1.3; robots.txt; +https://openai.com/searchbot"
27.42.98.76 - - [13/Mar/2026:16:43:26 +0300] "GET /product/sunflower-cleaning-scourer-balls-2/ HTTP/1.1" 200 106394 "-" "Mozilla/5.0 (Macintosh; Intel Mac OS X 12.5; rv:114.0) Gecko/20100101 Firefox/114.0"
103.87.142.89 - - [13/Mar/2026:16:51:53 +0300] "GET /wp-content/plugins/woocommerce/assets/css/photoswipe/default-skin/default-skin.min.css HTTP/1.1" 200 1728 "https://luniascouringpads.com/product/sunflower-cleaning-scourer-balls-2/" "Mozilla/5.0 (Windows NT 10.0; Win64; x64) AppleWebKit/537.36 (KHTML, like Gecko) Chrome/143.0.0.0 Safari/537.36"
103.87.142.89 - - [13/Mar/2026:16:54:11 +0300] "GET /wp-includes/css/dist/block-library/style.min.css HTTP/1.1" 200 14889 "https://luniascouringpads.com/my-account/" "Mozilla/5.0 (Windows NT 10.0; Win64; x64) AppleWebKit/537.36 (KHTML, like Gecko) Chrome/143.0.0.0 Safari/537.36"
103.87.142.89 - - [13/Mar/2026:16:54:14 +0300] "GET /?s=&post_type=product HTTP/1.1" 200 89194 "https://luniascouringpads.com/my-account/" "Mozilla/5.0 (Windows NT 6.3; Win64; x64) AppleWebKit/537.36 (KHTML, like Gecko) Chrome/103.0.0.0 Safari/537.36"
45.86.200.236 - - [13/Mar/2026:16:26:41 +0300] "POST /wp-comments-post.php HTTP/1.0" 500 6658 "https://luniascouringpads.com/product/sunflower-cleaning-scourer-balls-2/" "Mozilla/5.0 (Windows NT 10.0; WOW64) AppleWebKit/537.36 (KHTML, like Gecko) Chrome/103.0.0.0 Safari/537.36"
89.110.102.212 - - [13/Mar/2026:16:36:26 +0300] "GET /product/sunflower-cleaning-scourer-balls-2/ HTTP/1.0" 200 16633535 "https://luniascouringpads.com/product/sunflower-cleaning-scourer-balls-2/" "Mozilla/5.0 (Windows NT 10.0) AppleWebKit/537.36 (KHTML, like Gecko) Chrome/103.0.0.0 Safari/537.36"
165.140.116.130 - - [13/Mar/2026:16:50:44 +0300] "POST /wp-comments-post.php HTTP/1.0" 500 6658 "https://luniascouringpads.com/product/sunflower-cleaning-scourer-balls-2/" "Mozilla/5.0 (Windows NT 10.0; WOW64) AppleWebKit/537.36 (KHTML, like Gecko) Chrome/103.0.5060.114 Safari/537.36"
103.87.142.89 - - [13/Mar/2026:16:50:37 +0300] "GET /product/sunflower-cleaning-scourer-balls-2/ HTTP/1.1" 200 2131106 "https://luniascouringpads.com/" "Mozilla/5.0 (X11; Ubuntu; Linux i686; rv:114.0) Gecko/20100101 Firefox/114.0"
103.87.142.89 - - [13/Mar/2026:16:52:13 +0300] "GET /wp-content/themes/woostify/assets/libs/slick/slick-theme.css HTTP/1.1" 200 763 "https://luniascouringpads.com/product/sunflower-cleaning-scourer-balls-2/" "Mozilla/5.0 (Windows NT 10.0; Win64; x64) AppleWebKit/537.36 (KHTML, like Gecko) Chrome/143.0.0.0 Safari/537.36"
103.87.142.89 - - [13/Mar/2026:16:52:16 +0300] "POST /product/sunflower-cleaning-scourer-balls-2/ HTTP/1.1" 302 0 "https://luniascouringpads.com/product/sunflower-cleaning-scourer-balls-2/" "Mozilla/5.0 (Windows NT 6.3; Win64; x64) AppleWebKit/537.36 (KHTML, like Gecko) Chrome/103.0.0.0 Safari/537.36"
103.87.142.89 - - [13/Mar/2026:16:52:39 +0300] "GET /xmlrpc.php HTTP/1.1" 403 787 "https://luniascouringpads.com/product/sunflower-cleaning-scourer-balls-2/" "Mozilla/5.0 (Windows NT 6.3; Win64; x64) AppleWebKit/537.36 (KHTML, like Gecko) Chrome/103.0.0.0 Safari/537.36"
103.87.142.89 - - [13/Mar/2026:16:53:26 +0300] "GET /wp-admin/ HTTP/1.1" 302 0 "https://luniascouringpads.com/product/sunflower-cleaning-scourer-balls-2/" "Mozilla/5.0 (Windows NT 6.3; Win64; x64) AppleWebKit/537.36 (KHTML, like Gecko) Chrome/103.0.0.0 Safari/537.36"
103.87.142.89 - - [13/Mar/2026:16:54:33 +0300] "GET /wp-admin/post-new.php HTTP/1.1" 403 998 "https://luniascouringpads.com?s=&post_type=product" "Mozilla/5.0 (Windows NT 6.3; Win64; x64) AppleWebKit/537.36 (KHTML, like Gecko) Chrome/103.0.0.0 Safari/537.36"
77.238.249.216 - - [13/Mar/2026:16:13:37 +0300] "POST /wp-comments-post.php HTTP/1.0" 500 6658 "https://luniascouringpads.com/product/sunflower-cleaning-scourer-balls-2/" "Mozilla/5.0 (Windows NT 6.1; Win64; x64) AppleWebKit/537.36 (KHTML, like Gecko) Chrome/103.0.0.0 Safari/537.36"
77.238.252.71 - - [13/Mar/2026:16:25:47 +0300] "POST /wp-comments-post.php HTTP/1.0" 500 6658 "https://luniascouringpads.com/5-best-lunia-scouring-pads/" "Mozilla/5.0 (Windows NT 10.0; Win64; x64) AppleWebKit/537.36 (KHTML, like Gecko) Chrome/131.0.0.0 Safari/537.36"
4.204.197.4 - - [13/Mar/2026:16:42:13 +0300] "GET /ws.php?p= HTTP/1.1" 301 0 "-" "-"
4.204.197.4 - - [13/Mar/2026:16:42:21 +0300] "GET /ws.php HTTP/1.1" 404 65536 "-" "-"
103.87.142.89 - - [13/Mar/2026:16:52:10 +0300] "GET /wp-content/themes/woostify/style.css HTTP/1.1" 200 39503 "https://luniascouringpads.com/product/sunflower-cleaning-scourer-balls-2/" "Mozilla/5.0 (Windows NT 10.0; Win64; x64) AppleWebKit/537.36 (KHTML, like Gecko) Chrome/143.0.0.0 Safari/537.36"
187.49.88.165 - - [13/Mar/2026:16:22:11 +0300] "GET /my-account/ HTTP/1.1" 200 83943 "https://luniascouringpads.com/" "Mozilla/5.0 (X11; Ubuntu; Linux i686; rv:114.0) Gecko/20100101 Firefox/114.0"
35.181.49.224 - - [13/Mar/2026:16:25:23 +0300] "GET /wp-login.php HTTP/2" 200 2200 "-" "Mozilla/5.0 (Windows NT 6.1; WOW64; Trident/7.0; MAARJS; rv:11.0) like Gecko"
35.181.49.224 - - [13/Mar/2026:16:25:24 +0300] "POST /wp-login.php HTTP/2" 200 2369 "https://luniascouringpads.com/wp-login.php" "Mozilla/5.0 (Windows NT 6.1; WOW64; Trident/7.0; MAARJS; rv:11.0) like Gecko"
185.82.72.109 - - [13/Mar/2026:16:26:22 +0300] "GET /product/sunflower-cleaning-scourer-balls-2/ HTTP/1.0" 200 16633464 "https://luniascouringpads.com/product/sunflower-cleaning-scourer-balls-2/" "Mozilla/5.0 (Windows NT 10.0; WOW64) AppleWebKit/537.36 (KHTML, like Gecko) Chrome/103.0.0.0 Safari/537.36"
77.238.244.240 - - [13/Mar/2026:16:27:12 +0300] "GET /5-best-lunia-scouring-pads/ HTTP/1.0" 200 2230301 "https://luniascouringpads.com/5-best-lunia-scouring-pads/" "Mozilla/5.0 (Windows NT 10.0; Win64; x64) AppleWebKit/537.36 (KHTML, like Gecko) Chrome/131.0.0.0 Safari/537.36 Avast/131.0.0.0"
103.87.142.89 - - [13/Mar/2026:16:51:54 +0300] "GET /wp-content/plugins/woocommerce/assets/css/prettyPhoto.css HTTP/1.1" 200 1806 "https://luniascouringpads.com/product/sunflower-cleaning-scourer-balls-2/" "Mozilla/5.0 (Windows NT 10.0; Win64; x64) AppleWebKit/537.36 (KHTML, like Gecko) Chrome/143.0.0.0 Safari/537.36"
103.87.142.89 - - [13/Mar/2026:16:54:12 +0300] "GET /wp-content/plugins/yith-woocommerce-wishlist/assets/css/style.css HTTP/1.1" 200 6263 "https://luniascouringpads.com/my-account/" "Mozilla/5.0 (Windows NT 10.0; Win64; x64) AppleWebKit/537.36 (KHTML, like Gecko) Chrome/143.0.0.0 Safari/537.36"
89.124.66.126 - - [13/Mar/2026:16:59:08 +0300] "GET /5-best-lunia-scouring-pads/ HTTP/1.0" 500 384 "https://luniascouringpads.com/5-best-lunia-scouring-pads/" "Mozilla/5.0 (Windows NT 10.0; Win64; x64) AppleWebKit/537.36 (KHTML, like Gecko) Chrome/129.0.0.0 Safari/537.36"
4.204.233.55 - - [13/Mar/2026:17:11:51 +0300] "GET /.well-known/hp2.php HTTP/1.1" 404 83384 "-" "Mozilla/5.0 (Windows NT 10.0; Win64; x64) AppleWebKit/537.36 (KHTML, like Gecko) Chrome/120.0.0.0 Safari/537.36"
4.204.233.55 - - [13/Mar/2026:17:11:54 +0300] "GET /NewFile.php HTTP/1.1" 404 83352 "-" "Mozilla/5.0 (Windows NT 10.0; Win64; x64) AppleWebKit/537.36 (KHTML, like Gecko) Chrome/120.0.0.0 Safari/537.36"
4.204.233.55 - - [13/Mar/2026:17:11:57 +0300] "GET /aa.php HTTP/1.1" 404 83422 "-" "Mozilla/5.0 (Windows NT 10.0; Win64; x64) AppleWebKit/537.36 (KHTML, like Gecko) Chrome/120.0.0.0 Safari/537.36"
4.204.233.55 - - [13/Mar/2026:17:11:59 +0300] "GET /about.php HTTP/1.1" 404 83522 "-" "Mozilla/5.0 (Windows NT 10.0; Win64; x64) AppleWebKit/537.36 (KHTML, like Gecko) Chrome/120.0.0.0 Safari/537.36"
4.204.233.55 - - [13/Mar/2026:17:12:01 +0300] "GET /admin.php HTTP/1.1" 404 83355 "-" "Mozilla/5.0 (Windows NT 10.0; Win64; x64) AppleWebKit/537.36 (KHTML, like Gecko) Chrome/120.0.0.0 Safari/537.36"
4.204.233.55 - - [13/Mar/2026:17:12:05 +0300] "GET /adminfuns.php HTTP/1.1" 404 83320 "-" "Mozilla/5.0 (Windows NT 10.0; Win64; x64) AppleWebKit/537.36 (KHTML, like Gecko) Chrome/120.0.0.0 Safari/537.36"
4.204.233.55 - - [13/Mar/2026:17:12:08 +0300] "GET /11.php HTTP/1.1" 404 83421 "-" "Mozilla/5.0 (Windows NT 10.0; Win64; x64) AppleWebKit/537.36 (KHTML, like Gecko) Chrome/120.0.0.0 Safari/537.36"
4.204.233.55 - - [13/Mar/2026:17:12:11 +0300] "GET /ms-edit.php HTTP/1.1" 404 83396 "-" "Mozilla/5.0 (Windows NT 10.0; Win64; x64) AppleWebKit/537.36 (KHTML, like Gecko) Chrome/120.0.0.0 Safari/537.36"
4.204.233.55 - - [13/Mar/2026:17:12:13 +0300] "GET /nux.php HTTP/1.1" 404 83506 "-" "Mozilla/5.0 (Windows NT 10.0; Win64; x64) AppleWebKit/537.36 (KHTML, like Gecko) Chrome/120.0.0.0 Safari/537.36"
4.204.233.55 - - [13/Mar/2026:17:12:16 +0300] "GET /d.php HTTP/1.1" 404 83531 "-" "Mozilla/5.0 (Windows NT 10.0; Win64; x64) AppleWebKit/537.36 (KHTML, like Gecko) Chrome/120.0.0.0 Safari/537.36"
4.204.233.55 - - [13/Mar/2026:17:12:19 +0300] "GET /adminer.php HTTP/1.1" 404 83553 "-" "Mozilla/5.0 (Windows NT 10.0; Win64; x64) AppleWebKit/537.36 (KHTML, like Gecko) Chrome/120.0.0.0 Safari/537.36"
4.204.233.55 - - [13/Mar/2026:17:12:22 +0300] "GET /chati.php HTTP/1.1" 404 83368 "-" "Mozilla/5.0 (Windows NT 10.0; Win64; x64) AppleWebKit/537.36 (KHTML, like Gecko) Chrome/120.0.0.0 Safari/537.36"
4.204.233.55 - - [13/Mar/2026:17:12:24 +0300] "GET /rip.php HTTP/1.1" 404 83323 "-" "Mozilla/5.0 (Windows NT 10.0; Win64; x64) AppleWebKit/537.36 (KHTML, like Gecko) Chrome/120.0.0.0 Safari/537.36"
4.204.233.55 - - [13/Mar/2026:17:12:27 +0300] "GET /222.php HTTP/1.1" 404 83506 "-" "Mozilla/5.0 (Windows NT 10.0; Win64; x64) AppleWebKit/537.36 (KHTML, like Gecko) Chrome/120.0.0.0 Safari/537.36"
4.204.233.55 - - [13/Mar/2026:17:12:31 +0300] "GET /atomlib.php HTTP/1.1" 404 83398 "-" "Mozilla/5.0 (Windows NT 10.0; Win64; x64) AppleWebKit/537.36 (KHTML, like Gecko) Chrome/120.0.0.0 Safari/537.36"
4.204.233.55 - - [13/Mar/2026:17:12:33 +0300] "GET /ava.php HTTP/1.1" 404 83322 "-" "Mozilla/5.0 (Windows NT 10.0; Win64; x64) AppleWebKit/537.36 (KHTML, like Gecko) Chrome/120.0.0.0 Safari/537.36"
4.204.233.55 - - [13/Mar/2026:17:12:35 +0300] "GET /bless.php HTTP/1.1" 404 83531 "-" "Mozilla/5.0 (Windows NT 10.0; Win64; x64) AppleWebKit/537.36 (KHTML, like Gecko) Chrome/120.0.0.0 Safari/537.36"
4.204.233.55 - - [13/Mar/2026:17:12:38 +0300] "GET /bolt.php HTTP/1.1" 404 83358 "-" "Mozilla/5.0 (Windows NT 10.0; Win64; x64) AppleWebKit/537.36 (KHTML, like Gecko) Chrome/120.0.0.0 Safari/537.36"
4.204.233.55 - - [13/Mar/2026:17:12:40 +0300] "GET /css/index.php HTTP/1.1" 301 0 "-" "Mozilla/5.0 (Windows NT 10.0; Win64; x64) AppleWebKit/537.36 (KHTML, like Gecko) Chrome/120.0.0.0 Safari/537.36"
4.204.233.55 - - [13/Mar/2026:17:12:43 +0300] "GET /default.php HTTP/1.1" 404 83395 "-" "Mozilla/5.0 (Windows NT 10.0; Win64; x64) AppleWebKit/537.36 (KHTML, like Gecko) Chrome/120.0.0.0 Safari/537.36"
4.204.233.55 - - [13/Mar/2026:17:12:48 +0300] "GET /edit.php HTTP/1.1" 404 83362 "-" "Mozilla/5.0 (Windows NT 10.0; Win64; x64) AppleWebKit/537.36 (KHTML, like Gecko) Chrome/120.0.0.0 Safari/537.36"
4.204.233.55 - - [13/Mar/2026:17:12:52 +0300] "GET /fff.php HTTP/1.1" 404 83507 "-" "Mozilla/5.0 (Windows NT 10.0; Win64; x64) AppleWebKit/537.36 (KHTML, like Gecko) Chrome/120.0.0.0 Safari/537.36"
4.204.233.55 - - [13/Mar/2026:17:12:55 +0300] "GET /fonts/index.php HTTP/1.1" 301 0 "-" "Mozilla/5.0 (Windows NT 10.0; Win64; x64) AppleWebKit/537.36 (KHTML, like Gecko) Chrome/120.0.0.0 Safari/537.36"
4.204.233.55 - - [13/Mar/2026:17:12:57 +0300] "GET /images/index.php HTTP/1.1" 301 0 "-" "Mozilla/5.0 (Windows NT 10.0; Win64; x64) AppleWebKit/537.36 (KHTML, like Gecko) Chrome/120.0.0.0 Safari/537.36"
4.204.233.55 - - [13/Mar/2026:17:12:59 +0300] "GET /ioxi-o.php HTTP/1.1" 404 83471 "-" "Mozilla/5.0 (Windows NT 10.0; Win64; x64) AppleWebKit/537.36 (KHTML, like Gecko) Chrome/120.0.0.0 Safari/537.36"
4.204.233.55 - - [13/Mar/2026:17:13:02 +0300] "GET /php.php HTTP/1.1" 404 83322 "-" "Mozilla/5.0 (Windows NT 10.0; Win64; x64) AppleWebKit/537.36 (KHTML, like Gecko) Chrome/120.0.0.0 Safari/537.36"
4.204.233.55 - - [13/Mar/2026:17:13:04 +0300] "GET /uploads/index.php HTTP/1.1" 301 0 "-" "Mozilla/5.0 (Windows NT 10.0; Win64; x64) AppleWebKit/537.36 (KHTML, like Gecko) Chrome/120.0.0.0 Safari/537.36"
4.204.233.55 - - [13/Mar/2026:17:13:07 +0300] "GET /wp-admin.php HTTP/1.1" 404 83491 "-" "Mozilla/5.0 (Windows NT 10.0; Win64; x64) AppleWebKit/537.36 (KHTML, like Gecko) Chrome/120.0.0.0 Safari/537.36"
4.204.233.55 - - [13/Mar/2026:17:13:09 +0300] "GET /wp-admin/css/ HTTP/1.1" 403 787 "-" "Mozilla/5.0 (Windows NT 10.0; Win64; x64) AppleWebKit/537.36 (KHTML, like Gecko) Chrome/120.0.0.0 Safari/537.36"
4.204.233.55 - - [13/Mar/2026:17:13:09 +0300] "GET /wp-admin/css/bolt.php HTTP/1.1" 404 83352 "-" "Mozilla/5.0 (Windows NT 10.0; Win64; x64) AppleWebKit/537.36 (KHTML, like Gecko) Chrome/120.0.0.0 Safari/537.36"
4.204.233.55 - - [13/Mar/2026:17:13:12 +0300] "GET /wp-admin/css/colors/midnight/ HTTP/1.1" 403 787 "-" "Mozilla/5.0 (Windows NT 10.0; Win64; x64) AppleWebKit/537.36 (KHTML, like Gecko) Chrome/120.0.0.0 Safari/537.36"
4.204.233.55 - - [13/Mar/2026:17:13:12 +0300] "GET /wp-admin/includes/hp2.php HTTP/1.1" 404 83524 "-" "Mozilla/5.0 (Windows NT 10.0; Win64; x64) AppleWebKit/537.36 (KHTML, like Gecko) Chrome/120.0.0.0 Safari/537.36"
4.204.233.55 - - [13/Mar/2026:17:13:15 +0300] "GET /wp-admin/includes/v2.php HTTP/1.1" 404 83347 "-" "Mozilla/5.0 (Windows NT 10.0; Win64; x64) AppleWebKit/537.36 (KHTML, like Gecko) Chrome/120.0.0.0 Safari/537.36"
4.204.233.55 - - [13/Mar/2026:17:13:18 +0300] "GET /wp-admin/js/widgets/ HTTP/1.1" 403 787 "-" "Mozilla/5.0 (Windows NT 10.0; Win64; x64) AppleWebKit/537.36 (KHTML, like Gecko) Chrome/120.0.0.0 Safari/537.36"
4.204.233.55 - - [13/Mar/2026:17:13:18 +0300] "GET /wp-admin/network/admin.php HTTP/1.1" 302 0 "-" "Mozilla/5.0 (Windows NT 10.0; Win64; x64) AppleWebKit/537.36 (KHTML, like Gecko) Chrome/120.0.0.0 Safari/537.36"
4.204.233.55 - - [13/Mar/2026:17:13:20 +0300] "GET /wp-blog.php HTTP/1.1" 404 83554 "-" "Mozilla/5.0 (Windows NT 10.0; Win64; x64) AppleWebKit/537.36 (KHTML, like Gecko) Chrome/120.0.0.0 Safari/537.36"
4.204.233.55 - - [13/Mar/2026:17:13:23 +0300] "GET /wp-content/admin.php HTTP/1.1" 404 83340 "-" "Mozilla/5.0 (Windows NT 10.0; Win64; x64) AppleWebKit/537.36 (KHTML, like Gecko) Chrome/120.0.0.0 Safari/537.36"
4.204.233.55 - - [13/Mar/2026:17:13:25 +0300] "GET /wp-content/index.php HTTP/1.1" 200 529 "-" "Mozilla/5.0 (Windows NT 10.0; Win64; x64) AppleWebKit/537.36 (KHTML, like Gecko) Chrome/120.0.0.0 Safari/537.36"
89.110.118.225 - - [13/Mar/2026:17:08:59 +0300] "GET / HTTP/1.0" 200 544194 "https://luniascouringpads.com/" "Mozilla/5.0 (Windows NT 10.0; Win64; x64) AppleWebKit/537.36 (KHTML, like Gecko) Chrome/129.0.0.0 Safari/537.36"
77.238.236.237 - - [13/Mar/2026:17:09:29 +0300] "POST /wp-comments-post.php HTTP/1.0" 500 6658 "https://luniascouringpads.com/product/sunflower-cleaning-scourer-balls-2/" "Mozilla/5.0 (Windows NT 10.0; Win64; x64) AppleWebKit/537.36 (KHTML, like Gecko) Chrome/103.0.0.0 Safari/537.36 Herring/95.1.8810.11"
159.146.41.192 - - [13/Mar/2026:17:14:43 +0300] "GET /wp-content/plugins/woocommerce/assets/client/blocks/wc-blocks.css HTTP/1.1" 200 2339 "https://luniascouringpads.com/my-account/" "Mozilla/5.0 (Windows NT 10.0; Win64; x64) AppleWebKit/537.36 (KHTML, like Gecko) Chrome/143.0.0.0 Safari/537.36"
159.146.41.192 - - [13/Mar/2026:17:14:55 +0300] "GET /xmlrpc.php HTTP/1.1" 403 787 "https://luniascouringpads.com/my-account/" "Mozilla/5.0 (Windows NT 6.3; Win64; x64) AppleWebKit/537.36 (KHTML, like Gecko) Chrome/103.0.0.0 Safari/537.36"
159.146.41.192 - - [13/Mar/2026:17:14:55 +0300] "GET /my-account/ HTTP/1.1" 200 83649 "https://luniascouringpads.com/xmlrpc.php" "Mozilla/5.0 (Windows NT 6.3; Win64; x64) AppleWebKit/537.36 (KHTML, like Gecko) Chrome/103.0.0.0 Safari/537.36"
159.146.41.192 - - [13/Mar/2026:17:15:05 +0300] "GET /wp-admin/edit-tags.php?taxonomy=category HTTP/1.1" 302 0 "https://luniascouringpads.com/my-account/" "Mozilla/5.0 (Windows NT 6.3; Win64; x64) AppleWebKit/537.36 (KHTML, like Gecko) Chrome/103.0.0.0 Safari/537.36"
159.146.41.192 - - [13/Mar/2026:17:15:11 +0300] "GET /?s=&post_type=product HTTP/1.1" 200 89189 "https://luniascouringpads.com/my-account/" "Mozilla/5.0 (Windows NT 6.3; Win64; x64) AppleWebKit/537.36 (KHTML, like Gecko) Chrome/103.0.0.0 Safari/537.36"
74.7.241.148 - - [13/Mar/2026:17:16:51 +0300] "GET /robots.txt HTTP/2" 401 53 "-" "Mozilla/5.0 (Macintosh; Intel Mac OS X 10_15_7) AppleWebKit/537.36 (KHTML, like Gecko) Chrome/131.0.0.0 Safari/537.36; compatible; OAI-SearchBot/1.3; robots.txt; +https://openai.com/searchbot"
162.19.86.214 - - [13/Mar/2026:16:58:50 +0300] "HEAD / HTTP/2" 200 0 "-" "-"
77.238.236.237 - - [13/Mar/2026:17:09:01 +0300] "GET /product/sunflower-cleaning-scourer-balls-2/ HTTP/1.0" 200 16634133 "https://luniascouringpads.com/product/sunflower-cleaning-scourer-balls-2/" "Mozilla/5.0 (Windows NT 10.0; Win64; x64) AppleWebKit/537.36 (KHTML, like Gecko) Chrome/103.0.0.0 Safari/537.36 Herring/95.1.8810.11"
159.146.41.192 - - [13/Mar/2026:17:14:42 +0300] "GET /wp-content/plugins/click-to-chat-for-whatsapp/new/inc/assets/css/main.css HTTP/1.1" 200 940 "https://luniascouringpads.com/my-account/" "Mozilla/5.0 (Windows NT 10.0; Win64; x64) AppleWebKit/537.36 (KHTML, like Gecko) Chrome/143.0.0.0 Safari/537.36"
159.146.41.192 - - [13/Mar/2026:17:14:43 +0300] "GET /wp-includes/css/dist/block-library/style.min.css HTTP/1.1" 200 14889 "https://luniascouringpads.com/my-account/" "Mozilla/5.0 (Windows NT 10.0; Win64; x64) AppleWebKit/537.36 (KHTML, like Gecko) Chrome/143.0.0.0 Safari/537.36"
159.146.41.192 - - [13/Mar/2026:17:14:45 +0300] "GET /wp-content/plugins/yith-woocommerce-wishlist/assets/css/jquery.selectBox.css HTTP/1.1" 200 773 "https://luniascouringpads.com/my-account/" "Mozilla/5.0 (Windows NT 10.0; Win64; x64) AppleWebKit/537.36 (KHTML, like Gecko) Chrome/143.0.0.0 Safari/537.36"
159.146.41.192 - - [13/Mar/2026:17:14:45 +0300] "GET /wp-content/plugins/woocommerce/assets/css/prettyPhoto.css HTTP/1.1" 200 1806 "https://luniascouringpads.com/my-account/" "Mozilla/5.0 (Windows NT 10.0; Win64; x64) AppleWebKit/537.36 (KHTML, like Gecko) Chrome/143.0.0.0 Safari/537.36"
74.7.228.46 - - [13/Mar/2026:17:16:51 +0300] "GET /robots.txt HTTP/2" 401 53 "-" "Mozilla/5.0 (Macintosh; Intel Mac OS X 10_15_7) AppleWebKit/537.36 (KHTML, like Gecko) Chrome/131.0.0.0 Safari/537.36; compatible; OAI-SearchBot/1.3; robots.txt; +https://openai.com/searchbot"
4.204.233.55 - - [13/Mar/2026:17:13:25 +0300] "GET /wp-content/plugins/admin.php HTTP/1.1" 404 83501 "-" "Mozilla/5.0 (Windows NT 10.0; Win64; x64) AppleWebKit/537.36 (KHTML, like Gecko) Chrome/120.0.0.0 Safari/537.36"
4.204.233.55 - - [13/Mar/2026:17:13:28 +0300] "GET /wp-content/themes/admin.php HTTP/1.1" 404 83408 "-" "Mozilla/5.0 (Windows NT 10.0; Win64; x64) AppleWebKit/537.36 (KHTML, like Gecko) Chrome/120.0.0.0 Safari/537.36"
4.204.233.55 - - [13/Mar/2026:17:13:30 +0300] "GET /wp-content/themes/twentytwentytwo/index.php HTTP/1.1" 301 0 "-" "Mozilla/5.0 (Windows NT 10.0; Win64; x64) AppleWebKit/537.36 (KHTML, like Gecko) Chrome/120.0.0.0 Safari/537.36"
4.204.233.55 - - [13/Mar/2026:17:13:32 +0300] "GET /wp-content/uploads/footer.php HTTP/1.1" 404 83326 "-" "Mozilla/5.0 (Windows NT 10.0; Win64; x64) AppleWebKit/537.36 (KHTML, like Gecko) Chrome/120.0.0.0 Safari/537.36"
4.204.233.55 - - [13/Mar/2026:17:13:35 +0300] "GET /wp-includes/Text/ HTTP/1.1" 403 787 "-" "Mozilla/5.0 (Windows NT 10.0; Win64; x64) AppleWebKit/537.36 (KHTML, like Gecko) Chrome/120.0.0.0 Safari/537.36"
4.204.233.55 - - [13/Mar/2026:17:13:35 +0300] "GET /wp-includes/assets/ HTTP/1.1" 403 787 "-" "Mozilla/5.0 (Windows NT 10.0; Win64; x64) AppleWebKit/537.36 (KHTML, like Gecko) Chrome/120.0.0.0 Safari/537.36"
4.204.233.55 - - [13/Mar/2026:17:13:35 +0300] "GET /wp-includes/block-bindings/ HTTP/1.1" 403 787 "-" "Mozilla/5.0 (Windows NT 10.0; Win64; x64) AppleWebKit/537.36 (KHTML, like Gecko) Chrome/120.0.0.0 Safari/537.36"
4.204.233.55 - - [13/Mar/2026:17:13:35 +0300] "GET /wp-includes/blocks/nextpage/index.php HTTP/1.1" 301 0 "-" "Mozilla/5.0 (Windows NT 10.0; Win64; x64) AppleWebKit/537.36 (KHTML, like Gecko) Chrome/120.0.0.0 Safari/537.36"
4.204.233.55 - - [13/Mar/2026:17:13:37 +0300] "GET /wp-includes/interactivity-api/index.php HTTP/1.1" 301 0 "-" "Mozilla/5.0 (Windows NT 10.0; Win64; x64) AppleWebKit/537.36 (KHTML, like Gecko) Chrome/120.0.0.0 Safari/537.36"
4.204.233.55 - - [13/Mar/2026:17:13:39 +0300] "GET /wp-includes/style-engine/index.php HTTP/1.1" 301 0 "-" "Mozilla/5.0 (Windows NT 10.0; Win64; x64) AppleWebKit/537.36 (KHTML, like Gecko) Chrome/120.0.0.0 Safari/537.36"
159.146.41.192 - - [13/Mar/2026:17:14:46 +0300] "GET /wp-content/themes/woostify/style.css HTTP/1.1" 200 39503 "https://luniascouringpads.com/my-account/" "Mozilla/5.0 (Windows NT 10.0; Win64; x64) AppleWebKit/537.36 (KHTML, like Gecko) Chrome/143.0.0.0 Safari/537.36"
159.146.41.192 - - [13/Mar/2026:17:14:47 +0300] "GET /wp-content/themes/woostify/assets/css/photoswipe-video.css HTTP/1.1" 200 352 "https://luniascouringpads.com/my-account/" "Mozilla/5.0 (Windows NT 10.0; Win64; x64) AppleWebKit/537.36 (KHTML, like Gecko) Chrome/143.0.0.0 Safari/537.36"
162.0.216.102 - - [13/Mar/2026:17:03:41 +0300] "GET /wp-login.php HTTP/2" 200 0 "-" "Mozilla/5.0 (Windows NT 6.3; Win64; x64; Trident/7.0; LCJB; rv:11.0) like Gecko"
159.146.41.192 - - [13/Mar/2026:17:15:02 +0300] "GET /my-account/ HTTP/1.1" 200 83649 "https://luniascouringpads.com/wp-admin/" "Mozilla/5.0 (Windows NT 6.3; Win64; x64) AppleWebKit/537.36 (KHTML, like Gecko) Chrome/103.0.0.0 Safari/537.36"
159.146.41.192 - - [13/Mar/2026:17:15:07 +0300] "GET /my-account/ HTTP/1.1" 200 83650 "https://luniascouringpads.com/wp-admin/edit-tags.php?taxonomy=category" "Mozilla/5.0 (Windows NT 6.3; Win64; x64) AppleWebKit/537.36 (KHTML, like Gecko) Chrome/103.0.0.0 Safari/537.36"
74.7.241.52 - - [13/Mar/2026:17:00:07 +0300] "GET /wp-sitemap.xml HTTP/2" 200 0 "-" "Mozilla/5.0 AppleWebKit/537.36 (KHTML, like Gecko; compatible; GPTBot/1.3; +https://openai.com/gptbot)"
89.110.118.225 - - [13/Mar/2026:17:09:12 +0300] "GET /5-best-lunia-scouring-pads/ HTTP/1.0" 200 2236021 "https://luniascouringpads.com/5-best-lunia-scouring-pads/" "Mozilla/5.0 (Windows NT 10.0; Win64; x64) AppleWebKit/537.36 (KHTML, like Gecko) Chrome/129.0.0.0 Safari/537.36"
89.110.118.225 - - [13/Mar/2026:17:09:19 +0300] "POST /wp-comments-post.php HTTP/1.0" 500 6658 "https://luniascouringpads.com/5-best-lunia-scouring-pads/" "Mozilla/5.0 (Windows NT 10.0; Win64; x64) AppleWebKit/537.36 (KHTML, like Gecko) Chrome/129.0.0.0 Safari/537.36"
159.146.41.192 - - [13/Mar/2026:17:14:34 +0300] "GET /my-account/ HTTP/1.1" 200 83938 "https://luniascouringpads.com/" "Mozilla/5.0 (Windows NT 10.0; Win64; x64) AppleWebKit/537.36 (KHTML, like Gecko) Chrome/114.0.0.0 Safari/537.36 Edg/114.0.1264.71"
159.146.41.192 - - [13/Mar/2026:17:14:44 +0300] "GET /wp-content/plugins/woocommerce/assets/css/select2.css HTTP/1.1" 200 1701 "https://luniascouringpads.com/my-account/" "Mozilla/5.0 (Windows NT 10.0; Win64; x64) AppleWebKit/537.36 (KHTML, like Gecko) Chrome/143.0.0.0 Safari/537.36"
159.146.41.192 - - [13/Mar/2026:17:14:46 +0300] "GET /wp-content/plugins/yith-woocommerce-wishlist/assets/css/style.css HTTP/1.1" 200 6263 "https://luniascouringpads.com/my-account/" "Mozilla/5.0 (Windows NT 10.0; Win64; x64) AppleWebKit/537.36 (KHTML, like Gecko) Chrome/143.0.0.0 Safari/537.36"
159.146.41.192 - - [13/Mar/2026:17:14:47 +0300] "GET /wp-content/themes/woostify/assets/libs/slick/slick.css HTTP/1.1" 200 483 "https://luniascouringpads.com/my-account/" "Mozilla/5.0 (Windows NT 10.0; Win64; x64) AppleWebKit/537.36 (KHTML, like Gecko) Chrome/143.0.0.0 Safari/537.36"
159.146.41.192 - - [13/Mar/2026:17:14:49 +0300] "POST /my-account/ HTTP/1.1" 302 0 "https://luniascouringpads.com/my-account/" "Mozilla/5.0 (Windows NT 6.3; Win64; x64) AppleWebKit/537.36 (KHTML, like Gecko) Chrome/103.0.0.0 Safari/537.36"
159.146.41.192 - - [13/Mar/2026:17:14:51 +0300] "GET /my-account/ HTTP/1.1" 200 83651 "https://luniascouringpads.com/my-account/" "Mozilla/5.0 (Windows NT 6.3; Win64; x64) AppleWebKit/537.36 (KHTML, like Gecko) Chrome/103.0.0.0 Safari/537.36"
159.146.41.192 - - [13/Mar/2026:17:15:16 +0300] "GET /wp-admin/post-new.php HTTP/1.1" 403 998 "https://luniascouringpads.com?s=&post_type=product" "Mozilla/5.0 (Windows NT 6.3; Win64; x64) AppleWebKit/537.36 (KHTML, like Gecko) Chrome/103.0.0.0 Safari/537.36"
74.7.175.162 - - [13/Mar/2026:17:16:28 +0300] "GET /robots.txt HTTP/2" 200 26 "-" "Mozilla/5.0 (Macintosh; Intel Mac OS X 10_15_7) AppleWebKit/537.36 (KHTML, like Gecko) Chrome/131.0.0.0 Safari/537.36; compatible; OAI-SearchBot/1.3; robots.txt; +https://openai.com/searchbot"
74.7.244.17 - - [13/Mar/2026:16:59:56 +0300] "GET /robots.txt HTTP/2" 200 0 "-" "Mozilla/5.0 (Macintosh; Intel Mac OS X 10_15_7) AppleWebKit/537.36 (KHTML, like Gecko) Chrome/131.0.0.0 Safari/537.36; compatible; OAI-SearchBot/1.3; robots.txt; +https://openai.com/searchbot"
89.110.118.225 - - [13/Mar/2026:17:09:07 +0300] "GET /blog/ HTTP/1.0" 200 391522 "https://luniascouringpads.com/blog/" "Mozilla/5.0 (Windows NT 10.0; Win64; x64) AppleWebKit/537.36 (KHTML, like Gecko) Chrome/129.0.0.0 Safari/537.36"
159.146.41.192 - - [13/Mar/2026:17:14:59 +0300] "GET /wp-admin/ HTTP/1.1" 302 0 "https://luniascouringpads.com/my-account/" "Mozilla/5.0 (Windows NT 6.3; Win64; x64) AppleWebKit/537.36 (KHTML, like Gecko) Chrome/103.0.0.0 Safari/537.36"
89.124.66.126 - - [13/Mar/2026:16:59:59 +0300] "GET / HTTP/1.0" 200 97352 "https://luniascouringpads.com/" "Mozilla/5.0 (Windows NT 10.0; Win64; x64) AppleWebKit/537.36 (KHTML, like Gecko) Chrome/129.0.0.0 Safari/537.36"
89.110.118.225 - - [13/Mar/2026:17:08:09 +0300] "GET /product/sunflower-cleaning-scourer-balls-2/ HTTP/1.0" 200 180224 "https://luniascouringpads.com/product/sunflower-cleaning-scourer-balls-2/" "Mozilla/5.0 (Windows NT 10.0; Win64; x64) AppleWebKit/537.36 (KHTML, like Gecko) Chrome/129.0.0.0 Safari/537.36"
159.146.41.192 - - [13/Mar/2026:17:14:44 +0300] "GET /wp-includes/css/dashicons.min.css HTTP/1.1" 200 35101 "https://luniascouringpads.com/my-account/" "Mozilla/5.0 (Windows NT 10.0; Win64; x64) AppleWebKit/537.36 (KHTML, like Gecko) Chrome/143.0.0.0 Safari/537.36"
159.146.41.192 - - [13/Mar/2026:17:14:48 +0300] "GET /wp-content/themes/woostify/assets/libs/slick/slick-theme.css HTTP/1.1" 200 763 "https://luniascouringpads.com/my-account/" "Mozilla/5.0 (Windows NT 10.0; Win64; x64) AppleWebKit/537.36 (KHTML, like Gecko) Chrome/143.0.0.0 Safari/537.36"
91.84.113.162 - - [13/Mar/2026:17:20:26 +0300] "GET /product/sunflower-cleaning-scourer-balls-2/ HTTP/1.0" 500 384 "https://luniascouringpads.com/product/sunflower-cleaning-scourer-balls-2/" "Mozilla/5.0 (Windows NT 6.1; Win64; x64) AppleWebKit/537.36 (KHTML, like Gecko) Chrome/103.0.0.0 Safari/537.36"
176.62.84.192 - - [13/Mar/2026:17:31:41 +0300] "GET / HTTP/1.0" 503 807 "https://luniascouringpads.com/" "Mozilla/5.0 (Windows NT 6.1) AppleWebKit/537.36 (KHTML, like Gecko) Chrome/103.0.5060.114 Safari/537.36"
185.245.105.171 - - [13/Mar/2026:17:32:04 +0300] "GET / HTTP/1.0" 503 807 "https://luniascouringpads.com/" "Mozilla/5.0 (Windows NT 10.0; Win64; x64) AppleWebKit/537.36 (KHTML, like Gecko) Chrome/131.0.0.0 Safari/537.36 Avast/131.0.0.0"
89.110.101.245 - - [13/Mar/2026:17:40:54 +0300] "GET /blog/ HTTP/1.0" 200 391573 "https://luniascouringpads.com/blog/" "Mozilla/5.0 (Windows NT 10.0; Win64; x64) AppleWebKit/537.36 (KHTML, like Gecko) Chrome/131.0.0.0 Safari/537.36"
89.110.101.245 - - [13/Mar/2026:17:39:36 +0300] "GET /product/sunflower-cleaning-scourer-balls-2/ HTTP/1.0" 500 384 "https://luniascouringpads.com/product/sunflower-cleaning-scourer-balls-2/" "Mozilla/5.0 (Windows NT 10.0; Win64; x64) AppleWebKit/537.36 (KHTML, like Gecko) Chrome/131.0.0.0 Safari/537.36"
195.200.29.222 - - [13/Mar/2026:17:41:08 +0300] "GET /product/sunflower-cleaning-scourer-balls-2/ HTTP/1.0" 500 384 "https://luniascouringpads.com/product/sunflower-cleaning-scourer-balls-2/" "Mozilla/5.0 (Windows NT 10.0; Win64; x64) AppleWebKit/537.36 (KHTML, like Gecko) Chrome/130.0.0.0 Safari/537.36"
91.84.113.162 - - [13/Mar/2026:17:21:16 +0300] "GET / HTTP/1.0" 503 807 "https://luniascouringpads.com/" "Mozilla/5.0 (Windows NT 6.1; Win64; x64) AppleWebKit/537.36 (KHTML, like Gecko) Chrome/103.0.0.0 Safari/537.36"
91.84.113.5 - - [13/Mar/2026:17:23:36 +0300] "GET /product/sunflower-cleaning-scourer-balls-2/ HTTP/1.0" 500 384 "https://luniascouringpads.com/product/sunflower-cleaning-scourer-balls-2/" "Mozilla/5.0 (Windows NT 10.0; Win64; x64) AppleWebKit/537.36 (KHTML, like Gecko) Chrome/131.0.0.0 Safari/537.36"
159.146.41.192 - - [13/Mar/2026:17:31:12 +0300] "GET /my-account/ HTTP/1.1" 200 83912 "https://luniascouringpads.com/" "Mozilla/5.0 (Windows NT 10.0; WOW64) AppleWebKit/537.36 (KHTML, like Gecko) Chrome/114.0.0.0 YaBrowser/22.7.0 Yowser/2.5 Safari/537.36"
176.62.84.192 - - [13/Mar/2026:17:31:20 +0300] "GET /product/sunflower-cleaning-scourer-balls-2/ HTTP/1.0" 500 384 "https://luniascouringpads.com/product/sunflower-cleaning-scourer-balls-2/" "Mozilla/5.0 (Windows NT 6.1) AppleWebKit/537.36 (KHTML, like Gecko) Chrome/103.0.5060.114 Safari/537.36"
89.124.66.126 - - [13/Mar/2026:17:32:50 +0300] "GET / HTTP/1.0" 200 114688 "https://luniascouringpads.com/" "Mozilla/5.0 (Windows NT 10.0; Win64; x64) AppleWebKit/537.36 (KHTML, like Gecko) Chrome/131.0.0.0 Safari/537.36"
77.238.244.240 - - [13/Mar/2026:17:41:13 +0300] "GET /blog/ HTTP/1.0" 200 391573 "https://luniascouringpads.com/blog/" "Mozilla/5.0 (Windows NT 10.0; Win64; x64) AppleWebKit/537.36 (KHTML, like Gecko) Chrome/130.0.0.0 Safari/537.36 CCleaner/130.0.0.0"
77.238.244.240 - - [13/Mar/2026:17:39:52 +0300] "GET /product/sunflower-cleaning-scourer-balls-2/ HTTP/1.0" 500 384 "https://luniascouringpads.com/product/sunflower-cleaning-scourer-balls-2/" "Mozilla/5.0 (Windows NT 10.0; Win64; x64) AppleWebKit/537.36 (KHTML, like Gecko) Chrome/130.0.0.0 Safari/537.36 CCleaner/130.0.0.0"
77.238.244.240 - - [13/Mar/2026:17:41:38 +0300] "GET /5-best-lunia-scouring-pads/ HTTP/1.0" 200 2237796 "https://luniascouringpads.com/5-best-lunia-scouring-pads/" "Mozilla/5.0 (Windows NT 10.0; Win64; x64) AppleWebKit/537.36 (KHTML, like Gecko) Chrome/130.0.0.0 Safari/537.36 CCleaner/130.0.0.0"
91.84.113.5 - - [13/Mar/2026:17:24:27 +0300] "GET / HTTP/1.0" 200 163840 "https://luniascouringpads.com/" "Mozilla/5.0 (Windows NT 10.0; Win64; x64) AppleWebKit/537.36 (KHTML, like Gecko) Chrome/131.0.0.0 Safari/537.36"
77.238.252.71 - - [13/Mar/2026:17:35:19 +0300] "GET / HTTP/1.0" 503 807 "https://luniascouringpads.com/" "Mozilla/5.0 (Windows NT 10.0; Win64; x64) AppleWebKit/537.36 (KHTML, like Gecko) Chrome/129.0.0.0 Safari/537.36"
91.84.96.29 - - [13/Mar/2026:17:36:57 +0300] "GET /product/sunflower-cleaning-scourer-balls-2/ HTTP/1.0" 500 384 "https://luniascouringpads.com/product/sunflower-cleaning-scourer-balls-2/" "Mozilla/5.0 (Windows NT 10.0; Win64; x64) AppleWebKit/537.36 (KHTML, like Gecko) Chrome/131.0.0.0 Safari/537.36"
89.110.101.245 - - [13/Mar/2026:17:41:19 +0300] "GET /5-best-lunia-scouring-pads/ HTTP/1.0" 200 2237796 "https://luniascouringpads.com/5-best-lunia-scouring-pads/" "Mozilla/5.0 (Windows NT 10.0; Win64; x64) AppleWebKit/537.36 (KHTML, like Gecko) Chrome/131.0.0.0 Safari/537.36"
89.110.101.245 - - [13/Mar/2026:17:42:01 +0300] "POST /wp-comments-post.php HTTP/1.0" 500 6658 "https://luniascouringpads.com/5-best-lunia-scouring-pads/" "Mozilla/5.0 (Windows NT 10.0; Win64; x64) AppleWebKit/537.36 (KHTML, like Gecko) Chrome/131.0.0.0 Safari/537.36"
77.238.252.71 - - [13/Mar/2026:17:35:18 +0300] "GET /product/sunflower-cleaning-scourer-balls-2/ HTTP/1.0" 503 807 "https://luniascouringpads.com/product/sunflower-cleaning-scourer-balls-2/" "Mozilla/5.0 (Windows NT 10.0; Win64; x64) AppleWebKit/537.36 (KHTML, like Gecko) Chrome/129.0.0.0 Safari/537.36"
91.84.96.29 - - [13/Mar/2026:17:37:48 +0300] "GET / HTTP/1.0" 200 163811 "https://luniascouringpads.com/" "Mozilla/5.0 (Windows NT 10.0; Win64; x64) AppleWebKit/537.36 (KHTML, like Gecko) Chrome/131.0.0.0 Safari/537.36"
77.238.244.240 - - [13/Mar/2026:17:40:43 +0300] "GET / HTTP/1.0" 200 544194 "https://luniascouringpads.com/" "Mozilla/5.0 (Windows NT 10.0; Win64; x64) AppleWebKit/537.36 (KHTML, like Gecko) Chrome/130.0.0.0 Safari/537.36 CCleaner/130.0.0.0"
27.42.98.76 - - [13/Mar/2026:17:31:54 +0300] "GET /product/sunflower-cleaning-scourer-balls-2/ HTTP/1.1" 503 807 "-" "Mozilla/5.0 (Macintosh; Intel Mac OS X 12.5; rv:114.0) Gecko/20100101 Firefox/114.0"
74.7.241.184 - - [13/Mar/2026:17:34:01 +0300] "GET /robots.txt HTTP/2" 200 0 "-" "Mozilla/5.0 (Macintosh; Intel Mac OS X 10_15_7) AppleWebKit/537.36 (KHTML, like Gecko) Chrome/131.0.0.0 Safari/537.36; compatible; OAI-SearchBot/1.3; robots.txt; +https://openai.com/searchbot"
89.110.101.245 - - [13/Mar/2026:17:40:26 +0300] "GET / HTTP/1.0" 200 544194 "https://luniascouringpads.com/" "Mozilla/5.0 (Windows NT 10.0; Win64; x64) AppleWebKit/537.36 (KHTML, like Gecko) Chrome/131.0.0.0 Safari/537.36"
195.200.29.222 - - [13/Mar/2026:17:42:23 +0300] "GET /blog/ HTTP/1.0" 200 391522 "https://luniascouringpads.com/blog/" "Mozilla/5.0 (Windows NT 10.0; Win64; x64) AppleWebKit/537.36 (KHTML, like Gecko) Chrome/130.0.0.0 Safari/537.36"
195.200.29.222 - - [13/Mar/2026:17:43:14 +0300] "POST /wp-comments-post.php HTTP/1.0" 500 6658 "https://luniascouringpads.com/5-best-lunia-scouring-pads/" "Mozilla/5.0 (Windows NT 10.0; Win64; x64) AppleWebKit/537.36 (KHTML, like Gecko) Chrome/130.0.0.0 Safari/537.36"
89.124.66.126 - - [13/Mar/2026:17:32:00 +0300] "GET /5-best-lunia-scouring-pads/ HTTP/1.0" 500 384 "https://luniascouringpads.com/5-best-lunia-scouring-pads/" "Mozilla/5.0 (Windows NT 10.0; Win64; x64) AppleWebKit/537.36 (KHTML, like Gecko) Chrome/131.0.0.0 Safari/537.36"
159.146.41.192 - - [13/Mar/2026:17:31:42 +0300] "GET /my-account/ HTTP/1.1" 503 807 "https://luniascouringpads.com/" "Mozilla/5.0 (Windows NT 10.0; WOW64) AppleWebKit/537.36 (KHTML, like Gecko) Chrome/114.0.0.0 YaBrowser/22.7.0 Yowser/2.5 Safari/537.36"
185.245.105.171 - - [13/Mar/2026:17:31:13 +0300] "GET /product/sunflower-cleaning-scourer-balls-2/ HTTP/1.0" 500 384 "https://luniascouringpads.com/product/sunflower-cleaning-scourer-balls-2/" "Mozilla/5.0 (Windows NT 10.0; Win64; x64) AppleWebKit/537.36 (KHTML, like Gecko) Chrome/131.0.0.0 Safari/537.36 Avast/131.0.0.0"
74.7.244.17 - - [13/Mar/2026:17:39:57 +0300] "GET /robots.txt HTTP/2" 200 0 "-" "Mozilla/5.0 (Macintosh; Intel Mac OS X 10_15_7) AppleWebKit/537.36 (KHTML, like Gecko) Chrome/131.0.0.0 Safari/537.36; compatible; OAI-SearchBot/1.3; robots.txt; +https://openai.com/searchbot"
195.200.29.222 - - [13/Mar/2026:17:41:58 +0300] "GET / HTTP/1.0" 200 544194 "https://luniascouringpads.com/" "Mozilla/5.0 (Windows NT 10.0; Win64; x64) AppleWebKit/537.36 (KHTML, like Gecko) Chrome/130.0.0.0 Safari/537.36"
77.238.244.240 - - [13/Mar/2026:17:42:21 +0300] "POST /wp-comments-post.php HTTP/1.0" 500 6658 "https://luniascouringpads.com/5-best-lunia-scouring-pads/" "Mozilla/5.0 (Windows NT 10.0; Win64; x64) AppleWebKit/537.36 (KHTML, like Gecko) Chrome/130.0.0.0 Safari/537.36 CCleaner/130.0.0.0"
195.200.29.222 - - [13/Mar/2026:17:42:40 +0300] "GET /5-best-lunia-scouring-pads/ HTTP/1.0" 200 2241611 "https://luniascouringpads.com/5-best-lunia-scouring-pads/" "Mozilla/5.0 (Windows NT 10.0; Win64; x64) AppleWebKit/537.36 (KHTML, like Gecko) Chrome/130.0.0.0 Safari/537.36"
68.183.158.70 - - [13/Mar/2026:17:51:32 +0300] "GET /wp-login.php HTTP/2" 200 2200 "-" "Mozilla/5.0 (Macintosh; Intel Mac OS X 10_13_3) AppleWebKit/537.36 (KHTML, like Gecko) Chrome/65.0.3325.146 Safari/537.36"
68.183.158.70 - - [13/Mar/2026:17:51:34 +0300] "POST /wp-login.php HTTP/2" 200 2368 "https://luniascouringpads.com/wp-login.php" "Mozilla/5.0 (Macintosh; Intel Mac OS X 10_13_3) AppleWebKit/537.36 (KHTML, like Gecko) Chrome/65.0.3325.146 Safari/537.36"
54.39.210.219 - - [13/Mar/2026:17:52:05 +0300] "GET /product/sunflower-cleaning-scourer-balls-2/ HTTP/2" 200 2131032 "-" "Mozilla/5.0 (compatible; AhrefsBot/7.0; +http://ahrefs.com/robot/)"
5.188.118.200 - - [13/Mar/2026:17:49:19 +0300] "GET /product/sunflower-cleaning-scourer-balls-2/ HTTP/1.0" 200 16635186 "https://luniascouringpads.com/product/sunflower-cleaning-scourer-balls-2/" "Mozilla/5.0 (Windows NT 10.0; Win64; x64) AppleWebKit/537.36 (KHTML, like Gecko) Chrome/103.0.5060.134 Safari/537.36"
5.188.118.200 - - [13/Mar/2026:17:50:01 +0300] "GET /blog/ HTTP/1.0" 200 391503 "https://luniascouringpads.com/blog/" "Mozilla/5.0 (Windows NT 10.0; Win64; x64) AppleWebKit/537.36 (KHTML, like Gecko) Chrome/103.0.5060.134 Safari/537.36"
5.188.118.200 - - [13/Mar/2026:17:49:39 +0300] "POST /wp-comments-post.php HTTP/1.0" 500 6658 "https://luniascouringpads.com/product/sunflower-cleaning-scourer-balls-2/" "Mozilla/5.0 (Windows NT 10.0; Win64; x64) AppleWebKit/537.36 (KHTML, like Gecko) Chrome/103.0.5060.134 Safari/537.36"
74.7.230.14 - - [13/Mar/2026:17:48:33 +0300] "GET /robots.txt HTTP/2" 200 146 "-" "Mozilla/5.0 (Macintosh; Intel Mac OS X 10_15_7) AppleWebKit/537.36 (KHTML, like Gecko) Chrome/131.0.0.0 Safari/537.36; compatible; OAI-SearchBot/1.3; robots.txt; +https://openai.com/searchbot"
5.188.118.200 - - [13/Mar/2026:17:49:43 +0300] "GET /product/sunflower-cleaning-scourer-balls-2/ HTTP/1.0" 200 4849664 "https://luniascouringpads.com/product/sunflower-cleaning-scourer-balls-2/" "Mozilla/5.0 (Windows NT 10.0; Win64; x64) AppleWebKit/537.36 (KHTML, like Gecko) Chrome/103.0.5060.134 Safari/537.36"
159.146.41.192 - - [13/Mar/2026:17:56:24 +0300] "GET /my-account/ HTTP/1.1" 200 83652 "https://luniascouringpads.com/my-account/" "Mozilla/5.0 (Windows NT 6.3; Win64; x64) AppleWebKit/537.36 (KHTML, like Gecko) Chrome/103.0.0.0 Safari/537.36"
159.146.41.192 - - [13/Mar/2026:17:56:36 +0300] "GET /my-account/ HTTP/1.1" 200 83652 "https://luniascouringpads.com/wp-admin/edit-tags.php?taxonomy=category" "Mozilla/5.0 (Windows NT 6.3; Win64; x64) AppleWebKit/537.36 (KHTML, like Gecko) Chrome/103.0.0.0 Safari/537.36"
89.110.75.188 - - [13/Mar/2026:18:07:08 +0300] "POST /wp-comments-post.php HTTP/1.0" 500 6658 "https://luniascouringpads.com/product/sunflower-cleaning-scourer-balls-2/" "Mozilla/5.0 (Windows NT 6.3; Win64; x64) AppleWebKit/537.36 (KHTML, like Gecko) Chrome/103.0.5060.114 Safari/537.36"
159.146.41.192 - - [13/Mar/2026:17:56:16 +0300] "GET /my-account/ HTTP/1.1" 200 84008 "https://luniascouringpads.com/" "Mozilla/5.0 (Windows NT 10.0; Win64; x64) AppleWebKit/537.36 (KHTML, like Gecko) Chrome/114.0.0.0 Safari/537.36 Edg/114.0.1264.71"
159.146.41.192 - - [13/Mar/2026:17:56:34 +0300] "GET /wp-admin/edit-tags.php?taxonomy=category HTTP/1.1" 302 0 "https://luniascouringpads.com/my-account/" "Mozilla/5.0 (Windows NT 6.3; Win64; x64) AppleWebKit/537.36 (KHTML, like Gecko) Chrome/103.0.0.0 Safari/537.36"
74.7.228.39 - - [13/Mar/2026:18:05:39 +0300] "GET /robots.txt HTTP/2" 401 53 "-" "Mozilla/5.0 (Macintosh; Intel Mac OS X 10_15_7) AppleWebKit/537.36 (KHTML, like Gecko) Chrome/131.0.0.0 Safari/537.36; compatible; OAI-SearchBot/1.3; robots.txt; +https://openai.com/searchbot"
144.76.32.114 - - [13/Mar/2026:18:13:58 +0300] "GET /robots.txt HTTP/1.1" 200 162 "-" "Mozilla/5.0 (compatible; SERankingBacklinksBot/1.0; +https://seranking.com/backlinks-crawler)"
4.204.233.55 - - [13/Mar/2026:18:14:44 +0300] "GET /.well-known/hp2.php HTTP/1.1" 404 83545 "-" "Mozilla/5.0 (Windows NT 10.0; Win64; x64) AppleWebKit/537.36 (KHTML, like Gecko) Chrome/120.0.0.0 Safari/537.36"
