File manager - Edit - /usr/local/apache/domlogs/kdmucyyv/luniascouringpads.com-ssl_log
Back
103.87.142.100 - - [13/Mar/2026:15:06:54 +0300] "GET /product/sunflower-cleaning-scourer-balls-2/ HTTP/1.1" 200 2128756 "https://luniascouringpads.com/" "Mozilla/5.0 (X11; Ubuntu; Linux i686; rv:114.0) Gecko/20100101 Firefox/114.0"
103.87.142.100 - - [13/Mar/2026:15:07:36 +0300] "GET /wp-content/plugins/woocommerce/assets/css/photoswipe/photoswipe.min.css HTTP/1.1" 200 857 "https://luniascouringpads.com/product/sunflower-cleaning-scourer-balls-2/" "Mozilla/5.0 (Windows NT 10.0; Win64; x64) AppleWebKit/537.36 (KHTML, like Gecko) Chrome/143.0.0.0 Safari/537.36"
103.87.142.100 - - [13/Mar/2026:15:07:40 +0300] "GET /wp-content/themes/woostify/style.css HTTP/1.1" 200 39503 "https://luniascouringpads.com/product/sunflower-cleaning-scourer-balls-2/" "Mozilla/5.0 (Windows NT 10.0; Win64; x64) AppleWebKit/537.36 (KHTML, like Gecko) Chrome/143.0.0.0 Safari/537.36"
103.87.142.100 - - [13/Mar/2026:15:07:47 +0300] "GET /product/sunflower-cleaning-scourer-balls-2/ HTTP/1.1" 200 2127379 "https://luniascouringpads.com/product/sunflower-cleaning-scourer-balls-2/" "Mozilla/5.0 (Windows NT 6.3; Win64; x64) AppleWebKit/537.36 (KHTML, like Gecko) Chrome/103.0.0.0 Safari/537.36"
103.87.142.100 - - [13/Mar/2026:15:08:21 +0300] "GET /wp-admin/ HTTP/1.1" 302 0 "https://luniascouringpads.com/product/sunflower-cleaning-scourer-balls-2/" "Mozilla/5.0 (Windows NT 6.3; Win64; x64) AppleWebKit/537.36 (KHTML, like Gecko) Chrome/103.0.0.0 Safari/537.36"
103.87.142.100 - - [13/Mar/2026:15:07:42 +0300] "GET /wp-content/themes/woostify/assets/libs/slick/slick.css HTTP/1.1" 200 483 "https://luniascouringpads.com/product/sunflower-cleaning-scourer-balls-2/" "Mozilla/5.0 (Windows NT 10.0; Win64; x64) AppleWebKit/537.36 (KHTML, like Gecko) Chrome/143.0.0.0 Safari/537.36"
103.87.142.100 - - [13/Mar/2026:15:08:27 +0300] "GET /wp-admin/edit-tags.php?taxonomy=category HTTP/1.1" 302 0 "https://luniascouringpads.com/my-account/" "Mozilla/5.0 (Windows NT 6.3; Win64; x64) AppleWebKit/537.36 (KHTML, like Gecko) Chrome/103.0.0.0 Safari/537.36"
103.87.142.100 - - [13/Mar/2026:15:08:03 +0300] "GET /xmlrpc.php HTTP/1.1" 403 787 "https://luniascouringpads.com/product/sunflower-cleaning-scourer-balls-2/" "Mozilla/5.0 (Windows NT 6.3; Win64; x64) AppleWebKit/537.36 (KHTML, like Gecko) Chrome/103.0.0.0 Safari/537.36"
103.87.142.100 - - [13/Mar/2026:15:08:33 +0300] "GET /?s=&post_type=product HTTP/1.1" 200 89256 "https://luniascouringpads.com/my-account/" "Mozilla/5.0 (Windows NT 6.3; Win64; x64) AppleWebKit/537.36 (KHTML, like Gecko) Chrome/103.0.0.0 Safari/537.36"
103.87.142.100 - - [13/Mar/2026:15:08:36 +0300] "GET /wp-admin/post-new.php HTTP/1.1" 403 998 "https://luniascouringpads.com?s=&post_type=product" "Mozilla/5.0 (Windows NT 6.3; Win64; x64) AppleWebKit/537.36 (KHTML, like Gecko) Chrome/103.0.0.0 Safari/537.36"
103.87.142.100 - - [13/Mar/2026:15:07:34 +0300] "GET /wp-content/plugins/woocommerce/assets/client/blocks/wc-blocks.css HTTP/1.1" 200 2339 "https://luniascouringpads.com/product/sunflower-cleaning-scourer-balls-2/" "Mozilla/5.0 (Windows NT 10.0; Win64; x64) AppleWebKit/537.36 (KHTML, like Gecko) Chrome/143.0.0.0 Safari/537.36"
103.87.142.100 - - [13/Mar/2026:15:07:37 +0300] "GET /wp-content/plugins/yith-woocommerce-wishlist/assets/css/jquery.selectBox.css HTTP/1.1" 200 773 "https://luniascouringpads.com/product/sunflower-cleaning-scourer-balls-2/" "Mozilla/5.0 (Windows NT 10.0; Win64; x64) AppleWebKit/537.36 (KHTML, like Gecko) Chrome/143.0.0.0 Safari/537.36"
144.124.249.141 - - [13/Mar/2026:15:08:34 +0300] "GET /product/sunflower-cleaning-scourer-balls-2/ HTTP/1.0" 200 16616720 "https://luniascouringpads.com/product/sunflower-cleaning-scourer-balls-2/" "Mozilla/5.0 (Windows NT 10.0; Win64; x64) AppleWebKit/537.36 (KHTML, like Gecko) Chrome/129.0.0.0 Safari/537.36"
103.87.142.100 - - [13/Mar/2026:15:07:32 +0300] "GET /wp-includes/css/dist/block-library/style.min.css HTTP/1.1" 200 14889 "https://luniascouringpads.com/product/sunflower-cleaning-scourer-balls-2/" "Mozilla/5.0 (Windows NT 10.0; Win64; x64) AppleWebKit/537.36 (KHTML, like Gecko) Chrome/143.0.0.0 Safari/537.36"
103.87.142.100 - - [13/Mar/2026:15:07:34 +0300] "GET /wp-includes/css/dashicons.min.css HTTP/1.1" 200 35101 "https://luniascouringpads.com/product/sunflower-cleaning-scourer-balls-2/" "Mozilla/5.0 (Windows NT 10.0; Win64; x64) AppleWebKit/537.36 (KHTML, like Gecko) Chrome/143.0.0.0 Safari/537.36"
103.87.142.100 - - [13/Mar/2026:15:07:45 +0300] "POST /product/sunflower-cleaning-scourer-balls-2/ HTTP/1.1" 302 0 "https://luniascouringpads.com/product/sunflower-cleaning-scourer-balls-2/" "Mozilla/5.0 (Windows NT 6.3; Win64; x64) AppleWebKit/537.36 (KHTML, like Gecko) Chrome/103.0.0.0 Safari/537.36"
103.87.142.100 - - [13/Mar/2026:15:08:04 +0300] "GET /product/sunflower-cleaning-scourer-balls-2/ HTTP/1.1" 200 2127880 "https://luniascouringpads.com/xmlrpc.php" "Mozilla/5.0 (Windows NT 6.3; Win64; x64) AppleWebKit/537.36 (KHTML, like Gecko) Chrome/103.0.0.0 Safari/537.36"
103.87.142.100 - - [13/Mar/2026:15:08:24 +0300] "GET /my-account/ HTTP/1.1" 200 83662 "https://luniascouringpads.com/wp-admin/" "Mozilla/5.0 (Windows NT 6.3; Win64; x64) AppleWebKit/537.36 (KHTML, like Gecko) Chrome/103.0.0.0 Safari/537.36"
103.87.142.100 - - [13/Mar/2026:15:07:32 +0300] "GET /wp-content/plugins/click-to-chat-for-whatsapp/new/inc/assets/css/main.css HTTP/1.1" 200 940 "https://luniascouringpads.com/product/sunflower-cleaning-scourer-balls-2/" "Mozilla/5.0 (Windows NT 10.0; Win64; x64) AppleWebKit/537.36 (KHTML, like Gecko) Chrome/143.0.0.0 Safari/537.36"
103.87.142.100 - - [13/Mar/2026:15:07:36 +0300] "GET /wp-content/plugins/woocommerce/assets/css/photoswipe/default-skin/default-skin.min.css HTTP/1.1" 200 1728 "https://luniascouringpads.com/product/sunflower-cleaning-scourer-balls-2/" "Mozilla/5.0 (Windows NT 10.0; Win64; x64) AppleWebKit/537.36 (KHTML, like Gecko) Chrome/143.0.0.0 Safari/537.36"
103.87.142.100 - - [13/Mar/2026:15:07:38 +0300] "GET /wp-content/plugins/woocommerce/assets/css/prettyPhoto.css HTTP/1.1" 200 1806 "https://luniascouringpads.com/product/sunflower-cleaning-scourer-balls-2/" "Mozilla/5.0 (Windows NT 10.0; Win64; x64) AppleWebKit/537.36 (KHTML, like Gecko) Chrome/143.0.0.0 Safari/537.36"
103.87.142.100 - - [13/Mar/2026:15:07:39 +0300] "GET /wp-content/plugins/yith-woocommerce-wishlist/assets/css/style.css HTTP/1.1" 200 6263 "https://luniascouringpads.com/product/sunflower-cleaning-scourer-balls-2/" "Mozilla/5.0 (Windows NT 10.0; Win64; x64) AppleWebKit/537.36 (KHTML, like Gecko) Chrome/143.0.0.0 Safari/537.36"
103.87.142.100 - - [13/Mar/2026:15:07:41 +0300] "GET /wp-content/themes/woostify/assets/css/photoswipe-video.css HTTP/1.1" 200 352 "https://luniascouringpads.com/product/sunflower-cleaning-scourer-balls-2/" "Mozilla/5.0 (Windows NT 10.0; Win64; x64) AppleWebKit/537.36 (KHTML, like Gecko) Chrome/143.0.0.0 Safari/537.36"
103.87.142.100 - - [13/Mar/2026:15:08:32 +0300] "GET /wp-content/plugins/woocommerce/assets/css/select2.css HTTP/1.1" 200 1701 "https://luniascouringpads.com/my-account/" "Mozilla/5.0 (Windows NT 10.0; Win64; x64) AppleWebKit/537.36 (KHTML, like Gecko) Chrome/143.0.0.0 Safari/537.36"
103.87.142.100 - - [13/Mar/2026:15:07:43 +0300] "GET /wp-content/themes/woostify/assets/libs/slick/slick-theme.css HTTP/1.1" 200 763 "https://luniascouringpads.com/product/sunflower-cleaning-scourer-balls-2/" "Mozilla/5.0 (Windows NT 10.0; Win64; x64) AppleWebKit/537.36 (KHTML, like Gecko) Chrome/143.0.0.0 Safari/537.36"
103.87.142.100 - - [13/Mar/2026:15:07:44 +0300] "GET /wp-content/themes/woostify/assets/css/product-video-gallery-frontend.css HTTP/1.1" 200 903 "https://luniascouringpads.com/product/sunflower-cleaning-scourer-balls-2/" "Mozilla/5.0 (Windows NT 10.0; Win64; x64) AppleWebKit/537.36 (KHTML, like Gecko) Chrome/143.0.0.0 Safari/537.36"
103.87.142.100 - - [13/Mar/2026:15:08:29 +0300] "GET /my-account/ HTTP/1.1" 200 83644 "https://luniascouringpads.com/wp-admin/edit-tags.php?taxonomy=category" "Mozilla/5.0 (Windows NT 6.3; Win64; x64) AppleWebKit/537.36 (KHTML, like Gecko) Chrome/103.0.0.0 Safari/537.36"
144.124.249.141 - - [13/Mar/2026:15:08:49 +0300] "POST /wp-comments-post.php HTTP/1.0" 500 6658 "https://luniascouringpads.com/product/sunflower-cleaning-scourer-balls-2/" "Mozilla/5.0 (Windows NT 10.0; Win64; x64) AppleWebKit/537.36 (KHTML, like Gecko) Chrome/129.0.0.0 Safari/537.36"
77.238.252.71 - - [13/Mar/2026:15:16:43 +0300] "GET /product/sunflower-cleaning-scourer-balls-2/ HTTP/1.0" 200 16621639 "https://luniascouringpads.com/product/sunflower-cleaning-scourer-balls-2/" "Mozilla/5.0 (Windows NT 10.0; Win64; x64) AppleWebKit/537.36 (KHTML, like Gecko) Chrome/129.0.0.0 Safari/537.36"
185.92.139.158 - - [13/Mar/2026:15:17:22 +0300] "GET /product/sunflower-cleaning-scourer-balls-2/ HTTP/1.0" 200 16624509 "https://luniascouringpads.com/product/sunflower-cleaning-scourer-balls-2/" "Mozilla/5.0 (Windows NT 10.0; Win64; x64) AppleWebKit/537.36 (KHTML, like Gecko) Chrome/129.0.0.0 Safari/537.36"
195.200.29.222 - - [13/Mar/2026:15:20:25 +0300] "GET /product/sunflower-cleaning-scourer-balls-2/ HTTP/1.0" 200 16628068 "https://luniascouringpads.com/product/sunflower-cleaning-scourer-balls-2/" "Mozilla/5.0 (Windows NT 10.0; Win64; x64) AppleWebKit/537.36 (KHTML, like Gecko) Chrome/130.0.0.0 Safari/537.36 CCleaner/130.0.0.0"
77.238.244.240 - - [13/Mar/2026:15:20:32 +0300] "GET /product/sunflower-cleaning-scourer-balls-2/ HTTP/1.0" 200 16628065 "https://luniascouringpads.com/product/sunflower-cleaning-scourer-balls-2/" "Mozilla/5.0 (Windows NT 10.0; Win64; x64) AppleWebKit/537.36 (KHTML, like Gecko) Chrome/130.0.0.0 Safari/537.36"
216.244.66.242 - - [13/Mar/2026:15:23:58 +0300] "GET /product-category/kenyan-made/?add_to_wishlist=3155&_wpnonce=d5d155e423 HTTP/1.1" 200 475306 "-" "Mozilla/5.0 (compatible; DotBot/1.2; +https://opensiteexplorer.org/dotbot; help@moz.com)"
194.180.48.253 - - [13/Mar/2026:15:26:46 +0300] "GET /.git/config HTTP/1.1" 403 787 "-" "fasthttp"
167.94.138.202 - - [13/Mar/2026:15:28:52 +0300] "GET /wp-content/uploads/2024/10/cropped-icon-lunia-4--32x32.png HTTP/1.1" 200 1163 "-" "Mozilla/5.0 (compatible; CensysInspect/1.1; +https://about.censys.io/)"
91.84.96.29 - - [13/Mar/2026:15:16:03 +0300] "POST /wp-comments-post.php HTTP/1.0" 500 6658 "https://luniascouringpads.com/product/sunflower-cleaning-scourer-balls-2/" "Mozilla/5.0 (Windows NT 10.0; Win64; x64) AppleWebKit/537.36 (KHTML, like Gecko) Chrome/130.0.0.0 Safari/537.36"
77.238.252.71 - - [13/Mar/2026:15:17:00 +0300] "POST /wp-comments-post.php HTTP/1.0" 500 6658 "https://luniascouringpads.com/product/sunflower-cleaning-scourer-balls-2/" "Mozilla/5.0 (Windows NT 10.0; Win64; x64) AppleWebKit/537.36 (KHTML, like Gecko) Chrome/129.0.0.0 Safari/537.36"
195.200.29.222 - - [13/Mar/2026:15:20:42 +0300] "POST /wp-comments-post.php HTTP/1.0" 500 6658 "https://luniascouringpads.com/product/sunflower-cleaning-scourer-balls-2/" "Mozilla/5.0 (Windows NT 10.0; Win64; x64) AppleWebKit/537.36 (KHTML, like Gecko) Chrome/130.0.0.0 Safari/537.36 CCleaner/130.0.0.0"
167.94.138.202 - - [13/Mar/2026:15:28:53 +0300] "GET /wp-content/uploads/2024/10/cropped-icon-lunia-4--192x192.png HTTP/1.1" 200 14805 "-" "Mozilla/5.0 (compatible; CensysInspect/1.1; +https://about.censys.io/)"
91.84.96.29 - - [13/Mar/2026:15:15:44 +0300] "GET /product/sunflower-cleaning-scourer-balls-2/ HTTP/1.0" 200 16618308 "https://luniascouringpads.com/product/sunflower-cleaning-scourer-balls-2/" "Mozilla/5.0 (Windows NT 10.0; Win64; x64) AppleWebKit/537.36 (KHTML, like Gecko) Chrome/130.0.0.0 Safari/537.36"
89.110.101.245 - - [13/Mar/2026:15:19:22 +0300] "GET /product/sunflower-cleaning-scourer-balls-2/ HTTP/1.0" 200 16626951 "https://luniascouringpads.com/product/sunflower-cleaning-scourer-balls-2/" "Mozilla/5.0 (Windows NT 10.0; Win64; x64) AppleWebKit/537.36 (KHTML, like Gecko) Chrome/130.0.0.0 Safari/537.36"
89.110.101.245 - - [13/Mar/2026:15:19:38 +0300] "POST /wp-comments-post.php HTTP/1.0" 500 6658 "https://luniascouringpads.com/product/sunflower-cleaning-scourer-balls-2/" "Mozilla/5.0 (Windows NT 10.0; Win64; x64) AppleWebKit/537.36 (KHTML, like Gecko) Chrome/130.0.0.0 Safari/537.36"
167.94.138.202 - - [13/Mar/2026:15:28:46 +0300] "GET / HTTP/1.1" 200 109225 "-" "Mozilla/5.0 (compatible; CensysInspect/1.1; +https://about.censys.io/)"
167.94.138.202 - - [13/Mar/2026:15:28:55 +0300] "GET /wp-content/uploads/2024/10/cropped-icon-lunia-4--180x180.png HTTP/1.1" 200 13509 "-" "Mozilla/5.0 (compatible; CensysInspect/1.1; +https://about.censys.io/)"
194.164.32.36 - - [13/Mar/2026:15:17:23 +0300] "GET /product/sunflower-cleaning-scourer-balls-2/ HTTP/1.0" 200 16624524 "https://luniascouringpads.com/product/sunflower-cleaning-scourer-balls-2/" "Mozilla/5.0 (Windows NT 10.0; Win64; x64) AppleWebKit/537.36 (KHTML, like Gecko) Chrome/131.0.0.0 Safari/537.36 Avast/131.0.0.0"
194.164.32.36 - - [13/Mar/2026:15:17:50 +0300] "POST /wp-comments-post.php HTTP/1.0" 500 6658 "https://luniascouringpads.com/product/sunflower-cleaning-scourer-balls-2/" "Mozilla/5.0 (Windows NT 10.0; Win64; x64) AppleWebKit/537.36 (KHTML, like Gecko) Chrome/131.0.0.0 Safari/537.36 Avast/131.0.0.0"
185.92.139.158 - - [13/Mar/2026:15:18:27 +0300] "POST /wp-comments-post.php HTTP/1.0" 500 6658 "https://luniascouringpads.com/product/sunflower-cleaning-scourer-balls-2/" "Mozilla/5.0 (Windows NT 10.0; Win64; x64) AppleWebKit/537.36 (KHTML, like Gecko) Chrome/129.0.0.0 Safari/537.36"
77.238.244.240 - - [13/Mar/2026:15:20:51 +0300] "POST /wp-comments-post.php HTTP/1.0" 500 6658 "https://luniascouringpads.com/product/sunflower-cleaning-scourer-balls-2/" "Mozilla/5.0 (Windows NT 10.0; Win64; x64) AppleWebKit/537.36 (KHTML, like Gecko) Chrome/130.0.0.0 Safari/537.36"
167.94.138.202 - - [13/Mar/2026:15:28:56 +0300] "GET /favicon.ico HTTP/1.1" 404 796 "-" "Mozilla/5.0 (compatible; CensysInspect/1.1; +https://about.censys.io/)"
103.87.142.100 - - [13/Mar/2026:15:45:39 +0300] "GET /wp-content/plugins/woocommerce/assets/css/photoswipe/default-skin/default-skin.min.css HTTP/1.1" 200 1728 "https://luniascouringpads.com/product/sunflower-cleaning-scourer-balls-2/" "Mozilla/5.0 (Windows NT 10.0; Win64; x64) AppleWebKit/537.36 (KHTML, like Gecko) Chrome/143.0.0.0 Safari/537.36"
103.87.142.100 - - [13/Mar/2026:15:45:47 +0300] "POST /product/sunflower-cleaning-scourer-balls-2/ HTTP/1.1" 302 0 "https://luniascouringpads.com/product/sunflower-cleaning-scourer-balls-2/" "Mozilla/5.0 (Windows NT 6.3; Win64; x64) AppleWebKit/537.36 (KHTML, like Gecko) Chrome/103.0.0.0 Safari/537.36"
142.250.33.34 - - [13/Mar/2026:15:46:57 +0300] "GET /.well-known/traffic-advice HTTP/1.1" 404 95001 "-" "Chrome Privacy Preserving Prefetch Proxy"
162.120.187.83 - - [13/Mar/2026:15:46:57 +0300] "GET /product/sunflower-cleaning-scourer-balls-2/ HTTP/2" 200 0 "https://www.google.com/" "Mozilla/5.0 (Windows NT 10.0; Win64; x64) AppleWebKit/537.36 (KHTML, like Gecko) Chrome/146.0.0.0 Safari/537.36"
45.11.21.174 - - [13/Mar/2026:15:48:34 +0300] "GET /wp-includes/css/dist/block-library/style.min.css HTTP/1.1" 200 14889 "https://luniascouringpads.com/my-account/" "Mozilla/5.0 (Windows NT 10.0; Win64; x64) AppleWebKit/537.36 (KHTML, like Gecko) Chrome/143.0.0.0 Safari/537.36"
45.11.21.174 - - [13/Mar/2026:15:48:36 +0300] "GET /wp-content/plugins/woocommerce/assets/client/blocks/wc-blocks.css HTTP/1.1" 200 2339 "https://luniascouringpads.com/my-account/" "Mozilla/5.0 (Windows NT 10.0; Win64; x64) AppleWebKit/537.36 (KHTML, like Gecko) Chrome/143.0.0.0 Safari/537.36"
45.11.21.174 - - [13/Mar/2026:15:48:37 +0300] "GET /wp-includes/css/dashicons.min.css HTTP/1.1" 200 35101 "https://luniascouringpads.com/my-account/" "Mozilla/5.0 (Windows NT 10.0; Win64; x64) AppleWebKit/537.36 (KHTML, like Gecko) Chrome/143.0.0.0 Safari/537.36"
45.11.21.174 - - [13/Mar/2026:15:48:42 +0300] "GET /wp-content/plugins/woocommerce/assets/css/prettyPhoto.css HTTP/1.1" 200 1806 "https://luniascouringpads.com/my-account/" "Mozilla/5.0 (Windows NT 10.0; Win64; x64) AppleWebKit/537.36 (KHTML, like Gecko) Chrome/143.0.0.0 Safari/537.36"
45.11.21.174 - - [13/Mar/2026:15:48:46 +0300] "GET /wp-content/themes/woostify/style.css HTTP/1.1" 200 39503 "https://luniascouringpads.com/my-account/" "Mozilla/5.0 (Windows NT 10.0; Win64; x64) AppleWebKit/537.36 (KHTML, like Gecko) Chrome/143.0.0.0 Safari/537.36"
45.11.21.174 - - [13/Mar/2026:15:48:48 +0300] "GET /wp-content/themes/woostify/assets/css/photoswipe-video.css HTTP/1.1" 200 352 "https://luniascouringpads.com/my-account/" "Mozilla/5.0 (Windows NT 10.0; Win64; x64) AppleWebKit/537.36 (KHTML, like Gecko) Chrome/143.0.0.0 Safari/537.36"
46.8.193.19 - - [13/Mar/2026:15:49:02 +0300] "GET /xmlrpc.php HTTP/1.1" 403 787 "https://luniascouringpads.com/my-account/" "Mozilla/5.0 (Windows NT 6.3; Win64; x64) AppleWebKit/537.36 (KHTML, like Gecko) Chrome/103.0.0.0 Safari/537.36"
46.8.11.131 - - [13/Mar/2026:15:49:08 +0300] "GET /wp-admin/ HTTP/1.1" 302 0 "https://luniascouringpads.com/my-account/" "Mozilla/5.0 (Windows NT 6.3; Win64; x64) AppleWebKit/537.36 (KHTML, like Gecko) Chrome/103.0.0.0 Safari/537.36"
46.8.11.131 - - [13/Mar/2026:15:49:18 +0300] "GET /my-account/ HTTP/1.1" 200 83677 "https://luniascouringpads.com/wp-admin/edit-tags.php?taxonomy=category" "Mozilla/5.0 (Windows NT 6.3; Win64; x64) AppleWebKit/537.36 (KHTML, like Gecko) Chrome/103.0.0.0 Safari/537.36"
46.8.11.131 - - [13/Mar/2026:15:49:21 +0300] "GET /?s=&post_type=product HTTP/1.1" 200 89296 "https://luniascouringpads.com/my-account/" "Mozilla/5.0 (Windows NT 6.3; Win64; x64) AppleWebKit/537.36 (KHTML, like Gecko) Chrome/103.0.0.0 Safari/537.36"
20.151.104.32 - - [13/Mar/2026:15:57:58 +0300] "GET /autodiscover/autodiscover.xml HTTP/1.1" 400 52 "-" "-"
20.151.104.32 - - [13/Mar/2026:15:57:58 +0300] "GET /autodiscover/autodiscover.xml HTTP/1.1" 400 52 "-" "-"
20.151.104.32 - - [13/Mar/2026:15:57:58 +0300] "GET /autodiscover/autodiscover.xml HTTP/1.1" 400 52 "-" "-"
20.151.104.32 - - [13/Mar/2026:15:57:59 +0300] "GET /autodiscover/autodiscover.xml HTTP/1.1" 400 52 "-" "-"
20.151.104.32 - - [13/Mar/2026:15:57:59 +0300] "GET /autodiscover/autodiscover.xml HTTP/1.1" 400 52 "-" "-"
20.151.104.32 - - [13/Mar/2026:15:57:59 +0300] "GET /autodiscover/autodiscover.xml HTTP/1.1" 400 52 "-" "-"
20.151.104.32 - - [13/Mar/2026:15:58:00 +0300] "GET /autodiscover/autodiscover.xml HTTP/1.1" 400 52 "-" "-"
20.151.104.32 - - [13/Mar/2026:15:58:00 +0300] "GET /autodiscover/autodiscover.xml HTTP/1.1" 400 52 "-" "-"
20.151.104.32 - - [13/Mar/2026:15:58:00 +0300] "GET /autodiscover/autodiscover.xml HTTP/1.1" 400 52 "-" "-"
20.151.104.32 - - [13/Mar/2026:15:58:00 +0300] "GET /autodiscover/autodiscover.xml HTTP/1.1" 400 52 "-" "-"
20.151.104.32 - - [13/Mar/2026:15:58:01 +0300] "GET /autodiscover/autodiscover.xml HTTP/1.1" 400 52 "-" "-"
20.151.104.32 - - [13/Mar/2026:15:58:01 +0300] "GET /autodiscover/autodiscover.xml HTTP/1.1" 400 52 "-" "-"
20.151.104.32 - - [13/Mar/2026:15:58:01 +0300] "GET /autodiscover/autodiscover.xml HTTP/1.1" 400 52 "-" "-"
20.151.104.32 - - [13/Mar/2026:15:58:02 +0300] "GET /autodiscover/autodiscover.xml HTTP/1.1" 400 52 "-" "-"
20.151.104.32 - - [13/Mar/2026:15:58:02 +0300] "GET /autodiscover/autodiscover.xml HTTP/1.1" 400 52 "-" "-"
20.151.104.32 - - [13/Mar/2026:15:58:02 +0300] "GET /autodiscover/autodiscover.xml HTTP/1.1" 400 52 "-" "-"
20.151.104.32 - - [13/Mar/2026:15:58:03 +0300] "GET /autodiscover/autodiscover.xml HTTP/1.1" 400 52 "-" "-"
20.151.104.32 - - [13/Mar/2026:15:58:03 +0300] "GET /autodiscover/autodiscover.xml HTTP/1.1" 400 52 "-" "-"
20.151.104.32 - - [13/Mar/2026:15:58:03 +0300] "GET /autodiscover/autodiscover.xml HTTP/1.1" 400 52 "-" "-"
20.151.104.32 - - [13/Mar/2026:15:58:04 +0300] "GET /autodiscover/autodiscover.xml HTTP/1.1" 400 52 "-" "-"
20.151.104.32 - - [13/Mar/2026:15:58:04 +0300] "GET /autodiscover/autodiscover.xml HTTP/1.1" 400 52 "-" "-"
20.151.104.32 - - [13/Mar/2026:15:58:04 +0300] "GET /autodiscover/autodiscover.xml HTTP/1.1" 400 52 "-" "-"
20.151.104.32 - - [13/Mar/2026:15:58:05 +0300] "GET /autodiscover/autodiscover.xml HTTP/1.1" 400 52 "-" "-"
20.151.104.32 - - [13/Mar/2026:15:58:05 +0300] "GET /autodiscover/autodiscover.xml HTTP/1.1" 400 52 "-" "-"
20.151.104.32 - - [13/Mar/2026:15:58:05 +0300] "GET /autodiscover/autodiscover.xml HTTP/1.1" 400 52 "-" "-"
20.151.104.32 - - [13/Mar/2026:15:58:05 +0300] "GET /autodiscover/autodiscover.xml HTTP/1.1" 400 52 "-" "-"
20.151.104.32 - - [13/Mar/2026:15:58:06 +0300] "GET /autodiscover/autodiscover.xml HTTP/1.1" 400 52 "-" "-"
20.151.104.32 - - [13/Mar/2026:15:58:06 +0300] "GET /autodiscover/autodiscover.xml HTTP/1.1" 400 52 "-" "-"
20.151.104.32 - - [13/Mar/2026:15:58:06 +0300] "GET /autodiscover/autodiscover.xml HTTP/1.1" 400 52 "-" "-"
20.151.104.32 - - [13/Mar/2026:15:58:07 +0300] "GET /autodiscover/autodiscover.xml HTTP/1.1" 400 52 "-" "-"
20.151.104.32 - - [13/Mar/2026:15:58:07 +0300] "GET /autodiscover/autodiscover.xml HTTP/1.1" 400 52 "-" "-"
20.151.104.32 - - [13/Mar/2026:15:58:07 +0300] "GET /autodiscover/autodiscover.xml HTTP/1.1" 400 52 "-" "-"
20.151.104.32 - - [13/Mar/2026:15:58:07 +0300] "GET /autodiscover/autodiscover.xml HTTP/1.1" 400 52 "-" "-"
20.151.104.32 - - [13/Mar/2026:15:58:08 +0300] "GET /autodiscover/autodiscover.xml HTTP/1.1" 400 52 "-" "-"
20.151.104.32 - - [13/Mar/2026:15:58:08 +0300] "GET /autodiscover/autodiscover.xml HTTP/1.1" 400 52 "-" "-"
20.151.104.32 - - [13/Mar/2026:15:58:08 +0300] "GET /autodiscover/autodiscover.xml HTTP/1.1" 400 52 "-" "-"
20.151.104.32 - - [13/Mar/2026:15:58:09 +0300] "GET /autodiscover/autodiscover.xml HTTP/1.1" 400 52 "-" "-"
20.151.104.32 - - [13/Mar/2026:15:58:09 +0300] "GET /autodiscover/autodiscover.xml HTTP/1.1" 400 52 "-" "-"
20.151.104.32 - - [13/Mar/2026:15:58:09 +0300] "GET /autodiscover/autodiscover.xml HTTP/1.1" 400 52 "-" "-"
20.151.104.32 - - [13/Mar/2026:15:58:09 +0300] "GET /autodiscover/autodiscover.xml HTTP/1.1" 400 52 "-" "-"
20.151.104.32 - - [13/Mar/2026:15:58:10 +0300] "GET /autodiscover/autodiscover.xml HTTP/1.1" 400 52 "-" "-"
20.151.104.32 - - [13/Mar/2026:15:58:10 +0300] "GET /autodiscover/autodiscover.xml HTTP/1.1" 400 52 "-" "-"
20.151.104.32 - - [13/Mar/2026:15:58:10 +0300] "GET /autodiscover/autodiscover.xml HTTP/1.1" 400 52 "-" "-"
20.151.104.32 - - [13/Mar/2026:15:58:10 +0300] "GET /autodiscover/autodiscover.xml HTTP/1.1" 400 52 "-" "-"
20.151.104.32 - - [13/Mar/2026:15:58:11 +0300] "GET /autodiscover/autodiscover.xml HTTP/1.1" 400 52 "-" "-"
20.151.104.32 - - [13/Mar/2026:15:58:11 +0300] "GET /autodiscover/autodiscover.xml HTTP/1.1" 400 52 "-" "-"
20.151.104.32 - - [13/Mar/2026:15:58:11 +0300] "GET /autodiscover/autodiscover.xml HTTP/1.1" 400 52 "-" "-"
20.151.104.32 - - [13/Mar/2026:15:58:11 +0300] "GET /autodiscover/autodiscover.xml HTTP/1.1" 400 52 "-" "-"
20.151.104.32 - - [13/Mar/2026:15:58:12 +0300] "GET /autodiscover/autodiscover.xml HTTP/1.1" 400 52 "-" "-"
20.151.104.32 - - [13/Mar/2026:15:58:12 +0300] "GET /autodiscover/autodiscover.xml HTTP/1.1" 400 52 "-" "-"
20.151.104.32 - - [13/Mar/2026:15:58:12 +0300] "GET /autodiscover/autodiscover.xml HTTP/1.1" 400 52 "-" "-"
20.151.104.32 - - [13/Mar/2026:15:58:12 +0300] "GET /autodiscover/autodiscover.xml HTTP/1.1" 400 52 "-" "-"
20.151.104.32 - - [13/Mar/2026:15:58:13 +0300] "GET /autodiscover/autodiscover.xml HTTP/1.1" 400 52 "-" "-"
20.151.104.32 - - [13/Mar/2026:15:58:13 +0300] "GET /autodiscover/autodiscover.xml HTTP/1.1" 400 52 "-" "-"
20.151.104.32 - - [13/Mar/2026:15:58:13 +0300] "GET /autodiscover/autodiscover.xml HTTP/1.1" 400 52 "-" "-"
20.151.104.32 - - [13/Mar/2026:15:58:13 +0300] "GET /autodiscover/autodiscover.xml HTTP/1.1" 400 52 "-" "-"
20.151.104.32 - - [13/Mar/2026:15:58:14 +0300] "GET /autodiscover/autodiscover.xml HTTP/1.1" 400 52 "-" "-"
20.151.104.32 - - [13/Mar/2026:15:58:14 +0300] "GET /autodiscover/autodiscover.xml HTTP/1.1" 400 52 "-" "-"
20.151.104.32 - - [13/Mar/2026:15:58:14 +0300] "GET /autodiscover/autodiscover.xml HTTP/1.1" 400 52 "-" "-"
20.151.104.32 - - [13/Mar/2026:15:58:14 +0300] "GET /autodiscover/autodiscover.xml HTTP/1.1" 400 52 "-" "-"
20.151.104.32 - - [13/Mar/2026:15:58:15 +0300] "GET /autodiscover/autodiscover.xml HTTP/1.1" 400 52 "-" "-"
20.151.104.32 - - [13/Mar/2026:15:58:15 +0300] "GET /autodiscover/autodiscover.xml HTTP/1.1" 400 52 "-" "-"
20.151.104.32 - - [13/Mar/2026:15:58:15 +0300] "GET /autodiscover/autodiscover.xml HTTP/1.1" 400 52 "-" "-"
20.151.104.32 - - [13/Mar/2026:15:58:16 +0300] "GET /autodiscover/autodiscover.xml HTTP/1.1" 400 52 "-" "-"
20.151.104.32 - - [13/Mar/2026:15:58:16 +0300] "GET /autodiscover/autodiscover.xml HTTP/1.1" 400 52 "-" "-"
20.151.104.32 - - [13/Mar/2026:15:58:16 +0300] "GET /autodiscover/autodiscover.xml HTTP/1.1" 400 52 "-" "-"
20.151.104.32 - - [13/Mar/2026:15:58:17 +0300] "GET /autodiscover/autodiscover.xml HTTP/1.1" 400 52 "-" "-"
20.151.104.32 - - [13/Mar/2026:15:58:17 +0300] "GET /autodiscover/autodiscover.xml HTTP/1.1" 400 52 "-" "-"
20.151.104.32 - - [13/Mar/2026:15:58:17 +0300] "GET /autodiscover/autodiscover.xml HTTP/1.1" 400 52 "-" "-"
20.151.104.32 - - [13/Mar/2026:15:58:17 +0300] "GET /autodiscover/autodiscover.xml HTTP/1.1" 400 52 "-" "-"
20.151.104.32 - - [13/Mar/2026:15:58:18 +0300] "GET /autodiscover/autodiscover.xml HTTP/1.1" 400 52 "-" "-"
20.151.104.32 - - [13/Mar/2026:15:58:18 +0300] "GET /autodiscover/autodiscover.xml HTTP/1.1" 400 52 "-" "-"
20.151.104.32 - - [13/Mar/2026:15:58:18 +0300] "GET /autodiscover/autodiscover.xml HTTP/1.1" 400 52 "-" "-"
20.151.104.32 - - [13/Mar/2026:15:58:19 +0300] "GET /autodiscover/autodiscover.xml HTTP/1.1" 400 52 "-" "-"
20.151.104.32 - - [13/Mar/2026:15:58:19 +0300] "GET /autodiscover/autodiscover.xml HTTP/1.1" 400 52 "-" "-"
20.151.104.32 - - [13/Mar/2026:15:58:19 +0300] "GET /autodiscover/autodiscover.xml HTTP/1.1" 400 52 "-" "-"
20.151.104.32 - - [13/Mar/2026:15:58:19 +0300] "GET /autodiscover/autodiscover.xml HTTP/1.1" 400 52 "-" "-"
103.87.142.100 - - [13/Mar/2026:15:45:34 +0300] "GET /wp-content/plugins/click-to-chat-for-whatsapp/new/inc/assets/css/main.css HTTP/1.1" 200 940 "https://luniascouringpads.com/product/sunflower-cleaning-scourer-balls-2/" "Mozilla/5.0 (Windows NT 10.0; Win64; x64) AppleWebKit/537.36 (KHTML, like Gecko) Chrome/143.0.0.0 Safari/537.36"
103.87.142.100 - - [13/Mar/2026:15:45:35 +0300] "GET /wp-includes/css/dist/block-library/style.min.css HTTP/1.1" 200 14889 "https://luniascouringpads.com/product/sunflower-cleaning-scourer-balls-2/" "Mozilla/5.0 (Windows NT 10.0; Win64; x64) AppleWebKit/537.36 (KHTML, like Gecko) Chrome/143.0.0.0 Safari/537.36"
103.87.142.100 - - [13/Mar/2026:15:45:40 +0300] "GET /wp-content/plugins/yith-woocommerce-wishlist/assets/css/jquery.selectBox.css HTTP/1.1" 200 773 "https://luniascouringpads.com/product/sunflower-cleaning-scourer-balls-2/" "Mozilla/5.0 (Windows NT 10.0; Win64; x64) AppleWebKit/537.36 (KHTML, like Gecko) Chrome/143.0.0.0 Safari/537.36"
103.87.142.100 - - [13/Mar/2026:15:45:43 +0300] "GET /wp-content/themes/woostify/assets/css/photoswipe-video.css HTTP/1.1" 200 352 "https://luniascouringpads.com/product/sunflower-cleaning-scourer-balls-2/" "Mozilla/5.0 (Windows NT 10.0; Win64; x64) AppleWebKit/537.36 (KHTML, like Gecko) Chrome/143.0.0.0 Safari/537.36"
103.87.142.100 - - [13/Mar/2026:15:46:30 +0300] "GET /wp-admin/edit-tags.php?taxonomy=category HTTP/1.1" 302 0 "https://luniascouringpads.com/my-account/" "Mozilla/5.0 (Windows NT 6.3; Win64; x64) AppleWebKit/537.36 (KHTML, like Gecko) Chrome/103.0.0.0 Safari/537.36"
103.87.142.100 - - [13/Mar/2026:15:46:37 +0300] "GET /?s=&post_type=product HTTP/1.1" 200 89305 "https://luniascouringpads.com/my-account/" "Mozilla/5.0 (Windows NT 6.3; Win64; x64) AppleWebKit/537.36 (KHTML, like Gecko) Chrome/103.0.0.0 Safari/537.36"
45.11.21.174 - - [13/Mar/2026:15:48:39 +0300] "GET /wp-content/plugins/woocommerce/assets/css/select2.css HTTP/1.1" 200 1701 "https://luniascouringpads.com/my-account/" "Mozilla/5.0 (Windows NT 10.0; Win64; x64) AppleWebKit/537.36 (KHTML, like Gecko) Chrome/143.0.0.0 Safari/537.36"
45.11.21.174 - - [13/Mar/2026:15:48:41 +0300] "GET /wp-content/plugins/yith-woocommerce-wishlist/assets/css/jquery.selectBox.css HTTP/1.1" 200 773 "https://luniascouringpads.com/my-account/" "Mozilla/5.0 (Windows NT 10.0; Win64; x64) AppleWebKit/537.36 (KHTML, like Gecko) Chrome/143.0.0.0 Safari/537.36"
45.11.21.174 - - [13/Mar/2026:15:48:51 +0300] "GET /wp-content/themes/woostify/assets/libs/slick/slick-theme.css HTTP/1.1" 200 763 "https://luniascouringpads.com/my-account/" "Mozilla/5.0 (Windows NT 10.0; Win64; x64) AppleWebKit/537.36 (KHTML, like Gecko) Chrome/143.0.0.0 Safari/537.36"
45.11.21.174 - - [13/Mar/2026:15:48:53 +0300] "POST /my-account/ HTTP/1.1" 302 0 "https://luniascouringpads.com/my-account/" "Mozilla/5.0 (Windows NT 6.3; Win64; x64) AppleWebKit/537.36 (KHTML, like Gecko) Chrome/103.0.0.0 Safari/537.36"
194.32.229.9 - - [13/Mar/2026:15:49:00 +0300] "GET /xmlrpc.php HTTP/1.1" 403 787 "https://luniascouringpads.com/my-account/" "Mozilla/5.0 (Windows NT 6.3; Win64; x64) AppleWebKit/537.36 (KHTML, like Gecko) Chrome/103.0.0.0 Safari/537.36"
46.8.107.194 - - [13/Mar/2026:15:49:32 +0300] "GET /wp-admin/post-new.php HTTP/1.1" 403 998 "https://luniascouringpads.com?s=&post_type=product" "Mozilla/5.0 (Windows NT 6.3; Win64; x64) AppleWebKit/537.36 (KHTML, like Gecko) Chrome/103.0.0.0 Safari/537.36"
144.124.249.63 - - [13/Mar/2026:16:01:01 +0300] "POST /wp-comments-post.php HTTP/1.0" 500 6658 "https://luniascouringpads.com/5-best-lunia-scouring-pads/" "Mozilla/5.0 (Windows NT 10.0; Win64; x64) AppleWebKit/537.36 (KHTML, like Gecko) Chrome/131.0.0.0 Safari/537.36 Avast/131.0.0.0"
216.244.66.242 - - [13/Mar/2026:16:04:52 +0300] "GET /product-category/kenyan-made/?add_to_wishlist=3165&_wpnonce=0a8a9ed8db HTTP/1.1" 200 65536 "-" "Mozilla/5.0 (compatible; DotBot/1.2; +https://opensiteexplorer.org/dotbot; help@moz.com)"
27.42.98.76 - - [13/Mar/2026:15:36:46 +0300] "GET /product/sunflower-cleaning-scourer-balls-2/ HTTP/1.1" 200 94408 "-" "Mozilla/5.0 (Macintosh; Intel Mac OS X 12.5; rv:114.0) Gecko/20100101 Firefox/114.0"
103.87.142.100 - - [13/Mar/2026:15:46:06 +0300] "GET /xmlrpc.php HTTP/1.1" 403 787 "https://luniascouringpads.com/product/sunflower-cleaning-scourer-balls-2/" "Mozilla/5.0 (Windows NT 6.3; Win64; x64) AppleWebKit/537.36 (KHTML, like Gecko) Chrome/103.0.0.0 Safari/537.36"
23.230.223.131 - - [13/Mar/2026:16:04:58 +0300] "GET /product/sunflower-cleaning-scourer-balls-2/ HTTP/1.1" 200 2131367 "-" "Mozilla/5.0 (Macintosh; Intel Mac OS X 12.5; rv:114.0) Gecko/20100101 Firefox/114.0"
89.110.102.212 - - [13/Mar/2026:16:06:30 +0300] "POST /wp-comments-post.php HTTP/1.0" 500 6658 "https://luniascouringpads.com/5-best-lunia-scouring-pads/" "Mozilla/5.0 (Windows NT 6.3; Win64; x64) AppleWebKit/537.36 (KHTML, like Gecko) Chrome/103.0.5060.53 Safari/537.36"
171.108.71.81 - - [13/Mar/2026:16:07:51 +0300] "POST /wp-comments-post.php HTTP/1.1" 500 1963 "-" "Mozilla/5.0 (Windows NT 10.0; Win64; x64) AppleWebKit/537.36 (KHTML, like Gecko) Chrome/108.0.0.0 Safari/537.36 Edg/108.0.1462.46"
103.87.142.100 - - [13/Mar/2026:15:45:41 +0300] "GET /wp-content/plugins/yith-woocommerce-wishlist/assets/css/style.css HTTP/1.1" 200 6263 "https://luniascouringpads.com/product/sunflower-cleaning-scourer-balls-2/" "Mozilla/5.0 (Windows NT 10.0; Win64; x64) AppleWebKit/537.36 (KHTML, like Gecko) Chrome/143.0.0.0 Safari/537.36"
103.87.142.100 - - [13/Mar/2026:15:46:07 +0300] "GET /product/sunflower-cleaning-scourer-balls-2/ HTTP/1.1" 200 2129502 "https://luniascouringpads.com/xmlrpc.php" "Mozilla/5.0 (Windows NT 6.3; Win64; x64) AppleWebKit/537.36 (KHTML, like Gecko) Chrome/103.0.0.0 Safari/537.36"
103.87.142.100 - - [13/Mar/2026:15:46:28 +0300] "GET /my-account/ HTTP/1.1" 200 83664 "https://luniascouringpads.com/wp-admin/" "Mozilla/5.0 (Windows NT 6.3; Win64; x64) AppleWebKit/537.36 (KHTML, like Gecko) Chrome/103.0.0.0 Safari/537.36"
103.87.142.100 - - [13/Mar/2026:15:46:33 +0300] "GET /my-account/ HTTP/1.1" 200 83646 "https://luniascouringpads.com/wp-admin/edit-tags.php?taxonomy=category" "Mozilla/5.0 (Windows NT 6.3; Win64; x64) AppleWebKit/537.36 (KHTML, like Gecko) Chrome/103.0.0.0 Safari/537.36"
45.11.21.174 - - [13/Mar/2026:15:48:27 +0300] "GET /my-account/ HTTP/1.1" 200 83943 "https://luniascouringpads.com/" "Mozilla/5.0 (Windows NT 10.0; WOW64) AppleWebKit/537.36 (KHTML, like Gecko) Chrome/114.0.0.0 Safari/537.36"
45.11.21.174 - - [13/Mar/2026:15:48:33 +0300] "GET /wp-content/plugins/click-to-chat-for-whatsapp/new/inc/assets/css/main.css HTTP/1.1" 200 940 "https://luniascouringpads.com/my-account/" "Mozilla/5.0 (Windows NT 10.0; Win64; x64) AppleWebKit/537.36 (KHTML, like Gecko) Chrome/143.0.0.0 Safari/537.36"
45.11.21.174 - - [13/Mar/2026:15:48:56 +0300] "GET /my-account/ HTTP/1.1" 200 83679 "https://luniascouringpads.com/my-account/" "Mozilla/5.0 (Windows NT 6.3; Win64; x64) AppleWebKit/537.36 (KHTML, like Gecko) Chrome/103.0.0.0 Safari/537.36"
46.8.11.131 - - [13/Mar/2026:15:49:05 +0300] "GET /my-account/ HTTP/1.1" 200 83678 "https://luniascouringpads.com/xmlrpc.php" "Mozilla/5.0 (Windows NT 6.3; Win64; x64) AppleWebKit/537.36 (KHTML, like Gecko) Chrome/103.0.0.0 Safari/537.36"
144.124.249.63 - - [13/Mar/2026:16:00:53 +0300] "GET /5-best-lunia-scouring-pads/ HTTP/1.0" 200 2219498 "https://luniascouringpads.com/5-best-lunia-scouring-pads/" "Mozilla/5.0 (Windows NT 10.0; Win64; x64) AppleWebKit/537.36 (KHTML, like Gecko) Chrome/131.0.0.0 Safari/537.36 Avast/131.0.0.0"
159.146.41.192 - - [13/Mar/2026:16:10:48 +0300] "GET /my-account/ HTTP/1.1" 200 83647 "https://luniascouringpads.com/my-account/" "Mozilla/5.0 (Windows NT 6.3; Win64; x64) AppleWebKit/537.36 (KHTML, like Gecko) Chrome/103.0.0.0 Safari/537.36"
185.157.212.152 - - [13/Mar/2026:15:41:24 +0300] "POST /wp-comments-post.php HTTP/1.0" 500 6658 "https://luniascouringpads.com/product/sunflower-cleaning-scourer-balls-2/" "Mozilla/5.0 (Windows NT 10.0; Win64; x64) AppleWebKit/537.36 (KHTML, like Gecko) Chrome/130.0.0.0 Safari/537.36"
103.87.142.100 - - [13/Mar/2026:15:45:37 +0300] "GET /wp-includes/css/dashicons.min.css HTTP/1.1" 200 35101 "https://luniascouringpads.com/product/sunflower-cleaning-scourer-balls-2/" "Mozilla/5.0 (Windows NT 10.0; Win64; x64) AppleWebKit/537.36 (KHTML, like Gecko) Chrome/143.0.0.0 Safari/537.36"
103.87.142.100 - - [13/Mar/2026:15:45:50 +0300] "GET /product/sunflower-cleaning-scourer-balls-2/ HTTP/1.1" 200 2129464 "https://luniascouringpads.com/product/sunflower-cleaning-scourer-balls-2/" "Mozilla/5.0 (Windows NT 6.3; Win64; x64) AppleWebKit/537.36 (KHTML, like Gecko) Chrome/103.0.0.0 Safari/537.36"
45.11.21.174 - - [13/Mar/2026:15:48:44 +0300] "GET /wp-content/plugins/yith-woocommerce-wishlist/assets/css/style.css HTTP/1.1" 200 6263 "https://luniascouringpads.com/my-account/" "Mozilla/5.0 (Windows NT 10.0; Win64; x64) AppleWebKit/537.36 (KHTML, like Gecko) Chrome/143.0.0.0 Safari/537.36"
45.11.21.174 - - [13/Mar/2026:15:48:59 +0300] "GET /xmlrpc.php HTTP/1.1" 403 787 "https://luniascouringpads.com/my-account/" "Mozilla/5.0 (Windows NT 6.3; Win64; x64) AppleWebKit/537.36 (KHTML, like Gecko) Chrome/103.0.0.0 Safari/537.36"
46.8.11.131 - - [13/Mar/2026:15:49:11 +0300] "GET /my-account/ HTTP/1.1" 200 83679 "https://luniascouringpads.com/wp-admin/" "Mozilla/5.0 (Windows NT 6.3; Win64; x64) AppleWebKit/537.36 (KHTML, like Gecko) Chrome/103.0.0.0 Safari/537.36"
188.130.142.95 - - [13/Mar/2026:15:49:29 +0300] "GET /wp-admin/post-new.php HTTP/1.1" 403 998 "https://luniascouringpads.com?s=&post_type=product" "Mozilla/5.0 (Windows NT 6.3; Win64; x64) AppleWebKit/537.36 (KHTML, like Gecko) Chrome/103.0.0.0 Safari/537.36"
74.7.175.135 - - [13/Mar/2026:15:55:31 +0300] "GET /robots.txt HTTP/2" 400 52 "-" "Mozilla/5.0 (Macintosh; Intel Mac OS X 10_15_7) AppleWebKit/537.36 (KHTML, like Gecko) Chrome/131.0.0.0 Safari/537.36; compatible; OAI-SearchBot/1.3; robots.txt; +https://openai.com/searchbot"
89.110.102.212 - - [13/Mar/2026:16:05:53 +0300] "GET / HTTP/1.0" 200 544194 "https://luniascouringpads.com/" "Mozilla/5.0 (Windows NT 6.3; Win64; x64) AppleWebKit/537.36 (KHTML, like Gecko) Chrome/103.0.5060.53 Safari/537.36"
89.110.102.212 - - [13/Mar/2026:16:06:12 +0300] "GET /blog/ HTTP/1.0" 200 391576 "https://luniascouringpads.com/blog/" "Mozilla/5.0 (Windows NT 6.3; Win64; x64) AppleWebKit/537.36 (KHTML, like Gecko) Chrome/103.0.5060.53 Safari/537.36"
89.110.102.212 - - [13/Mar/2026:16:06:25 +0300] "GET /5-best-lunia-scouring-pads/ HTTP/1.0" 200 2221340 "https://luniascouringpads.com/5-best-lunia-scouring-pads/" "Mozilla/5.0 (Windows NT 6.3; Win64; x64) AppleWebKit/537.36 (KHTML, like Gecko) Chrome/103.0.5060.53 Safari/537.36"
159.146.41.192 - - [13/Mar/2026:16:11:13 +0300] "GET /my-account/ HTTP/1.1" 200 83646 "https://luniascouringpads.com/xmlrpc.php" "Mozilla/5.0 (Windows NT 6.3; Win64; x64) AppleWebKit/537.36 (KHTML, like Gecko) Chrome/103.0.0.0 Safari/537.36"
89.124.69.167 - - [13/Mar/2026:16:11:31 +0300] "GET /5-best-lunia-scouring-pads/ HTTP/1.0" 200 2224679 "https://luniascouringpads.com/5-best-lunia-scouring-pads/" "Mozilla/5.0 (Windows NT 10.0; Win64; x64) AppleWebKit/537.36 (KHTML, like Gecko) Chrome/131.0.0.0 Safari/537.36"
159.146.41.192 - - [13/Mar/2026:16:11:37 +0300] "GET /wp-admin/edit-tags.php?taxonomy=category HTTP/1.1" 302 0 "https://luniascouringpads.com/my-account/" "Mozilla/5.0 (Windows NT 6.3; Win64; x64) AppleWebKit/537.36 (KHTML, like Gecko) Chrome/103.0.0.0 Safari/537.36"
89.124.69.167 - - [13/Mar/2026:16:11:38 +0300] "POST /wp-comments-post.php HTTP/1.0" 500 6658 "https://luniascouringpads.com/5-best-lunia-scouring-pads/" "Mozilla/5.0 (Windows NT 10.0; Win64; x64) AppleWebKit/537.36 (KHTML, like Gecko) Chrome/131.0.0.0 Safari/537.36"
185.157.212.152 - - [13/Mar/2026:15:41:05 +0300] "GET /product/sunflower-cleaning-scourer-balls-2/ HTTP/1.0" 200 16630895 "https://luniascouringpads.com/product/sunflower-cleaning-scourer-balls-2/" "Mozilla/5.0 (Windows NT 10.0; Win64; x64) AppleWebKit/537.36 (KHTML, like Gecko) Chrome/130.0.0.0 Safari/537.36"
103.87.142.100 - - [13/Mar/2026:15:45:45 +0300] "GET /wp-content/themes/woostify/assets/libs/slick/slick-theme.css HTTP/1.1" 200 763 "https://luniascouringpads.com/product/sunflower-cleaning-scourer-balls-2/" "Mozilla/5.0 (Windows NT 10.0; Win64; x64) AppleWebKit/537.36 (KHTML, like Gecko) Chrome/143.0.0.0 Safari/537.36"
103.87.142.100 - - [13/Mar/2026:15:45:46 +0300] "GET /wp-content/themes/woostify/assets/css/product-video-gallery-frontend.css HTTP/1.1" 200 903 "https://luniascouringpads.com/product/sunflower-cleaning-scourer-balls-2/" "Mozilla/5.0 (Windows NT 10.0; Win64; x64) AppleWebKit/537.36 (KHTML, like Gecko) Chrome/143.0.0.0 Safari/537.36"
46.8.11.131 - - [13/Mar/2026:15:49:15 +0300] "GET /wp-admin/edit-tags.php?taxonomy=category HTTP/1.1" 302 0 "https://luniascouringpads.com/my-account/" "Mozilla/5.0 (Windows NT 6.3; Win64; x64) AppleWebKit/537.36 (KHTML, like Gecko) Chrome/103.0.0.0 Safari/537.36"
46.8.11.131 - - [13/Mar/2026:15:49:25 +0300] "GET /wp-admin/post-new.php HTTP/1.1" 403 998 "https://luniascouringpads.com?s=&post_type=product" "Mozilla/5.0 (Windows NT 6.3; Win64; x64) AppleWebKit/537.36 (KHTML, like Gecko) Chrome/103.0.0.0 Safari/537.36"
2.59.50.242 - - [13/Mar/2026:15:49:27 +0300] "GET /wp-admin/post-new.php HTTP/1.1" 403 998 "https://luniascouringpads.com?s=&post_type=product" "Mozilla/5.0 (Windows NT 6.3; Win64; x64) AppleWebKit/537.36 (KHTML, like Gecko) Chrome/103.0.0.0 Safari/537.36"
159.146.41.192 - - [13/Mar/2026:16:11:33 +0300] "GET /my-account/ HTTP/1.1" 200 83646 "https://luniascouringpads.com/wp-admin/" "Mozilla/5.0 (Windows NT 6.3; Win64; x64) AppleWebKit/537.36 (KHTML, like Gecko) Chrome/103.0.0.0 Safari/537.36"
77.238.249.216 - - [13/Mar/2026:16:13:18 +0300] "GET /product/sunflower-cleaning-scourer-balls-2/ HTTP/1.0" 200 16632184 "https://luniascouringpads.com/product/sunflower-cleaning-scourer-balls-2/" "Mozilla/5.0 (Windows NT 6.1; Win64; x64) AppleWebKit/537.36 (KHTML, like Gecko) Chrome/103.0.0.0 Safari/537.36"
20.151.104.32 - - [13/Mar/2026:15:58:20 +0300] "GET /autodiscover/autodiscover.xml HTTP/1.1" 400 52 "-" "-"
20.151.104.32 - - [13/Mar/2026:15:58:20 +0300] "GET /autodiscover/autodiscover.xml HTTP/1.1" 400 52 "-" "-"
20.151.104.32 - - [13/Mar/2026:15:58:20 +0300] "GET /autodiscover/autodiscover.xml HTTP/1.1" 400 52 "-" "-"
20.151.104.32 - - [13/Mar/2026:15:58:20 +0300] "GET /autodiscover/autodiscover.xml HTTP/1.1" 400 52 "-" "-"
20.151.104.32 - - [13/Mar/2026:15:58:21 +0300] "GET /autodiscover/autodiscover.xml HTTP/1.1" 400 52 "-" "-"
20.151.104.32 - - [13/Mar/2026:15:58:21 +0300] "GET /autodiscover/autodiscover.xml HTTP/1.1" 400 52 "-" "-"
20.151.104.32 - - [13/Mar/2026:15:58:21 +0300] "GET /autodiscover/autodiscover.xml HTTP/1.1" 400 52 "-" "-"
20.151.104.32 - - [13/Mar/2026:15:58:22 +0300] "GET /autodiscover/autodiscover.xml HTTP/1.1" 400 52 "-" "-"
20.151.104.32 - - [13/Mar/2026:15:58:22 +0300] "GET /autodiscover/autodiscover.xml HTTP/1.1" 400 52 "-" "-"
20.151.104.32 - - [13/Mar/2026:15:58:22 +0300] "GET /autodiscover/autodiscover.xml HTTP/1.1" 400 52 "-" "-"
20.151.104.32 - - [13/Mar/2026:15:58:22 +0300] "GET /autodiscover/autodiscover.xml HTTP/1.1" 400 52 "-" "-"
20.151.104.32 - - [13/Mar/2026:15:58:23 +0300] "GET /autodiscover/autodiscover.xml HTTP/1.1" 400 52 "-" "-"
20.151.104.32 - - [13/Mar/2026:15:58:23 +0300] "GET /autodiscover/autodiscover.xml HTTP/1.1" 400 52 "-" "-"
20.151.104.32 - - [13/Mar/2026:15:58:23 +0300] "GET /autodiscover/autodiscover.xml HTTP/1.1" 400 52 "-" "-"
20.151.104.32 - - [13/Mar/2026:15:58:23 +0300] "GET /autodiscover/autodiscover.xml HTTP/1.1" 400 52 "-" "-"
20.151.104.32 - - [13/Mar/2026:15:58:24 +0300] "GET /autodiscover/autodiscover.xml HTTP/1.1" 400 52 "-" "-"
20.151.104.32 - - [13/Mar/2026:15:58:24 +0300] "GET /autodiscover/autodiscover.xml HTTP/1.1" 400 52 "-" "-"
20.151.104.32 - - [13/Mar/2026:15:58:24 +0300] "GET /autodiscover/autodiscover.xml HTTP/1.1" 400 52 "-" "-"
20.151.104.32 - - [13/Mar/2026:15:58:25 +0300] "GET /autodiscover/autodiscover.xml HTTP/1.1" 400 52 "-" "-"
20.151.104.32 - - [13/Mar/2026:15:58:25 +0300] "GET /autodiscover/autodiscover.xml HTTP/1.1" 400 52 "-" "-"
20.151.104.32 - - [13/Mar/2026:15:58:25 +0300] "GET /autodiscover/autodiscover.xml HTTP/1.1" 400 52 "-" "-"
20.151.104.32 - - [13/Mar/2026:15:58:25 +0300] "GET /autodiscover/autodiscover.xml HTTP/1.1" 400 52 "-" "-"
20.151.104.32 - - [13/Mar/2026:15:58:26 +0300] "GET /autodiscover/autodiscover.xml HTTP/1.1" 400 52 "-" "-"
20.151.104.32 - - [13/Mar/2026:15:58:26 +0300] "GET /autodiscover/autodiscover.xml HTTP/1.1" 400 52 "-" "-"
20.151.104.32 - - [13/Mar/2026:15:58:26 +0300] "GET /autodiscover/autodiscover.xml HTTP/1.1" 400 52 "-" "-"
20.151.104.32 - - [13/Mar/2026:15:58:26 +0300] "GET /autodiscover/autodiscover.xml HTTP/1.1" 400 52 "-" "-"
20.151.104.32 - - [13/Mar/2026:15:58:27 +0300] "GET /autodiscover/autodiscover.xml HTTP/1.1" 400 52 "-" "-"
20.151.104.32 - - [13/Mar/2026:15:58:27 +0300] "GET /autodiscover/autodiscover.xml HTTP/1.1" 400 52 "-" "-"
20.151.104.32 - - [13/Mar/2026:15:58:27 +0300] "GET /autodiscover/autodiscover.xml HTTP/1.1" 400 52 "-" "-"
89.110.102.212 - - [13/Mar/2026:16:05:03 +0300] "GET /product/sunflower-cleaning-scourer-balls-2/ HTTP/1.0" 200 180224 "https://luniascouringpads.com/product/sunflower-cleaning-scourer-balls-2/" "Mozilla/5.0 (Windows NT 6.3; Win64; x64) AppleWebKit/537.36 (KHTML, like Gecko) Chrome/103.0.5060.53 Safari/537.36"
159.146.41.192 - - [13/Mar/2026:16:10:35 +0300] "GET /my-account/ HTTP/1.1" 200 83940 "https://luniascouringpads.com/" "Mozilla/5.0 (Windows NT 10.0; Win64; x64) AppleWebKit/537.36 (KHTML, like Gecko) Chrome/114.0.0.0 Safari/537.36 Edg/114.0.1264.71"
159.146.41.192 - - [13/Mar/2026:16:11:12 +0300] "GET /xmlrpc.php HTTP/1.1" 403 787 "https://luniascouringpads.com/my-account/" "Mozilla/5.0 (Windows NT 6.3; Win64; x64) AppleWebKit/537.36 (KHTML, like Gecko) Chrome/103.0.0.0 Safari/537.36"
159.146.41.192 - - [13/Mar/2026:16:11:39 +0300] "GET /my-account/ HTTP/1.1" 200 83646 "https://luniascouringpads.com/wp-admin/edit-tags.php?taxonomy=category" "Mozilla/5.0 (Windows NT 6.3; Win64; x64) AppleWebKit/537.36 (KHTML, like Gecko) Chrome/103.0.0.0 Safari/537.36"
159.146.41.192 - - [13/Mar/2026:16:11:45 +0300] "GET /?s=&post_type=product HTTP/1.1" 200 89293 "https://luniascouringpads.com/my-account/" "Mozilla/5.0 (Windows NT 6.3; Win64; x64) AppleWebKit/537.36 (KHTML, like Gecko) Chrome/103.0.0.0 Safari/537.36"
159.146.41.192 - - [13/Mar/2026:16:11:49 +0300] "GET /wp-admin/post-new.php HTTP/1.1" 403 998 "https://luniascouringpads.com?s=&post_type=product" "Mozilla/5.0 (Windows NT 6.3; Win64; x64) AppleWebKit/537.36 (KHTML, like Gecko) Chrome/103.0.0.0 Safari/537.36"
103.87.142.100 - - [13/Mar/2026:15:44:49 +0300] "GET /product/sunflower-cleaning-scourer-balls-2/ HTTP/1.1" 200 2131601 "https://luniascouringpads.com/" "Mozilla/5.0 (X11; Ubuntu; Linux i686; rv:114.0) Gecko/20100101 Firefox/114.0"
216.244.66.242 - - [13/Mar/2026:15:45:29 +0300] "GET /robots.txt HTTP/1.1" 200 271 "-" "Mozilla/5.0 (compatible; DotBot/1.2; +https://opensiteexplorer.org/dotbot; help@moz.com)"
103.87.142.100 - - [13/Mar/2026:15:45:36 +0300] "GET /wp-content/plugins/woocommerce/assets/client/blocks/wc-blocks.css HTTP/1.1" 200 2339 "https://luniascouringpads.com/product/sunflower-cleaning-scourer-balls-2/" "Mozilla/5.0 (Windows NT 10.0; Win64; x64) AppleWebKit/537.36 (KHTML, like Gecko) Chrome/143.0.0.0 Safari/537.36"
103.87.142.100 - - [13/Mar/2026:15:45:42 +0300] "GET /wp-content/themes/woostify/style.css HTTP/1.1" 200 39503 "https://luniascouringpads.com/product/sunflower-cleaning-scourer-balls-2/" "Mozilla/5.0 (Windows NT 10.0; Win64; x64) AppleWebKit/537.36 (KHTML, like Gecko) Chrome/143.0.0.0 Safari/537.36"
103.87.142.100 - - [13/Mar/2026:15:46:25 +0300] "GET /wp-admin/ HTTP/1.1" 302 0 "https://luniascouringpads.com/product/sunflower-cleaning-scourer-balls-2/" "Mozilla/5.0 (Windows NT 6.3; Win64; x64) AppleWebKit/537.36 (KHTML, like Gecko) Chrome/103.0.0.0 Safari/537.36"
103.87.142.100 - - [13/Mar/2026:15:46:36 +0300] "GET /wp-content/plugins/woocommerce/assets/css/select2.css HTTP/1.1" 200 1701 "https://luniascouringpads.com/my-account/" "Mozilla/5.0 (Windows NT 10.0; Win64; x64) AppleWebKit/537.36 (KHTML, like Gecko) Chrome/143.0.0.0 Safari/537.36"
45.11.21.174 - - [13/Mar/2026:15:48:49 +0300] "GET /wp-content/themes/woostify/assets/libs/slick/slick.css HTTP/1.1" 200 483 "https://luniascouringpads.com/my-account/" "Mozilla/5.0 (Windows NT 10.0; Win64; x64) AppleWebKit/537.36 (KHTML, like Gecko) Chrome/143.0.0.0 Safari/537.36"
159.146.41.192 - - [13/Mar/2026:16:11:26 +0300] "GET /wp-admin/ HTTP/1.1" 302 0 "https://luniascouringpads.com/my-account/" "Mozilla/5.0 (Windows NT 6.3; Win64; x64) AppleWebKit/537.36 (KHTML, like Gecko) Chrome/103.0.0.0 Safari/537.36"
103.87.142.100 - - [13/Mar/2026:15:45:38 +0300] "GET /wp-content/plugins/woocommerce/assets/css/photoswipe/photoswipe.min.css HTTP/1.1" 200 857 "https://luniascouringpads.com/product/sunflower-cleaning-scourer-balls-2/" "Mozilla/5.0 (Windows NT 10.0; Win64; x64) AppleWebKit/537.36 (KHTML, like Gecko) Chrome/143.0.0.0 Safari/537.36"
103.87.142.100 - - [13/Mar/2026:15:45:41 +0300] "GET /wp-content/plugins/woocommerce/assets/css/prettyPhoto.css HTTP/1.1" 200 1806 "https://luniascouringpads.com/product/sunflower-cleaning-scourer-balls-2/" "Mozilla/5.0 (Windows NT 10.0; Win64; x64) AppleWebKit/537.36 (KHTML, like Gecko) Chrome/143.0.0.0 Safari/537.36"
103.87.142.100 - - [13/Mar/2026:15:45:44 +0300] "GET /wp-content/themes/woostify/assets/libs/slick/slick.css HTTP/1.1" 200 483 "https://luniascouringpads.com/product/sunflower-cleaning-scourer-balls-2/" "Mozilla/5.0 (Windows NT 10.0; Win64; x64) AppleWebKit/537.36 (KHTML, like Gecko) Chrome/143.0.0.0 Safari/537.36"
103.87.142.100 - - [13/Mar/2026:15:46:40 +0300] "GET /wp-admin/post-new.php HTTP/1.1" 403 998 "https://luniascouringpads.com?s=&post_type=product" "Mozilla/5.0 (Windows NT 6.3; Win64; x64) AppleWebKit/537.36 (KHTML, like Gecko) Chrome/103.0.0.0 Safari/537.36"
46.8.11.131 - - [13/Mar/2026:15:49:03 +0300] "GET /xmlrpc.php HTTP/1.1" 403 787 "https://luniascouringpads.com/my-account/" "Mozilla/5.0 (Windows NT 6.3; Win64; x64) AppleWebKit/537.36 (KHTML, like Gecko) Chrome/103.0.0.0 Safari/537.36"
144.31.90.215 - - [13/Mar/2026:16:00:03 +0300] "POST /wp-admin/admin-ajax.php HTTP/2" 400 5 "https://luniascouringpads.com/wp-admin/" "Mozilla/5.0 (Windows NT 10.0; Win64; x64) AppleWebKit/537.36 (KHTML, like Gecko) Chrome/120.0.0.0 Safari/537.36"
159.146.41.192 - - [13/Mar/2026:16:10:43 +0300] "POST /my-account/ HTTP/1.1" 302 0 "https://luniascouringpads.com/my-account/" "Mozilla/5.0 (Windows NT 6.3; Win64; x64) AppleWebKit/537.36 (KHTML, like Gecko) Chrome/103.0.0.0 Safari/537.36"
161.142.158.108 - - [13/Mar/2026:16:23:27 +0300] "GET /my-account/ HTTP/1.1" 200 83943 "https://luniascouringpads.com/?p=3607" "Mozilla/5.0 (X11; Ubuntu; Linux i686; rv:114.0) Gecko/20100101 Firefox/114.0"
91.84.96.29 - - [13/Mar/2026:16:26:41 +0300] "POST /wp-comments-post.php HTTP/1.0" 500 6658 "https://luniascouringpads.com/5-best-lunia-scouring-pads/" "Mozilla/5.0 (Windows NT 10.0; Win64; x64) AppleWebKit/537.36 (KHTML, like Gecko) Chrome/129.0.0.0 Safari/537.36"
89.110.101.245 - - [13/Mar/2026:16:27:57 +0300] "GET /5-best-lunia-scouring-pads/ HTTP/1.0" 200 2234019 "https://luniascouringpads.com/5-best-lunia-scouring-pads/" "Mozilla/5.0 (Windows NT 10.0; Win64; x64) AppleWebKit/537.36 (KHTML, like Gecko) Chrome/130.0.0.0 Safari/537.36 CCleaner/130.0.0.0"
51.222.168.84 - - [13/Mar/2026:16:28:33 +0300] "GET /category/uncategorized/feed/ HTTP/2" 200 2606 "-" "Mozilla/5.0 (compatible; AhrefsBot/7.0; +http://ahrefs.com/robot/)"
4.204.197.4 - - [13/Mar/2026:16:42:28 +0300] "GET /shell.php HTTP/1.1" 404 380530 "-" "-"
