66.249.66.77 - - [13/Mar/2026:19:03:22 +0300] "GET /?paqtf/n1045427.html HTTP/1.1" 200 24170 "-" "Mozilla/5.0 (Linux; Android 6.0.1; Nexus 5X Build/MMB29P) AppleWebKit/537.36 (KHTML, like Gecko) Chrome/145.0.7632.116 Mobile Safari/537.36 (compatible; GoogleOther)"
57.141.20.15 - - [13/Mar/2026:19:03:53 +0300] "GET /?fwxtd/o2502702.html HTTP/2" 200 0 "-" "meta-externalagent/1.1 (+https://developers.facebook.com/docs/sharing/webmasters/crawler)"
20.205.227.70 - - [13/Mar/2026:19:04:18 +0300] "GET /ioxi-o.php HTTP/1.1" 200 0 "-" "Mozilla/5.0 (Windows NT 10.0; Win64; x64) AppleWebKit/537.36 (KHTML, like Gecko) Chrome/120.0.0.0 Safari/537.36"
40.77.167.47 - - [13/Mar/2026:18:49:19 +0300] "GET /?gsocq/r192839.html HTTP/2" 200 25083 "-" "Mozilla/5.0 AppleWebKit/537.36 (KHTML, like Gecko; compatible; bingbot/2.0; +http://www.bing.com/bingbot.htm) Chrome/116.0.1938.76 Safari/537.36"
66.249.66.14 - - [13/Mar/2026:18:50:08 +0300] "GET /?znwxd/p2282873.html HTTP/1.1" 200 26211 "-" "Mozilla/5.0 (Linux; Android 6.0.1; Nexus 5X Build/MMB29P) AppleWebKit/537.36 (KHTML, like Gecko) Chrome/145.0.7632.116 Mobile Safari/537.36 (compatible; GoogleOther)"
66.249.66.1 - - [13/Mar/2026:18:51:09 +0300] "GET /?ubyik/y1316020.html HTTP/1.1" 200 24588 "-" "Mozilla/5.0 (Linux; Android 6.0.1; Nexus 5X Build/MMB29P) AppleWebKit/537.36 (KHTML, like Gecko) Chrome/145.0.7632.116 Mobile Safari/537.36 (compatible; GoogleOther)"
66.249.66.168 - - [13/Mar/2026:18:51:14 +0300] "GET /?xbsaz/i1490516.html HTTP/1.1" 200 24110 "-" "Mozilla/5.0 (Linux; Android 6.0.1; Nexus 5X Build/MMB29P) AppleWebKit/537.36 (KHTML, like Gecko) Chrome/145.0.7632.116 Mobile Safari/537.36 (compatible; GoogleOther)"
66.249.66.77 - - [13/Mar/2026:18:55:05 +0300] "GET /?wnlnz/e162510.html HTTP/1.1" 200 24482 "-" "Mozilla/5.0 (Linux; Android 6.0.1; Nexus 5X Build/MMB29P) AppleWebKit/537.36 (KHTML, like Gecko) Chrome/145.0.7632.116 Mobile Safari/537.36 (compatible; GoogleOther)"
66.249.66.168 - - [13/Mar/2026:18:55:18 +0300] "GET /?bqhbj/t1816775.html HTTP/1.1" 200 24544 "-" "Mozilla/5.0 (Linux; Android 6.0.1; Nexus 5X Build/MMB29P) AppleWebKit/537.36 (KHTML, like Gecko) Chrome/145.0.7632.116 Mobile Safari/537.36 (compatible; GoogleOther)"
66.249.66.14 - - [13/Mar/2026:18:58:23 +0300] "GET /?akkys/w1364352.html HTTP/1.1" 200 24820 "-" "Mozilla/5.0 (Linux; Android 6.0.1; Nexus 5X Build/MMB29P) AppleWebKit/537.36 (KHTML, like Gecko) Chrome/145.0.7632.116 Mobile Safari/537.36 (compatible; GoogleOther)"
66.249.66.15 - - [13/Mar/2026:18:58:31 +0300] "GET /?uhpnk/s830100.html HTTP/1.1" 200 24660 "-" "Mozilla/5.0 (Linux; Android 6.0.1; Nexus 5X Build/MMB29P) AppleWebKit/537.36 (KHTML, like Gecko) Chrome/145.0.7632.116 Mobile Safari/537.36 (compatible; GoogleOther)"
66.249.66.32 - - [13/Mar/2026:18:59:58 +0300] "GET /?lqsds/d1499377.html HTTP/1.1" 200 24753 "-" "Mozilla/5.0 (Linux; Android 6.0.1; Nexus 5X Build/MMB29P) AppleWebKit/537.36 (KHTML, like Gecko) Chrome/145.0.7632.116 Mobile Safari/537.36 (compatible; GoogleOther)"
40.77.167.47 - - [13/Mar/2026:19:00:41 +0300] "GET /?nnipe/v517193.html HTTP/2" 200 25101 "-" "Mozilla/5.0 AppleWebKit/537.36 (KHTML, like Gecko; compatible; bingbot/2.0; +http://www.bing.com/bingbot.htm) Chrome/116.0.1938.76 Safari/537.36"
102.212.247.146 - - [13/Mar/2026:19:00:53 +0300] "POST /wp-cron.php?doing_wp_cron=1773417652.5128219127655029296875 HTTP/1.1" 403 787 "-" "WordPress/6.9.1; https://paltutors.co.uk"
66.249.66.194 - - [13/Mar/2026:19:01:26 +0300] "GET /?qcrvw/h427167.html HTTP/1.1" 200 24383 "-" "Mozilla/5.0 (Linux; Android 6.0.1; Nexus 5X Build/MMB29P) AppleWebKit/537.36 (KHTML, like Gecko) Chrome/145.0.7632.116 Mobile Safari/537.36 (compatible; GoogleOther)"
102.212.247.146 - - [13/Mar/2026:19:02:44 +0300] "POST /wp-cron.php?doing_wp_cron=1773417763.4204730987548828125000 HTTP/1.1" 403 787 "-" "WordPress/6.9.1; https://paltutors.co.uk"
102.212.247.146 - - [13/Mar/2026:19:03:54 +0300] "POST /wp-cron.php?doing_wp_cron=1773417833.8186728954315185546875 HTTP/1.1" 403 787 "-" "WordPress/6.9.1; https://paltutors.co.uk"
66.249.66.194 - - [13/Mar/2026:19:04:04 +0300] "GET /?qddfp/d288167.html HTTP/1.1" 200 24292 "-" "Mozilla/5.0 (Linux; Android 6.0.1; Nexus 5X Build/MMB29P) AppleWebKit/537.36 (KHTML, like Gecko) Chrome/145.0.7632.116 Mobile Safari/537.36 (compatible; GoogleOther)"
102.212.247.146 - - [13/Mar/2026:19:04:42 +0300] "POST /wp-cron.php?doing_wp_cron=1773417881.4247748851776123046875 HTTP/1.1" 403 787 "-" "WordPress/6.9.1; https://paltutors.co.uk"
66.249.66.169 - - [13/Mar/2026:19:01:34 +0300] "GET /?fmrkq/s1836404.html HTTP/1.1" 200 24768 "-" "Mozilla/5.0 (Linux; Android 6.0.1; Nexus 5X Build/MMB29P) AppleWebKit/537.36 (KHTML, like Gecko) Chrome/145.0.7632.116 Mobile Safari/537.36 (compatible; GoogleOther)"
57.141.20.54 - - [13/Mar/2026:19:01:49 +0300] "GET /?dtnwa/j2544661.html HTTP/2" 200 0 "-" "meta-externalagent/1.1 (+https://developers.facebook.com/docs/sharing/webmasters/crawler)"
66.249.66.168 - - [13/Mar/2026:19:02:59 +0300] "GET /?blnto/e548610.html HTTP/1.1" 200 24496 "-" "Mozilla/5.0 (Linux; Android 6.0.1; Nexus 5X Build/MMB29P) AppleWebKit/537.36 (KHTML, like Gecko) Chrome/145.0.7632.116 Mobile Safari/537.36 (compatible; GoogleOther)"
14.192.213.115 - - [13/Mar/2026:19:02:59 +0300] "GET / HTTP/1.1" 200 0 "-" "Mozilla/5.0 (Macintosh; U; Intel Mac OS X 10_10_8; rv:1.9.2.20) Gecko/9192-09-17 20:22:45.919037 Firefox/3.6.17"
40.77.167.243 - - [13/Mar/2026:19:04:01 +0300] "GET /?djskm/r520569.html HTTP/2" 200 24378 "-" "Mozilla/5.0 AppleWebKit/537.36 (KHTML, like Gecko; compatible; bingbot/2.0; +http://www.bing.com/bingbot.htm) Chrome/116.0.1938.76 Safari/537.36"
66.249.66.169 - - [13/Mar/2026:19:04:21 +0300] "GET /?gjzyk/r2686447.html HTTP/1.1" 200 24698 "-" "Mozilla/5.0 (Linux; Android 6.0.1; Nexus 5X Build/MMB29P) AppleWebKit/537.36 (KHTML, like Gecko) Chrome/145.0.7632.116 Mobile Safari/537.36 (compatible; GoogleOther)"
66.249.66.33 - - [13/Mar/2026:19:04:47 +0300] "GET /?prdye/o2537542.html HTTP/1.1" 200 24435 "-" "Mozilla/5.0 (Linux; Android 6.0.1; Nexus 5X Build/MMB29P) AppleWebKit/537.36 (KHTML, like Gecko) Chrome/145.0.7632.116 Mobile Safari/537.36 (compatible; GoogleOther)"
66.249.66.160 - - [13/Mar/2026:19:05:27 +0300] "GET /robots.txt HTTP/1.1" 200 70 "-" "Mozilla/5.0 (compatible; Googlebot/2.1; +http://www.google.com/bot.html)"
66.249.66.33 - - [13/Mar/2026:19:05:52 +0300] "GET /?zpdly/o2326552.html HTTP/1.1" 200 24589 "-" "Mozilla/5.0 (Linux; Android 6.0.1; Nexus 5X Build/MMB29P) AppleWebKit/537.36 (KHTML, like Gecko) Chrome/145.0.7632.116 Mobile Safari/537.36 (compatible; GoogleOther)"
66.249.66.168 - - [13/Mar/2026:19:06:55 +0300] "GET /?zmixn/w1969736.html HTTP/1.1" 200 24341 "-" "Mozilla/5.0 (Linux; Android 6.0.1; Nexus 5X Build/MMB29P) AppleWebKit/537.36 (KHTML, like Gecko) Chrome/145.0.7632.116 Mobile Safari/537.36 (compatible; GoogleOther)"
102.212.247.146 - - [13/Mar/2026:19:07:05 +0300] "POST /wp-cron.php?doing_wp_cron=1773418024.3508999347686767578125 HTTP/1.1" 403 787 "-" "WordPress/6.9.1; https://paltutors.co.uk"
40.77.167.230 - - [13/Mar/2026:19:07:34 +0300] "GET /?ifkar/x429159.html HTTP/2" 200 24148 "-" "Mozilla/5.0 AppleWebKit/537.36 (KHTML, like Gecko; compatible; bingbot/2.0; +http://www.bing.com/bingbot.htm) Chrome/116.0.1938.76 Safari/537.36"
40.77.167.230 - - [13/Mar/2026:19:07:36 +0300] "GET /?ojlaw/u1089712.html HTTP/2" 200 25222 "-" "Mozilla/5.0 AppleWebKit/537.36 (KHTML, like Gecko; compatible; bingbot/2.0; +http://www.bing.com/bingbot.htm) Chrome/116.0.1938.76 Safari/537.36"
207.46.13.64 - - [13/Mar/2026:19:08:00 +0300] "GET /?atzxk/t2979209.html HTTP/2" 200 24321 "-" "Mozilla/5.0 AppleWebKit/537.36 (KHTML, like Gecko; compatible; bingbot/2.0; +http://www.bing.com/bingbot.htm) Chrome/116.0.1938.76 Safari/537.36"
66.249.66.194 - - [13/Mar/2026:19:08:23 +0300] "GET /?zworr/x1993813.html HTTP/1.1" 200 24761 "-" "Mozilla/5.0 (Linux; Android 6.0.1; Nexus 5X Build/MMB29P) AppleWebKit/537.36 (KHTML, like Gecko) Chrome/145.0.7632.116 Mobile Safari/537.36 (compatible; GoogleOther)"
104.28.162.11 - - [13/Mar/2026:19:08:16 +0300] "GET /.vscode/sftp.json HTTP/1.1" 200 0 "-" "Mozilla/5.0 (Macintosh; Intel Mac OS X 10.15; rv:77.0) Gecko/20100101 Firefox/77.0"
207.46.13.64 - - [13/Mar/2026:19:08:31 +0300] "GET /?bsaxl/e287128.html HTTP/2" 200 24515 "-" "Mozilla/5.0 AppleWebKit/537.36 (KHTML, like Gecko; compatible; bingbot/2.0; +http://www.bing.com/bingbot.htm) Chrome/116.0.1938.76 Safari/537.36"
66.249.66.169 - - [13/Mar/2026:18:50:39 +0300] "GET /?xvump/d2379425.html HTTP/1.1" 200 25051 "-" "Mozilla/5.0 (Linux; Android 6.0.1; Nexus 5X Build/MMB29P) AppleWebKit/537.36 (KHTML, like Gecko) Chrome/145.0.7632.116 Mobile Safari/537.36 (compatible; GoogleOther)"
52.167.144.219 - - [13/Mar/2026:18:52:50 +0300] "GET /?obwui/o2292570.html HTTP/2" 200 25097 "-" "Mozilla/5.0 AppleWebKit/537.36 (KHTML, like Gecko; compatible; bingbot/2.0; +http://www.bing.com/bingbot.htm) Chrome/116.0.1938.76 Safari/537.36"
66.249.66.168 - - [13/Mar/2026:18:54:26 +0300] "GET /?trrnw/t1193035.html HTTP/1.1" 200 24502 "-" "Mozilla/5.0 (Linux; Android 6.0.1; Nexus 5X Build/MMB29P) AppleWebKit/537.36 (KHTML, like Gecko) Chrome/145.0.7632.116 Mobile Safari/537.36 (compatible; GoogleOther)"
66.249.66.168 - - [13/Mar/2026:18:54:44 +0300] "GET /?fcweb/g902524.html HTTP/1.1" 200 24445 "-" "Mozilla/5.0 (Linux; Android 6.0.1; Nexus 5X Build/MMB29P) AppleWebKit/537.36 (KHTML, like Gecko) Chrome/145.0.7632.116 Mobile Safari/537.36 (compatible; GoogleOther)"
66.249.66.194 - - [13/Mar/2026:18:55:14 +0300] "GET /?alxzc/i976548.html HTTP/1.1" 200 24614 "-" "Mozilla/5.0 (Linux; Android 6.0.1; Nexus 5X Build/MMB29P) AppleWebKit/537.36 (KHTML, like Gecko) Chrome/145.0.7632.116 Mobile Safari/537.36 (compatible; GoogleOther)"
66.249.66.32 - - [13/Mar/2026:18:57:24 +0300] "GET /?rqvzq/m1010560.html HTTP/1.1" 200 25151 "-" "Mozilla/5.0 (Linux; Android 6.0.1; Nexus 5X Build/MMB29P) AppleWebKit/537.36 (KHTML, like Gecko) Chrome/145.0.7632.116 Mobile Safari/537.36 (compatible; GoogleOther)"
102.212.247.146 - - [13/Mar/2026:18:57:37 +0300] "POST /wp-cron.php?doing_wp_cron=1773417456.1268420219421386718750 HTTP/1.1" 403 787 "-" "WordPress/6.9.1; https://paltutors.co.uk"
66.249.66.77 - - [13/Mar/2026:18:58:53 +0300] "GET /?nvpci/o1528664.html HTTP/1.1" 200 24597 "-" "Mozilla/5.0 (Linux; Android 6.0.1; Nexus 5X Build/MMB29P) AppleWebKit/537.36 (KHTML, like Gecko) Chrome/145.0.7632.116 Mobile Safari/537.36 (compatible; GoogleOther)"
66.249.66.77 - - [13/Mar/2026:18:59:36 +0300] "GET /?xikew/z1015435.html HTTP/1.1" 200 24546 "-" "Mozilla/5.0 (Linux; Android 6.0.1; Nexus 5X Build/MMB29P) AppleWebKit/537.36 (KHTML, like Gecko) Chrome/145.0.7632.116 Mobile Safari/537.36 (compatible; GoogleOther)"
66.249.66.32 - - [13/Mar/2026:18:59:48 +0300] "GET /?ickzc/o1486674.html HTTP/1.1" 200 24604 "-" "Mozilla/5.0 (Linux; Android 6.0.1; Nexus 5X Build/MMB29P) AppleWebKit/537.36 (KHTML, like Gecko) Chrome/145.0.7632.116 Mobile Safari/537.36 (compatible; GoogleOther)"
66.249.66.33 - - [13/Mar/2026:19:00:30 +0300] "GET /?ybkmj/r1695405.html HTTP/1.1" 200 25541 "-" "Mozilla/5.0 (Linux; Android 6.0.1; Nexus 5X Build/MMB29P) AppleWebKit/537.36 (KHTML, like Gecko) Chrome/145.0.7632.116 Mobile Safari/537.36 (compatible; GoogleOther)"
102.212.247.146 - - [13/Mar/2026:19:02:54 +0300] "POST /wp-cron.php?doing_wp_cron=1773417773.2221169471740722656250 HTTP/1.1" 403 787 "-" "WordPress/6.9.1; https://paltutors.co.uk"
207.46.13.64 - - [13/Mar/2026:19:03:51 +0300] "GET /?tdrwm/m2648560.html HTTP/2" 200 24791 "-" "Mozilla/5.0 AppleWebKit/537.36 (KHTML, like Gecko; compatible; bingbot/2.0; +http://www.bing.com/bingbot.htm) Chrome/116.0.1938.76 Safari/537.36"
40.77.167.243 - - [13/Mar/2026:19:05:11 +0300] "GET /?dubog/t590329.html HTTP/2" 200 25103 "-" "Mozilla/5.0 AppleWebKit/537.36 (KHTML, like Gecko; compatible; bingbot/2.0; +http://www.bing.com/bingbot.htm) Chrome/116.0.1938.76 Safari/537.36"
66.249.66.160 - - [13/Mar/2026:19:05:27 +0300] "GET /?fobsr/a1831836.html HTTP/1.1" 200 25448 "-" "Mozilla/5.0 (Linux; Android 6.0.1; Nexus 5X Build/MMB29P) AppleWebKit/537.36 (KHTML, like Gecko) Chrome/145.0.7632.116 Mobile Safari/537.36 (compatible; GoogleOther)"
207.46.13.64 - - [13/Mar/2026:19:07:30 +0300] "GET /?gavyo/b1998471.html HTTP/2" 200 24756 "-" "Mozilla/5.0 AppleWebKit/537.36 (KHTML, like Gecko; compatible; bingbot/2.0; +http://www.bing.com/bingbot.htm) Chrome/116.0.1938.76 Safari/537.36"
57.141.20.15 - - [13/Mar/2026:19:01:39 +0300] "GET /?rfolv/d2312475.html HTTP/2" 200 0 "-" "meta-externalagent/1.1 (+https://developers.facebook.com/docs/sharing/webmasters/crawler)"
171.243.49.83 - - [13/Mar/2026:19:02:20 +0300] "GET / HTTP/1.1" 200 0 "-" "Mozilla/5.0 (Macintosh; PPC Mac OS X 10_8_7 rv:3.0; ss-ZA) AppleWebKit/532.30.5 (KHTML, like Gecko) Version/5.0 Safari/532.30.5"
66.249.66.168 - - [13/Mar/2026:19:03:38 +0300] "GET /?egxcj/h867997.html HTTP/1.1" 200 24360 "-" "Mozilla/5.0 (Linux; Android 6.0.1; Nexus 5X Build/MMB29P) AppleWebKit/537.36 (KHTML, like Gecko) Chrome/145.0.7632.116 Mobile Safari/537.36 (compatible; GoogleOther)"
102.212.247.146 - - [13/Mar/2026:19:04:04 +0300] "POST /wp-cron.php?doing_wp_cron=1773417843.9201889038085937500000 HTTP/1.1" 403 787 "-" "WordPress/6.9.1; https://paltutors.co.uk"
102.212.247.146 - - [13/Mar/2026:19:05:00 +0300] "POST /wp-cron.php?doing_wp_cron=1773417899.9166719913482666015625 HTTP/1.1" 403 787 "-" "WordPress/6.9.1; https://paltutors.co.uk"
102.212.247.146 - - [13/Mar/2026:19:06:37 +0300] "POST /wp-cron.php?doing_wp_cron=1773417996.6076819896697998046875 HTTP/1.1" 403 787 "-" "WordPress/6.9.1; https://paltutors.co.uk"
57.141.20.45 - - [13/Mar/2026:19:06:50 +0300] "GET /?vgsrm/v2631565.html HTTP/2" 200 0 "-" "meta-externalagent/1.1 (+https://developers.facebook.com/docs/sharing/webmasters/crawler)"
66.249.66.1 - - [13/Mar/2026:19:07:17 +0300] "GET /?txlry/e2621668.html HTTP/1.1" 200 24744 "-" "Mozilla/5.0 (Linux; Android 6.0.1; Nexus 5X Build/MMB29P) AppleWebKit/537.36 (KHTML, like Gecko) Chrome/145.0.7632.116 Mobile Safari/537.36 (compatible; GoogleOther)"
66.249.66.15 - - [13/Mar/2026:19:07:27 +0300] "GET /?ifubg/g1948400.html HTTP/1.1" 200 25121 "-" "Mozilla/5.0 (Linux; Android 6.0.1; Nexus 5X Build/MMB29P) AppleWebKit/537.36 (KHTML, like Gecko) Chrome/145.0.7632.116 Mobile Safari/537.36 (compatible; GoogleOther)"
102.212.247.146 - - [13/Mar/2026:19:08:04 +0300] "POST /wp-cron.php?doing_wp_cron=1773418082.5272789001464843750000 HTTP/1.1" 403 787 "-" "WordPress/6.9.1; https://paltutors.co.uk"
66.249.66.194 - - [13/Mar/2026:19:07:58 +0300] "GET /?twghx/t458639.html HTTP/1.1" 200 24536 "-" "Mozilla/5.0 (Linux; Android 6.0.1; Nexus 5X Build/MMB29P) AppleWebKit/537.36 (KHTML, like Gecko) Chrome/145.0.7632.116 Mobile Safari/537.36 (compatible; GoogleOther)"
66.249.66.194 - - [13/Mar/2026:19:08:05 +0300] "GET /?uoopy/b2119371.html HTTP/1.1" 200 24168 "-" "Mozilla/5.0 (Linux; Android 6.0.1; Nexus 5X Build/MMB29P) AppleWebKit/537.36 (KHTML, like Gecko) Chrome/145.0.7632.116 Mobile Safari/537.36 (compatible; GoogleOther)"
66.249.66.194 - - [13/Mar/2026:19:09:02 +0300] "GET /?dgcyy/b2093787.html HTTP/1.1" 200 24984 "-" "Mozilla/5.0 (Linux; Android 6.0.1; Nexus 5X Build/MMB29P) AppleWebKit/537.36 (KHTML, like Gecko) Chrome/145.0.7632.116 Mobile Safari/537.36 (compatible; GoogleOther)"
66.249.66.196 - - [13/Mar/2026:19:10:14 +0300] "GET /?qqesu/a1453614.html HTTP/1.1" 200 24741 "-" "Mozilla/5.0 (Linux; Android 6.0.1; Nexus 5X Build/MMB29P) AppleWebKit/537.36 (KHTML, like Gecko) Chrome/145.0.7632.116 Mobile Safari/537.36 (compatible; GoogleOther)"
66.249.66.168 - - [13/Mar/2026:19:10:50 +0300] "GET /?zfmrs/n1982441.html HTTP/1.1" 200 24915 "-" "Mozilla/5.0 (Linux; Android 6.0.1; Nexus 5X Build/MMB29P) AppleWebKit/537.36 (KHTML, like Gecko) Chrome/145.0.7632.116 Mobile Safari/537.36 (compatible; GoogleOther)"
66.249.66.160 - - [13/Mar/2026:19:11:19 +0300] "GET /robots.txt HTTP/1.1" 200 70 "-" "Mozilla/5.0 (compatible; Googlebot/2.1; +http://www.google.com/bot.html)"
66.249.66.169 - - [13/Mar/2026:19:11:32 +0300] "GET /?dyvse/d2759103.html HTTP/1.1" 200 25693 "-" "Mozilla/5.0 (Linux; Android 6.0.1; Nexus 5X Build/MMB29P) AppleWebKit/537.36 (KHTML, like Gecko) Chrome/145.0.7632.116 Mobile Safari/537.36 (compatible; GoogleOther)"
102.212.247.146 - - [13/Mar/2026:19:13:39 +0300] "POST /wp-cron.php?doing_wp_cron=1773418418.4363939762115478515625 HTTP/1.1" 403 787 "-" "WordPress/6.9.1; https://paltutors.co.uk"
66.249.66.32 - - [13/Mar/2026:18:55:53 +0300] "GET /?alufs/z2242037.html HTTP/1.1" 200 24247 "-" "Mozilla/5.0 (Linux; Android 6.0.1; Nexus 5X Build/MMB29P) AppleWebKit/537.36 (KHTML, like Gecko) Chrome/145.0.7632.116 Mobile Safari/537.36 (compatible; GoogleOther)"
66.249.66.77 - - [13/Mar/2026:18:56:40 +0300] "GET /?kuzxm/j2467285.html HTTP/1.1" 200 24255 "-" "Mozilla/5.0 (Linux; Android 6.0.1; Nexus 5X Build/MMB29P) AppleWebKit/537.36 (KHTML, like Gecko) Chrome/145.0.7632.116 Mobile Safari/537.36 (compatible; GoogleOther)"
207.46.13.64 - - [13/Mar/2026:19:00:10 +0300] "GET /?lvhda/v565969.html HTTP/2" 200 24484 "-" "Mozilla/5.0 AppleWebKit/537.36 (KHTML, like Gecko; compatible; bingbot/2.0; +http://www.bing.com/bingbot.htm) Chrome/116.0.1938.76 Safari/537.36"
57.141.20.35 - - [13/Mar/2026:19:00:13 +0300] "GET /?mqhkb/p2817901.html HTTP/2" 200 0 "-" "meta-externalagent/1.1 (+https://developers.facebook.com/docs/sharing/webmasters/crawler)"
66.249.66.33 - - [13/Mar/2026:19:02:17 +0300] "GET /?gfcef/p1940297.html HTTP/1.1" 200 24746 "-" "Mozilla/5.0 (Linux; Android 6.0.1; Nexus 5X Build/MMB29P) AppleWebKit/537.36 (KHTML, like Gecko) Chrome/145.0.7632.116 Mobile Safari/537.36 (compatible; GoogleOther)"
45.236.137.158 - - [13/Mar/2026:19:02:45 +0300] "GET / HTTP/1.1" 200 0 "-" "Mozilla/5.0 (Android 6.0.1; Mobile; rv:62.0) Gecko/62.0 Firefox/62.0"
66.249.66.169 - - [13/Mar/2026:19:03:16 +0300] "GET /robots.txt HTTP/1.1" 200 70 "-" "Mozilla/5.0 (compatible; Googlebot/2.1; +http://www.google.com/bot.html)"
66.249.66.169 - - [13/Mar/2026:19:03:16 +0300] "GET /?xqqvm/x1676873.html HTTP/1.1" 200 25131 "-" "Mozilla/5.0 (Linux; Android 6.0.1; Nexus 5X Build/MMB29P) AppleWebKit/537.36 (KHTML, like Gecko) Chrome/145.0.7632.116 Mobile Safari/537.36 (compatible; GoogleOther)"
66.249.66.14 - - [13/Mar/2026:19:05:49 +0300] "GET /?ryats/z1325433.html HTTP/1.1" 200 24390 "-" "Mozilla/5.0 (Linux; Android 6.0.1; Nexus 5X Build/MMB29P) AppleWebKit/537.36 (KHTML, like Gecko) Chrome/145.0.7632.116 Mobile Safari/537.36 (compatible; GoogleOther)"
57.141.20.14 - - [13/Mar/2026:19:05:44 +0300] "GET /?ankrx/e2803928.html HTTP/2" 200 0 "-" "meta-externalagent/1.1 (+https://developers.facebook.com/docs/sharing/webmasters/crawler)"
66.249.66.77 - - [13/Mar/2026:19:07:58 +0300] "GET /robots.txt HTTP/1.1" 200 70 "-" "Mozilla/5.0 (compatible; Googlebot/2.1; +http://www.google.com/bot.html)"
66.249.66.32 - - [13/Mar/2026:19:08:19 +0300] "GET /?hwmow/a971444.html HTTP/1.1" 200 24284 "-" "Mozilla/5.0 (Linux; Android 6.0.1; Nexus 5X Build/MMB29P) AppleWebKit/537.36 (KHTML, like Gecko) Chrome/145.0.7632.116 Mobile Safari/537.36 (compatible; GoogleOther)"
66.249.66.77 - - [13/Mar/2026:19:09:30 +0300] "GET /?fkvhy/n1223033.html HTTP/1.1" 200 24464 "-" "Mozilla/5.0 (Linux; Android 6.0.1; Nexus 5X Build/MMB29P) AppleWebKit/537.36 (KHTML, like Gecko) Chrome/145.0.7632.116 Mobile Safari/537.36 (compatible; GoogleOther)"
40.77.167.243 - - [13/Mar/2026:19:12:42 +0300] "GET /?owxhm/q1819710.html HTTP/2" 200 24164 "-" "Mozilla/5.0 AppleWebKit/537.36 (KHTML, like Gecko; compatible; bingbot/2.0; +http://www.bing.com/bingbot.htm) Chrome/116.0.1938.76 Safari/537.36"
57.141.20.13 - - [13/Mar/2026:19:12:23 +0300] "GET /?pbzxd/c3013902.html HTTP/2" 200 0 "-" "meta-externalagent/1.1 (+https://developers.facebook.com/docs/sharing/webmasters/crawler)"
66.249.66.32 - - [13/Mar/2026:19:13:53 +0300] "GET /robots.txt HTTP/1.1" 200 70 "-" "Mozilla/5.0 (compatible; Googlebot/2.1; +http://www.google.com/bot.html)"
66.249.66.14 - - [13/Mar/2026:19:15:43 +0300] "GET /?rsmtp/a676136.html HTTP/1.1" 200 24412 "-" "Mozilla/5.0 (Linux; Android 6.0.1; Nexus 5X Build/MMB29P) AppleWebKit/537.36 (KHTML, like Gecko) Chrome/145.0.7632.116 Mobile Safari/537.36 (compatible; GoogleOther)"
52.167.144.139 - - [13/Mar/2026:19:15:46 +0300] "GET /?hdsse/m1386000.html HTTP/2" 200 24548 "-" "Mozilla/5.0 AppleWebKit/537.36 (KHTML, like Gecko; compatible; bingbot/2.0; +http://www.bing.com/bingbot.htm) Chrome/116.0.1938.76 Safari/537.36"
207.46.13.64 - - [13/Mar/2026:19:03:00 +0300] "GET /?vesju/w982152.html HTTP/2" 200 24498 "-" "Mozilla/5.0 AppleWebKit/537.36 (KHTML, like Gecko; compatible; bingbot/2.0; +http://www.bing.com/bingbot.htm) Chrome/116.0.1938.76 Safari/537.36"
102.212.247.146 - - [13/Mar/2026:19:04:32 +0300] "POST /wp-cron.php?doing_wp_cron=1773417870.9377670288085937500000 HTTP/1.1" 403 787 "-" "WordPress/6.9.1; https://paltutors.co.uk"
57.141.20.32 - - [13/Mar/2026:19:05:17 +0300] "GET /?xyres/q3126366.html HTTP/2" 200 0 "-" "meta-externalagent/1.1 (+https://developers.facebook.com/docs/sharing/webmasters/crawler)"
66.249.66.194 - - [13/Mar/2026:19:06:11 +0300] "GET /?cnjac/i2840800.html HTTP/1.1" 200 25284 "-" "Mozilla/5.0 (Linux; Android 6.0.1; Nexus 5X Build/MMB29P) AppleWebKit/537.36 (KHTML, like Gecko) Chrome/145.0.7632.116 Mobile Safari/537.36 (compatible; GoogleOther)"
40.77.167.243 - - [13/Mar/2026:19:06:21 +0300] "GET /?vxdwo/m1585576.html HTTP/2" 200 24637 "-" "Mozilla/5.0 AppleWebKit/537.36 (KHTML, like Gecko; compatible; bingbot/2.0; +http://www.bing.com/bingbot.htm) Chrome/116.0.1938.76 Safari/537.36"
66.249.66.194 - - [13/Mar/2026:19:09:02 +0300] "GET /robots.txt HTTP/1.1" 200 70 "-" "Mozilla/5.0 (compatible; Googlebot/2.1; +http://www.google.com/bot.html)"
40.77.167.230 - - [13/Mar/2026:19:09:03 +0300] "GET /?qdftd/x329475.html HTTP/2" 200 24574 "-" "Mozilla/5.0 AppleWebKit/537.36 (KHTML, like Gecko; compatible; bingbot/2.0; +http://www.bing.com/bingbot.htm) Chrome/116.0.1938.76 Safari/537.36"
102.212.247.146 - - [13/Mar/2026:19:10:09 +0300] "POST /wp-cron.php?doing_wp_cron=1773418208.2139129638671875000000 HTTP/1.1" 403 787 "-" "WordPress/6.9.1; https://paltutors.co.uk"
66.249.66.196 - - [13/Mar/2026:19:10:13 +0300] "GET /robots.txt HTTP/1.1" 200 70 "-" "Mozilla/5.0 (compatible; Googlebot/2.1; +http://www.google.com/bot.html)"
40.77.167.230 - - [13/Mar/2026:19:10:32 +0300] "GET /?tlmxa/b2908029.html HTTP/2" 200 24714 "-" "Mozilla/5.0 AppleWebKit/537.36 (KHTML, like Gecko; compatible; bingbot/2.0; +http://www.bing.com/bingbot.htm) Chrome/116.0.1938.76 Safari/537.36"
66.249.66.194 - - [13/Mar/2026:19:10:35 +0300] "GET /?kwjdz/d962217.html HTTP/1.1" 200 24176 "-" "Mozilla/5.0 (Linux; Android 6.0.1; Nexus 5X Build/MMB29P) AppleWebKit/537.36 (KHTML, like Gecko) Chrome/145.0.7632.116 Mobile Safari/537.36 (compatible; GoogleOther)"
102.212.247.146 - - [13/Mar/2026:19:12:05 +0300] "POST /wp-cron.php?doing_wp_cron=1773418323.8151450157165527343750 HTTP/1.1" 403 787 "-" "WordPress/6.9.1; https://paltutors.co.uk"
66.249.66.14 - - [13/Mar/2026:19:12:04 +0300] "GET /?faqiw/l1661781.html HTTP/1.1" 200 24493 "-" "Mozilla/5.0 (Linux; Android 6.0.1; Nexus 5X Build/MMB29P) AppleWebKit/537.36 (KHTML, like Gecko) Chrome/145.0.7632.116 Mobile Safari/537.36 (compatible; GoogleOther)"
40.77.167.230 - - [13/Mar/2026:19:12:12 +0300] "GET /?rhqzh/x1040185.html HTTP/2" 200 25228 "-" "Mozilla/5.0 AppleWebKit/537.36 (KHTML, like Gecko; compatible; bingbot/2.0; +http://www.bing.com/bingbot.htm) Chrome/116.0.1938.76 Safari/537.36"
66.249.66.33 - - [13/Mar/2026:19:12:15 +0300] "GET /?qrhzt/e2259280.html HTTP/1.1" 200 25466 "-" "Mozilla/5.0 (Linux; Android 6.0.1; Nexus 5X Build/MMB29P) AppleWebKit/537.36 (KHTML, like Gecko) Chrome/145.0.7632.116 Mobile Safari/537.36 (compatible; GoogleOther)"
66.249.66.168 - - [13/Mar/2026:19:14:37 +0300] "GET /?vfthk/s2148378.html HTTP/1.1" 200 24197 "-" "Mozilla/5.0 (Linux; Android 6.0.1; Nexus 5X Build/MMB29P) AppleWebKit/537.36 (KHTML, like Gecko) Chrome/145.0.7632.116 Mobile Safari/537.36 (compatible; GoogleOther)"
66.249.66.33 - - [13/Mar/2026:19:15:34 +0300] "GET /?igrua/v1476281.html HTTP/1.1" 200 25334 "-" "Mozilla/5.0 (Linux; Android 6.0.1; Nexus 5X Build/MMB29P) AppleWebKit/537.36 (KHTML, like Gecko) Chrome/145.0.7632.116 Mobile Safari/537.36 (compatible; GoogleOther)"
136.119.16.239 - - [13/Mar/2026:18:46:34 +0300] "GET //wp-json/oembed/1.0/embed?url=https://paltutors.co.uk/ HTTP/1.1" 200 3918 "-" "Mozilla/5.0 (Windows NT 10.0; Win64; x64) AppleWebKit/537.36 (KHTML, like Gecko) Chrome/78.0.3904.108 Safari/537.36"
136.119.16.239 - - [13/Mar/2026:18:47:56 +0300] "POST //xmlrpc.php HTTP/1.1" 403 787 "-" "Mozilla/5.0 (Windows NT 10.0; Win64; x64) AppleWebKit/537.36 (KHTML, like Gecko) Chrome/78.0.3904.108 Safari/537.36"
102.212.247.146 - - [13/Mar/2026:18:48:12 +0300] "POST /wp-cron.php?doing_wp_cron=1773416892.1208009719848632812500 HTTP/1.1" 403 787 "-" "WordPress/6.9.1; https://paltutors.co.uk"
54.184.226.94 - - [13/Mar/2026:18:48:26 +0300] "GET /?rnd=1773416900404 HTTP/1.1" 200 198 "http://www.paltutors.co.uk/?rnd=1773416900404" "GoDaddy-UptimeMonitoring"
52.167.144.139 - - [13/Mar/2026:18:54:30 +0300] "GET /?kaphs/c1350526.html HTTP/2" 200 24741 "-" "Mozilla/5.0 AppleWebKit/537.36 (KHTML, like Gecko; compatible; bingbot/2.0; +http://www.bing.com/bingbot.htm) Chrome/116.0.1938.76 Safari/537.36"
66.249.66.14 - - [13/Mar/2026:18:55:34 +0300] "GET /?ickho/a1173100.html HTTP/1.1" 200 25495 "-" "Mozilla/5.0 (Linux; Android 6.0.1; Nexus 5X Build/MMB29P) AppleWebKit/537.36 (KHTML, like Gecko) Chrome/145.0.7632.116 Mobile Safari/537.36 (compatible; GoogleOther)"
66.249.66.14 - - [13/Mar/2026:18:55:57 +0300] "GET /?lqrpu/v2090245.html HTTP/1.1" 200 24476 "-" "Mozilla/5.0 (Linux; Android 6.0.1; Nexus 5X Build/MMB29P) AppleWebKit/537.36 (KHTML, like Gecko) Chrome/145.0.7632.116 Mobile Safari/537.36 (compatible; GoogleOther)"
66.249.66.32 - - [13/Mar/2026:18:57:46 +0300] "GET /?ektkr/b406621.html HTTP/1.1" 200 24369 "-" "Mozilla/5.0 (Linux; Android 6.0.1; Nexus 5X Build/MMB29P) AppleWebKit/537.36 (KHTML, like Gecko) Chrome/145.0.7632.116 Mobile Safari/537.36 (compatible; GoogleOther)"
52.167.144.139 - - [13/Mar/2026:19:01:32 +0300] "GET /?mztyr/r2760807.html HTTP/2" 200 24518 "-" "Mozilla/5.0 AppleWebKit/537.36 (KHTML, like Gecko; compatible; bingbot/2.0; +http://www.bing.com/bingbot.htm) Chrome/116.0.1938.76 Safari/537.36"
66.249.66.169 - - [13/Mar/2026:19:04:22 +0300] "GET /robots.txt HTTP/1.1" 200 70 "-" "Mozilla/5.0 (compatible; Googlebot/2.1; +http://www.google.com/bot.html)"
102.212.247.146 - - [13/Mar/2026:19:05:57 +0300] "POST /wp-cron.php?doing_wp_cron=1773417956.6149849891662597656250 HTTP/1.1" 403 787 "-" "WordPress/6.9.1; https://paltutors.co.uk"
57.141.20.51 - - [13/Mar/2026:19:14:05 +0300] "GET /?mgjqy/u2908724.html HTTP/2" 200 0 "-" "meta-externalagent/1.1 (+https://developers.facebook.com/docs/sharing/webmasters/crawler)"
102.212.247.146 - - [13/Mar/2026:19:15:18 +0300] "POST /wp-cron.php?doing_wp_cron=1773418517.5083949565887451171875 HTTP/1.1" 403 787 "-" "WordPress/6.9.1; https://paltutors.co.uk"
66.249.66.169 - - [13/Mar/2026:19:16:09 +0300] "GET /?cuyhq/o536166.html HTTP/1.1" 200 24476 "-" "Mozilla/5.0 (Linux; Android 6.0.1; Nexus 5X Build/MMB29P) AppleWebKit/537.36 (KHTML, like Gecko) Chrome/145.0.7632.116 Mobile Safari/537.36 (compatible; GoogleOther)"
66.249.66.15 - - [13/Mar/2026:19:16:31 +0300] "GET /?glvnc/h2585011.html HTTP/1.1" 200 24729 "-" "Mozilla/5.0 (Linux; Android 6.0.1; Nexus 5X Build/MMB29P) AppleWebKit/537.36 (KHTML, like Gecko) Chrome/145.0.7632.116 Mobile Safari/537.36 (compatible; GoogleOther)"
207.46.13.7 - - [13/Mar/2026:19:16:41 +0300] "GET /?wutqi/e1988802.html HTTP/2" 200 25944 "-" "Mozilla/5.0 AppleWebKit/537.36 (KHTML, like Gecko; compatible; bingbot/2.0; +http://www.bing.com/bingbot.htm) Chrome/116.0.1938.76 Safari/537.36"
66.249.66.168 - - [13/Mar/2026:19:16:51 +0300] "GET /?oblpt/r1922021.html HTTP/1.1" 200 24520 "-" "Mozilla/5.0 (Linux; Android 6.0.1; Nexus 5X Build/MMB29P) AppleWebKit/537.36 (KHTML, like Gecko) Chrome/145.0.7632.116 Mobile Safari/537.36 (compatible; GoogleOther)"
66.249.66.168 - - [13/Mar/2026:19:05:29 +0300] "GET /?ycgkq/b1781059.html HTTP/1.1" 200 24280 "-" "Mozilla/5.0 (Linux; Android 6.0.1; Nexus 5X Build/MMB29P) AppleWebKit/537.36 (KHTML, like Gecko) Chrome/145.0.7632.116 Mobile Safari/537.36 (compatible; GoogleOther)"
66.249.66.14 - - [13/Mar/2026:19:06:33 +0300] "GET /robots.txt HTTP/1.1" 200 70 "-" "Mozilla/5.0 (compatible; Googlebot/2.1; +http://www.google.com/bot.html)"
207.46.13.64 - - [13/Mar/2026:19:06:40 +0300] "GET /?vdbib/x954359.html HTTP/2" 200 25637 "-" "Mozilla/5.0 AppleWebKit/537.36 (KHTML, like Gecko; compatible; bingbot/2.0; +http://www.bing.com/bingbot.htm) Chrome/116.0.1938.76 Safari/537.36"
207.46.13.64 - - [13/Mar/2026:19:06:42 +0300] "GET /?nivso/z2758163.html HTTP/2" 200 25248 "-" "Mozilla/5.0 AppleWebKit/537.36 (KHTML, like Gecko; compatible; bingbot/2.0; +http://www.bing.com/bingbot.htm) Chrome/116.0.1938.76 Safari/537.36"
57.141.20.21 - - [13/Mar/2026:19:09:11 +0300] "GET /?itdeg/j1458771.html HTTP/2" 200 0 "-" "meta-externalagent/1.1 (+https://developers.facebook.com/docs/sharing/webmasters/crawler)"
57.141.20.15 - - [13/Mar/2026:19:09:13 +0300] "GET /?fzeqt/f2931953.html HTTP/2" 200 0 "-" "meta-externalagent/1.1 (+https://developers.facebook.com/docs/sharing/webmasters/crawler)"
207.46.13.7 - - [13/Mar/2026:19:10:00 +0300] "GET /?rmqdx/w862630.html HTTP/2" 200 24727 "-" "Mozilla/5.0 AppleWebKit/537.36 (KHTML, like Gecko; compatible; bingbot/2.0; +http://www.bing.com/bingbot.htm) Chrome/116.0.1938.76 Safari/537.36"
66.249.66.14 - - [13/Mar/2026:19:12:47 +0300] "GET /?xstjg/s769754.html HTTP/1.1" 200 24327 "-" "Mozilla/5.0 (Linux; Android 6.0.1; Nexus 5X Build/MMB29P) AppleWebKit/537.36 (KHTML, like Gecko) Chrome/145.0.7632.116 Mobile Safari/537.36 (compatible; GoogleOther)"
40.77.167.243 - - [13/Mar/2026:19:13:12 +0300] "GET /?voymi/k489154.html HTTP/2" 200 25368 "-" "Mozilla/5.0 AppleWebKit/537.36 (KHTML, like Gecko; compatible; bingbot/2.0; +http://www.bing.com/bingbot.htm) Chrome/116.0.1938.76 Safari/537.36"
66.249.66.169 - - [13/Mar/2026:19:13:40 +0300] "GET /?uvqca/h2487459.html HTTP/1.1" 200 24947 "-" "Mozilla/5.0 (Linux; Android 6.0.1; Nexus 5X Build/MMB29P) AppleWebKit/537.36 (KHTML, like Gecko) Chrome/145.0.7632.116 Mobile Safari/537.36 (compatible; GoogleOther)"
66.249.66.168 - - [13/Mar/2026:19:14:01 +0300] "GET /?dkxih/y862476.html HTTP/1.1" 200 24499 "-" "Mozilla/5.0 (Linux; Android 6.0.1; Nexus 5X Build/MMB29P) AppleWebKit/537.36 (KHTML, like Gecko) Chrome/145.0.7632.116 Mobile Safari/537.36 (compatible; Googlebot/2.1; +http://www.google.com/bot.html)"
74.7.227.130 - - [13/Mar/2026:19:14:18 +0300] "GET /sitemap.xml HTTP/2" 200 7 "-" "Mozilla/5.0 AppleWebKit/537.36 (KHTML, like Gecko; compatible; GPTBot/1.3; +https://openai.com/gptbot)"
4.204.200.32 - - [13/Mar/2026:19:14:29 +0300] "GET /wp-content/plugins/hellopress/wp_filemanager.php HTTP/1.1" 200 0 "-" "-"
66.249.66.194 - - [13/Mar/2026:19:14:57 +0300] "GET /?ktzml/b676007.html HTTP/1.1" 200 24848 "-" "Mozilla/5.0 (Linux; Android 6.0.1; Nexus 5X Build/MMB29P) AppleWebKit/537.36 (KHTML, like Gecko) Chrome/145.0.7632.116 Mobile Safari/537.36 (compatible; Googlebot/2.1; +http://www.google.com/bot.html)"
66.249.66.169 - - [13/Mar/2026:19:15:26 +0300] "GET /?umosw/y1593674.html HTTP/1.1" 200 24743 "-" "Mozilla/5.0 (Linux; Android 6.0.1; Nexus 5X Build/MMB29P) AppleWebKit/537.36 (KHTML, like Gecko) Chrome/145.0.7632.116 Mobile Safari/537.36 (compatible; GoogleOther)"
207.46.13.7 - - [13/Mar/2026:19:15:42 +0300] "GET /?idorh/x2217881.html HTTP/2" 200 24592 "-" "Mozilla/5.0 AppleWebKit/537.36 (KHTML, like Gecko; compatible; bingbot/2.0; +http://www.bing.com/bingbot.htm) Chrome/116.0.1938.76 Safari/537.36"
66.249.66.168 - - [13/Mar/2026:19:17:29 +0300] "GET /?uvkyw/b1977177.html HTTP/1.1" 200 24505 "-" "Mozilla/5.0 (Linux; Android 6.0.1; Nexus 5X Build/MMB29P) AppleWebKit/537.36 (KHTML, like Gecko) Chrome/145.0.7632.116 Mobile Safari/537.36 (compatible; GoogleOther)"
157.55.39.200 - - [13/Mar/2026:19:09:11 +0300] "GET /?mjxgt/m2156432.html HTTP/2" 200 26287 "-" "Mozilla/5.0 AppleWebKit/537.36 (KHTML, like Gecko; compatible; bingbot/2.0; +http://www.bing.com/bingbot.htm) Chrome/116.0.1938.76 Safari/537.36"
66.249.66.77 - - [13/Mar/2026:19:09:45 +0300] "GET /?vimpm/j525683.html HTTP/1.1" 200 25037 "-" "Mozilla/5.0 (Linux; Android 6.0.1; Nexus 5X Build/MMB29P) AppleWebKit/537.36 (KHTML, like Gecko) Chrome/145.0.7632.116 Mobile Safari/537.36 (compatible; GoogleOther)"
66.249.66.168 - - [13/Mar/2026:19:10:27 +0300] "GET /?plgkl/e2760924.html HTTP/1.1" 200 24192 "-" "Mozilla/5.0 (Linux; Android 6.0.1; Nexus 5X Build/MMB29P) AppleWebKit/537.36 (KHTML, like Gecko) Chrome/145.0.7632.116 Mobile Safari/537.36 (compatible; GoogleOther)"
66.249.66.168 - - [13/Mar/2026:19:11:41 +0300] "GET /?vnccb/j2793585.html HTTP/1.1" 200 24447 "-" "Mozilla/5.0 (Linux; Android 6.0.1; Nexus 5X Build/MMB29P) AppleWebKit/537.36 (KHTML, like Gecko) Chrome/145.0.7632.116 Mobile Safari/537.36 (compatible; GoogleOther)"
57.141.20.50 - - [13/Mar/2026:19:12:25 +0300] "GET /?eohwz/e2507814.html HTTP/2" 200 0 "-" "meta-externalagent/1.1 (+https://developers.facebook.com/docs/sharing/webmasters/crawler)"
66.249.66.194 - - [13/Mar/2026:19:12:57 +0300] "GET /?ogaob/v1257413.html HTTP/1.1" 200 24921 "-" "Mozilla/5.0 (Linux; Android 6.0.1; Nexus 5X Build/MMB29P) AppleWebKit/537.36 (KHTML, like Gecko) Chrome/145.0.7632.116 Mobile Safari/537.36 (compatible; GoogleOther)"
207.46.13.7 - - [13/Mar/2026:19:13:30 +0300] "GET /?qkryw/n1722987.html HTTP/2" 200 24409 "-" "Mozilla/5.0 AppleWebKit/537.36 (KHTML, like Gecko; compatible; bingbot/2.0; +http://www.bing.com/bingbot.htm) Chrome/116.0.1938.76 Safari/537.36"
102.212.247.146 - - [13/Mar/2026:19:13:46 +0300] "POST /wp-cron.php?doing_wp_cron=1773418425.7290549278259277343750 HTTP/1.1" 403 787 "-" "WordPress/6.9.1; https://paltutors.co.uk"
40.77.167.67 - - [13/Mar/2026:19:13:53 +0300] "GET /?gzsil/b1999849.html HTTP/2" 200 24886 "-" "Mozilla/5.0 AppleWebKit/537.36 (KHTML, like Gecko; compatible; bingbot/2.0; +http://www.bing.com/bingbot.htm) Chrome/116.0.1938.76 Safari/537.36"
66.249.66.77 - - [13/Mar/2026:19:13:53 +0300] "GET /?jndqd/b1332013.html HTTP/1.1" 200 24454 "-" "Mozilla/5.0 (Linux; Android 6.0.1; Nexus 5X Build/MMB29P) AppleWebKit/537.36 (KHTML, like Gecko) Chrome/145.0.7632.116 Mobile Safari/537.36 (compatible; GoogleOther)"
57.141.20.44 - - [13/Mar/2026:19:13:46 +0300] "GET /?mzjor/y1136724.html HTTP/2" 200 0 "-" "meta-externalagent/1.1 (+https://developers.facebook.com/docs/sharing/webmasters/crawler)"
66.249.66.14 - - [13/Mar/2026:19:14:59 +0300] "GET /?bisqk/f214277.html HTTP/1.1" 200 24307 "-" "Mozilla/5.0 (Linux; Android 6.0.1; Nexus 5X Build/MMB29P) AppleWebKit/537.36 (KHTML, like Gecko) Chrome/145.0.7632.116 Mobile Safari/537.36 (compatible; GoogleOther)"
57.141.20.12 - - [13/Mar/2026:19:17:20 +0300] "GET /?jbxrb/o746038.html HTTP/2" 200 0 "-" "meta-externalagent/1.1 (+https://developers.facebook.com/docs/sharing/webmasters/crawler)"
35.162.140.124 - - [13/Mar/2026:19:18:26 +0300] "GET /?rnd=1773418699917 HTTP/1.1" 503 807 "http://www.paltutors.co.uk/?rnd=1773418699917" "GoDaddy-UptimeMonitoring"
34.223.113.106 - - [13/Mar/2026:19:18:27 +0300] "GET /?rnd=1773418700723 HTTP/2" 503 807 "http://www.paltutors.co.uk/?rnd=1773418700723" "GoDaddy-UptimeMonitoring"
57.141.20.34 - - [13/Mar/2026:19:18:32 +0300] "GET /?qoeoc/x1471551.html HTTP/2" 503 807 "-" "meta-externalagent/1.1 (+https://developers.facebook.com/docs/sharing/webmasters/crawler)"
66.249.66.194 - - [13/Mar/2026:19:17:55 +0300] "GET /?gimax/o2084232.html HTTP/1.1" 500 384 "-" "Mozilla/5.0 (Linux; Android 6.0.1; Nexus 5X Build/MMB29P) AppleWebKit/537.36 (KHTML, like Gecko) Chrome/145.0.7632.116 Mobile Safari/537.36 (compatible; GoogleOther)"
207.46.13.153 - - [13/Mar/2026:19:22:01 +0300] "GET /?rqkpo/u1381198.html HTTP/2" 200 24120 "-" "Mozilla/5.0 AppleWebKit/537.36 (KHTML, like Gecko; compatible; bingbot/2.0; +http://www.bing.com/bingbot.htm) Chrome/116.0.1938.76 Safari/537.36"
66.249.66.78 - - [13/Mar/2026:19:04:45 +0300] "GET /?lidoa/u347698.html HTTP/1.1" 200 24118 "-" "Mozilla/5.0 (Linux; Android 6.0.1; Nexus 5X Build/MMB29P) AppleWebKit/537.36 (KHTML, like Gecko) Chrome/145.0.7632.116 Mobile Safari/537.36 (compatible; GoogleOther)"
66.249.66.195 - - [13/Mar/2026:19:06:33 +0300] "GET /?tyiia/r1230629.html HTTP/1.1" 200 24286 "-" "Mozilla/5.0 (Linux; Android 6.0.1; Nexus 5X Build/MMB29P) AppleWebKit/537.36 (KHTML, like Gecko) Chrome/145.0.7632.116 Mobile Safari/537.36 (compatible; GoogleOther)"
57.141.20.40 - - [13/Mar/2026:19:06:24 +0300] "GET /?muxaz/z2095215.html HTTP/2" 200 0 "-" "meta-externalagent/1.1 (+https://developers.facebook.com/docs/sharing/webmasters/crawler)"
102.212.247.146 - - [13/Mar/2026:19:07:44 +0300] "POST /wp-cron.php?doing_wp_cron=1773418063.7144479751586914062500 HTTP/1.1" 403 787 "-" "WordPress/6.9.1; https://paltutors.co.uk"
66.249.66.33 - - [13/Mar/2026:19:09:07 +0300] "GET /?pucxo/k1335844.html HTTP/1.1" 200 24404 "-" "Mozilla/5.0 (Linux; Android 6.0.1; Nexus 5X Build/MMB29P) AppleWebKit/537.36 (KHTML, like Gecko) Chrome/145.0.7632.116 Mobile Safari/537.36 (compatible; GoogleOther)"
57.141.20.29 - - [13/Mar/2026:19:10:31 +0300] "GET /?eczfc/n1975083.html HTTP/2" 200 0 "-" "meta-externalagent/1.1 (+https://developers.facebook.com/docs/sharing/webmasters/crawler)"
66.249.66.195 - - [13/Mar/2026:19:11:19 +0300] "GET /?jnajz/f1531905.html HTTP/1.1" 200 24978 "-" "Mozilla/5.0 (Linux; Android 6.0.1; Nexus 5X Build/MMB29P) AppleWebKit/537.36 (KHTML, like Gecko) Chrome/145.0.7632.116 Mobile Safari/537.36 (compatible; GoogleOther)"
66.249.66.34 - - [13/Mar/2026:19:13:31 +0300] "GET /?ukmqj/n1150363.html HTTP/1.1" 200 24892 "-" "Mozilla/5.0 (Linux; Android 6.0.1; Nexus 5X Build/MMB29P) AppleWebKit/537.36 (KHTML, like Gecko) Chrome/145.0.7632.116 Mobile Safari/537.36 (compatible; GoogleOther)"
207.46.13.7 - - [13/Mar/2026:19:14:11 +0300] "GET /?ymjch/q245228.html HTTP/2" 200 25233 "-" "Mozilla/5.0 AppleWebKit/537.36 (KHTML, like Gecko; compatible; bingbot/2.0; +http://www.bing.com/bingbot.htm) Chrome/116.0.1938.76 Safari/537.36"
207.46.13.7 - - [13/Mar/2026:19:14:14 +0300] "GET /?duuem/z2690849.html HTTP/2" 200 24616 "-" "Mozilla/5.0 AppleWebKit/537.36 (KHTML, like Gecko; compatible; bingbot/2.0; +http://www.bing.com/bingbot.htm) Chrome/116.0.1938.76 Safari/537.36"
185.198.240.211 - - [13/Mar/2026:19:14:53 +0300] "POST /wp-login.php HTTP/1.1" 200 0 "-" "Mozilla/5.0"
102.212.247.146 - - [13/Mar/2026:19:15:43 +0300] "POST /wp-cron.php?doing_wp_cron=1773418542.5603680610656738281250 HTTP/1.1" 403 787 "-" "WordPress/6.9.1; https://paltutors.co.uk"
102.212.247.146 - - [13/Mar/2026:19:17:08 +0300] "POST /wp-cron.php?doing_wp_cron=1773418627.1626470088958740234375 HTTP/1.1" 403 787 "-" "WordPress/6.9.1; https://paltutors.co.uk"
34.211.218.34 - - [13/Mar/2026:19:17:26 +0300] "GET /?rnd=1773418639617 HTTP/2" 200 0 "http://paltutors.co.uk/?rnd=1773418639617" "GoDaddy-UptimeMonitoring"
35.162.140.124 - - [13/Mar/2026:19:16:56 +0300] "GET /?rnd=1773418609566 HTTP/1.1" 500 384 "http://paltutors.co.uk/?rnd=1773418609566" "GoDaddy-UptimeMonitoring"
40.77.167.67 - - [13/Mar/2026:19:19:54 +0300] "GET /?eglov/t174901.html HTTP/2" 200 24314 "-" "Mozilla/5.0 AppleWebKit/537.36 (KHTML, like Gecko; compatible; bingbot/2.0; +http://www.bing.com/bingbot.htm) Chrome/116.0.1938.76 Safari/537.36"
102.212.247.146 - - [13/Mar/2026:19:20:17 +0300] "POST /wp-cron.php?doing_wp_cron=1773418816.1140899658203125000000 HTTP/1.1" 403 787 "-" "WordPress/6.9.1; https://paltutors.co.uk"
66.249.66.194 - - [13/Mar/2026:19:22:07 +0300] "GET /?uosir/q2058676.html HTTP/1.1" 200 24991 "-" "Mozilla/5.0 (Linux; Android 6.0.1; Nexus 5X Build/MMB29P) AppleWebKit/537.36 (KHTML, like Gecko) Chrome/145.0.7632.116 Mobile Safari/537.36 (compatible; GoogleOther)"
66.249.66.14 - - [13/Mar/2026:19:24:55 +0300] "GET /?xjito/w815440.html HTTP/1.1" 200 24498 "-" "Mozilla/5.0 (Linux; Android 6.0.1; Nexus 5X Build/MMB29P) AppleWebKit/537.36 (KHTML, like Gecko) Chrome/145.0.7632.116 Mobile Safari/537.36 (compatible; GoogleOther)"
52.167.144.139 - - [13/Mar/2026:19:15:11 +0300] "GET /?reszy/o968728.html HTTP/2" 200 24888 "-" "Mozilla/5.0 AppleWebKit/537.36 (KHTML, like Gecko; compatible; bingbot/2.0; +http://www.bing.com/bingbot.htm) Chrome/116.0.1938.76 Safari/537.36"
52.167.144.139 - - [13/Mar/2026:19:15:13 +0300] "GET /?zwcio/z874619.html HTTP/2" 200 24896 "-" "Mozilla/5.0 AppleWebKit/537.36 (KHTML, like Gecko; compatible; bingbot/2.0; +http://www.bing.com/bingbot.htm) Chrome/116.0.1938.76 Safari/537.36"
52.167.144.139 - - [13/Mar/2026:19:15:15 +0300] "GET /?gjvic/v975001.html HTTP/2" 200 24889 "-" "Mozilla/5.0 AppleWebKit/537.36 (KHTML, like Gecko; compatible; bingbot/2.0; +http://www.bing.com/bingbot.htm) Chrome/116.0.1938.76 Safari/537.36"
66.249.66.32 - - [13/Mar/2026:19:17:12 +0300] "GET /?uvuvy/f1368859.html HTTP/1.1" 200 24725 "-" "Mozilla/5.0 (Linux; Android 6.0.1; Nexus 5X Build/MMB29P) AppleWebKit/537.36 (KHTML, like Gecko) Chrome/145.0.7632.116 Mobile Safari/537.36 (compatible; GoogleOther)"
207.46.13.7 - - [13/Mar/2026:19:17:52 +0300] "GET /?ukaoa/k404212.html HTTP/2" 200 24702 "-" "Mozilla/5.0 AppleWebKit/537.36 (KHTML, like Gecko; compatible; bingbot/2.0; +http://www.bing.com/bingbot.htm) Chrome/116.0.1938.76 Safari/537.36"
102.212.247.146 - - [13/Mar/2026:19:20:31 +0300] "POST /wp-cron.php?doing_wp_cron=1773418830.2228529453277587890625 HTTP/1.1" 403 787 "-" "WordPress/6.9.1; https://paltutors.co.uk"
66.249.66.168 - - [13/Mar/2026:19:20:57 +0300] "GET /?ofuiw/r789201.html HTTP/1.1" 200 25404 "-" "Mozilla/5.0 (Linux; Android 6.0.1; Nexus 5X Build/MMB29P) AppleWebKit/537.36 (KHTML, like Gecko) Chrome/145.0.7632.116 Mobile Safari/537.36 (compatible; Googlebot/2.1; +http://www.google.com/bot.html)"
66.249.66.196 - - [13/Mar/2026:19:21:28 +0300] "GET /?oospl/d1577325.html HTTP/1.1" 200 24918 "-" "Mozilla/5.0 (Linux; Android 6.0.1; Nexus 5X Build/MMB29P) AppleWebKit/537.36 (KHTML, like Gecko) Chrome/145.0.7632.116 Mobile Safari/537.36 (compatible; GoogleOther)"
66.249.66.168 - - [13/Mar/2026:19:22:12 +0300] "GET /?xrkgo/j1375207.html HTTP/1.1" 200 24539 "-" "Mozilla/5.0 (Linux; Android 6.0.1; Nexus 5X Build/MMB29P) AppleWebKit/537.36 (KHTML, like Gecko) Chrome/145.0.7632.116 Mobile Safari/537.36 (compatible; GoogleOther)"
207.46.13.153 - - [13/Mar/2026:19:22:22 +0300] "GET /?tldxf/g868802.html HTTP/2" 200 24459 "-" "Mozilla/5.0 AppleWebKit/537.36 (KHTML, like Gecko; compatible; bingbot/2.0; +http://www.bing.com/bingbot.htm) Chrome/116.0.1938.76 Safari/537.36"
66.249.66.194 - - [13/Mar/2026:19:23:05 +0300] "GET /?wielu/b2257405.html HTTP/1.1" 200 24612 "-" "Mozilla/5.0 (Linux; Android 6.0.1; Nexus 5X Build/MMB29P) AppleWebKit/537.36 (KHTML, like Gecko) Chrome/145.0.7632.116 Mobile Safari/537.36 (compatible; GoogleOther)"
40.77.167.247 - - [13/Mar/2026:19:24:34 +0300] "GET /?wgldv/j1682059.html HTTP/2" 200 24370 "-" "Mozilla/5.0 AppleWebKit/537.36 (KHTML, like Gecko; compatible; bingbot/2.0; +http://www.bing.com/bingbot.htm) Chrome/116.0.1938.76 Safari/537.36"
40.77.167.247 - - [13/Mar/2026:19:24:37 +0300] "GET /?guags/p2492615.html HTTP/2" 200 24138 "-" "Mozilla/5.0 AppleWebKit/537.36 (KHTML, like Gecko; compatible; bingbot/2.0; +http://www.bing.com/bingbot.htm) Chrome/116.0.1938.76 Safari/537.36"
66.249.66.32 - - [13/Mar/2026:19:24:42 +0300] "GET /?pcmlq/r2506501.html HTTP/1.1" 200 25336 "-" "Mozilla/5.0 (Linux; Android 6.0.1; Nexus 5X Build/MMB29P) AppleWebKit/537.36 (KHTML, like Gecko) Chrome/145.0.7632.116 Mobile Safari/537.36 (compatible; GoogleOther)"
52.167.144.139 - - [13/Mar/2026:19:24:43 +0300] "GET /?bfdkp/c2182500.html HTTP/2" 200 24745 "-" "Mozilla/5.0 AppleWebKit/537.36 (KHTML, like Gecko; compatible; bingbot/2.0; +http://www.bing.com/bingbot.htm) Chrome/116.0.1938.76 Safari/537.36"
66.249.66.160 - - [13/Mar/2026:19:25:41 +0300] "GET /?akezf/u1956812.html HTTP/1.1" 200 24379 "-" "Mozilla/5.0 (Linux; Android 6.0.1; Nexus 5X Build/MMB29P) AppleWebKit/537.36 (KHTML, like Gecko) Chrome/145.0.7632.116 Mobile Safari/537.36 (compatible; GoogleOther)"
66.249.66.77 - - [13/Mar/2026:19:16:58 +0300] "GET /?qokpr/d493593.html HTTP/1.1" 200 24186 "-" "Mozilla/5.0 (Linux; Android 6.0.1; Nexus 5X Build/MMB29P) AppleWebKit/537.36 (KHTML, like Gecko) Chrome/145.0.7632.116 Mobile Safari/537.36 (compatible; Googlebot/2.1; +http://www.google.com/bot.html)"
52.167.144.139 - - [13/Mar/2026:19:18:12 +0300] "GET /?hlfjy/b1491029.html HTTP/2" 503 807 "-" "Mozilla/5.0 AppleWebKit/537.36 (KHTML, like Gecko; compatible; bingbot/2.0; +http://www.bing.com/bingbot.htm) Chrome/116.0.1938.76 Safari/537.36"
207.46.13.7 - - [13/Mar/2026:19:20:32 +0300] "GET /?lsjwn/k541674.html HTTP/2" 200 24449 "-" "Mozilla/5.0 AppleWebKit/537.36 (KHTML, like Gecko; compatible; bingbot/2.0; +http://www.bing.com/bingbot.htm) Chrome/116.0.1938.76 Safari/537.36"
102.212.247.146 - - [13/Mar/2026:19:20:41 +0300] "POST /wp-cron.php?doing_wp_cron=1773418840.3155150413513183593750 HTTP/1.1" 403 787 "-" "WordPress/6.9.1; https://paltutors.co.uk"
102.212.247.146 - - [13/Mar/2026:19:20:44 +0300] "POST /wp-cron.php?doing_wp_cron=1773418843.4171171188354492187500 HTTP/1.1" 403 787 "-" "WordPress/6.9.1; https://paltutors.co.uk"
66.249.66.32 - - [13/Mar/2026:19:21:35 +0300] "GET /?jdaqq/c2658586.html HTTP/1.1" 200 24608 "-" "Mozilla/5.0 (Linux; Android 6.0.1; Nexus 5X Build/MMB29P) AppleWebKit/537.36 (KHTML, like Gecko) Chrome/145.0.7632.116 Mobile Safari/537.36 (compatible; GoogleOther)"
57.141.20.18 - - [13/Mar/2026:19:21:59 +0300] "GET /?pzavt/x3122317.html HTTP/2" 200 0 "-" "meta-externalagent/1.1 (+https://developers.facebook.com/docs/sharing/webmasters/crawler)"
52.167.144.139 - - [13/Mar/2026:19:23:04 +0300] "GET /wp-content/uploads/2023/08/kids-taking-exam-in-school-2022-06-29-19-26-45-utc-copy-1024x683.jpg HTTP/2" 200 140479 "-" "Mozilla/5.0 AppleWebKit/537.36 (KHTML, like Gecko; compatible; bingbot/2.0; +http://www.bing.com/bingbot.htm) Chrome/116.0.1938.76 Safari/537.36"
66.249.66.168 - - [13/Mar/2026:19:24:11 +0300] "GET /?vdglj/k1383164.html HTTP/1.1" 200 24493 "-" "Mozilla/5.0 (Linux; Android 6.0.1; Nexus 5X Build/MMB29P) AppleWebKit/537.36 (KHTML, like Gecko) Chrome/145.0.7632.116 Mobile Safari/537.36 (compatible; GoogleOther)"
45.148.10.238 - - [13/Mar/2026:19:26:07 +0300] "GET /awsconfig.js HTTP/1.1" 200 1570 "-" "Mozilla/5.0 (Linux; Android 8.0.0; SM-G950U1) AppleWebKit/537.36 (KHTML, like Gecko) Chrome/76.0.3809.111 Mobile Safari/537.36"
136.144.33.158 - - [13/Mar/2026:19:26:19 +0300] "POST /wp-login.php HTTP/1.1" 503 807 "-" "Mozilla/5.0"
66.249.66.195 - - [13/Mar/2026:19:26:29 +0300] "GET /?omjrr/d2175143.html HTTP/1.1" 200 1396 "-" "Mozilla/5.0 (Linux; Android 6.0.1; Nexus 5X Build/MMB29P) AppleWebKit/537.36 (KHTML, like Gecko) Chrome/145.0.7632.116 Mobile Safari/537.36 (compatible; GoogleOther)"
66.249.66.15 - - [13/Mar/2026:19:27:33 +0300] "GET /?emict/m1363562.html HTTP/1.1" 503 807 "-" "Mozilla/5.0 (Linux; Android 6.0.1; Nexus 5X Build/MMB29P) AppleWebKit/537.36 (KHTML, like Gecko) Chrome/145.0.7632.116 Mobile Safari/537.36 (compatible; GoogleOther)"
207.46.13.153 - - [13/Mar/2026:19:28:43 +0300] "GET /?vznik/g2634826.html HTTP/2" 200 24836 "-" "Mozilla/5.0 AppleWebKit/537.36 (KHTML, like Gecko; compatible; bingbot/2.0; +http://www.bing.com/bingbot.htm) Chrome/116.0.1938.76 Safari/537.36"
207.46.13.153 - - [13/Mar/2026:19:28:45 +0300] "GET /?elxtx/x782603.html HTTP/2" 200 26074 "-" "Mozilla/5.0 AppleWebKit/537.36 (KHTML, like Gecko; compatible; bingbot/2.0; +http://www.bing.com/bingbot.htm) Chrome/116.0.1938.76 Safari/537.36"
102.212.247.146 - - [13/Mar/2026:19:29:18 +0300] "POST /wp-cron.php?doing_wp_cron=1773419357.6161239147186279296875 HTTP/1.1" 403 787 "-" "WordPress/6.9.1; https://paltutors.co.uk"
102.212.247.146 - - [13/Mar/2026:19:29:19 +0300] "POST /wp-cron.php?doing_wp_cron=1773419358.5435349941253662109375 HTTP/1.1" 403 787 "-" "WordPress/6.9.1; https://paltutors.co.uk"
66.249.66.194 - - [13/Mar/2026:19:16:49 +0300] "GET /?yhkhm/q1665972.html HTTP/1.1" 200 24800 "-" "Mozilla/5.0 (Linux; Android 6.0.1; Nexus 5X Build/MMB29P) AppleWebKit/537.36 (KHTML, like Gecko) Chrome/145.0.7632.116 Mobile Safari/537.36 (compatible; GoogleOther)"
57.141.20.8 - - [13/Mar/2026:19:17:54 +0300] "GET /?bizml/h2184013.html HTTP/2" 200 0 "-" "meta-externalagent/1.1 (+https://developers.facebook.com/docs/sharing/webmasters/crawler)"
57.141.20.44 - - [13/Mar/2026:19:20:46 +0300] "GET /?bxunw/i713922.html HTTP/2" 200 0 "-" "meta-externalagent/1.1 (+https://developers.facebook.com/docs/sharing/webmasters/crawler)"
66.249.66.194 - - [13/Mar/2026:19:21:47 +0300] "GET /?njukr/z620937.html HTTP/1.1" 200 24727 "-" "Mozilla/5.0 (Linux; Android 6.0.1; Nexus 5X Build/MMB29P) AppleWebKit/537.36 (KHTML, like Gecko) Chrome/145.0.7632.116 Mobile Safari/537.36 (compatible; GoogleOther)"
66.249.66.194 - - [13/Mar/2026:19:21:52 +0300] "GET /?dcvye/w770278.html HTTP/1.1" 200 25257 "-" "Mozilla/5.0 (Linux; Android 6.0.1; Nexus 5X Build/MMB29P) AppleWebKit/537.36 (KHTML, like Gecko) Chrome/145.0.7632.116 Mobile Safari/537.36 (compatible; GoogleOther)"
66.249.66.32 - - [13/Mar/2026:19:22:23 +0300] "GET /?qenwi/x1167065.html HTTP/1.1" 200 24414 "-" "Mozilla/5.0 (Linux; Android 6.0.1; Nexus 5X Build/MMB29P) AppleWebKit/537.36 (KHTML, like Gecko) Chrome/145.0.7632.116 Mobile Safari/537.36 (compatible; GoogleOther)"
102.212.247.146 - - [13/Mar/2026:19:22:37 +0300] "POST /wp-cron.php?doing_wp_cron=1773418956.3105731010437011718750 HTTP/1.1" 403 787 "-" "WordPress/6.9.1; https://paltutors.co.uk"
57.141.20.10 - - [13/Mar/2026:19:23:12 +0300] "GET /?isbsd/l1550787.html HTTP/2" 200 0 "-" "meta-externalagent/1.1 (+https://developers.facebook.com/docs/sharing/webmasters/crawler)"
