66.249.66.14 - - [13/Mar/2026:16:41:32 +0300] "GET /?pxnjd/w855948.html HTTP/1.1" 200 25019 "-" "Mozilla/5.0 (Linux; Android 6.0.1; Nexus 5X Build/MMB29P) AppleWebKit/537.36 (KHTML, like Gecko) Chrome/145.0.7632.116 Mobile Safari/537.36 (compatible; GoogleOther)"
66.249.66.32 - - [13/Mar/2026:16:42:43 +0300] "GET /?gakij/i1084812.html HTTP/1.1" 200 24546 "-" "Mozilla/5.0 (Linux; Android 6.0.1; Nexus 5X Build/MMB29P) AppleWebKit/537.36 (KHTML, like Gecko) Chrome/145.0.7632.116 Mobile Safari/537.36 (compatible; GoogleOther)"
66.249.66.168 - - [13/Mar/2026:16:45:40 +0300] "GET /?jhhvc/q701294.html HTTP/1.1" 200 24236 "-" "Mozilla/5.0 (Linux; Android 6.0.1; Nexus 5X Build/MMB29P) AppleWebKit/537.36 (KHTML, like Gecko) Chrome/145.0.7632.116 Mobile Safari/537.36 (compatible; GoogleOther)"
40.77.167.55 - - [13/Mar/2026:16:46:28 +0300] "GET /?rmbdp/h361621.html HTTP/2" 200 25580 "-" "Mozilla/5.0 AppleWebKit/537.36 (KHTML, like Gecko; compatible; bingbot/2.0; +http://www.bing.com/bingbot.htm) Chrome/116.0.1938.76 Safari/537.36"
40.77.167.55 - - [13/Mar/2026:16:46:28 +0300] "GET /?ykayo/z1487049.html HTTP/2" 200 25132 "-" "Mozilla/5.0 AppleWebKit/537.36 (KHTML, like Gecko; compatible; bingbot/2.0; +http://www.bing.com/bingbot.htm) Chrome/116.0.1938.76 Safari/537.36"
66.249.66.1 - - [13/Mar/2026:16:48:08 +0300] "GET /?pbucp/i733110.html HTTP/1.1" 200 24217 "-" "Mozilla/5.0 (Linux; Android 6.0.1; Nexus 5X Build/MMB29P) AppleWebKit/537.36 (KHTML, like Gecko) Chrome/145.0.7632.116 Mobile Safari/537.36 (compatible; GoogleOther)"
66.249.66.194 - - [13/Mar/2026:16:50:23 +0300] "GET /robots.txt HTTP/1.1" 200 70 "-" "Mozilla/5.0 (compatible; Googlebot/2.1; +http://www.google.com/bot.html)"
52.167.144.203 - - [13/Mar/2026:16:50:59 +0300] "GET /?yzury/x2985973.html HTTP/2" 200 24594 "-" "Mozilla/5.0 AppleWebKit/537.36 (KHTML, like Gecko; compatible; bingbot/2.0; +http://www.bing.com/bingbot.htm) Chrome/116.0.1938.76 Safari/537.36"
66.249.66.194 - - [13/Mar/2026:16:51:03 +0300] "GET /?tozlp/u1994798.html HTTP/1.1" 200 24252 "-" "Mozilla/5.0 (Linux; Android 6.0.1; Nexus 5X Build/MMB29P) AppleWebKit/537.36 (KHTML, like Gecko) Chrome/145.0.7632.116 Mobile Safari/537.36 (compatible; GoogleOther)"
207.46.13.87 - - [13/Mar/2026:16:51:47 +0300] "GET /?gtabh/p1942897.html HTTP/2" 200 24728 "-" "Mozilla/5.0 AppleWebKit/537.36 (KHTML, like Gecko; compatible; bingbot/2.0; +http://www.bing.com/bingbot.htm) Chrome/116.0.1938.76 Safari/537.36"
66.249.66.194 - - [13/Mar/2026:16:53:19 +0300] "GET /?wmjkf/a728006.html HTTP/1.1" 200 24297 "-" "Mozilla/5.0 (Linux; Android 6.0.1; Nexus 5X Build/MMB29P) AppleWebKit/537.36 (KHTML, like Gecko) Chrome/145.0.7632.116 Mobile Safari/537.36 (compatible; GoogleOther)"
66.249.66.14 - - [13/Mar/2026:16:58:03 +0300] "GET /?ehybh/h2840487.html HTTP/1.1" 200 24342 "-" "Mozilla/5.0 (Linux; Android 6.0.1; Nexus 5X Build/MMB29P) AppleWebKit/537.36 (KHTML, like Gecko) Chrome/145.0.7632.116 Mobile Safari/537.36 (compatible; GoogleOther)"
66.249.66.15 - - [13/Mar/2026:16:57:27 +0300] "GET /?pvgmv/y1381124.html HTTP/1.1" 200 24332 "-" "Mozilla/5.0 (Linux; Android 6.0.1; Nexus 5X Build/MMB29P) AppleWebKit/537.36 (KHTML, like Gecko) Chrome/145.0.7632.116 Mobile Safari/537.36 (compatible; GoogleOther)"
207.46.13.87 - - [13/Mar/2026:16:57:48 +0300] "GET /?chkms/n1244509.html HTTP/2" 200 24775 "-" "Mozilla/5.0 AppleWebKit/537.36 (KHTML, like Gecko; compatible; bingbot/2.0; +http://www.bing.com/bingbot.htm) Chrome/116.0.1938.76 Safari/537.36"
66.249.66.78 - - [13/Mar/2026:16:56:38 +0300] "GET /?gndyr/f2489693.html HTTP/1.1" 200 24668 "-" "Mozilla/5.0 (Linux; Android 6.0.1; Nexus 5X Build/MMB29P) AppleWebKit/537.36 (KHTML, like Gecko) Chrome/145.0.7632.116 Mobile Safari/537.36 (compatible; GoogleOther)"
40.77.167.79 - - [13/Mar/2026:16:46:09 +0300] "GET /?yskfy/i1990886.html HTTP/2" 200 24672 "-" "Mozilla/5.0 AppleWebKit/537.36 (KHTML, like Gecko; compatible; bingbot/2.0; +http://www.bing.com/bingbot.htm) Chrome/116.0.1938.76 Safari/537.36"
66.249.66.194 - - [13/Mar/2026:16:46:51 +0300] "GET /robots.txt HTTP/1.1" 200 70 "-" "Mozilla/5.0 (compatible; Googlebot/2.1; +http://www.google.com/bot.html)"
35.162.140.124 - - [13/Mar/2026:16:46:55 +0300] "GET /?rnd=1773409609393 HTTP/1.1" 200 28706 "http://paltutors.co.uk/?rnd=1773409609393" "GoDaddy-UptimeMonitoring"
40.77.167.55 - - [13/Mar/2026:16:47:28 +0300] "GET /?bcdim/n2188179.html HTTP/2" 200 24589 "-" "Mozilla/5.0 AppleWebKit/537.36 (KHTML, like Gecko; compatible; bingbot/2.0; +http://www.bing.com/bingbot.htm) Chrome/116.0.1938.76 Safari/537.36"
40.77.167.55 - - [13/Mar/2026:16:47:29 +0300] "GET /?blwte/o350032.html HTTP/2" 200 25473 "-" "Mozilla/5.0 AppleWebKit/537.36 (KHTML, like Gecko; compatible; bingbot/2.0; +http://www.bing.com/bingbot.htm) Chrome/116.0.1938.76 Safari/537.36"
207.46.13.87 - - [13/Mar/2026:16:48:37 +0300] "GET /?heyfc/l1589631.html HTTP/2" 200 24306 "-" "Mozilla/5.0 AppleWebKit/537.36 (KHTML, like Gecko; compatible; bingbot/2.0; +http://www.bing.com/bingbot.htm) Chrome/116.0.1938.76 Safari/537.36"
40.77.167.79 - - [13/Mar/2026:16:48:58 +0300] "GET /?lesdp/f471443.html HTTP/2" 200 24504 "-" "Mozilla/5.0 AppleWebKit/537.36 (KHTML, like Gecko; compatible; bingbot/2.0; +http://www.bing.com/bingbot.htm) Chrome/116.0.1938.76 Safari/537.36"
40.77.167.79 - - [13/Mar/2026:16:49:08 +0300] "GET /?seqth/d685785.html HTTP/2" 200 24434 "-" "Mozilla/5.0 AppleWebKit/537.36 (KHTML, like Gecko; compatible; bingbot/2.0; +http://www.bing.com/bingbot.htm) Chrome/116.0.1938.76 Safari/537.36"
66.249.66.196 - - [13/Mar/2026:16:49:12 +0300] "GET /robots.txt HTTP/1.1" 200 70 "-" "Mozilla/5.0 (compatible; Googlebot/2.1; +http://www.google.com/bot.html)"
66.249.66.15 - - [13/Mar/2026:16:53:19 +0300] "GET /robots.txt HTTP/1.1" 200 70 "-" "Mozilla/5.0 (compatible; Googlebot/2.1; +http://www.google.com/bot.html)"
40.117.158.129 - - [13/Mar/2026:16:27:18 +0300] "GET //xmlrpc.php?rsd HTTP/1.1" 403 787 "-" "Mozilla/5.0 (Windows NT 10.0; Win64; x64) AppleWebKit/537.36 (KHTML, like Gecko) Chrome/80.0.3987.149 Safari/537.36"
40.117.158.129 - - [13/Mar/2026:16:27:18 +0300] "GET / HTTP/1.1" 200 490933 "-" "Mozilla/5.0 (Windows NT 10.0; Win64; x64) AppleWebKit/537.36 (KHTML, like Gecko) Chrome/80.0.3987.149 Safari/537.36"
40.117.158.129 - - [13/Mar/2026:16:27:24 +0300] "GET //?author=1 HTTP/1.1" 200 937 "-" "Mozilla/5.0 (Windows NT 10.0; Win64; x64) AppleWebKit/537.36 (KHTML, like Gecko) Chrome/80.0.3987.149 Safari/537.36"
40.117.158.129 - - [13/Mar/2026:16:27:27 +0300] "GET //?author=2 HTTP/1.1" 200 937 "-" "Mozilla/5.0 (Windows NT 10.0; Win64; x64) AppleWebKit/537.36 (KHTML, like Gecko) Chrome/80.0.3987.149 Safari/537.36"
40.117.158.129 - - [13/Mar/2026:16:27:29 +0300] "GET //wp-json/wp/v2/users/ HTTP/1.1" 200 4100 "-" "Mozilla/5.0 (Windows NT 10.0; Win64; x64) AppleWebKit/537.36 (KHTML, like Gecko) Chrome/80.0.3987.149 Safari/537.36"
40.117.158.129 - - [13/Mar/2026:16:27:34 +0300] "POST //xmlrpc.php HTTP/1.1" 403 787 "-" "Mozilla/5.0 (Windows NT 10.0; Win64; x64) AppleWebKit/537.36 (KHTML, like Gecko) Chrome/80.0.3987.149 Safari/537.36"
148.113.130.107 - - [13/Mar/2026:16:29:28 +0300] "GET /raising-awareness-about-the-use-of-drugs/ HTTP/2" 200 7 "-" "Mozilla/5.0 (compatible; AhrefsBot/7.0; +http://ahrefs.com/robot/)"
52.167.144.225 - - [13/Mar/2026:16:30:10 +0300] "GET /?dbgzo/l3085255.html HTTP/2" 200 25497 "-" "Mozilla/5.0 AppleWebKit/537.36 (KHTML, like Gecko; compatible; bingbot/2.0; +http://www.bing.com/bingbot.htm) Chrome/116.0.1938.76 Safari/537.36"
52.167.144.225 - - [13/Mar/2026:16:32:07 +0300] "GET /?jyzji/b1797205.html HTTP/2" 200 24436 "-" "Mozilla/5.0 AppleWebKit/537.36 (KHTML, like Gecko; compatible; bingbot/2.0; +http://www.bing.com/bingbot.htm) Chrome/116.0.1938.76 Safari/537.36"
66.249.66.77 - - [13/Mar/2026:16:32:35 +0300] "GET /?eydcu/i2488500.html HTTP/1.1" 200 24600 "-" "Mozilla/5.0 (Linux; Android 6.0.1; Nexus 5X Build/MMB29P) AppleWebKit/537.36 (KHTML, like Gecko) Chrome/145.0.7632.116 Mobile Safari/537.36 (compatible; GoogleOther)"
185.198.240.218 - - [13/Mar/2026:16:32:44 +0300] "POST /wp-login.php HTTP/1.1" 200 10088 "-" "Mozilla/5.0"
66.249.66.169 - - [13/Mar/2026:16:42:43 +0300] "GET /robots.txt HTTP/1.1" 200 70 "-" "Mozilla/5.0 (compatible; Googlebot/2.1; +http://www.google.com/bot.html)"
66.249.66.34 - - [13/Mar/2026:16:43:18 +0300] "GET /?sfnlz/k535720.html HTTP/1.1" 200 24721 "-" "Mozilla/5.0 (Linux; Android 6.0.1; Nexus 5X Build/MMB29P) AppleWebKit/537.36 (KHTML, like Gecko) Chrome/145.0.7632.116 Mobile Safari/537.36 (compatible; GoogleOther)"
66.249.66.78 - - [13/Mar/2026:16:45:40 +0300] "GET /robots.txt HTTP/1.1" 200 70 "-" "Mozilla/5.0 (compatible; Googlebot/2.1; +http://www.google.com/bot.html)"
102.212.247.146 - - [13/Mar/2026:16:46:59 +0300] "POST /wp-cron.php?doing_wp_cron=1773409619.1122660636901855468750 HTTP/1.1" 403 787 "-" "WordPress/6.9.1; https://paltutors.co.uk"
66.249.66.14 - - [13/Mar/2026:16:52:09 +0300] "GET /robots.txt HTTP/1.1" 200 70 "-" "Mozilla/5.0 (compatible; Googlebot/2.1; +http://www.google.com/bot.html)"
66.249.66.14 - - [13/Mar/2026:16:52:09 +0300] "GET /?nkzxg/g2092778.html HTTP/1.1" 200 24435 "-" "Mozilla/5.0 (Linux; Android 6.0.1; Nexus 5X Build/MMB29P) AppleWebKit/537.36 (KHTML, like Gecko) Chrome/145.0.7632.116 Mobile Safari/537.36 (compatible; GoogleOther)"
52.167.144.203 - - [13/Mar/2026:16:53:52 +0300] "GET /?qfipg/p2006259.html HTTP/2" 200 24387 "-" "Mozilla/5.0 AppleWebKit/537.36 (KHTML, like Gecko; compatible; bingbot/2.0; +http://www.bing.com/bingbot.htm) Chrome/116.0.1938.76 Safari/537.36"
66.249.66.1 - - [13/Mar/2026:16:55:41 +0300] "GET /?bajjg/r445871.html HTTP/1.1" 200 25073 "-" "Mozilla/5.0 (Linux; Android 6.0.1; Nexus 5X Build/MMB29P) AppleWebKit/537.36 (KHTML, like Gecko) Chrome/145.0.7632.116 Mobile Safari/537.36 (compatible; GoogleOther)"
66.249.66.168 - - [13/Mar/2026:16:49:12 +0300] "GET /?rusbx/f770313.html HTTP/1.1" 200 25772 "-" "Mozilla/5.0 (Linux; Android 6.0.1; Nexus 5X Build/MMB29P) AppleWebKit/537.36 (KHTML, like Gecko) Chrome/145.0.7632.116 Mobile Safari/537.36 (compatible; GoogleOther)"
66.249.66.32 - - [13/Mar/2026:16:50:58 +0300] "GET /?shpna/b303427.html HTTP/1.1" 200 24336 "-" "Mozilla/5.0 (Linux; Android 6.0.1; Nexus 5X Build/MMB29P) AppleWebKit/537.36 (KHTML, like Gecko) Chrome/145.0.7632.116 Mobile Safari/537.36 (compatible; GoogleOther)"
52.167.144.56 - - [13/Mar/2026:16:17:55 +0300] "GET /robots.txt HTTP/2" 200 70 "-" "Mozilla/5.0 AppleWebKit/537.36 (KHTML, like Gecko; compatible; bingbot/2.0; +http://www.bing.com/bingbot.htm) Chrome/116.0.1938.76 Safari/537.36"
66.249.66.15 - - [13/Mar/2026:16:21:28 +0300] "GET /?vbzwy/a682766.html HTTP/1.1" 200 26466 "-" "Mozilla/5.0 (Linux; Android 6.0.1; Nexus 5X Build/MMB29P) AppleWebKit/537.36 (KHTML, like Gecko) Chrome/145.0.7632.116 Mobile Safari/537.36 (compatible; GoogleOther)"
52.167.144.220 - - [13/Mar/2026:16:22:39 +0300] "GET /?gxpnv/p458661.html HTTP/2" 200 24475 "-" "Mozilla/5.0 AppleWebKit/537.36 (KHTML, like Gecko; compatible; bingbot/2.0; +http://www.bing.com/bingbot.htm) Chrome/116.0.1938.76 Safari/537.36"
52.167.144.220 - - [13/Mar/2026:16:25:38 +0300] "GET /?vtfue/w177244.html HTTP/2" 200 24376 "-" "Mozilla/5.0 AppleWebKit/537.36 (KHTML, like Gecko; compatible; bingbot/2.0; +http://www.bing.com/bingbot.htm) Chrome/116.0.1938.76 Safari/537.36"
136.144.33.243 - - [13/Mar/2026:16:31:31 +0300] "POST /wp-login.php HTTP/1.1" 200 10088 "-" "Mozilla/5.0"
66.249.66.195 - - [13/Mar/2026:16:34:28 +0300] "GET /?agesi/p551429.html HTTP/1.1" 200 25446 "-" "Mozilla/5.0 (Linux; Android 6.0.1; Nexus 5X Build/MMB29P) AppleWebKit/537.36 (KHTML, like Gecko) Chrome/145.0.7632.116 Mobile Safari/537.36 (compatible; GoogleOther)"
157.55.39.10 - - [13/Mar/2026:16:36:46 +0300] "GET /?wcwsn/v2864551.html HTTP/2" 200 24272 "-" "Mozilla/5.0 AppleWebKit/537.36 (KHTML, like Gecko; compatible; bingbot/2.0; +http://www.bing.com/bingbot.htm) Chrome/116.0.1938.76 Safari/537.36"
66.249.66.14 - - [13/Mar/2026:16:38:41 +0300] "GET /?chbjq/c859750.html HTTP/1.1" 200 24819 "-" "Mozilla/5.0 (Linux; Android 6.0.1; Nexus 5X Build/MMB29P) AppleWebKit/537.36 (KHTML, like Gecko) Chrome/145.0.7632.116 Mobile Safari/537.36 (compatible; Googlebot/2.1; +http://www.google.com/bot.html)"
157.55.39.10 - - [13/Mar/2026:16:40:36 +0300] "GET /?jqocv/r1990947.html HTTP/2" 200 24198 "-" "Mozilla/5.0 AppleWebKit/537.36 (KHTML, like Gecko; compatible; bingbot/2.0; +http://www.bing.com/bingbot.htm) Chrome/116.0.1938.76 Safari/537.36"
66.249.66.169 - - [13/Mar/2026:16:42:29 +0300] "GET /?bbgbw/m1261590.html HTTP/1.1" 200 24396 "-" "Mozilla/5.0 (Linux; Android 6.0.1; Nexus 5X Build/MMB29P) AppleWebKit/537.36 (KHTML, like Gecko) Chrome/145.0.7632.116 Mobile Safari/537.36 (compatible; GoogleOther)"
157.55.39.10 - - [13/Mar/2026:16:46:47 +0300] "GET /?uiphl/j3018875.html HTTP/2" 200 24503 "-" "Mozilla/5.0 AppleWebKit/537.36 (KHTML, like Gecko; compatible; bingbot/2.0; +http://www.bing.com/bingbot.htm) Chrome/116.0.1938.76 Safari/537.36"
35.162.140.124 - - [13/Mar/2026:16:46:59 +0300] "GET /?rnd=1773409612670 HTTP/1.1" 200 198 "http://www.paltutors.co.uk/?rnd=1773409612670" "GoDaddy-UptimeMonitoring"
66.249.66.169 - - [13/Mar/2026:16:48:01 +0300] "GET /robots.txt HTTP/1.1" 200 70 "-" "Mozilla/5.0 (compatible; Googlebot/2.1; +http://www.google.com/bot.html)"
66.249.66.195 - - [13/Mar/2026:16:50:23 +0300] "GET /?btepv/n1005777.html HTTP/1.1" 200 24685 "-" "Mozilla/5.0 (Linux; Android 6.0.1; Nexus 5X Build/MMB29P) AppleWebKit/537.36 (KHTML, like Gecko) Chrome/145.0.7632.116 Mobile Safari/537.36 (compatible; GoogleOther)"
207.46.13.87 - - [13/Mar/2026:16:52:47 +0300] "GET /?lphkl/v1465153.html HTTP/2" 200 25004 "-" "Mozilla/5.0 AppleWebKit/537.36 (KHTML, like Gecko; compatible; bingbot/2.0; +http://www.bing.com/bingbot.htm) Chrome/116.0.1938.76 Safari/537.36"
66.249.66.168 - - [13/Mar/2026:16:53:53 +0300] "GET /?hagae/a1517756.html HTTP/1.1" 200 25936 "-" "Mozilla/5.0 (Linux; Android 6.0.1; Nexus 5X Build/MMB29P) AppleWebKit/537.36 (KHTML, like Gecko) Chrome/145.0.7632.116 Mobile Safari/537.36 (compatible; GoogleOther)"
52.167.144.150 - - [13/Mar/2026:16:55:28 +0300] "GET /?qgzfi/u942604.html HTTP/2" 200 25308 "-" "Mozilla/5.0 AppleWebKit/537.36 (KHTML, like Gecko; compatible; bingbot/2.0; +http://www.bing.com/bingbot.htm) Chrome/116.0.1938.76 Safari/537.36"
66.249.66.77 - - [13/Mar/2026:16:36:52 +0300] "GET /?atmqz/c1011200.html HTTP/1.1" 200 24023 "-" "Mozilla/5.0 (Linux; Android 6.0.1; Nexus 5X Build/MMB29P) AppleWebKit/537.36 (KHTML, like Gecko) Chrome/145.0.7632.116 Mobile Safari/537.36 (compatible; GoogleOther)"
66.249.66.160 - - [13/Mar/2026:16:38:14 +0300] "GET /?dgqod/b1270731.html HTTP/1.1" 200 24201 "-" "Mozilla/5.0 (Linux; Android 6.0.1; Nexus 5X Build/MMB29P) AppleWebKit/537.36 (KHTML, like Gecko) Chrome/145.0.7632.116 Mobile Safari/537.36 (compatible; GoogleOther)"
40.77.167.79 - - [13/Mar/2026:16:40:00 +0300] "GET /?hlaah/f2571073.html HTTP/2" 200 24377 "-" "Mozilla/5.0 AppleWebKit/537.36 (KHTML, like Gecko; compatible; bingbot/2.0; +http://www.bing.com/bingbot.htm) Chrome/116.0.1938.76 Safari/537.36"
66.249.66.195 - - [13/Mar/2026:16:41:00 +0300] "GET /?cxluf/m1380670.html HTTP/1.1" 200 24845 "-" "Mozilla/5.0 (Linux; Android 6.0.1; Nexus 5X Build/MMB29P) AppleWebKit/537.36 (KHTML, like Gecko) Chrome/145.0.7632.116 Mobile Safari/537.36 (compatible; Googlebot/2.1; +http://www.google.com/bot.html)"
185.198.240.22 - - [13/Mar/2026:16:45:46 +0300] "GET /wp-login.php HTTP/1.1" 200 3123 "-" "Mozilla/5.0"
185.198.240.22 - - [13/Mar/2026:16:45:50 +0300] "GET /?author=1 HTTP/1.1" 200 198 "-" "Mozilla/5.0"
185.198.240.22 - - [13/Mar/2026:16:45:59 +0300] "GET /?rest_route=/wp/v2/users HTTP/1.1" 200 664 "-" "Mozilla/5.0"
14.247.34.150 - - [13/Mar/2026:16:46:27 +0300] "GET / HTTP/1.1" 200 58846 "-" "Mozilla/5.0 (iPhone; CPU iPhone OS 10_3_4 like Mac OS X) AppleWebKit/532.2 (KHTML, like Gecko) CriOS/33.0.805.0 Mobile/88O043 Safari/532.2"
207.46.13.87 - - [13/Mar/2026:16:52:17 +0300] "GET /?ifcwo/x350639.html HTTP/2" 200 24399 "-" "Mozilla/5.0 AppleWebKit/537.36 (KHTML, like Gecko; compatible; bingbot/2.0; +http://www.bing.com/bingbot.htm) Chrome/116.0.1938.76 Safari/537.36"
66.249.66.169 - - [13/Mar/2026:16:56:53 +0300] "GET /?rxzuk/n1437715.html HTTP/1.1" 200 24343 "-" "Mozilla/5.0 (Linux; Android 6.0.1; Nexus 5X Build/MMB29P) AppleWebKit/537.36 (KHTML, like Gecko) Chrome/145.0.7632.116 Mobile Safari/537.36 (compatible; GoogleOther)"
52.167.144.203 - - [13/Mar/2026:16:57:39 +0300] "GET /?hzeaf/d140331.html HTTP/2" 200 24693 "-" "Mozilla/5.0 AppleWebKit/537.36 (KHTML, like Gecko; compatible; bingbot/2.0; +http://www.bing.com/bingbot.htm) Chrome/116.0.1938.76 Safari/537.36"
52.167.144.150 - - [13/Mar/2026:16:58:39 +0300] "GET /?hdzoe/p739461.html HTTP/2" 200 25534 "-" "Mozilla/5.0 AppleWebKit/537.36 (KHTML, like Gecko; compatible; bingbot/2.0; +http://www.bing.com/bingbot.htm) Chrome/116.0.1938.76 Safari/537.36"
52.167.144.150 - - [13/Mar/2026:16:58:40 +0300] "GET /?nkqkt/u2172196.html HTTP/2" 200 24341 "-" "Mozilla/5.0 AppleWebKit/537.36 (KHTML, like Gecko; compatible; bingbot/2.0; +http://www.bing.com/bingbot.htm) Chrome/116.0.1938.76 Safari/537.36"
66.249.66.160 - - [13/Mar/2026:17:00:53 +0300] "GET /?jxhfc/p2560241.html HTTP/1.1" 200 169 "-" "Mozilla/5.0 (Linux; Android 6.0.1; Nexus 5X Build/MMB29P) AppleWebKit/537.36 (KHTML, like Gecko) Chrome/145.0.7632.116 Mobile Safari/537.36 (compatible; GoogleOther)"
66.249.66.169 - - [13/Mar/2026:17:03:54 +0300] "GET /?sjjjr/y88768.html HTTP/1.1" 200 25654 "-" "Mozilla/5.0 (Linux; Android 6.0.1; Nexus 5X Build/MMB29P) AppleWebKit/537.36 (KHTML, like Gecko) Chrome/145.0.7632.116 Mobile Safari/537.36 (compatible; Googlebot/2.1; +http://www.google.com/bot.html)"
66.249.66.168 - - [13/Mar/2026:17:04:14 +0300] "GET /?bfepq/h1447433.html HTTP/1.1" 200 24755 "-" "Mozilla/5.0 (Linux; Android 6.0.1; Nexus 5X Build/MMB29P) AppleWebKit/537.36 (KHTML, like Gecko) Chrome/145.0.7632.116 Mobile Safari/537.36 (compatible; GoogleOther)"
66.249.66.32 - - [13/Mar/2026:17:04:36 +0300] "GET /?tovkk/b154915.html HTTP/1.1" 200 24653 "-" "Mozilla/5.0 (Linux; Android 6.0.1; Nexus 5X Build/MMB29P) AppleWebKit/537.36 (KHTML, like Gecko) Chrome/145.0.7632.116 Mobile Safari/537.36 (compatible; GoogleOther)"
207.46.13.168 - - [13/Mar/2026:17:05:58 +0300] "GET /?yruow/i2749852.html HTTP/2" 200 23962 "-" "Mozilla/5.0 AppleWebKit/537.36 (KHTML, like Gecko; compatible; bingbot/2.0; +http://www.bing.com/bingbot.htm) Chrome/116.0.1938.76 Safari/537.36"
40.77.167.54 - - [13/Mar/2026:17:06:10 +0300] "GET /?vaaws/m344206.html HTTP/2" 200 24560 "-" "Mozilla/5.0 AppleWebKit/537.36 (KHTML, like Gecko; compatible; bingbot/2.0; +http://www.bing.com/bingbot.htm) Chrome/116.0.1938.76 Safari/537.36"
66.249.66.194 - - [13/Mar/2026:17:06:46 +0300] "GET /?qpbxp/o1764536.html HTTP/1.1" 200 24604 "-" "Mozilla/5.0 (Linux; Android 6.0.1; Nexus 5X Build/MMB29P) AppleWebKit/537.36 (KHTML, like Gecko) Chrome/145.0.7632.116 Mobile Safari/537.36 (compatible; GoogleOther)"
207.46.13.151 - - [13/Mar/2026:17:10:59 +0300] "GET /?oywhj/e2874284.html HTTP/2" 200 25884 "-" "Mozilla/5.0 AppleWebKit/537.36 (KHTML, like Gecko; compatible; bingbot/2.0; +http://www.bing.com/bingbot.htm) Chrome/116.0.1938.76 Safari/537.36"
207.46.13.151 - - [13/Mar/2026:17:11:39 +0300] "GET /?mwbxh/i3084108.html HTTP/2" 200 24632 "-" "Mozilla/5.0 AppleWebKit/537.36 (KHTML, like Gecko; compatible; bingbot/2.0; +http://www.bing.com/bingbot.htm) Chrome/116.0.1938.76 Safari/537.36"
185.198.240.211 - - [13/Mar/2026:17:12:03 +0300] "POST /wp-login.php HTTP/1.1" 200 10088 "-" "Mozilla/5.0"
207.46.13.151 - - [13/Mar/2026:17:12:20 +0300] "GET /?rjesh/m1718488.html HTTP/2" 200 25412 "-" "Mozilla/5.0 AppleWebKit/537.36 (KHTML, like Gecko; compatible; bingbot/2.0; +http://www.bing.com/bingbot.htm) Chrome/116.0.1938.76 Safari/537.36"
207.46.13.151 - - [13/Mar/2026:17:12:20 +0300] "GET /?tndwt/u1093352.html HTTP/2" 200 24380 "-" "Mozilla/5.0 AppleWebKit/537.36 (KHTML, like Gecko; compatible; bingbot/2.0; +http://www.bing.com/bingbot.htm) Chrome/116.0.1938.76 Safari/537.36"
207.46.13.151 - - [13/Mar/2026:17:14:29 +0300] "GET /?chxns/o372080.html HTTP/2" 200 24806 "-" "Mozilla/5.0 AppleWebKit/537.36 (KHTML, like Gecko; compatible; bingbot/2.0; +http://www.bing.com/bingbot.htm) Chrome/116.0.1938.76 Safari/537.36"
66.249.66.196 - - [13/Mar/2026:17:16:39 +0300] "GET /?gcqsk/s2632160.html HTTP/1.1" 200 24556 "-" "Mozilla/5.0 (Linux; Android 6.0.1; Nexus 5X Build/MMB29P) AppleWebKit/537.36 (KHTML, like Gecko) Chrome/145.0.7632.116 Mobile Safari/537.36 (compatible; GoogleOther)"
35.162.140.124 - - [13/Mar/2026:17:16:56 +0300] "GET /?rnd=1773411409892 HTTP/1.1" 200 28864 "http://paltutors.co.uk/?rnd=1773411409892" "GoDaddy-UptimeMonitoring"
66.249.66.32 - - [13/Mar/2026:17:16:33 +0300] "GET /?hzvuf/c245162.html HTTP/1.1" 200 24339 "-" "Mozilla/5.0 (Linux; Android 6.0.1; Nexus 5X Build/MMB29P) AppleWebKit/537.36 (KHTML, like Gecko) Chrome/145.0.7632.116 Mobile Safari/537.36 (compatible; GoogleOther)"
102.212.247.146 - - [13/Mar/2026:17:17:09 +0300] "POST /wp-cron.php?doing_wp_cron=1773411429.5325651168823242187500 HTTP/1.1" 403 787 "-" "WordPress/6.9.1; https://paltutors.co.uk"
35.162.140.124 - - [13/Mar/2026:17:17:08 +0300] "GET /?rnd=1773411421823 HTTP/1.1" 200 198 "http://www.paltutors.co.uk/?rnd=1773411421823" "GoDaddy-UptimeMonitoring"
207.46.13.168 - - [13/Mar/2026:16:59:28 +0300] "GET /?tclqb/v111983.html HTTP/2" 200 24856 "-" "Mozilla/5.0 AppleWebKit/537.36 (KHTML, like Gecko; compatible; bingbot/2.0; +http://www.bing.com/bingbot.htm) Chrome/116.0.1938.76 Safari/537.36"
136.144.33.188 - - [13/Mar/2026:17:00:28 +0300] "POST /wp-login.php HTTP/1.1" 200 0 "-" "Mozilla/5.0"
57.141.20.4 - - [13/Mar/2026:17:01:30 +0300] "GET /how-can-we-foster-a-love-for-reading-both-at-home-and-school/ HTTP/2" 503 807 "-" "meta-externalagent/1.1 (+https://developers.facebook.com/docs/sharing/webmasters/crawler)"
207.46.13.168 - - [13/Mar/2026:17:04:28 +0300] "GET /?frqbh/c590026.html HTTP/2" 200 24982 "-" "Mozilla/5.0 AppleWebKit/537.36 (KHTML, like Gecko; compatible; bingbot/2.0; +http://www.bing.com/bingbot.htm) Chrome/116.0.1938.76 Safari/537.36"
207.46.13.168 - - [13/Mar/2026:17:06:19 +0300] "GET /?gheju/h592449.html HTTP/2" 200 25445 "-" "Mozilla/5.0 AppleWebKit/537.36 (KHTML, like Gecko; compatible; bingbot/2.0; +http://www.bing.com/bingbot.htm) Chrome/116.0.1938.76 Safari/537.36"
207.46.13.168 - - [13/Mar/2026:17:07:19 +0300] "GET /?ibjor/v1060983.html HTTP/2" 200 24281 "-" "Mozilla/5.0 AppleWebKit/537.36 (KHTML, like Gecko; compatible; bingbot/2.0; +http://www.bing.com/bingbot.htm) Chrome/116.0.1938.76 Safari/537.36"
66.249.66.14 - - [13/Mar/2026:17:09:05 +0300] "GET /?yqzal/k1001744.html HTTP/1.1" 200 24210 "-" "Mozilla/5.0 (Linux; Android 6.0.1; Nexus 5X Build/MMB29P) AppleWebKit/537.36 (KHTML, like Gecko) Chrome/145.0.7632.116 Mobile Safari/537.36 (compatible; GoogleOther)"
207.46.13.151 - - [13/Mar/2026:17:09:08 +0300] "GET /?idtnl/v391535.html HTTP/2" 200 25175 "-" "Mozilla/5.0 AppleWebKit/537.36 (KHTML, like Gecko; compatible; bingbot/2.0; +http://www.bing.com/bingbot.htm) Chrome/116.0.1938.76 Safari/537.36"
66.249.66.14 - - [13/Mar/2026:17:09:30 +0300] "GET /?rahyy/y1829884.html HTTP/1.1" 200 24979 "-" "Mozilla/5.0 (Linux; Android 6.0.1; Nexus 5X Build/MMB29P) AppleWebKit/537.36 (KHTML, like Gecko) Chrome/145.0.7632.116 Mobile Safari/537.36 (compatible; GoogleOther)"
207.46.13.151 - - [13/Mar/2026:17:09:39 +0300] "GET /?wutgq/d2084741.html HTTP/2" 200 24473 "-" "Mozilla/5.0 AppleWebKit/537.36 (KHTML, like Gecko; compatible; bingbot/2.0; +http://www.bing.com/bingbot.htm) Chrome/116.0.1938.76 Safari/537.36"
147.182.179.144 - - [13/Mar/2026:17:15:31 +0300] "GET /wp-content/uploads/2023/09/IMG_0753-768x1024.jpg HTTP/1.1" 200 95897 "https://paltutors.co.uk/" "Mozilla/5.0 (Windows NT 10.0; Win64; x64) AppleWebKit/537.36 (KHTML, like Gecko) Chrome/116.0.0.0 Safari/537.36"
66.249.66.194 - - [13/Mar/2026:17:03:51 +0300] "GET /?keamp/n1839467.html HTTP/1.1" 200 24402 "-" "Mozilla/5.0 (Linux; Android 6.0.1; Nexus 5X Build/MMB29P) AppleWebKit/537.36 (KHTML, like Gecko) Chrome/145.0.7632.116 Mobile Safari/537.36 (compatible; GoogleOther)"
40.77.167.54 - - [13/Mar/2026:17:06:40 +0300] "GET /?atxpb/p395325.html HTTP/2" 200 24775 "-" "Mozilla/5.0 AppleWebKit/537.36 (KHTML, like Gecko; compatible; bingbot/2.0; +http://www.bing.com/bingbot.htm) Chrome/116.0.1938.76 Safari/537.36"
40.77.167.54 - - [13/Mar/2026:17:06:41 +0300] "GET /?rhmaq/b1768995.html HTTP/2" 200 24321 "-" "Mozilla/5.0 AppleWebKit/537.36 (KHTML, like Gecko; compatible; bingbot/2.0; +http://www.bing.com/bingbot.htm) Chrome/116.0.1938.76 Safari/537.36"
20.212.60.43 - - [13/Mar/2026:17:06:53 +0300] "GET /ioxi-o.php HTTP/1.1" 200 0 "-" "Mozilla/5.0 (Windows NT 10.0; Win64; x64) AppleWebKit/537.36 (KHTML, like Gecko) Chrome/120.0.0.0 Safari/537.36"
66.249.66.14 - - [13/Mar/2026:17:07:52 +0300] "GET /?zlorb/d815499.html HTTP/1.1" 200 24726 "-" "Mozilla/5.0 (Linux; Android 6.0.1; Nexus 5X Build/MMB29P) AppleWebKit/537.36 (KHTML, like Gecko) Chrome/145.0.7632.116 Mobile Safari/537.36 (compatible; GoogleOther)"
66.249.66.32 - - [13/Mar/2026:17:09:35 +0300] "GET /?rmbpv/a2515870.html HTTP/1.1" 200 25872 "-" "Mozilla/5.0 (Linux; Android 6.0.1; Nexus 5X Build/MMB29P) AppleWebKit/537.36 (KHTML, like Gecko) Chrome/145.0.7632.116 Mobile Safari/537.36 (compatible; GoogleOther)"
66.249.66.169 - - [13/Mar/2026:17:10:20 +0300] "GET /?fpuoe/w1620374.html HTTP/1.1" 200 24145 "-" "Mozilla/5.0 (Linux; Android 6.0.1; Nexus 5X Build/MMB29P) AppleWebKit/537.36 (KHTML, like Gecko) Chrome/145.0.7632.116 Mobile Safari/537.36 (compatible; Googlebot/2.1; +http://www.google.com/bot.html)"
102.212.247.146 - - [13/Mar/2026:17:12:09 +0300] "POST /wp-cron.php?doing_wp_cron=1773411129.1185669898986816406250 HTTP/1.1" 403 787 "-" "WordPress/6.9.1; https://paltutors.co.uk"
52.167.144.24 - - [13/Mar/2026:17:13:21 +0300] "GET /?madyg/h1075711.html HTTP/2" 200 24773 "-" "Mozilla/5.0 AppleWebKit/537.36 (KHTML, like Gecko; compatible; bingbot/2.0; +http://www.bing.com/bingbot.htm) Chrome/116.0.1938.76 Safari/537.36"
66.249.66.169 - - [13/Mar/2026:17:15:00 +0300] "GET /?fatml/f1434691.html HTTP/1.1" 200 24139 "-" "Mozilla/5.0 (Linux; Android 6.0.1; Nexus 5X Build/MMB29P) AppleWebKit/537.36 (KHTML, like Gecko) Chrome/145.0.7632.116 Mobile Safari/537.36 (compatible; GoogleOther)"
52.167.144.150 - - [13/Mar/2026:16:59:09 +0300] "GET /?necmv/n2168003.html HTTP/2" 200 24430 "-" "Mozilla/5.0 AppleWebKit/537.36 (KHTML, like Gecko; compatible; bingbot/2.0; +http://www.bing.com/bingbot.htm) Chrome/116.0.1938.76 Safari/537.36"
66.249.66.78 - - [13/Mar/2026:16:59:48 +0300] "GET /?bvqfd/p3022989.html HTTP/1.1" 200 24370 "-" "Mozilla/5.0 (Linux; Android 6.0.1; Nexus 5X Build/MMB29P) AppleWebKit/537.36 (KHTML, like Gecko) Chrome/145.0.7632.116 Mobile Safari/537.36 (compatible; GoogleOther)"
207.46.13.168 - - [13/Mar/2026:17:05:09 +0300] "GET /?ukvqn/r2269407.html HTTP/2" 200 24736 "-" "Mozilla/5.0 AppleWebKit/537.36 (KHTML, like Gecko; compatible; bingbot/2.0; +http://www.bing.com/bingbot.htm) Chrome/116.0.1938.76 Safari/537.36"
66.249.66.15 - - [13/Mar/2026:17:07:48 +0300] "GET /?tsrzr/t1538289.html HTTP/1.1" 200 24882 "-" "Mozilla/5.0 (Linux; Android 6.0.1; Nexus 5X Build/MMB29P) AppleWebKit/537.36 (KHTML, like Gecko) Chrome/145.0.7632.116 Mobile Safari/537.36 (compatible; Googlebot/2.1; +http://www.google.com/bot.html)"
66.249.66.78 - - [13/Mar/2026:17:11:35 +0300] "GET /?umioj/y1998780.html HTTP/1.1" 200 23939 "-" "Mozilla/5.0 (Linux; Android 6.0.1; Nexus 5X Build/MMB29P) AppleWebKit/537.36 (KHTML, like Gecko) Chrome/145.0.7632.116 Mobile Safari/537.36 (compatible; GoogleOther)"
66.249.66.64 - - [13/Mar/2026:17:12:47 +0300] "GET /?gstnb/d750733.html HTTP/1.1" 200 24592 "-" "Mozilla/5.0 (Linux; Android 6.0.1; Nexus 5X Build/MMB29P) AppleWebKit/537.36 (KHTML, like Gecko) Chrome/145.0.7632.116 Mobile Safari/537.36 (compatible; GoogleOther)"
40.77.167.55 - - [13/Mar/2026:17:12:50 +0300] "GET /?fbkpx/o348264.html HTTP/2" 200 24846 "-" "Mozilla/5.0 AppleWebKit/537.36 (KHTML, like Gecko; compatible; bingbot/2.0; +http://www.bing.com/bingbot.htm) Chrome/116.0.1938.76 Safari/537.36"
52.167.144.24 - - [13/Mar/2026:17:14:12 +0300] "GET /?iccmk/x2237303.html HTTP/2" 200 25548 "-" "Mozilla/5.0 AppleWebKit/537.36 (KHTML, like Gecko; compatible; bingbot/2.0; +http://www.bing.com/bingbot.htm) Chrome/116.0.1938.76 Safari/537.36"
66.249.66.160 - - [13/Mar/2026:17:14:34 +0300] "GET /?bnsaq/p2333365.html HTTP/1.1" 200 24576 "-" "Mozilla/5.0 (Linux; Android 6.0.1; Nexus 5X Build/MMB29P) AppleWebKit/537.36 (KHTML, like Gecko) Chrome/145.0.7632.116 Mobile Safari/537.36 (compatible; GoogleOther)"
119.28.101.45 - - [13/Mar/2026:17:14:34 +0300] "GET /robots.txt HTTP/2" 200 70 "-" "Mozilla/5.0 (X11; Linux x86_64) AppleWebKit/537.36 (KHTML, like Gecko) Chrome/123.0.0.0 Safari/537.36"
52.167.144.203 - - [13/Mar/2026:17:00:10 +0300] "GET /?peoum/g2269318.html HTTP/2" 200 0 "-" "Mozilla/5.0 AppleWebKit/537.36 (KHTML, like Gecko; compatible; bingbot/2.0; +http://www.bing.com/bingbot.htm) Chrome/116.0.1938.76 Safari/537.36"
40.77.167.54 - - [13/Mar/2026:17:01:49 +0300] "GET /?nmtiu/r2481333.html HTTP/2" 200 25127 "-" "Mozilla/5.0 AppleWebKit/537.36 (KHTML, like Gecko; compatible; bingbot/2.0; +http://www.bing.com/bingbot.htm) Chrome/116.0.1938.76 Safari/537.36"
40.77.167.75 - - [13/Mar/2026:17:04:20 +0300] "GET /?fxtbv/t92793.html HTTP/2" 200 24503 "-" "Mozilla/5.0 AppleWebKit/537.36 (KHTML, like Gecko; compatible; bingbot/2.0; +http://www.bing.com/bingbot.htm) Chrome/116.0.1938.76 Safari/537.36"
102.212.247.146 - - [13/Mar/2026:17:08:08 +0300] "POST /wp-cron.php?doing_wp_cron=1773410887.6284658908843994140625 HTTP/1.1" 403 787 "-" "WordPress/6.9.1; https://paltutors.co.uk"
66.249.66.78 - - [13/Mar/2026:17:11:41 +0300] "GET /?rxnad/v1367991.html HTTP/1.1" 200 24485 "-" "Mozilla/5.0 (Linux; Android 6.0.1; Nexus 5X Build/MMB29P) AppleWebKit/537.36 (KHTML, like Gecko) Chrome/145.0.7632.116 Mobile Safari/537.36 (compatible; GoogleOther)"
66.249.66.1 - - [13/Mar/2026:17:13:51 +0300] "GET /?fnbob/g1499588.html HTTP/1.1" 200 24550 "-" "Mozilla/5.0 (Linux; Android 6.0.1; Nexus 5X Build/MMB29P) AppleWebKit/537.36 (KHTML, like Gecko) Chrome/145.0.7632.116 Mobile Safari/537.36 (compatible; Googlebot/2.1; +http://www.google.com/bot.html)"
52.167.144.24 - - [13/Mar/2026:17:14:41 +0300] "GET /?fbisq/m123544.html HTTP/2" 200 25195 "-" "Mozilla/5.0 AppleWebKit/537.36 (KHTML, like Gecko; compatible; bingbot/2.0; +http://www.bing.com/bingbot.htm) Chrome/116.0.1938.76 Safari/537.36"
207.46.13.151 - - [13/Mar/2026:17:18:40 +0300] "GET /?pcenz/l2889943.html HTTP/2" 200 25204 "-" "Mozilla/5.0 AppleWebKit/537.36 (KHTML, like Gecko; compatible; bingbot/2.0; +http://www.bing.com/bingbot.htm) Chrome/116.0.1938.76 Safari/537.36"
40.77.167.55 - - [13/Mar/2026:17:18:31 +0300] "GET /?neogu/n150351.html HTTP/2" 200 24310 "-" "Mozilla/5.0 AppleWebKit/537.36 (KHTML, like Gecko; compatible; bingbot/2.0; +http://www.bing.com/bingbot.htm) Chrome/116.0.1938.76 Safari/537.36"
40.77.167.55 - - [13/Mar/2026:17:18:31 +0300] "GET /?ubsaz/f1507777.html HTTP/2" 200 24539 "-" "Mozilla/5.0 AppleWebKit/537.36 (KHTML, like Gecko; compatible; bingbot/2.0; +http://www.bing.com/bingbot.htm) Chrome/116.0.1938.76 Safari/537.36"
66.249.66.78 - - [13/Mar/2026:17:20:15 +0300] "GET /?ented/o2200296.html HTTP/1.1" 200 24945 "-" "Mozilla/5.0 (Linux; Android 6.0.1; Nexus 5X Build/MMB29P) AppleWebKit/537.36 (KHTML, like Gecko) Chrome/145.0.7632.116 Mobile Safari/537.36 (compatible; GoogleOther)"
207.46.13.64 - - [13/Mar/2026:17:20:20 +0300] "GET /?ukcfk/k238072.html HTTP/2" 200 24783 "-" "Mozilla/5.0 AppleWebKit/537.36 (KHTML, like Gecko; compatible; bingbot/2.0; +http://www.bing.com/bingbot.htm) Chrome/116.0.1938.76 Safari/537.36"
66.249.66.169 - - [13/Mar/2026:16:58:38 +0300] "GET /?efglk/o280456.html HTTP/1.1" 200 23960 "-" "Mozilla/5.0 (Linux; Android 6.0.1; Nexus 5X Build/MMB29P) AppleWebKit/537.36 (KHTML, like Gecko) Chrome/145.0.7632.116 Mobile Safari/537.36 (compatible; GoogleOther)"
40.77.167.75 - - [13/Mar/2026:17:02:30 +0300] "GET /?ypdxp/x1988405.html HTTP/2" 200 26033 "-" "Mozilla/5.0 AppleWebKit/537.36 (KHTML, like Gecko; compatible; bingbot/2.0; +http://www.bing.com/bingbot.htm) Chrome/116.0.1938.76 Safari/537.36"
40.77.167.54 - - [13/Mar/2026:17:02:34 +0300] "GET /?caign/c2131722.html HTTP/2" 200 25216 "-" "Mozilla/5.0 AppleWebKit/537.36 (KHTML, like Gecko; compatible; bingbot/2.0; +http://www.bing.com/bingbot.htm) Chrome/116.0.1938.76 Safari/537.36"
66.249.66.78 - - [13/Mar/2026:17:05:07 +0300] "GET /?rpwaz/s1621462.html HTTP/1.1" 200 24997 "-" "Mozilla/5.0 (Linux; Android 6.0.1; Nexus 5X Build/MMB29P) AppleWebKit/537.36 (KHTML, like Gecko) Chrome/145.0.7632.116 Mobile Safari/537.36 (compatible; GoogleOther)"
66.249.66.64 - - [13/Mar/2026:17:06:07 +0300] "GET /?hzzpb/g1485158.html HTTP/1.1" 200 24824 "-" "Mozilla/5.0 (Linux; Android 6.0.1; Nexus 5X Build/MMB29P) AppleWebKit/537.36 (KHTML, like Gecko) Chrome/145.0.7632.116 Mobile Safari/537.36 (compatible; GoogleOther)"
40.77.167.75 - - [13/Mar/2026:17:06:24 +0300] "GET /?qklvx/e2223738.html HTTP/2" 200 24342 "-" "Mozilla/5.0 AppleWebKit/537.36 (KHTML, like Gecko; compatible; bingbot/2.0; +http://www.bing.com/bingbot.htm) Chrome/116.0.1938.76 Safari/537.36"
66.249.66.15 - - [13/Mar/2026:17:07:06 +0300] "GET /?iwjgf/w1746448.html HTTP/1.1" 200 24098 "-" "Mozilla/5.0 (Linux; Android 6.0.1; Nexus 5X Build/MMB29P) AppleWebKit/537.36 (KHTML, like Gecko) Chrome/145.0.7632.116 Mobile Safari/537.36 (compatible; GoogleOther)"
66.249.66.169 - - [13/Mar/2026:17:10:35 +0300] "GET /?wmcrj/w2473746.html HTTP/1.1" 200 24800 "-" "Mozilla/5.0 (Linux; Android 6.0.1; Nexus 5X Build/MMB29P) AppleWebKit/537.36 (KHTML, like Gecko) Chrome/145.0.7632.116 Mobile Safari/537.36 (compatible; GoogleOther)"
66.249.66.194 - - [13/Mar/2026:17:10:36 +0300] "GET /?ehwkt/x2101323.html HTTP/1.1" 200 24702 "-" "Mozilla/5.0 (Linux; Android 6.0.1; Nexus 5X Build/MMB29P) AppleWebKit/537.36 (KHTML, like Gecko) Chrome/145.0.7632.116 Mobile Safari/537.36 (compatible; GoogleOther)"
66.249.66.33 - - [13/Mar/2026:17:15:32 +0300] "GET /?vupuv/g1991144.html HTTP/1.1" 200 24547 "-" "Mozilla/5.0 (Linux; Android 6.0.1; Nexus 5X Build/MMB29P) AppleWebKit/537.36 (KHTML, like Gecko) Chrome/145.0.7632.116 Mobile Safari/537.36 (compatible; GoogleOther)"
66.249.66.33 - - [13/Mar/2026:17:15:34 +0300] "GET /?uakid/j670373.html HTTP/1.1" 200 24343 "-" "Mozilla/5.0 (Linux; Android 6.0.1; Nexus 5X Build/MMB29P) AppleWebKit/537.36 (KHTML, like Gecko) Chrome/145.0.7632.116 Mobile Safari/537.36 (compatible; GoogleOther)"
207.46.13.168 - - [13/Mar/2026:16:59:48 +0300] "GET /?atfus/i1674414.html HTTP/2" 200 24629 "-" "Mozilla/5.0 AppleWebKit/537.36 (KHTML, like Gecko; compatible; bingbot/2.0; +http://www.bing.com/bingbot.htm) Chrome/116.0.1938.76 Safari/537.36"
40.77.167.75 - - [13/Mar/2026:17:03:31 +0300] "GET /wp-content/uploads/2023/08/kids-using-microscope-in-science-lab-5x3.jpg HTTP/2" 200 3476 "-" "Mozilla/5.0 AppleWebKit/537.36 (KHTML, like Gecko; compatible; bingbot/2.0; +http://www.bing.com/bingbot.htm) Chrome/116.0.1938.76 Safari/537.36"
66.249.66.33 - - [13/Mar/2026:17:03:25 +0300] "GET /?oyziz/m642634.html HTTP/1.1" 200 24308 "-" "Mozilla/5.0 (Linux; Android 6.0.1; Nexus 5X Build/MMB29P) AppleWebKit/537.36 (KHTML, like Gecko) Chrome/145.0.7632.116 Mobile Safari/537.36 (compatible; GoogleOther)"
40.77.167.75 - - [13/Mar/2026:17:05:13 +0300] "GET /?rdtvz/u1927848.html HTTP/2" 200 25159 "-" "Mozilla/5.0 AppleWebKit/537.36 (KHTML, like Gecko; compatible; bingbot/2.0; +http://www.bing.com/bingbot.htm) Chrome/116.0.1938.76 Safari/537.36"
40.77.167.75 - - [13/Mar/2026:17:05:14 +0300] "GET /?laxkz/l1652993.html HTTP/2" 200 24576 "-" "Mozilla/5.0 AppleWebKit/537.36 (KHTML, like Gecko; compatible; bingbot/2.0; +http://www.bing.com/bingbot.htm) Chrome/116.0.1938.76 Safari/537.36"
66.249.66.32 - - [13/Mar/2026:17:05:46 +0300] "GET /?tqrgl/h2257437.html HTTP/1.1" 200 25092 "-" "Mozilla/5.0 (Linux; Android 6.0.1; Nexus 5X Build/MMB29P) AppleWebKit/537.36 (KHTML, like Gecko) Chrome/145.0.7632.116 Mobile Safari/537.36 (compatible; Googlebot/2.1; +http://www.google.com/bot.html)"
66.249.66.14 - - [13/Mar/2026:17:08:06 +0300] "GET /?kkkxa/l1258807.html HTTP/1.1" 200 24769 "-" "Mozilla/5.0 (Linux; Android 6.0.1; Nexus 5X Build/MMB29P) AppleWebKit/537.36 (KHTML, like Gecko) Chrome/145.0.7632.116 Mobile Safari/537.36 (compatible; GoogleOther)"
66.249.66.32 - - [13/Mar/2026:17:08:44 +0300] "GET /?keamp/n1839467.html HTTP/1.1" 200 24402 "-" "Mozilla/5.0 (Linux; Android 6.0.1; Nexus 5X Build/MMB29P) AppleWebKit/537.36 (KHTML, like Gecko) Chrome/145.0.7632.116 Mobile Safari/537.36 (compatible; Googlebot/2.1; +http://www.google.com/bot.html)"
40.77.167.54 - - [13/Mar/2026:17:09:13 +0300] "GET /?afsrh/c368688.html HTTP/2" 200 24288 "-" "Mozilla/5.0 AppleWebKit/537.36 (KHTML, like Gecko; compatible; bingbot/2.0; +http://www.bing.com/bingbot.htm) Chrome/116.0.1938.76 Safari/537.36"
66.249.66.64 - - [13/Mar/2026:17:13:53 +0300] "GET /?auuxc/x1307127.html HTTP/1.1" 200 25425 "-" "Mozilla/5.0 (Linux; Android 6.0.1; Nexus 5X Build/MMB29P) AppleWebKit/537.36 (KHTML, like Gecko) Chrome/145.0.7632.116 Mobile Safari/537.36 (compatible; GoogleOther)"
66.249.66.78 - - [13/Mar/2026:17:15:55 +0300] "GET /?qonwu/l1957505.html HTTP/1.1" 200 24555 "-" "Mozilla/5.0 (Linux; Android 6.0.1; Nexus 5X Build/MMB29P) AppleWebKit/537.36 (KHTML, like Gecko) Chrome/145.0.7632.116 Mobile Safari/537.36 (compatible; Googlebot/2.1; +http://www.google.com/bot.html)"
207.46.13.168 - - [13/Mar/2026:16:58:17 +0300] "GET /?oipqt/w1438790.html HTTP/2" 200 24783 "-" "Mozilla/5.0 AppleWebKit/537.36 (KHTML, like Gecko; compatible; bingbot/2.0; +http://www.bing.com/bingbot.htm) Chrome/116.0.1938.76 Safari/537.36"
52.167.144.150 - - [13/Mar/2026:16:59:53 +0300] "GET /?ylbks/c1154902.html HTTP/2" 200 24805 "-" "Mozilla/5.0 AppleWebKit/537.36 (KHTML, like Gecko; compatible; bingbot/2.0; +http://www.bing.com/bingbot.htm) Chrome/116.0.1938.76 Safari/537.36"
52.167.144.150 - - [13/Mar/2026:16:59:59 +0300] "GET /?pygaz/r2474651.html HTTP/2" 200 25698 "-" "Mozilla/5.0 AppleWebKit/537.36 (KHTML, like Gecko; compatible; bingbot/2.0; +http://www.bing.com/bingbot.htm) Chrome/116.0.1938.76 Safari/537.36"
102.212.247.146 - - [13/Mar/2026:17:02:50 +0300] "POST /wp-cron.php?doing_wp_cron=1773410569.0123319625854492187500 HTTP/1.1" 403 787 "-" "WordPress/6.9.1; https://paltutors.co.uk"
207.46.13.168 - - [13/Mar/2026:17:02:49 +0300] "GET /?nchmt/y550164.html HTTP/2" 200 24563 "-" "Mozilla/5.0 AppleWebKit/537.36 (KHTML, like Gecko; compatible; bingbot/2.0; +http://www.bing.com/bingbot.htm) Chrome/116.0.1938.76 Safari/537.36"
66.249.66.1 - - [13/Mar/2026:17:02:51 +0300] "GET /?xssvo/z2198539.html HTTP/1.1" 200 24274 "-" "Mozilla/5.0 (Linux; Android 6.0.1; Nexus 5X Build/MMB29P) AppleWebKit/537.36 (KHTML, like Gecko) Chrome/145.0.7632.116 Mobile Safari/537.36 (compatible; GoogleOther)"
40.77.167.54 - - [13/Mar/2026:17:03:49 +0300] "GET /?viscm/j2002405.html HTTP/2" 200 25072 "-" "Mozilla/5.0 AppleWebKit/537.36 (KHTML, like Gecko; compatible; bingbot/2.0; +http://www.bing.com/bingbot.htm) Chrome/116.0.1938.76 Safari/537.36"
66.249.66.33 - - [13/Mar/2026:17:04:23 +0300] "GET /?kkqzr/h1541293.html HTTP/1.1" 200 24334 "-" "Mozilla/5.0 (Linux; Android 6.0.1; Nexus 5X Build/MMB29P) AppleWebKit/537.36 (KHTML, like Gecko) Chrome/145.0.7632.116 Mobile Safari/537.36 (compatible; GoogleOther)"
66.249.66.32 - - [13/Mar/2026:17:04:30 +0300] "GET /?zinnx/z2408359.html HTTP/1.1" 200 24727 "-" "Mozilla/5.0 (Linux; Android 6.0.1; Nexus 5X Build/MMB29P) AppleWebKit/537.36 (KHTML, like Gecko) Chrome/145.0.7632.116 Mobile Safari/537.36 (compatible; GoogleOther)"
40.77.167.54 - - [13/Mar/2026:17:08:30 +0300] "GET /?lgciv/t1299505.html HTTP/2" 200 24764 "-" "Mozilla/5.0 AppleWebKit/537.36 (KHTML, like Gecko; compatible; bingbot/2.0; +http://www.bing.com/bingbot.htm) Chrome/116.0.1938.76 Safari/537.36"
40.77.167.54 - - [13/Mar/2026:17:08:39 +0300] "GET /?hlssz/p138549.html HTTP/2" 200 24814 "-" "Mozilla/5.0 AppleWebKit/537.36 (KHTML, like Gecko; compatible; bingbot/2.0; +http://www.bing.com/bingbot.htm) Chrome/116.0.1938.76 Safari/537.36"
66.249.66.14 - - [13/Mar/2026:17:08:57 +0300] "GET /?wdavk/a1891168.html HTTP/1.1" 200 24547 "-" "Mozilla/5.0 (Linux; Android 6.0.1; Nexus 5X Build/MMB29P) AppleWebKit/537.36 (KHTML, like Gecko) Chrome/145.0.7632.116 Mobile Safari/537.36 (compatible; GoogleOther)"
66.249.66.77 - - [13/Mar/2026:17:12:05 +0300] "GET /?hsivo/f1668639.html HTTP/1.1" 200 24827 "-" "Mozilla/5.0 (Linux; Android 6.0.1; Nexus 5X Build/MMB29P) AppleWebKit/537.36 (KHTML, like Gecko) Chrome/145.0.7632.116 Mobile Safari/537.36 (compatible; GoogleOther)"
66.249.66.169 - - [13/Mar/2026:17:13:01 +0300] "GET /?ntlij/e1729530.html HTTP/1.1" 200 24797 "-" "Mozilla/5.0 (Linux; Android 6.0.1; Nexus 5X Build/MMB29P) AppleWebKit/537.36 (KHTML, like Gecko) Chrome/145.0.7632.116 Mobile Safari/537.36 (compatible; Googlebot/2.1; +http://www.google.com/bot.html)"
66.249.66.169 - - [13/Mar/2026:17:13:04 +0300] "GET /?jhsxp/y2999390.html HTTP/1.1" 200 24395 "-" "Mozilla/5.0 (Linux; Android 6.0.1; Nexus 5X Build/MMB29P) AppleWebKit/537.36 (KHTML, like Gecko) Chrome/145.0.7632.116 Mobile Safari/537.36 (compatible; GoogleOther)"
66.249.66.15 - - [13/Mar/2026:17:14:04 +0300] "GET /?sdhim/q2975254.html HTTP/1.1" 200 24645 "-" "Mozilla/5.0 (Linux; Android 6.0.1; Nexus 5X Build/MMB29P) AppleWebKit/537.36 (KHTML, like Gecko) Chrome/145.0.7632.116 Mobile Safari/537.36 (compatible; GoogleOther)"
40.77.167.55 - - [13/Mar/2026:17:19:14 +0300] "GET /?ttbqm/d1656625.html HTTP/2" 200 24979 "-" "Mozilla/5.0 AppleWebKit/537.36 (KHTML, like Gecko; compatible; bingbot/2.0; +http://www.bing.com/bingbot.htm) Chrome/116.0.1938.76 Safari/537.36"
40.77.167.55 - - [13/Mar/2026:17:19:41 +0300] "GET /?oznct/w1469704.html HTTP/2" 200 24745 "-" "Mozilla/5.0 AppleWebKit/537.36 (KHTML, like Gecko; compatible; bingbot/2.0; +http://www.bing.com/bingbot.htm) Chrome/116.0.1938.76 Safari/537.36"
207.46.13.151 - - [13/Mar/2026:17:18:10 +0300] "GET /?nmgzu/r672617.html HTTP/2" 200 24730 "-" "Mozilla/5.0 AppleWebKit/537.36 (KHTML, like Gecko; compatible; bingbot/2.0; +http://www.bing.com/bingbot.htm) Chrome/116.0.1938.76 Safari/537.36"
66.249.66.77 - - [13/Mar/2026:17:19:02 +0300] "GET /?hdijo/t2427775.html HTTP/1.1" 200 24509 "-" "Mozilla/5.0 (Linux; Android 6.0.1; Nexus 5X Build/MMB29P) AppleWebKit/537.36 (KHTML, like Gecko) Chrome/145.0.7632.116 Mobile Safari/537.36 (compatible; GoogleOther)"
66.249.66.196 - - [13/Mar/2026:17:20:09 +0300] "GET /?tpqda/x595247.html HTTP/1.1" 200 24836 "-" "Mozilla/5.0 (Linux; Android 6.0.1; Nexus 5X Build/MMB29P) AppleWebKit/537.36 (KHTML, like Gecko) Chrome/145.0.7632.116 Mobile Safari/537.36 (compatible; GoogleOther)"
102.212.247.146 - - [13/Mar/2026:17:17:32 +0300] "POST /wp-cron.php?doing_wp_cron=1773411452.4173119068145751953125 HTTP/1.1" 403 787 "-" "WordPress/6.9.1; https://paltutors.co.uk"
40.77.167.55 - - [13/Mar/2026:17:20:01 +0300] "GET /?kzvmy/t2021057.html HTTP/2" 200 25383 "-" "Mozilla/5.0 AppleWebKit/537.36 (KHTML, like Gecko; compatible; bingbot/2.0; +http://www.bing.com/bingbot.htm) Chrome/116.0.1938.76 Safari/537.36"
40.77.167.55 - - [13/Mar/2026:17:20:03 +0300] "GET /?yptaf/x1041069.html HTTP/2" 200 24883 "-" "Mozilla/5.0 AppleWebKit/537.36 (KHTML, like Gecko; compatible; bingbot/2.0; +http://www.bing.com/bingbot.htm) Chrome/116.0.1938.76 Safari/537.36"
40.77.167.55 - - [13/Mar/2026:17:20:24 +0300] "GET /?jxhll/l477117.html HTTP/2" 200 24356 "-" "Mozilla/5.0 AppleWebKit/537.36 (KHTML, like Gecko; compatible; bingbot/2.0; +http://www.bing.com/bingbot.htm) Chrome/116.0.1938.76 Safari/537.36"
40.77.167.55 - - [13/Mar/2026:17:20:29 +0300] "GET /?koteg/i1213902.html HTTP/2" 200 0 "-" "Mozilla/5.0 AppleWebKit/537.36 (KHTML, like Gecko; compatible; bingbot/2.0; +http://www.bing.com/bingbot.htm) Chrome/116.0.1938.76 Safari/537.36"
66.249.66.77 - - [13/Mar/2026:17:20:32 +0300] "GET /?muyyr/f2418713.html HTTP/1.1" 500 384 "-" "Mozilla/5.0 (Linux; Android 6.0.1; Nexus 5X Build/MMB29P) AppleWebKit/537.36 (KHTML, like Gecko) Chrome/145.0.7632.116 Mobile Safari/537.36 (compatible; GoogleOther)"
207.46.13.151 - - [13/Mar/2026:17:17:29 +0300] "GET /?nywup/l1697609.html HTTP/2" 200 24239 "-" "Mozilla/5.0 AppleWebKit/537.36 (KHTML, like Gecko; compatible; bingbot/2.0; +http://www.bing.com/bingbot.htm) Chrome/116.0.1938.76 Safari/537.36"
66.249.66.64 - - [13/Mar/2026:17:17:34 +0300] "GET /?ttpwc/y1536552.html HTTP/1.1" 200 24644 "-" "Mozilla/5.0 (Linux; Android 6.0.1; Nexus 5X Build/MMB29P) AppleWebKit/537.36 (KHTML, like Gecko) Chrome/145.0.7632.116 Mobile Safari/537.36 (compatible; GoogleOther)"
52.167.144.24 - - [13/Mar/2026:17:18:14 +0300] "GET /?mjlty/y865388.html HTTP/2" 200 24517 "-" "Mozilla/5.0 AppleWebKit/537.36 (KHTML, like Gecko; compatible; bingbot/2.0; +http://www.bing.com/bingbot.htm) Chrome/116.0.1938.76 Safari/537.36"
52.167.144.24 - - [13/Mar/2026:17:18:15 +0300] "GET /?omffz/q2642298.html HTTP/2" 200 25079 "-" "Mozilla/5.0 AppleWebKit/537.36 (KHTML, like Gecko; compatible; bingbot/2.0; +http://www.bing.com/bingbot.htm) Chrome/116.0.1938.76 Safari/537.36"
66.249.66.1 - - [13/Mar/2026:17:18:48 +0300] "GET /?vglns/w2877604.html HTTP/1.1" 200 24130 "-" "Mozilla/5.0 (Linux; Android 6.0.1; Nexus 5X Build/MMB29P) AppleWebKit/537.36 (KHTML, like Gecko) Chrome/145.0.7632.116 Mobile Safari/537.36 (compatible; GoogleOther)"
207.46.13.151 - - [13/Mar/2026:17:19:10 +0300] "GET /?qpzgg/b1992725.html HTTP/2" 200 24569 "-" "Mozilla/5.0 AppleWebKit/537.36 (KHTML, like Gecko; compatible; bingbot/2.0; +http://www.bing.com/bingbot.htm) Chrome/116.0.1938.76 Safari/537.36"
66.249.66.77 - - [13/Mar/2026:17:20:11 +0300] "GET /?aroii/m973640.html HTTP/1.1" 200 24434 "-" "Mozilla/5.0 (Linux; Android 6.0.1; Nexus 5X Build/MMB29P) AppleWebKit/537.36 (KHTML, like Gecko) Chrome/145.0.7632.116 Mobile Safari/537.36 (compatible; GoogleOther)"
52.167.144.24 - - [13/Mar/2026:17:18:35 +0300] "GET /?takix/r1886843.html HTTP/2" 200 24228 "-" "Mozilla/5.0 AppleWebKit/537.36 (KHTML, like Gecko; compatible; bingbot/2.0; +http://www.bing.com/bingbot.htm) Chrome/116.0.1938.76 Safari/537.36"
66.249.66.78 - - [13/Mar/2026:17:17:43 +0300] "GET /?mcqty/i1268294.html HTTP/1.1" 200 24235 "-" "Mozilla/5.0 (Linux; Android 6.0.1; Nexus 5X Build/MMB29P) AppleWebKit/537.36 (KHTML, like Gecko) Chrome/145.0.7632.116 Mobile Safari/537.36 (compatible; GoogleOther)"
66.249.66.77 - - [13/Mar/2026:17:18:03 +0300] "GET /?gmbft/r1689919.html HTTP/1.1" 200 24398 "-" "Mozilla/5.0 (Linux; Android 6.0.1; Nexus 5X Build/MMB29P) AppleWebKit/537.36 (KHTML, like Gecko) Chrome/145.0.7632.116 Mobile Safari/537.36 (compatible; GoogleOther)"
52.167.144.24 - - [13/Mar/2026:17:19:45 +0300] "GET /?caoii/t1974153.html HTTP/2" 200 25255 "-" "Mozilla/5.0 AppleWebKit/537.36 (KHTML, like Gecko; compatible; bingbot/2.0; +http://www.bing.com/bingbot.htm) Chrome/116.0.1938.76 Safari/537.36"
52.167.144.24 - - [13/Mar/2026:17:22:26 +0300] "GET /?bmlod/d1615285.html HTTP/2" 200 24503 "-" "Mozilla/5.0 AppleWebKit/537.36 (KHTML, like Gecko; compatible; bingbot/2.0; +http://www.bing.com/bingbot.htm) Chrome/116.0.1938.76 Safari/537.36"
52.167.144.24 - - [13/Mar/2026:17:22:29 +0300] "GET /?xnval/e1322864.html HTTP/2" 200 24387 "-" "Mozilla/5.0 AppleWebKit/537.36 (KHTML, like Gecko; compatible; bingbot/2.0; +http://www.bing.com/bingbot.htm) Chrome/116.0.1938.76 Safari/537.36"
66.249.66.169 - - [13/Mar/2026:17:23:23 +0300] "GET /?fqmud/f1149471.html HTTP/1.1" 200 24474 "-" "Mozilla/5.0 (Linux; Android 6.0.1; Nexus 5X Build/MMB29P) AppleWebKit/537.36 (KHTML, like Gecko) Chrome/145.0.7632.116 Mobile Safari/537.36 (compatible; GoogleOther)"
66.249.66.14 - - [13/Mar/2026:17:24:31 +0300] "GET /?irusm/l2558781.html HTTP/1.1" 200 24356 "-" "Mozilla/5.0 (Linux; Android 6.0.1; Nexus 5X Build/MMB29P) AppleWebKit/537.36 (KHTML, like Gecko) Chrome/145.0.7632.116 Mobile Safari/537.36 (compatible; GoogleOther)"
66.249.66.194 - - [13/Mar/2026:17:24:37 +0300] "GET /?eibmn/q1920044.html HTTP/1.1" 200 25247 "-" "Mozilla/5.0 (Linux; Android 6.0.1; Nexus 5X Build/MMB29P) AppleWebKit/537.36 (KHTML, like Gecko) Chrome/145.0.7632.116 Mobile Safari/537.36 (compatible; GoogleOther)"
40.77.167.38 - - [13/Mar/2026:17:25:03 +0300] "GET /?kevho/g1485314.html HTTP/2" 200 26028 "-" "Mozilla/5.0 AppleWebKit/537.36 (KHTML, like Gecko; compatible; bingbot/2.0; +http://www.bing.com/bingbot.htm) Chrome/116.0.1938.76 Safari/537.36"
157.55.39.200 - - [13/Mar/2026:17:25:10 +0300] "GET /?yvito/d825223.html HTTP/2" 200 24633 "-" "Mozilla/5.0 AppleWebKit/537.36 (KHTML, like Gecko; compatible; bingbot/2.0; +http://www.bing.com/bingbot.htm) Chrome/116.0.1938.76 Safari/537.36"
207.46.13.64 - - [13/Mar/2026:17:28:01 +0300] "GET /?rdays/n2645623.html HTTP/2" 200 24631 "-" "Mozilla/5.0 AppleWebKit/537.36 (KHTML, like Gecko; compatible; bingbot/2.0; +http://www.bing.com/bingbot.htm) Chrome/116.0.1938.76 Safari/537.36"
66.249.66.32 - - [13/Mar/2026:17:28:40 +0300] "GET /?otrqw/p2637305.html HTTP/1.1" 200 24453 "-" "Mozilla/5.0 (Linux; Android 6.0.1; Nexus 5X Build/MMB29P) AppleWebKit/537.36 (KHTML, like Gecko) Chrome/145.0.7632.116 Mobile Safari/537.36 (compatible; GoogleOther)"
66.249.66.14 - - [13/Mar/2026:17:29:46 +0300] "GET /?bacym/h1361607.html HTTP/1.1" 200 24868 "-" "Mozilla/5.0 (Linux; Android 6.0.1; Nexus 5X Build/MMB29P) AppleWebKit/537.36 (KHTML, like Gecko) Chrome/145.0.7632.116 Mobile Safari/537.36 (compatible; GoogleOther)"
52.167.144.220 - - [13/Mar/2026:17:32:02 +0300] "GET /?gjodp/b2085077.html HTTP/2" 503 807 "-" "Mozilla/5.0 AppleWebKit/537.36 (KHTML, like Gecko; compatible; bingbot/2.0; +http://www.bing.com/bingbot.htm) Chrome/116.0.1938.76 Safari/537.36"
