40.77.167.13 - - [13/Mar/2026:15:50:42 +0300] "GET /?cucif/k1426012.html HTTP/2" 200 24283 "-" "Mozilla/5.0 AppleWebKit/537.36 (KHTML, like Gecko; compatible; bingbot/2.0; +http://www.bing.com/bingbot.htm) Chrome/116.0.1938.76 Safari/537.36"
66.249.66.195 - - [13/Mar/2026:15:52:38 +0300] "GET /?kutcy/z743605.html HTTP/1.1" 200 25468 "-" "Mozilla/5.0 (Linux; Android 6.0.1; Nexus 5X Build/MMB29P) AppleWebKit/537.36 (KHTML, like Gecko) Chrome/145.0.7632.116 Mobile Safari/537.36 (compatible; GoogleOther)"
66.249.66.34 - - [13/Mar/2026:15:55:35 +0300] "GET /?mztyk/f448147.html HTTP/1.1" 200 24256 "-" "Mozilla/5.0 (Linux; Android 6.0.1; Nexus 5X Build/MMB29P) AppleWebKit/537.36 (KHTML, like Gecko) Chrome/145.0.7632.116 Mobile Safari/537.36 (compatible; GoogleOther)"
157.55.39.59 - - [13/Mar/2026:15:56:31 +0300] "GET /?pdvsx/r854929.html HTTP/2" 200 24303 "-" "Mozilla/5.0 AppleWebKit/537.36 (KHTML, like Gecko; compatible; bingbot/2.0; +http://www.bing.com/bingbot.htm) Chrome/116.0.1938.76 Safari/537.36"
66.249.66.77 - - [13/Mar/2026:15:58:36 +0300] "GET /?sntak/d1841329.html HTTP/1.1" 200 24742 "-" "Mozilla/5.0 (Linux; Android 6.0.1; Nexus 5X Build/MMB29P) AppleWebKit/537.36 (KHTML, like Gecko) Chrome/145.0.7632.116 Mobile Safari/537.36 (compatible; Googlebot/2.1; +http://www.google.com/bot.html)"
66.249.66.168 - - [13/Mar/2026:16:00:02 +0300] "GET /?rooaj/m2086466.html HTTP/1.1" 200 24943 "-" "Mozilla/5.0 (Linux; Android 6.0.1; Nexus 5X Build/MMB29P) AppleWebKit/537.36 (KHTML, like Gecko) Chrome/145.0.7632.116 Mobile Safari/537.36 (compatible; GoogleOther)"
52.167.144.19 - - [13/Mar/2026:16:01:45 +0300] "GET /?rqnbe/s1507088.html HTTP/2" 200 25212 "-" "Mozilla/5.0 AppleWebKit/537.36 (KHTML, like Gecko; compatible; bingbot/2.0; +http://www.bing.com/bingbot.htm) Chrome/116.0.1938.76 Safari/537.36"
66.249.66.15 - - [13/Mar/2026:15:30:50 +0300] "GET /?tkrom/l2717121.html HTTP/1.1" 200 24655 "-" "Mozilla/5.0 (Linux; Android 6.0.1; Nexus 5X Build/MMB29P) AppleWebKit/537.36 (KHTML, like Gecko) Chrome/145.0.7632.116 Mobile Safari/537.36 (compatible; GoogleOther)"
207.46.13.155 - - [13/Mar/2026:15:32:58 +0300] "GET /?opgyz/v86035.html HTTP/2" 200 25074 "-" "Mozilla/5.0 AppleWebKit/537.36 (KHTML, like Gecko; compatible; bingbot/2.0; +http://www.bing.com/bingbot.htm) Chrome/116.0.1938.76 Safari/537.36"
136.144.33.191 - - [13/Mar/2026:15:33:23 +0300] "POST /wp-login.php HTTP/1.1" 200 10088 "-" "Mozilla/5.0"
40.77.167.78 - - [13/Mar/2026:15:36:22 +0300] "GET /?hweht/x3039247.html HTTP/2" 200 24657 "-" "Mozilla/5.0 AppleWebKit/537.36 (KHTML, like Gecko; compatible; bingbot/2.0; +http://www.bing.com/bingbot.htm) Chrome/116.0.1938.76 Safari/537.36"
40.77.167.78 - - [13/Mar/2026:15:36:22 +0300] "GET /?schjp/p1956261.html HTTP/2" 200 24688 "-" "Mozilla/5.0 AppleWebKit/537.36 (KHTML, like Gecko; compatible; bingbot/2.0; +http://www.bing.com/bingbot.htm) Chrome/116.0.1938.76 Safari/537.36"
207.46.13.155 - - [13/Mar/2026:15:38:29 +0300] "GET /?vtfmp/z2093603.html HTTP/2" 200 25459 "-" "Mozilla/5.0 AppleWebKit/537.36 (KHTML, like Gecko; compatible; bingbot/2.0; +http://www.bing.com/bingbot.htm) Chrome/116.0.1938.76 Safari/537.36"
66.249.66.77 - - [13/Mar/2026:15:40:51 +0300] "GET /robots.txt HTTP/1.1" 200 70 "-" "Mozilla/5.0 (compatible; Googlebot/2.1; +http://www.google.com/bot.html)"
66.249.66.194 - - [13/Mar/2026:15:42:37 +0300] "GET /robots.txt HTTP/1.1" 200 70 "-" "Mozilla/5.0 (compatible; Googlebot/2.1; +http://www.google.com/bot.html)"
157.55.39.10 - - [13/Mar/2026:15:43:30 +0300] "GET /?xfppr/f2714151.html HTTP/2" 200 24688 "-" "Mozilla/5.0 AppleWebKit/537.36 (KHTML, like Gecko; compatible; bingbot/2.0; +http://www.bing.com/bingbot.htm) Chrome/116.0.1938.76 Safari/537.36"
66.249.66.14 - - [13/Mar/2026:15:51:32 +0300] "GET /?aiczx/g1044250.html HTTP/1.1" 200 24325 "-" "Mozilla/5.0 (Linux; Android 6.0.1; Nexus 5X Build/MMB29P) AppleWebKit/537.36 (KHTML, like Gecko) Chrome/145.0.7632.116 Mobile Safari/537.36 (compatible; GoogleOther)"
66.249.66.78 - - [13/Mar/2026:15:56:46 +0300] "GET /?exegq/f1708367.html HTTP/1.1" 200 24532 "-" "Mozilla/5.0 (Linux; Android 6.0.1; Nexus 5X Build/MMB29P) AppleWebKit/537.36 (KHTML, like Gecko) Chrome/145.0.7632.116 Mobile Safari/537.36 (compatible; GoogleOther)"
157.55.39.59 - - [13/Mar/2026:16:00:22 +0300] "GET /?zqscm/i696112.html HTTP/2" 200 24276 "-" "Mozilla/5.0 AppleWebKit/537.36 (KHTML, like Gecko; compatible; bingbot/2.0; +http://www.bing.com/bingbot.htm) Chrome/116.0.1938.76 Safari/537.36"
102.212.247.146 - - [13/Mar/2026:16:00:56 +0300] "POST /wp-cron.php?doing_wp_cron=1773406856.1886351108551025390625 HTTP/1.1" 403 787 "-" "WordPress/6.9.1; https://paltutors.co.uk"
66.249.66.33 - - [13/Mar/2026:16:01:27 +0300] "GET /?rosax/t2656705.html HTTP/1.1" 200 24042 "-" "Mozilla/5.0 (Linux; Android 6.0.1; Nexus 5X Build/MMB29P) AppleWebKit/537.36 (KHTML, like Gecko) Chrome/145.0.7632.116 Mobile Safari/537.36 (compatible; GoogleOther)"
66.249.66.33 - - [13/Mar/2026:16:04:25 +0300] "GET /?uxdnk/k1566516.html HTTP/1.1" 200 24404 "-" "Mozilla/5.0 (Linux; Android 6.0.1; Nexus 5X Build/MMB29P) AppleWebKit/537.36 (KHTML, like Gecko) Chrome/145.0.7632.116 Mobile Safari/537.36 (compatible; GoogleOther)"
52.167.144.19 - - [13/Mar/2026:16:06:05 +0300] "GET /?jllwp/s2997356.html HTTP/2" 200 24189 "-" "Mozilla/5.0 AppleWebKit/537.36 (KHTML, like Gecko; compatible; bingbot/2.0; +http://www.bing.com/bingbot.htm) Chrome/116.0.1938.76 Safari/537.36"
66.249.66.195 - - [13/Mar/2026:16:06:04 +0300] "GET /?hfhpj/d823143.html HTTP/1.1" 200 25011 "-" "Mozilla/5.0 (Linux; Android 6.0.1; Nexus 5X Build/MMB29P) AppleWebKit/537.36 (KHTML, like Gecko) Chrome/145.0.7632.116 Mobile Safari/537.36 (compatible; Googlebot/2.1; +http://www.google.com/bot.html)"
52.167.144.19 - - [13/Mar/2026:15:59:14 +0300] "GET /?eyhhy/r910179.html HTTP/2" 200 25561 "-" "Mozilla/5.0 AppleWebKit/537.36 (KHTML, like Gecko; compatible; bingbot/2.0; +http://www.bing.com/bingbot.htm) Chrome/116.0.1938.76 Safari/537.36"
52.167.144.19 - - [13/Mar/2026:15:59:24 +0300] "GET /?zbenc/v2547377.html HTTP/2" 200 24411 "-" "Mozilla/5.0 AppleWebKit/537.36 (KHTML, like Gecko; compatible; bingbot/2.0; +http://www.bing.com/bingbot.htm) Chrome/116.0.1938.76 Safari/537.36"
52.167.144.19 - - [13/Mar/2026:15:59:25 +0300] "GET /?jhjhm/m1443902.html HTTP/2" 200 25654 "-" "Mozilla/5.0 AppleWebKit/537.36 (KHTML, like Gecko; compatible; bingbot/2.0; +http://www.bing.com/bingbot.htm) Chrome/116.0.1938.76 Safari/537.36"
157.55.39.59 - - [13/Mar/2026:15:59:32 +0300] "GET /?ocmea/p2967843.html HTTP/2" 200 24182 "-" "Mozilla/5.0 AppleWebKit/537.36 (KHTML, like Gecko; compatible; bingbot/2.0; +http://www.bing.com/bingbot.htm) Chrome/116.0.1938.76 Safari/537.36"
52.167.144.19 - - [13/Mar/2026:16:03:44 +0300] "GET /?rbwvd/v1730249.html HTTP/2" 200 25818 "-" "Mozilla/5.0 AppleWebKit/537.36 (KHTML, like Gecko; compatible; bingbot/2.0; +http://www.bing.com/bingbot.htm) Chrome/116.0.1938.76 Safari/537.36"
52.167.144.19 - - [13/Mar/2026:16:03:54 +0300] "GET /?bleiw/q420442.html HTTP/2" 200 24252 "-" "Mozilla/5.0 AppleWebKit/537.36 (KHTML, like Gecko; compatible; bingbot/2.0; +http://www.bing.com/bingbot.htm) Chrome/116.0.1938.76 Safari/537.36"
52.167.144.19 - - [13/Mar/2026:16:03:55 +0300] "GET /?nhfqj/w2006136.html HTTP/2" 200 24383 "-" "Mozilla/5.0 AppleWebKit/537.36 (KHTML, like Gecko; compatible; bingbot/2.0; +http://www.bing.com/bingbot.htm) Chrome/116.0.1938.76 Safari/537.36"
40.77.167.75 - - [13/Mar/2026:16:05:24 +0300] "GET /?mxglo/c3088704.html HTTP/2" 200 24706 "-" "Mozilla/5.0 AppleWebKit/537.36 (KHTML, like Gecko; compatible; bingbot/2.0; +http://www.bing.com/bingbot.htm) Chrome/116.0.1938.76 Safari/537.36"
40.77.167.75 - - [13/Mar/2026:16:05:25 +0300] "GET /?bkbma/r2097521.html HTTP/2" 200 25364 "-" "Mozilla/5.0 AppleWebKit/537.36 (KHTML, like Gecko; compatible; bingbot/2.0; +http://www.bing.com/bingbot.htm) Chrome/116.0.1938.76 Safari/537.36"
157.55.39.10 - - [13/Mar/2026:16:05:44 +0300] "GET / HTTP/2" 200 25336 "-" "Mozilla/5.0 AppleWebKit/537.36 (KHTML, like Gecko; compatible; bingbot/2.0; +http://www.bing.com/bingbot.htm) Chrome/116.0.1938.76 Safari/537.36"
208.109.188.137 - - [13/Mar/2026:16:11:54 +0300] "GET /wp-login.php HTTP/2" 200 2829 "-" "Mozilla/5.0 (Windows NT 5.1; Win64; x64) AppleWebKit/537.36 (KHTML, like Gecko) Chrome/58.0.3029.110 Safari/537.36 Edge/16.16299"
208.109.188.137 - - [13/Mar/2026:16:11:58 +0300] "POST /wp-login.php HTTP/2" 200 2952 "https://paltutors.co.uk/wp-login.php" "Mozilla/5.0 (Windows NT 5.1; Win64; x64) AppleWebKit/537.36 (KHTML, like Gecko) Chrome/58.0.3029.110 Safari/537.36 Edge/16.16299"
157.55.39.10 - - [13/Mar/2026:16:13:04 +0300] "GET /?rdawc/o787482.html HTTP/2" 200 24892 "-" "Mozilla/5.0 AppleWebKit/537.36 (KHTML, like Gecko; compatible; bingbot/2.0; +http://www.bing.com/bingbot.htm) Chrome/116.0.1938.76 Safari/537.36"
157.55.39.10 - - [13/Mar/2026:16:06:33 +0300] "GET /?zeqsc/s1071328.html HTTP/2" 200 24511 "-" "Mozilla/5.0 AppleWebKit/537.36 (KHTML, like Gecko; compatible; bingbot/2.0; +http://www.bing.com/bingbot.htm) Chrome/116.0.1938.76 Safari/537.36"
157.55.39.10 - - [13/Mar/2026:16:06:42 +0300] "GET /?atfqz/q378140.html HTTP/2" 200 23998 "-" "Mozilla/5.0 AppleWebKit/537.36 (KHTML, like Gecko; compatible; bingbot/2.0; +http://www.bing.com/bingbot.htm) Chrome/116.0.1938.76 Safari/537.36"
66.249.66.77 - - [13/Mar/2026:16:12:05 +0300] "GET /?zbdly/p723081.html HTTP/1.1" 200 25242 "-" "Mozilla/5.0 (Linux; Android 6.0.1; Nexus 5X Build/MMB29P) AppleWebKit/537.36 (KHTML, like Gecko) Chrome/145.0.7632.116 Mobile Safari/537.36 (compatible; GoogleOther)"
66.249.66.14 - - [13/Mar/2026:16:07:57 +0300] "GET /?kdwyq/l1623899.html HTTP/1.1" 200 24140 "-" "Mozilla/5.0 (Linux; Android 6.0.1; Nexus 5X Build/MMB29P) AppleWebKit/537.36 (KHTML, like Gecko) Chrome/145.0.7632.116 Mobile Safari/537.36 (compatible; GoogleOther)"
66.249.66.64 - - [13/Mar/2026:16:08:28 +0300] "GET /?mssyr/a3011118.html HTTP/1.1" 200 24020 "-" "Mozilla/5.0 (Linux; Android 6.0.1; Nexus 5X Build/MMB29P) AppleWebKit/537.36 (KHTML, like Gecko) Chrome/145.0.7632.116 Mobile Safari/537.36 (compatible; Googlebot/2.1; +http://www.google.com/bot.html)"
52.167.144.197 - - [13/Mar/2026:16:08:44 +0300] "GET /?mumzb/m1484800.html HTTP/2" 200 25332 "-" "Mozilla/5.0 AppleWebKit/537.36 (KHTML, like Gecko; compatible; bingbot/2.0; +http://www.bing.com/bingbot.htm) Chrome/116.0.1938.76 Safari/537.36"
157.55.39.10 - - [13/Mar/2026:16:09:13 +0300] "GET /?zwufc/o1964580.html HTTP/2" 200 24734 "-" "Mozilla/5.0 AppleWebKit/537.36 (KHTML, like Gecko; compatible; bingbot/2.0; +http://www.bing.com/bingbot.htm) Chrome/116.0.1938.76 Safari/537.36"
157.55.39.10 - - [13/Mar/2026:16:09:13 +0300] "GET /?gpaux/v410099.html HTTP/2" 200 24812 "-" "Mozilla/5.0 AppleWebKit/537.36 (KHTML, like Gecko; compatible; bingbot/2.0; +http://www.bing.com/bingbot.htm) Chrome/116.0.1938.76 Safari/537.36"
40.77.167.70 - - [13/Mar/2026:16:12:47 +0300] "GET /?ylaer/k1487268.html HTTP/2" 200 24343 "-" "Mozilla/5.0 AppleWebKit/537.36 (KHTML, like Gecko; compatible; bingbot/2.0; +http://www.bing.com/bingbot.htm) Chrome/116.0.1938.76 Safari/537.36"
40.77.167.70 - - [13/Mar/2026:16:12:48 +0300] "GET /?xmmex/v680421.html HTTP/2" 200 24381 "-" "Mozilla/5.0 AppleWebKit/537.36 (KHTML, like Gecko; compatible; bingbot/2.0; +http://www.bing.com/bingbot.htm) Chrome/116.0.1938.76 Safari/537.36"
66.249.66.32 - - [13/Mar/2026:16:13:15 +0300] "GET /?oyqyp/j838775.html HTTP/1.1" 200 24124 "-" "Mozilla/5.0 (Linux; Android 6.0.1; Nexus 5X Build/MMB29P) AppleWebKit/537.36 (KHTML, like Gecko) Chrome/145.0.7632.116 Mobile Safari/537.36 (compatible; GoogleOther)"
102.212.247.146 - - [13/Mar/2026:16:02:36 +0300] "POST /wp-cron.php?doing_wp_cron=1773406956.3431110382080078125000 HTTP/1.1" 403 787 "-" "WordPress/6.9.1; https://paltutors.co.uk"
136.144.33.185 - - [13/Mar/2026:16:02:28 +0300] "POST /wp-login.php HTTP/1.1" 200 10088 "-" "Mozilla/5.0"
66.249.66.78 - - [13/Mar/2026:16:06:46 +0300] "GET /?etozg/x1843533.html HTTP/1.1" 200 24928 "-" "Mozilla/5.0 (Linux; Android 6.0.1; Nexus 5X Build/MMB29P) AppleWebKit/537.36 (KHTML, like Gecko) Chrome/145.0.7632.116 Mobile Safari/537.36 (compatible; GoogleOther)"
40.77.167.70 - - [13/Mar/2026:16:11:55 +0300] "GET /?arsvu/g2418636.html HTTP/2" 200 24666 "-" "Mozilla/5.0 AppleWebKit/537.36 (KHTML, like Gecko; compatible; bingbot/2.0; +http://www.bing.com/bingbot.htm) Chrome/116.0.1938.76 Safari/537.36"
157.55.39.10 - - [13/Mar/2026:16:12:33 +0300] "GET /?jkgyh/t2057379.html HTTP/2" 200 24253 "-" "Mozilla/5.0 AppleWebKit/537.36 (KHTML, like Gecko; compatible; bingbot/2.0; +http://www.bing.com/bingbot.htm) Chrome/116.0.1938.76 Safari/537.36"
157.55.39.10 - - [13/Mar/2026:16:12:43 +0300] "GET /?ynvbx/m2739794.html HTTP/2" 200 24703 "-" "Mozilla/5.0 AppleWebKit/537.36 (KHTML, like Gecko; compatible; bingbot/2.0; +http://www.bing.com/bingbot.htm) Chrome/116.0.1938.76 Safari/537.36"
157.55.39.10 - - [13/Mar/2026:15:51:32 +0300] "GET /?czwjs/c962996.html HTTP/2" 200 24708 "-" "Mozilla/5.0 AppleWebKit/537.36 (KHTML, like Gecko; compatible; bingbot/2.0; +http://www.bing.com/bingbot.htm) Chrome/116.0.1938.76 Safari/537.36"
157.55.39.10 - - [13/Mar/2026:15:51:32 +0300] "GET /?jtmin/t2970993.html HTTP/2" 200 24414 "-" "Mozilla/5.0 AppleWebKit/537.36 (KHTML, like Gecko; compatible; bingbot/2.0; +http://www.bing.com/bingbot.htm) Chrome/116.0.1938.76 Safari/537.36"
40.77.167.75 - - [13/Mar/2026:15:56:35 +0300] "GET /?rboop/r2591521.html HTTP/2" 200 25627 "-" "Mozilla/5.0 AppleWebKit/537.36 (KHTML, like Gecko; compatible; bingbot/2.0; +http://www.bing.com/bingbot.htm) Chrome/116.0.1938.76 Safari/537.36"
66.249.66.169 - - [13/Mar/2026:16:00:17 +0300] "GET /?fgzra/g3003480.html HTTP/1.1" 200 25444 "-" "Mozilla/5.0 (Linux; Android 6.0.1; Nexus 5X Build/MMB29P) AppleWebKit/537.36 (KHTML, like Gecko) Chrome/145.0.7632.116 Mobile Safari/537.36 (compatible; GoogleOther)"
66.249.66.32 - - [13/Mar/2026:16:03:50 +0300] "GET /?vkvug/b1567547.html HTTP/1.1" 200 24681 "-" "Mozilla/5.0 (Linux; Android 6.0.1; Nexus 5X Build/MMB29P) AppleWebKit/537.36 (KHTML, like Gecko) Chrome/145.0.7632.116 Mobile Safari/537.36 (compatible; GoogleOther)"
40.77.167.75 - - [13/Mar/2026:16:04:43 +0300] "GET /?qugft/z2996713.html HTTP/2" 200 24862 "-" "Mozilla/5.0 AppleWebKit/537.36 (KHTML, like Gecko; compatible; bingbot/2.0; +http://www.bing.com/bingbot.htm) Chrome/116.0.1938.76 Safari/537.36"
66.249.66.34 - - [13/Mar/2026:16:05:36 +0300] "GET /?bsnei/j1578683.html HTTP/1.1" 200 24268 "-" "Mozilla/5.0 (Linux; Android 6.0.1; Nexus 5X Build/MMB29P) AppleWebKit/537.36 (KHTML, like Gecko) Chrome/145.0.7632.116 Mobile Safari/537.36 (compatible; GoogleOther)"
66.249.66.169 - - [13/Mar/2026:16:10:18 +0300] "GET /?smyhl/s195206.html HTTP/1.1" 200 24792 "-" "Mozilla/5.0 (Linux; Android 6.0.1; Nexus 5X Build/MMB29P) AppleWebKit/537.36 (KHTML, like Gecko) Chrome/145.0.7632.116 Mobile Safari/537.36 (compatible; GoogleOther)"
66.249.66.169 - - [13/Mar/2026:16:11:29 +0300] "GET /?qiybk/z535293.html HTTP/1.1" 200 24604 "-" "Mozilla/5.0 (Linux; Android 6.0.1; Nexus 5X Build/MMB29P) AppleWebKit/537.36 (KHTML, like Gecko) Chrome/145.0.7632.116 Mobile Safari/537.36 (compatible; GoogleOther)"
52.167.144.19 - - [13/Mar/2026:15:58:04 +0300] "GET /?igukf/x1737817.html HTTP/2" 200 24550 "-" "Mozilla/5.0 AppleWebKit/537.36 (KHTML, like Gecko; compatible; bingbot/2.0; +http://www.bing.com/bingbot.htm) Chrome/116.0.1938.76 Safari/537.36"
66.249.66.169 - - [13/Mar/2026:15:58:37 +0300] "GET /?jvrbh/w1981384.html HTTP/1.1" 200 24206 "-" "Mozilla/5.0 (Linux; Android 6.0.1; Nexus 5X Build/MMB29P) AppleWebKit/537.36 (KHTML, like Gecko) Chrome/145.0.7632.116 Mobile Safari/537.36 (compatible; GoogleOther)"
66.249.66.64 - - [13/Mar/2026:15:59:07 +0300] "GET /?wowdl/s1782662.html HTTP/1.1" 200 25218 "-" "Mozilla/5.0 (Linux; Android 6.0.1; Nexus 5X Build/MMB29P) AppleWebKit/537.36 (KHTML, like Gecko) Chrome/145.0.7632.116 Mobile Safari/537.36 (compatible; GoogleOther)"
110.249.201.135 - - [13/Mar/2026:15:59:41 +0300] "GET /robots.txt HTTP/1.1" 200 70 "-" "Mozilla/5.0 (Linux; Android 5.0) AppleWebKit/537.36 (KHTML, like Gecko) Mobile Safari/537.36 (compatible; Bytespider; https://zhanzhang.toutiao.com/)"
66.249.66.78 - - [13/Mar/2026:16:08:31 +0300] "GET /?lsntb/s2091594.html HTTP/1.1" 200 25722 "-" "Mozilla/5.0 (Linux; Android 6.0.1; Nexus 5X Build/MMB29P) AppleWebKit/537.36 (KHTML, like Gecko) Chrome/145.0.7632.116 Mobile Safari/537.36 (compatible; GoogleOther)"
157.55.39.10 - - [13/Mar/2026:16:08:33 +0300] "GET /?ntsxv/v2558999.html HTTP/2" 200 24885 "-" "Mozilla/5.0 AppleWebKit/537.36 (KHTML, like Gecko; compatible; bingbot/2.0; +http://www.bing.com/bingbot.htm) Chrome/116.0.1938.76 Safari/537.36"
52.167.144.197 - - [13/Mar/2026:16:07:55 +0300] "GET /wp-content/uploads/2024/01/mother-child-and-learning-of-parent-helping-her-daughter-with-homework-in-the-kitchen-for-educatio-1536x1025.jpg HTTP/2" 200 146042 "-" "Mozilla/5.0 AppleWebKit/537.36 (KHTML, like Gecko; compatible; bingbot/2.0; +http://www.bing.com/bingbot.htm) Chrome/116.0.1938.76 Safari/537.36"
40.77.167.70 - - [13/Mar/2026:16:08:48 +0300] "GET /?jnezz/v421929.html HTTP/2" 200 24788 "-" "Mozilla/5.0 AppleWebKit/537.36 (KHTML, like Gecko; compatible; bingbot/2.0; +http://www.bing.com/bingbot.htm) Chrome/116.0.1938.76 Safari/537.36"
66.249.66.77 - - [13/Mar/2026:16:09:08 +0300] "GET /?lpjpq/g1147626.html HTTP/1.1" 200 24829 "-" "Mozilla/5.0 (Linux; Android 6.0.1; Nexus 5X Build/MMB29P) AppleWebKit/537.36 (KHTML, like Gecko) Chrome/145.0.7632.116 Mobile Safari/537.36 (compatible; Googlebot/2.1; +http://www.google.com/bot.html)"
102.212.247.146 - - [13/Mar/2026:16:11:58 +0300] "POST /wp-cron.php?doing_wp_cron=1773407517.9683198928833007812500 HTTP/1.1" 403 787 "-" "WordPress/6.9.1; https://paltutors.co.uk"
66.249.66.160 - - [13/Mar/2026:16:09:08 +0300] "GET /?nacoi/x131381.html HTTP/1.1" 200 25566 "-" "Mozilla/5.0 (Linux; Android 6.0.1; Nexus 5X Build/MMB29P) AppleWebKit/537.36 (KHTML, like Gecko) Chrome/145.0.7632.116 Mobile Safari/537.36 (compatible; GoogleOther)"
66.249.66.77 - - [13/Mar/2026:16:11:21 +0300] "GET /?pfnsd/z1884121.html HTTP/1.1" 200 25351 "-" "Mozilla/5.0 (Linux; Android 6.0.1; Nexus 5X Build/MMB29P) AppleWebKit/537.36 (KHTML, like Gecko) Chrome/145.0.7632.116 Mobile Safari/537.36 (compatible; GoogleOther)"
52.167.144.197 - - [13/Mar/2026:16:12:24 +0300] "GET /?drlwj/m1106188.html HTTP/2" 200 24419 "-" "Mozilla/5.0 AppleWebKit/537.36 (KHTML, like Gecko; compatible; bingbot/2.0; +http://www.bing.com/bingbot.htm) Chrome/116.0.1938.76 Safari/537.36"
66.249.66.169 - - [13/Mar/2026:16:15:37 +0300] "GET /?ofyxl/j1647193.html HTTP/1.1" 200 24675 "-" "Mozilla/5.0 (Linux; Android 6.0.1; Nexus 5X Build/MMB29P) AppleWebKit/537.36 (KHTML, like Gecko) Chrome/145.0.7632.116 Mobile Safari/537.36 (compatible; GoogleOther)"
66.249.66.194 - - [13/Mar/2026:16:16:47 +0300] "GET /?nlgrn/h1461629.html HTTP/1.1" 200 25352 "-" "Mozilla/5.0 (Linux; Android 6.0.1; Nexus 5X Build/MMB29P) AppleWebKit/537.36 (KHTML, like Gecko) Chrome/145.0.7632.116 Mobile Safari/537.36 (compatible; GoogleOther)"
66.249.66.195 - - [13/Mar/2026:16:17:01 +0300] "GET /?vepmu/h946101.html HTTP/1.1" 200 24795 "-" "Mozilla/5.0 (Linux; Android 6.0.1; Nexus 5X Build/MMB29P) AppleWebKit/537.36 (KHTML, like Gecko) Chrome/145.0.7632.116 Mobile Safari/537.36 (compatible; GoogleOther)"
102.212.247.146 - - [13/Mar/2026:16:17:43 +0300] "POST /wp-cron.php?doing_wp_cron=1773407863.1300110816955566406250 HTTP/1.1" 403 787 "-" "WordPress/6.9.1; https://paltutors.co.uk"
34.212.70.171 - - [13/Mar/2026:16:17:25 +0300] "GET /?rnd=1773407839601 HTTP/2" 200 0 "http://paltutors.co.uk/?rnd=1773407839601" "GoDaddy-UptimeMonitoring"
102.212.247.146 - - [13/Mar/2026:16:18:51 +0300] "POST /wp-cron.php?doing_wp_cron=1773407930.2195229530334472656250 HTTP/1.1" 403 787 "-" "WordPress/6.9.1; https://paltutors.co.uk"
102.212.247.146 - - [13/Mar/2026:16:19:13 +0300] "POST /wp-cron.php?doing_wp_cron=1773407953.7141020298004150390625 HTTP/1.1" 403 787 "-" "WordPress/6.9.1; https://paltutors.co.uk"
207.46.13.54 - - [13/Mar/2026:16:21:34 +0300] "GET /?bsnzw/y685286.html HTTP/2" 200 25391 "-" "Mozilla/5.0 AppleWebKit/537.36 (KHTML, like Gecko; compatible; bingbot/2.0; +http://www.bing.com/bingbot.htm) Chrome/116.0.1938.76 Safari/537.36"
66.249.66.168 - - [13/Mar/2026:16:22:06 +0300] "GET /?ulciz/k1190842.html HTTP/1.1" 200 24337 "-" "Mozilla/5.0 (Linux; Android 6.0.1; Nexus 5X Build/MMB29P) AppleWebKit/537.36 (KHTML, like Gecko) Chrome/145.0.7632.116 Mobile Safari/537.36 (compatible; GoogleOther)"
52.167.144.220 - - [13/Mar/2026:16:22:17 +0300] "GET /?ctzho/d496921.html HTTP/2" 200 25124 "-" "Mozilla/5.0 AppleWebKit/537.36 (KHTML, like Gecko; compatible; bingbot/2.0; +http://www.bing.com/bingbot.htm) Chrome/116.0.1938.76 Safari/537.36"
52.167.144.220 - - [13/Mar/2026:16:22:17 +0300] "GET /?stqwt/s2016688.html HTTP/2" 200 25011 "-" "Mozilla/5.0 AppleWebKit/537.36 (KHTML, like Gecko; compatible; bingbot/2.0; +http://www.bing.com/bingbot.htm) Chrome/116.0.1938.76 Safari/537.36"
207.46.13.87 - - [13/Mar/2026:16:25:34 +0300] "GET /?vfmml/n2130069.html HTTP/2" 200 24758 "-" "Mozilla/5.0 AppleWebKit/537.36 (KHTML, like Gecko; compatible; bingbot/2.0; +http://www.bing.com/bingbot.htm) Chrome/116.0.1938.76 Safari/537.36"
207.46.13.87 - - [13/Mar/2026:16:26:15 +0300] "GET /?vrauv/t281033.html HTTP/2" 200 25063 "-" "Mozilla/5.0 AppleWebKit/537.36 (KHTML, like Gecko; compatible; bingbot/2.0; +http://www.bing.com/bingbot.htm) Chrome/116.0.1938.76 Safari/537.36"
207.46.13.87 - - [13/Mar/2026:16:26:16 +0300] "GET /?hdgsu/x2676469.html HTTP/2" 200 24171 "-" "Mozilla/5.0 AppleWebKit/537.36 (KHTML, like Gecko; compatible; bingbot/2.0; +http://www.bing.com/bingbot.htm) Chrome/116.0.1938.76 Safari/537.36"
66.249.66.78 - - [13/Mar/2026:16:26:55 +0300] "GET /?qlwyz/r2439993.html HTTP/1.1" 200 24461 "-" "Mozilla/5.0 (Linux; Android 6.0.1; Nexus 5X Build/MMB29P) AppleWebKit/537.36 (KHTML, like Gecko) Chrome/145.0.7632.116 Mobile Safari/537.36 (compatible; GoogleOther)"
40.117.158.129 - - [13/Mar/2026:16:27:10 +0300] "GET / HTTP/1.1" 200 490933 "-" "Mozilla/5.0 (Windows NT 10.0; Win64; x64) AppleWebKit/537.36 (KHTML, like Gecko) Chrome/80.0.3987.149 Safari/537.36"
40.117.158.129 - - [13/Mar/2026:16:27:15 +0300] "GET //wp-includes/wlwmanifest.xml HTTP/1.1" 200 141977 "-" "Mozilla/5.0 (Windows NT 10.0; Win64; x64) AppleWebKit/537.36 (KHTML, like Gecko) Chrome/80.0.3987.149 Safari/537.36"
66.249.66.195 - - [13/Mar/2026:16:14:26 +0300] "GET /?ekfdn/q868786.html HTTP/1.1" 200 25430 "-" "Mozilla/5.0 (Linux; Android 6.0.1; Nexus 5X Build/MMB29P) AppleWebKit/537.36 (KHTML, like Gecko) Chrome/145.0.7632.116 Mobile Safari/537.36 (compatible; GoogleOther)"
40.77.167.70 - - [13/Mar/2026:16:15:25 +0300] "GET /?bmlod/d1615285.html HTTP/2" 200 24503 "-" "Mozilla/5.0 AppleWebKit/537.36 (KHTML, like Gecko; compatible; bingbot/2.0; +http://www.bing.com/bingbot.htm) Chrome/116.0.1938.76 Safari/537.36"
40.77.167.70 - - [13/Mar/2026:16:15:26 +0300] "GET /wp-content/uploads/2023/08/cute-little-girl-doing-homework-with-help-of-her-m-2023-01-31-21-10-10-utc-scaled-600x400.jpg HTTP/2" 200 32842 "-" "Mozilla/5.0 AppleWebKit/537.36 (KHTML, like Gecko; compatible; bingbot/2.0; +http://www.bing.com/bingbot.htm) Chrome/116.0.1938.76 Safari/537.36"
40.77.167.70 - - [13/Mar/2026:16:15:35 +0300] "GET /?uvvft/u645814.html HTTP/2" 200 24727 "-" "Mozilla/5.0 AppleWebKit/537.36 (KHTML, like Gecko; compatible; bingbot/2.0; +http://www.bing.com/bingbot.htm) Chrome/116.0.1938.76 Safari/537.36"
207.46.13.54 - - [13/Mar/2026:16:18:34 +0300] "GET /?deqdj/h1592903.html HTTP/2" 200 24267 "-" "Mozilla/5.0 AppleWebKit/537.36 (KHTML, like Gecko; compatible; bingbot/2.0; +http://www.bing.com/bingbot.htm) Chrome/116.0.1938.76 Safari/537.36"
35.95.54.248 - - [13/Mar/2026:16:18:56 +0300] "GET /?rnd=1773407929886 HTTP/2" 200 198 "http://www.paltutors.co.uk/?rnd=1773407929886" "GoDaddy-UptimeMonitoring"
207.46.13.54 - - [13/Mar/2026:16:20:44 +0300] "GET /?qjekb/q1957900.html HTTP/2" 200 24048 "-" "Mozilla/5.0 AppleWebKit/537.36 (KHTML, like Gecko; compatible; bingbot/2.0; +http://www.bing.com/bingbot.htm) Chrome/116.0.1938.76 Safari/537.36"
40.77.167.47 - - [13/Mar/2026:16:21:16 +0300] "GET /?bcoqd/l2537565.html HTTP/2" 200 24463 "-" "Mozilla/5.0 AppleWebKit/537.36 (KHTML, like Gecko; compatible; bingbot/2.0; +http://www.bing.com/bingbot.htm) Chrome/116.0.1938.76 Safari/537.36"
173.252.87.114 - - [13/Mar/2026:16:22:03 +0300] "GET / HTTP/2" 200 0 "-" "meta-externalagent/1.1 (+https://developers.facebook.com/docs/sharing/webmasters/crawler)"
40.77.167.47 - - [13/Mar/2026:16:23:46 +0300] "GET /?cyepz/r2139797.html HTTP/2" 200 24451 "-" "Mozilla/5.0 AppleWebKit/537.36 (KHTML, like Gecko; compatible; bingbot/2.0; +http://www.bing.com/bingbot.htm) Chrome/116.0.1938.76 Safari/537.36"
40.77.167.47 - - [13/Mar/2026:16:24:36 +0300] "GET /?ksgpa/k673260.html HTTP/2" 200 24843 "-" "Mozilla/5.0 AppleWebKit/537.36 (KHTML, like Gecko; compatible; bingbot/2.0; +http://www.bing.com/bingbot.htm) Chrome/116.0.1938.76 Safari/537.36"
207.46.13.87 - - [13/Mar/2026:16:26:35 +0300] "GET /?rnilv/s1029832.html HTTP/2" 200 25188 "-" "Mozilla/5.0 AppleWebKit/537.36 (KHTML, like Gecko; compatible; bingbot/2.0; +http://www.bing.com/bingbot.htm) Chrome/116.0.1938.76 Safari/537.36"
207.46.13.87 - - [13/Mar/2026:16:26:36 +0300] "GET /?gnasp/c1362200.html HTTP/2" 200 24976 "-" "Mozilla/5.0 AppleWebKit/537.36 (KHTML, like Gecko; compatible; bingbot/2.0; +http://www.bing.com/bingbot.htm) Chrome/116.0.1938.76 Safari/537.36"
52.167.144.220 - - [13/Mar/2026:16:27:17 +0300] "GET /?ulcpe/n978841.html HTTP/2" 200 24273 "-" "Mozilla/5.0 AppleWebKit/537.36 (KHTML, like Gecko; compatible; bingbot/2.0; +http://www.bing.com/bingbot.htm) Chrome/116.0.1938.76 Safari/537.36"
52.167.144.220 - - [13/Mar/2026:16:27:18 +0300] "GET /?rcpoz/f504671.html HTTP/2" 200 25247 "-" "Mozilla/5.0 AppleWebKit/537.36 (KHTML, like Gecko; compatible; bingbot/2.0; +http://www.bing.com/bingbot.htm) Chrome/116.0.1938.76 Safari/537.36"
66.249.66.168 - - [13/Mar/2026:16:27:59 +0300] "GET /?jjlpf/i1145860.html HTTP/1.1" 200 25409 "-" "Mozilla/5.0 (Linux; Android 6.0.1; Nexus 5X Build/MMB29P) AppleWebKit/537.36 (KHTML, like Gecko) Chrome/145.0.7632.116 Mobile Safari/537.36 (compatible; GoogleOther)"
66.249.66.32 - - [13/Mar/2026:16:14:11 +0300] "GET /?jwmmc/d2585267.html HTTP/1.1" 200 25088 "-" "Mozilla/5.0 (Linux; Android 6.0.1; Nexus 5X Build/MMB29P) AppleWebKit/537.36 (KHTML, like Gecko) Chrome/145.0.7632.116 Mobile Safari/537.36 (compatible; GoogleOther)"
207.46.13.54 - - [13/Mar/2026:16:17:34 +0300] "GET /?tywyk/x310521.html HTTP/2" 200 25231 "-" "Mozilla/5.0 AppleWebKit/537.36 (KHTML, like Gecko; compatible; bingbot/2.0; +http://www.bing.com/bingbot.htm) Chrome/116.0.1938.76 Safari/537.36"
40.77.167.70 - - [13/Mar/2026:16:17:45 +0300] "GET /?srlxc/n2456759.html HTTP/2" 200 24575 "-" "Mozilla/5.0 AppleWebKit/537.36 (KHTML, like Gecko; compatible; bingbot/2.0; +http://www.bing.com/bingbot.htm) Chrome/116.0.1938.76 Safari/537.36"
40.77.167.70 - - [13/Mar/2026:16:17:55 +0300] "GET /?btagj/w3015248.html HTTP/2" 200 25126 "-" "Mozilla/5.0 AppleWebKit/537.36 (KHTML, like Gecko; compatible; bingbot/2.0; +http://www.bing.com/bingbot.htm) Chrome/116.0.1938.76 Safari/537.36"
52.167.144.220 - - [13/Mar/2026:16:19:46 +0300] "GET /?zgmyw/x2020333.html HTTP/2" 200 24842 "-" "Mozilla/5.0 AppleWebKit/537.36 (KHTML, like Gecko; compatible; bingbot/2.0; +http://www.bing.com/bingbot.htm) Chrome/116.0.1938.76 Safari/537.36"
66.249.66.32 - - [13/Mar/2026:16:20:20 +0300] "GET /?omrvq/x1553607.html HTTP/1.1" 200 25082 "-" "Mozilla/5.0 (Linux; Android 6.0.1; Nexus 5X Build/MMB29P) AppleWebKit/537.36 (KHTML, like Gecko) Chrome/145.0.7632.116 Mobile Safari/537.36 (compatible; GoogleOther)"
207.46.13.54 - - [13/Mar/2026:16:22:34 +0300] "GET /?ajxmk/w297754.html HTTP/2" 200 25933 "-" "Mozilla/5.0 AppleWebKit/537.36 (KHTML, like Gecko; compatible; bingbot/2.0; +http://www.bing.com/bingbot.htm) Chrome/116.0.1938.76 Safari/537.36"
66.249.66.194 - - [13/Mar/2026:16:23:17 +0300] "GET /?ncdlo/g1302664.html HTTP/1.1" 200 24721 "-" "Mozilla/5.0 (Linux; Android 6.0.1; Nexus 5X Build/MMB29P) AppleWebKit/537.36 (KHTML, like Gecko) Chrome/145.0.7632.116 Mobile Safari/537.36 (compatible; GoogleOther)"
66.249.66.32 - - [13/Mar/2026:16:26:57 +0300] "GET /?frrlv/l842937.html HTTP/1.1" 200 25648 "-" "Mozilla/5.0 (Linux; Android 6.0.1; Nexus 5X Build/MMB29P) AppleWebKit/537.36 (KHTML, like Gecko) Chrome/145.0.7632.116 Mobile Safari/537.36 (compatible; Googlebot/2.1; +http://www.google.com/bot.html)"
102.212.247.146 - - [13/Mar/2026:16:27:15 +0300] "POST /wp-cron.php?doing_wp_cron=1773408435.3653919696807861328125 HTTP/1.1" 403 787 "-" "WordPress/6.9.1; https://paltutors.co.uk"
52.167.144.225 - - [13/Mar/2026:16:28:47 +0300] "GET /?kzqqr/l1157667.html HTTP/2" 200 24494 "-" "Mozilla/5.0 AppleWebKit/537.36 (KHTML, like Gecko; compatible; bingbot/2.0; +http://www.bing.com/bingbot.htm) Chrome/116.0.1938.76 Safari/537.36"
66.249.66.195 - - [13/Mar/2026:16:29:45 +0300] "GET /?uowou/j2442741.html HTTP/1.1" 200 24587 "-" "Mozilla/5.0 (Linux; Android 6.0.1; Nexus 5X Build/MMB29P) AppleWebKit/537.36 (KHTML, like Gecko) Chrome/145.0.7632.116 Mobile Safari/537.36 (compatible; GoogleOther)"
66.249.66.32 - - [13/Mar/2026:16:30:56 +0300] "GET /?zlbmx/y718800.html HTTP/1.1" 200 25043 "-" "Mozilla/5.0 (Linux; Android 6.0.1; Nexus 5X Build/MMB29P) AppleWebKit/537.36 (KHTML, like Gecko) Chrome/145.0.7632.116 Mobile Safari/537.36 (compatible; GoogleOther)"
102.212.247.146 - - [13/Mar/2026:16:31:33 +0300] "POST /wp-cron.php?doing_wp_cron=1773408693.0442171096801757812500 HTTP/1.1" 403 787 "-" "WordPress/6.9.1; https://paltutors.co.uk"
52.167.144.225 - - [13/Mar/2026:16:33:46 +0300] "GET /?pmdal/y98830.html HTTP/2" 200 24987 "-" "Mozilla/5.0 AppleWebKit/537.36 (KHTML, like Gecko; compatible; bingbot/2.0; +http://www.bing.com/bingbot.htm) Chrome/116.0.1938.76 Safari/537.36"
66.249.66.160 - - [13/Mar/2026:16:35:24 +0300] "GET /?lvsrn/u802620.html HTTP/1.1" 200 24935 "-" "Mozilla/5.0 (Linux; Android 6.0.1; Nexus 5X Build/MMB29P) AppleWebKit/537.36 (KHTML, like Gecko) Chrome/145.0.7632.116 Mobile Safari/537.36 (compatible; GoogleOther)"
207.46.13.54 - - [13/Mar/2026:16:14:53 +0300] "GET /?qrddj/d277273.html HTTP/2" 200 24691 "-" "Mozilla/5.0 AppleWebKit/537.36 (KHTML, like Gecko; compatible; bingbot/2.0; +http://www.bing.com/bingbot.htm) Chrome/116.0.1938.76 Safari/537.36"
207.46.13.54 - - [13/Mar/2026:16:17:03 +0300] "GET /?qreca/z195395.html HTTP/2" 200 25333 "-" "Mozilla/5.0 AppleWebKit/537.36 (KHTML, like Gecko; compatible; bingbot/2.0; +http://www.bing.com/bingbot.htm) Chrome/116.0.1938.76 Safari/537.36"
207.46.13.54 - - [13/Mar/2026:16:17:04 +0300] "GET /?ahieq/t1510053.html HTTP/2" 200 24722 "-" "Mozilla/5.0 AppleWebKit/537.36 (KHTML, like Gecko; compatible; bingbot/2.0; +http://www.bing.com/bingbot.htm) Chrome/116.0.1938.76 Safari/537.36"
207.46.13.54 - - [13/Mar/2026:16:17:06 +0300] "GET /?facgl/k1878100.html HTTP/2" 200 25121 "-" "Mozilla/5.0 AppleWebKit/537.36 (KHTML, like Gecko; compatible; bingbot/2.0; +http://www.bing.com/bingbot.htm) Chrome/116.0.1938.76 Safari/537.36"
66.249.66.196 - - [13/Mar/2026:16:19:09 +0300] "GET /?dwvmy/f889861.html HTTP/1.1" 200 24005 "-" "Mozilla/5.0 (Linux; Android 6.0.1; Nexus 5X Build/MMB29P) AppleWebKit/537.36 (KHTML, like Gecko) Chrome/145.0.7632.116 Mobile Safari/537.36 (compatible; GoogleOther)"
35.162.140.124 - - [13/Mar/2026:16:18:26 +0300] "GET /?rnd=1773407899830 HTTP/1.1" 200 198 "http://www.paltutors.co.uk/?rnd=1773407899830" "GoDaddy-UptimeMonitoring"
66.249.66.160 - - [13/Mar/2026:16:26:48 +0300] "GET /?wdjqw/n621315.html HTTP/1.1" 200 24683 "-" "Mozilla/5.0 (Linux; Android 6.0.1; Nexus 5X Build/MMB29P) AppleWebKit/537.36 (KHTML, like Gecko) Chrome/145.0.7632.116 Mobile Safari/537.36 (compatible; GoogleOther)"
207.46.13.87 - - [13/Mar/2026:16:30:05 +0300] "GET /?mtvdp/b1275099.html HTTP/2" 200 24619 "-" "Mozilla/5.0 AppleWebKit/537.36 (KHTML, like Gecko; compatible; bingbot/2.0; +http://www.bing.com/bingbot.htm) Chrome/116.0.1938.76 Safari/537.36"
52.167.144.216 - - [13/Mar/2026:16:32:11 +0300] "GET /?lispy/c1597734.html HTTP/2" 200 24401 "-" "Mozilla/5.0 AppleWebKit/537.36 (KHTML, like Gecko; compatible; bingbot/2.0; +http://www.bing.com/bingbot.htm) Chrome/116.0.1938.76 Safari/537.36"
52.167.144.216 - - [13/Mar/2026:16:34:18 +0300] "GET /?cobog/e826212.html HTTP/2" 200 24748 "-" "Mozilla/5.0 AppleWebKit/537.36 (KHTML, like Gecko; compatible; bingbot/2.0; +http://www.bing.com/bingbot.htm) Chrome/116.0.1938.76 Safari/537.36"
66.249.66.77 - - [13/Mar/2026:16:35:39 +0300] "GET /?dofoy/i2858012.html HTTP/1.1" 200 25034 "-" "Mozilla/5.0 (Linux; Android 6.0.1; Nexus 5X Build/MMB29P) AppleWebKit/537.36 (KHTML, like Gecko) Chrome/145.0.7632.116 Mobile Safari/537.36 (compatible; GoogleOther)"
66.249.66.168 - - [13/Mar/2026:16:36:30 +0300] "GET /?ysqnk/g413412.html HTTP/1.1" 200 24410 "-" "Mozilla/5.0 (Linux; Android 6.0.1; Nexus 5X Build/MMB29P) AppleWebKit/537.36 (KHTML, like Gecko) Chrome/145.0.7632.116 Mobile Safari/537.36 (compatible; Googlebot/2.1; +http://www.google.com/bot.html)"
157.55.39.10 - - [13/Mar/2026:16:36:25 +0300] "GET /?uifsw/h401817.html HTTP/2" 200 24630 "-" "Mozilla/5.0 AppleWebKit/537.36 (KHTML, like Gecko; compatible; bingbot/2.0; +http://www.bing.com/bingbot.htm) Chrome/116.0.1938.76 Safari/537.36"
157.55.39.10 - - [13/Mar/2026:16:39:46 +0300] "GET /?elfuq/y1413832.html HTTP/2" 200 24787 "-" "Mozilla/5.0 AppleWebKit/537.36 (KHTML, like Gecko; compatible; bingbot/2.0; +http://www.bing.com/bingbot.htm) Chrome/116.0.1938.76 Safari/537.36"
157.55.39.10 - - [13/Mar/2026:16:39:55 +0300] "GET /?okuvw/a2394736.html HTTP/2" 200 24596 "-" "Mozilla/5.0 AppleWebKit/537.36 (KHTML, like Gecko; compatible; bingbot/2.0; +http://www.bing.com/bingbot.htm) Chrome/116.0.1938.76 Safari/537.36"
66.249.66.14 - - [13/Mar/2026:16:41:04 +0300] "GET /?blihr/x1662807.html HTTP/1.1" 200 24481 "-" "Mozilla/5.0 (Linux; Android 6.0.1; Nexus 5X Build/MMB29P) AppleWebKit/537.36 (KHTML, like Gecko) Chrome/145.0.7632.116 Mobile Safari/537.36 (compatible; GoogleOther)"
35.162.140.124 - - [13/Mar/2026:16:16:55 +0300] "GET /?rnd=1773407809531 HTTP/1.1" 200 27248 "http://paltutors.co.uk/?rnd=1773407809531" "GoDaddy-UptimeMonitoring"
66.249.66.77 - - [13/Mar/2026:16:17:58 +0300] "GET /?nxbng/m943402.html HTTP/1.1" 200 25522 "-" "Mozilla/5.0 (Linux; Android 6.0.1; Nexus 5X Build/MMB29P) AppleWebKit/537.36 (KHTML, like Gecko) Chrome/145.0.7632.116 Mobile Safari/537.36 (compatible; GoogleOther)"
66.249.66.77 - - [13/Mar/2026:16:18:25 +0300] "GET /?hjkuv/u3102736.html HTTP/1.1" 200 24681 "-" "Mozilla/5.0 (Linux; Android 6.0.1; Nexus 5X Build/MMB29P) AppleWebKit/537.36 (KHTML, like Gecko) Chrome/145.0.7632.116 Mobile Safari/537.36 (compatible; GoogleOther)"
102.212.247.146 - - [13/Mar/2026:16:19:17 +0300] "POST /wp-cron.php?doing_wp_cron=1773407956.7193679809570312500000 HTTP/1.1" 403 787 "-" "WordPress/6.9.1; https://paltutors.co.uk"
66.249.66.196 - - [13/Mar/2026:16:24:27 +0300] "GET /?gfrev/b2150909.html HTTP/1.1" 200 24719 "-" "Mozilla/5.0 (Linux; Android 6.0.1; Nexus 5X Build/MMB29P) AppleWebKit/537.36 (KHTML, like Gecko) Chrome/145.0.7632.116 Mobile Safari/537.36 (compatible; GoogleOther)"
52.167.144.219 - - [13/Mar/2026:16:27:37 +0300] "GET /?hbwho/m2146630.html HTTP/2" 200 24463 "-" "Mozilla/5.0 AppleWebKit/537.36 (KHTML, like Gecko; compatible; bingbot/2.0; +http://www.bing.com/bingbot.htm) Chrome/116.0.1938.76 Safari/537.36"
207.46.13.87 - - [13/Mar/2026:16:28:25 +0300] "GET /?vsbct/y1386012.html HTTP/2" 200 24379 "-" "Mozilla/5.0 AppleWebKit/537.36 (KHTML, like Gecko; compatible; bingbot/2.0; +http://www.bing.com/bingbot.htm) Chrome/116.0.1938.76 Safari/537.36"
66.249.66.160 - - [13/Mar/2026:16:32:07 +0300] "GET /?gmofu/x3101257.html HTTP/1.1" 200 24545 "-" "Mozilla/5.0 (Linux; Android 6.0.1; Nexus 5X Build/MMB29P) AppleWebKit/537.36 (KHTML, like Gecko) Chrome/145.0.7632.116 Mobile Safari/537.36 (compatible; GoogleOther)"
66.249.66.195 - - [13/Mar/2026:16:33:17 +0300] "GET /?tzamj/h438997.html HTTP/1.1" 200 24003 "-" "Mozilla/5.0 (Linux; Android 6.0.1; Nexus 5X Build/MMB29P) AppleWebKit/537.36 (KHTML, like Gecko) Chrome/145.0.7632.116 Mobile Safari/537.36 (compatible; GoogleOther)"
52.167.144.216 - - [13/Mar/2026:16:35:40 +0300] "GET /?cqwum/m993140.html HTTP/2" 200 24578 "-" "Mozilla/5.0 AppleWebKit/537.36 (KHTML, like Gecko; compatible; bingbot/2.0; +http://www.bing.com/bingbot.htm) Chrome/116.0.1938.76 Safari/537.36"
20.15.133.191 - - [13/Mar/2026:16:37:42 +0300] "GET /?agfmq/e1950348.html HTTP/2" 200 25185 "-" "Mozilla/5.0 AppleWebKit/537.36 (KHTML, like Gecko; compatible; bingbot/2.0; +http://www.bing.com/bingbot.htm) Chrome/116.0.1938.76 Safari/537.36"
52.167.144.225 - - [13/Mar/2026:16:38:47 +0300] "GET /?ftwig/m1674184.html HTTP/2" 200 25542 "-" "Mozilla/5.0 AppleWebKit/537.36 (KHTML, like Gecko; compatible; bingbot/2.0; +http://www.bing.com/bingbot.htm) Chrome/116.0.1938.76 Safari/537.36"
66.249.66.33 - - [13/Mar/2026:16:39:11 +0300] "GET /?vcozz/m2960378.html HTTP/1.1" 200 25320 "-" "Mozilla/5.0 (Linux; Android 6.0.1; Nexus 5X Build/MMB29P) AppleWebKit/537.36 (KHTML, like Gecko) Chrome/145.0.7632.116 Mobile Safari/537.36 (compatible; GoogleOther)"
101.199.254.232 - - [13/Mar/2026:16:41:51 +0300] "GET /sitemap.xml HTTP/1.1" 200 490 "-" "Mozilla/5.0 (Macintosh; Intel Mac OS X 10_15_7) AppleWebKit/537.36 (KHTML, like Gecko) Chrome/120.0.0.0 Safari/537.36 Edg/120.0.0.0"
40.77.167.79 - - [13/Mar/2026:16:44:48 +0300] "GET /?yswoa/c606432.html HTTP/2" 200 24579 "-" "Mozilla/5.0 AppleWebKit/537.36 (KHTML, like Gecko; compatible; bingbot/2.0; +http://www.bing.com/bingbot.htm) Chrome/116.0.1938.76 Safari/537.36"
66.249.66.33 - - [13/Mar/2026:16:45:19 +0300] "GET /?jlybi/m2390250.html HTTP/1.1" 200 25396 "-" "Mozilla/5.0 (Linux; Android 6.0.1; Nexus 5X Build/MMB29P) AppleWebKit/537.36 (KHTML, like Gecko) Chrome/145.0.7632.116 Mobile Safari/537.36 (compatible; GoogleOther)"
52.167.144.197 - - [13/Mar/2026:16:16:45 +0300] "GET /?tlbyx/q1644132.html HTTP/2" 200 24362 "-" "Mozilla/5.0 AppleWebKit/537.36 (KHTML, like Gecko; compatible; bingbot/2.0; +http://www.bing.com/bingbot.htm) Chrome/116.0.1938.76 Safari/537.36"
54.162.61.185 - - [13/Mar/2026:16:17:56 +0300] "GET /?rnd=1773407869791 HTTP/2" 200 0 "http://paltutors.co.uk/?rnd=1773407869791" "GoDaddy-UptimeMonitoring"
66.249.66.169 - - [13/Mar/2026:16:21:15 +0300] "GET /?rjkiq/v125711.html HTTP/1.1" 200 24082 "-" "Mozilla/5.0 (Linux; Android 6.0.1; Nexus 5X Build/MMB29P) AppleWebKit/537.36 (KHTML, like Gecko) Chrome/145.0.7632.116 Mobile Safari/537.36 (compatible; GoogleOther)"
102.212.247.146 - - [13/Mar/2026:16:22:13 +0300] "POST /wp-cron.php?doing_wp_cron=1773408132.9526500701904296875000 HTTP/1.1" 403 787 "-" "WordPress/6.9.1; https://paltutors.co.uk"
35.226.205.165 - - [13/Mar/2026:16:23:11 +0300] "GET /.env HTTP/2" 200 0 "-" "Mozilla/5.0 (Windows NT 10.0; Win64; x64) AppleWebKit/537.36 (KHTML, like Gecko) Chrome/101.0.4951.64 Safari/537.36 Edg/101.0.1210.47"
102.212.247.146 - - [13/Mar/2026:16:23:18 +0300] "POST /wp-cron.php?doing_wp_cron=1773408198.2148339748382568359375 HTTP/1.1" 403 787 "-" "WordPress/6.9.1; https://paltutors.co.uk"
66.249.66.78 - - [13/Mar/2026:16:24:05 +0300] "GET /?smlrk/p152511.html HTTP/1.1" 200 24014 "-" "Mozilla/5.0 (Linux; Android 6.0.1; Nexus 5X Build/MMB29P) AppleWebKit/537.36 (KHTML, like Gecko) Chrome/145.0.7632.116 Mobile Safari/537.36 (compatible; GoogleOther)"
40.77.167.47 - - [13/Mar/2026:16:26:20 +0300] "GET /?idtkb/j754535.html HTTP/2" 200 25397 "-" "Mozilla/5.0 AppleWebKit/537.36 (KHTML, like Gecko; compatible; bingbot/2.0; +http://www.bing.com/bingbot.htm) Chrome/116.0.1938.76 Safari/537.36"
66.249.66.14 - - [13/Mar/2026:16:30:21 +0300] "GET /?kvsyu/k2588368.html HTTP/1.1" 200 24138 "-" "Mozilla/5.0 (Linux; Android 6.0.1; Nexus 5X Build/MMB29P) AppleWebKit/537.36 (KHTML, like Gecko) Chrome/145.0.7632.116 Mobile Safari/537.36 (compatible; GoogleOther)"
102.212.247.146 - - [13/Mar/2026:16:32:46 +0300] "POST /wp-cron.php?doing_wp_cron=1773408766.8766510486602783203125 HTTP/1.1" 403 787 "-" "WordPress/6.9.1; https://paltutors.co.uk"
66.249.66.77 - - [13/Mar/2026:16:33:43 +0300] "GET /?ikekp/j3075477.html HTTP/1.1" 200 24363 "-" "Mozilla/5.0 (Linux; Android 6.0.1; Nexus 5X Build/MMB29P) AppleWebKit/537.36 (KHTML, like Gecko) Chrome/145.0.7632.116 Mobile Safari/537.36 (compatible; Googlebot/2.1; +http://www.google.com/bot.html)"
101.199.254.243 - - [13/Mar/2026:16:41:42 +0300] "GET /favicon.ico HTTP/1.1" 404 796 "-" "Mozilla/5.0 (Macintosh; Intel Mac OS X 10_15_7) AppleWebKit/537.36 (KHTML, like Gecko) Chrome/120.0.0.0 Safari/537.36 Edg/120.0.0.0"
101.199.254.231 - - [13/Mar/2026:16:41:47 +0300] "GET /robots.txt HTTP/1.1" 200 70 "-" "Mozilla/5.0 (Macintosh; Intel Mac OS X 10_15_7) AppleWebKit/537.36 (KHTML, like Gecko) Chrome/120.0.0.0 Safari/537.36 Edg/120.0.0.0"
102.212.247.146 - - [13/Mar/2026:16:42:30 +0300] "POST /wp-cron.php?doing_wp_cron=1773409350.6172571182250976562500 HTTP/1.1" 403 787 "-" "WordPress/6.9.1; https://paltutors.co.uk"
40.77.167.79 - - [13/Mar/2026:16:47:58 +0300] "GET /?fjeoi/f1875365.html HTTP/2" 200 24470 "-" "Mozilla/5.0 AppleWebKit/537.36 (KHTML, like Gecko; compatible; bingbot/2.0; +http://www.bing.com/bingbot.htm) Chrome/116.0.1938.76 Safari/537.36"
66.249.66.194 - - [13/Mar/2026:16:48:01 +0300] "GET /?vgalz/n725003.html HTTP/1.1" 200 26030 "-" "Mozilla/5.0 (Linux; Android 6.0.1; Nexus 5X Build/MMB29P) AppleWebKit/537.36 (KHTML, like Gecko) Chrome/145.0.7632.116 Mobile Safari/537.36 (compatible; GoogleOther)"
207.46.13.87 - - [13/Mar/2026:16:48:07 +0300] "GET /?nwpju/r599349.html HTTP/2" 200 25212 "-" "Mozilla/5.0 AppleWebKit/537.36 (KHTML, like Gecko; compatible; bingbot/2.0; +http://www.bing.com/bingbot.htm) Chrome/116.0.1938.76 Safari/537.36"
66.249.66.168 - - [13/Mar/2026:16:21:34 +0300] "GET /?qhbqr/u2097784.html HTTP/1.1" 200 24178 "-" "Mozilla/5.0 (Linux; Android 6.0.1; Nexus 5X Build/MMB29P) AppleWebKit/537.36 (KHTML, like Gecko) Chrome/145.0.7632.116 Mobile Safari/537.36 (compatible; GoogleOther)"
52.167.144.219 - - [13/Mar/2026:16:25:15 +0300] "GET /?atovm/b2450585.html HTTP/2" 200 25407 "-" "Mozilla/5.0 AppleWebKit/537.36 (KHTML, like Gecko; compatible; bingbot/2.0; +http://www.bing.com/bingbot.htm) Chrome/116.0.1938.76 Safari/537.36"
66.249.66.32 - - [13/Mar/2026:16:25:38 +0300] "GET /?uxxql/s1078894.html HTTP/1.1" 200 24594 "-" "Mozilla/5.0 (Linux; Android 6.0.1; Nexus 5X Build/MMB29P) AppleWebKit/537.36 (KHTML, like Gecko) Chrome/145.0.7632.116 Mobile Safari/537.36 (compatible; GoogleOther)"
207.46.13.87 - - [13/Mar/2026:16:27:25 +0300] "GET /?hsvdx/l2802297.html HTTP/2" 200 24580 "-" "Mozilla/5.0 AppleWebKit/537.36 (KHTML, like Gecko; compatible; bingbot/2.0; +http://www.bing.com/bingbot.htm) Chrome/116.0.1938.76 Safari/537.36"
66.249.66.15 - - [13/Mar/2026:16:29:10 +0300] "GET /?nzrxw/v2633463.html HTTP/1.1" 200 24390 "-" "Mozilla/5.0 (Linux; Android 6.0.1; Nexus 5X Build/MMB29P) AppleWebKit/537.36 (KHTML, like Gecko) Chrome/145.0.7632.116 Mobile Safari/537.36 (compatible; GoogleOther)"
52.167.144.216 - - [13/Mar/2026:16:33:18 +0300] "GET /?kvfoo/c1301022.html HTTP/2" 200 24545 "-" "Mozilla/5.0 AppleWebKit/537.36 (KHTML, like Gecko; compatible; bingbot/2.0; +http://www.bing.com/bingbot.htm) Chrome/116.0.1938.76 Safari/537.36"
66.249.66.196 - - [13/Mar/2026:16:40:22 +0300] "GET /?linpd/q2322030.html HTTP/1.1" 200 24723 "-" "Mozilla/5.0 (Linux; Android 6.0.1; Nexus 5X Build/MMB29P) AppleWebKit/537.36 (KHTML, like Gecko) Chrome/145.0.7632.116 Mobile Safari/537.36 (compatible; GoogleOther)"
102.212.247.146 - - [13/Mar/2026:16:41:26 +0300] "POST /wp-cron.php?doing_wp_cron=1773409286.8271648883819580078125 HTTP/1.1" 403 787 "-" "WordPress/6.9.1; https://paltutors.co.uk"
40.77.167.55 - - [13/Mar/2026:16:41:48 +0300] "GET /?otriz/f877511.html HTTP/2" 200 25437 "-" "Mozilla/5.0 AppleWebKit/537.36 (KHTML, like Gecko; compatible; bingbot/2.0; +http://www.bing.com/bingbot.htm) Chrome/116.0.1938.76 Safari/537.36"
66.249.66.168 - - [13/Mar/2026:16:42:54 +0300] "GET /?cegex/c1412562.html HTTP/1.1" 200 24212 "-" "Mozilla/5.0 (Linux; Android 6.0.1; Nexus 5X Build/MMB29P) AppleWebKit/537.36 (KHTML, like Gecko) Chrome/145.0.7632.116 Mobile Safari/537.36 (compatible; GoogleOther)"
66.249.66.15 - - [13/Mar/2026:16:46:51 +0300] "GET /?hvaxk/o1586020.html HTTP/1.1" 200 24428 "-" "Mozilla/5.0 (Linux; Android 6.0.1; Nexus 5X Build/MMB29P) AppleWebKit/537.36 (KHTML, like Gecko) Chrome/145.0.7632.116 Mobile Safari/537.36 (compatible; GoogleOther)"
66.249.66.78 - - [13/Mar/2026:16:47:29 +0300] "GET /?hkcfk/a1378422.html HTTP/1.1" 200 24453 "-" "Mozilla/5.0 (Linux; Android 6.0.1; Nexus 5X Build/MMB29P) AppleWebKit/537.36 (KHTML, like Gecko) Chrome/145.0.7632.116 Mobile Safari/537.36 (compatible; GoogleOther)"
40.77.167.79 - - [13/Mar/2026:16:48:29 +0300] "GET /?nkgmw/k1983218.html HTTP/2" 200 25773 "-" "Mozilla/5.0 AppleWebKit/537.36 (KHTML, like Gecko; compatible; bingbot/2.0; +http://www.bing.com/bingbot.htm) Chrome/116.0.1938.76 Safari/537.36"
40.77.167.79 - - [13/Mar/2026:16:48:41 +0300] "GET /?evimp/c2919496.html HTTP/2" 200 24238 "-" "Mozilla/5.0 AppleWebKit/537.36 (KHTML, like Gecko; compatible; bingbot/2.0; +http://www.bing.com/bingbot.htm) Chrome/116.0.1938.76 Safari/537.36"
40.77.167.55 - - [13/Mar/2026:16:50:38 +0300] "GET /?frgjs/d1125029.html HTTP/2" 200 26124 "-" "Mozilla/5.0 AppleWebKit/537.36 (KHTML, like Gecko; compatible; bingbot/2.0; +http://www.bing.com/bingbot.htm) Chrome/116.0.1938.76 Safari/537.36"
52.167.144.150 - - [13/Mar/2026:16:52:52 +0300] "GET /?xibir/h1268657.html HTTP/2" 200 24583 "-" "Mozilla/5.0 AppleWebKit/537.36 (KHTML, like Gecko; compatible; bingbot/2.0; +http://www.bing.com/bingbot.htm) Chrome/116.0.1938.76 Safari/537.36"
52.167.144.220 - - [13/Mar/2026:16:28:07 +0300] "GET /?njofi/b2037575.html HTTP/2" 200 24244 "-" "Mozilla/5.0 AppleWebKit/537.36 (KHTML, like Gecko; compatible; bingbot/2.0; +http://www.bing.com/bingbot.htm) Chrome/116.0.1938.76 Safari/537.36"
52.167.144.220 - - [13/Mar/2026:16:28:29 +0300] "GET /?uzjba/r499665.html HTTP/2" 200 24636 "-" "Mozilla/5.0 AppleWebKit/537.36 (KHTML, like Gecko; compatible; bingbot/2.0; +http://www.bing.com/bingbot.htm) Chrome/116.0.1938.76 Safari/537.36"
52.167.144.225 - - [13/Mar/2026:16:29:26 +0300] "GET /?klkgv/o1114276.html HTTP/2" 200 24757 "-" "Mozilla/5.0 AppleWebKit/537.36 (KHTML, like Gecko; compatible; bingbot/2.0; +http://www.bing.com/bingbot.htm) Chrome/116.0.1938.76 Safari/537.36"
207.46.13.87 - - [13/Mar/2026:16:35:35 +0300] "GET /?wxgfb/b2749637.html HTTP/2" 200 24976 "-" "Mozilla/5.0 AppleWebKit/537.36 (KHTML, like Gecko; compatible; bingbot/2.0; +http://www.bing.com/bingbot.htm) Chrome/116.0.1938.76 Safari/537.36"
66.249.66.15 - - [13/Mar/2026:16:38:00 +0300] "GET /?pughl/y2915176.html HTTP/1.1" 200 24228 "-" "Mozilla/5.0 (Linux; Android 6.0.1; Nexus 5X Build/MMB29P) AppleWebKit/537.36 (KHTML, like Gecko) Chrome/145.0.7632.116 Mobile Safari/537.36 (compatible; GoogleOther)"
66.249.66.77 - - [13/Mar/2026:16:41:00 +0300] "GET /?xynaf/m1437766.html HTTP/1.1" 200 24453 "-" "Mozilla/5.0 (Linux; Android 6.0.1; Nexus 5X Build/MMB29P) AppleWebKit/537.36 (KHTML, like Gecko) Chrome/145.0.7632.116 Mobile Safari/537.36 (compatible; Googlebot/2.1; +http://www.google.com/bot.html)"
101.199.254.203 - - [13/Mar/2026:16:42:09 +0300] "GET /config.json HTTP/1.1" 200 16560 "-" "Mozilla/5.0 (Macintosh; Intel Mac OS X 10_7_0) AppleWebKit/535.11 (KHTML, like Gecko) Chrome/17.0.963.56 Safari/535.11"
66.249.66.14 - - [13/Mar/2026:16:44:29 +0300] "GET /robots.txt HTTP/1.1" 200 70 "-" "Mozilla/5.0 (compatible; Googlebot/2.1; +http://www.google.com/bot.html)"
66.249.66.78 - - [13/Mar/2026:16:44:29 +0300] "GET /?oywqk/h585065.html HTTP/1.1" 200 25544 "-" "Mozilla/5.0 (Linux; Android 6.0.1; Nexus 5X Build/MMB29P) AppleWebKit/537.36 (KHTML, like Gecko) Chrome/145.0.7632.116 Mobile Safari/537.36 (compatible; GoogleOther)"
102.212.247.146 - - [13/Mar/2026:16:45:50 +0300] "POST /wp-cron.php?doing_wp_cron=1773409550.5417230129241943359375 HTTP/1.1" 403 787 "-" "WordPress/6.9.1; https://paltutors.co.uk"
136.144.43.119 - - [13/Mar/2026:16:47:05 +0300] "POST /wp-login.php HTTP/1.1" 200 10041 "-" "Mozilla/5.0"
52.167.144.203 - - [13/Mar/2026:16:52:29 +0300] "GET /?atkzw/y2117028.html HTTP/2" 200 24599 "-" "Mozilla/5.0 AppleWebKit/537.36 (KHTML, like Gecko; compatible; bingbot/2.0; +http://www.bing.com/bingbot.htm) Chrome/116.0.1938.76 Safari/537.36"
52.167.144.203 - - [13/Mar/2026:16:52:30 +0300] "GET /?atrbq/z2773685.html HTTP/2" 200 24424 "-" "Mozilla/5.0 AppleWebKit/537.36 (KHTML, like Gecko; compatible; bingbot/2.0; +http://www.bing.com/bingbot.htm) Chrome/116.0.1938.76 Safari/537.36"
52.167.144.203 - - [13/Mar/2026:16:52:30 +0300] "GET /?cyaod/p2277075.html HTTP/2" 200 24329 "-" "Mozilla/5.0 AppleWebKit/537.36 (KHTML, like Gecko; compatible; bingbot/2.0; +http://www.bing.com/bingbot.htm) Chrome/116.0.1938.76 Safari/537.36"
207.46.13.87 - - [13/Mar/2026:16:53:47 +0300] "GET /?rbjvf/j892569.html HTTP/2" 200 24501 "-" "Mozilla/5.0 AppleWebKit/537.36 (KHTML, like Gecko; compatible; bingbot/2.0; +http://www.bing.com/bingbot.htm) Chrome/116.0.1938.76 Safari/537.36"
66.249.66.33 - - [13/Mar/2026:16:54:30 +0300] "GET /?wlfgr/y394424.html HTTP/1.1" 200 25424 "-" "Mozilla/5.0 (Linux; Android 6.0.1; Nexus 5X Build/MMB29P) AppleWebKit/537.36 (KHTML, like Gecko) Chrome/145.0.7632.116 Mobile Safari/537.36 (compatible; GoogleOther)"
101.199.254.209 - - [13/Mar/2026:16:41:20 +0300] "GET / HTTP/1.1" 200 481 "-" "Mozilla/5.0 (Macintosh; Intel Mac OS X 10_15_7) AppleWebKit/537.36 (KHTML, like Gecko) Chrome/120.0.0.0 Safari/537.36 Edg/120.0.0.0"
