102.212.247.146 - - [14/Mar/2026:00:04:57 +0300] "POST /wp-cron.php?doing_wp_cron=1773435895.9192190170288085937500 HTTP/1.1" 403 787 "-" "WordPress/6.9.1; https://paltutors.co.uk"
141.98.11.181 - - [14/Mar/2026:00:04:30 +0300] "POST /wp-login.php HTTP/1.1" 200 0 "https://paltutors.co.uk/wp-login.php" "Mozilla/5.0 (Windows NT 10.0; Win64; x64) AppleWebKit/537.36 (KHTML, like Gecko) Chrome/90.0.4430.212 Safari/537.36"
141.98.11.181 - - [14/Mar/2026:00:06:32 +0300] "POST /wp-login.php HTTP/1.1" 200 0 "https://paltutors.co.uk/wp-login.php" "Mozilla/5.0 (Macintosh; Intel Mac OS X 10_15_7) AppleWebKit/537.36 (KHTML, like Gecko) Chrome/92.0.4515.131 Safari/537.36"
141.98.11.181 - - [13/Mar/2026:23:58:44 +0300] "POST /wp-login.php HTTP/1.1" 200 0 "https://paltutors.co.uk/wp-login.php" "Mozilla/5.0 (Macintosh; Intel Mac OS X 10_15_7) AppleWebKit/537.36 (KHTML, like Gecko) Chrome/91.0.4472.124 Safari/537.36"
66.249.66.194 - - [13/Mar/2026:23:57:58 +0300] "GET /?glqdi/p792891.html HTTP/1.1" 500 384 "-" "Mozilla/5.0 (Linux; Android 6.0.1; Nexus 5X Build/MMB29P) AppleWebKit/537.36 (KHTML, like Gecko) Chrome/145.0.7632.116 Mobile Safari/537.36 (compatible; GoogleOther)"
102.212.247.146 - - [14/Mar/2026:00:02:16 +0300] "POST /wp-cron.php?doing_wp_cron=1773435735.4071919918060302734375 HTTP/1.1" 403 787 "-" "WordPress/6.9.1; https://paltutors.co.uk"
141.98.11.181 - - [14/Mar/2026:00:07:13 +0300] "POST /wp-login.php HTTP/1.1" 200 0 "https://paltutors.co.uk/wp-login.php" "Mozilla/5.0 (Windows NT 10.0; Win64; x64; rv:92.0) Gecko/20100101 Firefox/92.0"
102.212.247.146 - - [13/Mar/2026:23:59:53 +0300] "POST /wp-cron.php?doing_wp_cron=1773435592.5123450756072998046875 HTTP/1.1" 403 787 "-" "WordPress/6.9.1; https://paltutors.co.uk"
57.141.18.30 - - [14/Mar/2026:00:00:49 +0300] "GET /?nupms/c887258.html HTTP/2" 200 0 "-" "meta-externalagent/1.1 (+https://developers.facebook.com/docs/sharing/webmasters/crawler)"
102.212.247.146 - - [14/Mar/2026:00:01:18 +0300] "POST /wp-cron.php?doing_wp_cron=1773435677.7089009284973144531250 HTTP/1.1" 403 787 "-" "WordPress/6.9.1; https://paltutors.co.uk"
141.98.11.181 - - [14/Mar/2026:00:01:27 +0300] "POST /wp-login.php HTTP/1.1" 200 0 "https://paltutors.co.uk/wp-login.php" "Mozilla/5.0 (Macintosh; Intel Mac OS X 10_15_7) AppleWebKit/537.36 (KHTML, like Gecko) Chrome/93.0.4577.63 Safari/537.36"
141.98.11.181 - - [14/Mar/2026:00:03:09 +0300] "POST /wp-login.php HTTP/1.1" 200 0 "https://paltutors.co.uk/wp-login.php" "Mozilla/5.0 (Macintosh; Intel Mac OS X 10_15_7) AppleWebKit/537.36 (KHTML, like Gecko) Chrome/94.0.4606.71 Safari/537.36"
141.98.11.181 - - [14/Mar/2026:00:03:49 +0300] "POST /wp-login.php HTTP/1.1" 200 0 "https://paltutors.co.uk/wp-login.php" "Mozilla/5.0 (Windows NT 10.0; Win64; x64) AppleWebKit/605.1.15 (KHTML, like Gecko) Version/14.1.2 Safari/605.1.15"
66.249.66.195 - - [14/Mar/2026:00:04:30 +0300] "GET /?irqik/g1550262.html HTTP/1.1" 200 25463 "-" "Mozilla/5.0 (Linux; Android 6.0.1; Nexus 5X Build/MMB29P) AppleWebKit/537.36 (KHTML, like Gecko) Chrome/145.0.7632.116 Mobile Safari/537.36 (compatible; GoogleOther)"
141.98.11.181 - - [14/Mar/2026:00:05:11 +0300] "POST /wp-login.php HTTP/1.1" 200 0 "https://paltutors.co.uk/wp-login.php" "Mozilla/5.0 (Windows NT 10.0; Win64; x64) AppleWebKit/605.1.15 (KHTML, like Gecko) Version/14.1.1 Safari/605.1.15"
66.249.66.196 - - [14/Mar/2026:00:06:10 +0300] "GET /?zhden/y909614.html HTTP/1.1" 200 24565 "-" "Mozilla/5.0 (Linux; Android 6.0.1; Nexus 5X Build/MMB29P) AppleWebKit/537.36 (KHTML, like Gecko) Chrome/145.0.7632.116 Mobile Safari/537.36 (compatible; GoogleOther)"
66.249.66.194 - - [14/Mar/2026:00:06:14 +0300] "GET /?umpuz/w305216.html HTTP/1.1" 200 25206 "-" "Mozilla/5.0 (Linux; Android 6.0.1; Nexus 5X Build/MMB29P) AppleWebKit/537.36 (KHTML, like Gecko) Chrome/145.0.7632.116 Mobile Safari/537.36 (compatible; GoogleOther)"
141.98.11.181 - - [14/Mar/2026:00:06:12 +0300] "POST /wp-login.php HTTP/1.1" 200 0 "https://paltutors.co.uk/wp-login.php" "Mozilla/5.0 (Macintosh; Intel Mac OS X 10_15_7) AppleWebKit/605.1.15 (KHTML, like Gecko) Version/15.0 Safari/605.1.15"
102.212.247.146 - - [14/Mar/2026:00:07:07 +0300] "POST /wp-cron.php?doing_wp_cron=1773436026.7103281021118164062500 HTTP/1.1" 403 787 "-" "WordPress/6.9.1; https://paltutors.co.uk"
66.249.66.194 - - [14/Mar/2026:00:07:21 +0300] "GET /?slegb/s980640.html HTTP/1.1" 200 24438 "-" "Mozilla/5.0 (Linux; Android 6.0.1; Nexus 5X Build/MMB29P) AppleWebKit/537.36 (KHTML, like Gecko) Chrome/145.0.7632.116 Mobile Safari/537.36 (compatible; GoogleOther)"
62.216.67.172 - - [13/Mar/2026:23:59:21 +0300] "GET / HTTP/2" 200 0 "-" "Mozilla/5.0 (Windows NT 10.0; Win64; x64) AppleWebKit/537.36 (KHTML, like Gecko) Chrome/145.0.0.0 Safari/537.36"
141.98.11.181 - - [14/Mar/2026:00:00:05 +0300] "POST /wp-login.php HTTP/1.1" 200 0 "https://paltutors.co.uk/wp-login.php" "Mozilla/5.0 (Windows NT 6.1; Win64; x64) AppleWebKit/537.36 (KHTML, like Gecko) Chrome/94.0.4606.71 Safari/537.36"
141.98.11.181 - - [14/Mar/2026:00:00:26 +0300] "POST /wp-login.php HTTP/1.1" 200 0 "https://paltutors.co.uk/wp-login.php" "Mozilla/5.0 (Windows NT 6.1; Win64; x64; rv:93.0) Gecko/20100101 Firefox/93.0"
102.212.247.146 - - [14/Mar/2026:00:00:47 +0300] "POST /wp-cron.php?doing_wp_cron=1773435646.4081730842590332031250 HTTP/1.1" 403 787 "-" "WordPress/6.9.1; https://paltutors.co.uk"
66.249.66.195 - - [14/Mar/2026:00:01:15 +0300] "GET /?frsrp/p708599.html HTTP/1.1" 200 24656 "-" "Mozilla/5.0 (Linux; Android 6.0.1; Nexus 5X Build/MMB29P) AppleWebKit/537.36 (KHTML, like Gecko) Chrome/145.0.7632.116 Mobile Safari/537.36 (compatible; GoogleOther)"
57.141.18.91 - - [14/Mar/2026:00:03:02 +0300] "GET /?fjzzg/z1758749.html HTTP/2" 200 0 "-" "meta-externalagent/1.1 (+https://developers.facebook.com/docs/sharing/webmasters/crawler)"
66.249.66.195 - - [14/Mar/2026:00:04:51 +0300] "GET /?shqrg/c1767982.html HTTP/1.1" 200 24065 "-" "Mozilla/5.0 (Linux; Android 6.0.1; Nexus 5X Build/MMB29P) AppleWebKit/537.36 (KHTML, like Gecko) Chrome/145.0.7632.116 Mobile Safari/537.36 (compatible; GoogleOther)"
66.249.66.195 - - [14/Mar/2026:00:04:54 +0300] "GET /?uyrai/d818489.html HTTP/1.1" 200 25552 "-" "Mozilla/5.0 (Linux; Android 6.0.1; Nexus 5X Build/MMB29P) AppleWebKit/537.36 (KHTML, like Gecko) Chrome/145.0.7632.116 Mobile Safari/537.36 (compatible; GoogleOther)"
66.249.66.194 - - [14/Mar/2026:00:05:52 +0300] "GET /?djqao/y1494198.html HTTP/1.1" 200 25717 "-" "Mozilla/5.0 (Linux; Android 6.0.1; Nexus 5X Build/MMB29P) AppleWebKit/537.36 (KHTML, like Gecko) Chrome/145.0.7632.116 Mobile Safari/537.36 (compatible; GoogleOther)"
141.98.11.181 - - [14/Mar/2026:00:05:51 +0300] "POST /wp-login.php HTTP/1.1" 200 0 "https://paltutors.co.uk/wp-login.php" "Mozilla/5.0 (Macintosh; Intel Mac OS X 10_15_7) AppleWebKit/605.1.15 (KHTML, like Gecko) Version/14.0.3 Safari/605.1.15"
66.249.66.194 - - [14/Mar/2026:00:06:37 +0300] "GET /?hofzt/s1191578.html HTTP/1.1" 200 24306 "-" "Mozilla/5.0 (Linux; Android 6.0.1; Nexus 5X Build/MMB29P) AppleWebKit/537.36 (KHTML, like Gecko) Chrome/145.0.7632.116 Mobile Safari/537.36 (compatible; GoogleOther)"
66.249.66.194 - - [14/Mar/2026:00:06:58 +0300] "GET /?vioxp/d1061225.html HTTP/1.1" 200 25915 "-" "Mozilla/5.0 (Linux; Android 6.0.1; Nexus 5X Build/MMB29P) AppleWebKit/537.36 (KHTML, like Gecko) Chrome/145.0.7632.116 Mobile Safari/537.36 (compatible; GoogleOther)"
66.249.66.194 - - [14/Mar/2026:00:07:01 +0300] "GET /?imcph/u1223378.html HTTP/1.1" 200 24432 "-" "Mozilla/5.0 (Linux; Android 6.0.1; Nexus 5X Build/MMB29P) AppleWebKit/537.36 (KHTML, like Gecko) Chrome/145.0.7632.116 Mobile Safari/537.36 (compatible; GoogleOther)"
141.98.11.181 - - [14/Mar/2026:00:07:53 +0300] "POST /wp-login.php HTTP/1.1" 200 0 "https://paltutors.co.uk/wp-login.php" "Mozilla/5.0 (Windows NT 10.0; Win64; x64; rv:89.0) Gecko/20100101 Firefox/89.0.2"
66.249.66.194 - - [14/Mar/2026:00:09:05 +0300] "GET /?xbmno/f1441633.html HTTP/1.1" 200 24248 "-" "Mozilla/5.0 (Linux; Android 6.0.1; Nexus 5X Build/MMB29P) AppleWebKit/537.36 (KHTML, like Gecko) Chrome/145.0.7632.116 Mobile Safari/537.36 (compatible; GoogleOther)"
102.212.247.146 - - [14/Mar/2026:00:09:58 +0300] "POST /wp-cron.php?doing_wp_cron=1773436197.6095929145812988281250 HTTP/1.1" 403 787 "-" "WordPress/6.9.1; https://paltutors.co.uk"
24.199.120.99 - - [14/Mar/2026:00:08:14 +0300] "GET / HTTP/1.1" 200 118026 "-" "Mozilla/5.0 (Windows NT 10.0; Win64; x64) AppleWebKit/537.36 (KHTML, like Gecko) Chrome/80.0.3987.149 Safari/537.36"
24.199.120.99 - - [14/Mar/2026:00:10:16 +0300] "GET //blog/wp-includes/wlwmanifest.xml HTTP/1.1" 200 142019 "-" "Mozilla/5.0 (Windows NT 10.0; Win64; x64) AppleWebKit/537.36 (KHTML, like Gecko) Chrome/80.0.3987.149 Safari/537.36"
24.199.120.99 - - [14/Mar/2026:00:10:17 +0300] "GET //web/wp-includes/wlwmanifest.xml HTTP/1.1" 200 142100 "-" "Mozilla/5.0 (Windows NT 10.0; Win64; x64) AppleWebKit/537.36 (KHTML, like Gecko) Chrome/80.0.3987.149 Safari/537.36"
24.199.120.99 - - [14/Mar/2026:00:10:19 +0300] "GET //wordpress/wp-includes/wlwmanifest.xml HTTP/1.1" 200 142291 "-" "Mozilla/5.0 (Windows NT 10.0; Win64; x64) AppleWebKit/537.36 (KHTML, like Gecko) Chrome/80.0.3987.149 Safari/537.36"
24.199.120.99 - - [14/Mar/2026:00:10:20 +0300] "GET //website/wp-includes/wlwmanifest.xml HTTP/1.1" 200 142273 "-" "Mozilla/5.0 (Windows NT 10.0; Win64; x64) AppleWebKit/537.36 (KHTML, like Gecko) Chrome/80.0.3987.149 Safari/537.36"
24.199.120.99 - - [14/Mar/2026:00:10:22 +0300] "GET //wp/wp-includes/wlwmanifest.xml HTTP/1.1" 200 141976 "-" "Mozilla/5.0 (Windows NT 10.0; Win64; x64) AppleWebKit/537.36 (KHTML, like Gecko) Chrome/80.0.3987.149 Safari/537.36"
24.199.120.99 - - [14/Mar/2026:00:10:23 +0300] "GET //news/wp-includes/wlwmanifest.xml HTTP/1.1" 200 142063 "-" "Mozilla/5.0 (Windows NT 10.0; Win64; x64) AppleWebKit/537.36 (KHTML, like Gecko) Chrome/80.0.3987.149 Safari/537.36"
24.199.120.99 - - [14/Mar/2026:00:10:24 +0300] "GET //2018/wp-includes/wlwmanifest.xml HTTP/1.1" 200 142178 "-" "Mozilla/5.0 (Windows NT 10.0; Win64; x64) AppleWebKit/537.36 (KHTML, like Gecko) Chrome/80.0.3987.149 Safari/537.36"
24.199.120.99 - - [14/Mar/2026:00:10:25 +0300] "GET //2019/wp-includes/wlwmanifest.xml HTTP/1.1" 200 142059 "-" "Mozilla/5.0 (Windows NT 10.0; Win64; x64) AppleWebKit/537.36 (KHTML, like Gecko) Chrome/80.0.3987.149 Safari/537.36"
24.199.120.99 - - [14/Mar/2026:00:10:27 +0300] "GET //shop/wp-includes/wlwmanifest.xml HTTP/1.1" 200 141977 "-" "Mozilla/5.0 (Windows NT 10.0; Win64; x64) AppleWebKit/537.36 (KHTML, like Gecko) Chrome/80.0.3987.149 Safari/537.36"
24.199.120.99 - - [14/Mar/2026:00:10:29 +0300] "GET //wp1/wp-includes/wlwmanifest.xml HTTP/1.1" 200 142228 "-" "Mozilla/5.0 (Windows NT 10.0; Win64; x64) AppleWebKit/537.36 (KHTML, like Gecko) Chrome/80.0.3987.149 Safari/537.36"
24.199.120.99 - - [14/Mar/2026:00:10:31 +0300] "GET //test/wp-includes/wlwmanifest.xml HTTP/1.1" 200 141976 "-" "Mozilla/5.0 (Windows NT 10.0; Win64; x64) AppleWebKit/537.36 (KHTML, like Gecko) Chrome/80.0.3987.149 Safari/537.36"
24.199.120.99 - - [14/Mar/2026:00:10:32 +0300] "GET //media/wp-includes/wlwmanifest.xml HTTP/1.1" 200 141975 "-" "Mozilla/5.0 (Windows NT 10.0; Win64; x64) AppleWebKit/537.36 (KHTML, like Gecko) Chrome/80.0.3987.149 Safari/537.36"
24.199.120.99 - - [14/Mar/2026:00:10:35 +0300] "GET //wp2/wp-includes/wlwmanifest.xml HTTP/1.1" 200 142174 "-" "Mozilla/5.0 (Windows NT 10.0; Win64; x64) AppleWebKit/537.36 (KHTML, like Gecko) Chrome/80.0.3987.149 Safari/537.36"
24.199.120.99 - - [14/Mar/2026:00:10:36 +0300] "GET //site/wp-includes/wlwmanifest.xml HTTP/1.1" 200 142115 "-" "Mozilla/5.0 (Windows NT 10.0; Win64; x64) AppleWebKit/537.36 (KHTML, like Gecko) Chrome/80.0.3987.149 Safari/537.36"
57.141.18.116 - - [14/Mar/2026:00:07:29 +0300] "GET /?ocvbo/l1745969.html HTTP/2" 200 0 "-" "meta-externalagent/1.1 (+https://developers.facebook.com/docs/sharing/webmasters/crawler)"
66.249.66.196 - - [14/Mar/2026:00:08:14 +0300] "GET /?tdmwc/d1023551.html HTTP/1.1" 200 25188 "-" "Mozilla/5.0 (Linux; Android 6.0.1; Nexus 5X Build/MMB29P) AppleWebKit/537.36 (KHTML, like Gecko) Chrome/145.0.7632.116 Mobile Safari/537.36 (compatible; GoogleOther)"
141.98.11.181 - - [14/Mar/2026:00:06:52 +0300] "POST /wp-login.php HTTP/1.1" 200 0 "https://paltutors.co.uk/wp-login.php" "Mozilla/5.0 (Windows NT 10.0; Win64; x64) AppleWebKit/537.36 (KHTML, like Gecko) Chrome/93.0.4577.63 Safari/537.36"
141.98.11.181 - - [14/Mar/2026:00:09:15 +0300] "POST /wp-login.php HTTP/1.1" 200 0 "https://paltutors.co.uk/wp-login.php" "Mozilla/5.0 (Macintosh; Intel Mac OS X 10_15_7; rv:91.0) Gecko/20100101 Firefox/91.0"
66.249.66.195 - - [14/Mar/2026:00:11:41 +0300] "GET /?ikiup/f1013127.html HTTP/1.1" 200 24268 "-" "Mozilla/5.0 (Linux; Android 6.0.1; Nexus 5X Build/MMB29P) AppleWebKit/537.36 (KHTML, like Gecko) Chrome/145.0.7632.116 Mobile Safari/537.36 (compatible; GoogleOther)"
102.212.247.146 - - [14/Mar/2026:00:12:20 +0300] "POST /wp-cron.php?doing_wp_cron=1773436339.8174719810485839843750 HTTP/1.1" 403 787 "-" "WordPress/6.9.1; https://paltutors.co.uk"
141.98.11.181 - - [14/Mar/2026:00:12:17 +0300] "POST /wp-login.php HTTP/1.1" 200 0 "https://paltutors.co.uk/wp-login.php" "Mozilla/5.0 (Windows NT 6.1; Win64; x64) AppleWebKit/537.36 (KHTML, like Gecko) Chrome/92.0.4515.131 Safari/537.36"
141.98.11.181 - - [14/Mar/2026:00:15:00 +0300] "POST /wp-login.php HTTP/1.1" 200 0 "https://paltutors.co.uk/wp-login.php" "Mozilla/5.0 (Macintosh; Intel Mac OS X 10_15_7) AppleWebKit/537.36 (KHTML, like Gecko) Chrome/93.0.4577.63 Safari/537.36"
141.98.11.181 - - [14/Mar/2026:00:07:33 +0300] "POST /wp-login.php HTTP/1.1" 200 0 "https://paltutors.co.uk/wp-login.php" "Mozilla/5.0 (Macintosh; Intel Mac OS X 10_15_7) AppleWebKit/605.1.15 (KHTML, like Gecko) Version/14.1.1 Safari/605.1.15"
24.199.120.99 - - [14/Mar/2026:00:09:14 +0300] "GET //wp-includes/wlwmanifest.xml HTTP/1.1" 200 142236 "-" "Mozilla/5.0 (Windows NT 10.0; Win64; x64) AppleWebKit/537.36 (KHTML, like Gecko) Chrome/80.0.3987.149 Safari/537.36"
24.199.120.99 - - [14/Mar/2026:00:09:15 +0300] "GET //xmlrpc.php?rsd HTTP/1.1" 403 787 "-" "Mozilla/5.0 (Windows NT 10.0; Win64; x64) AppleWebKit/537.36 (KHTML, like Gecko) Chrome/80.0.3987.149 Safari/537.36"
141.98.11.181 - - [14/Mar/2026:00:09:35 +0300] "POST /wp-login.php HTTP/1.1" 200 0 "https://paltutors.co.uk/wp-login.php" "Mozilla/5.0 (Windows NT 6.1; Win64; x64; rv:89.0) Gecko/20100101 Firefox/89.0.2"
24.199.120.99 - - [14/Mar/2026:00:09:15 +0300] "GET / HTTP/1.1" 200 237580 "-" "Mozilla/5.0 (Windows NT 10.0; Win64; x64) AppleWebKit/537.36 (KHTML, like Gecko) Chrome/80.0.3987.149 Safari/537.36"
102.212.247.146 - - [14/Mar/2026:00:11:11 +0300] "POST /wp-cron.php?doing_wp_cron=1773436270.4366779327392578125000 HTTP/1.1" 403 787 "-" "WordPress/6.9.1; https://paltutors.co.uk"
141.98.11.181 - - [14/Mar/2026:00:14:40 +0300] "POST /wp-login.php HTTP/1.1" 200 0 "https://paltutors.co.uk/wp-login.php" "Mozilla/5.0 (Windows NT 10.0; Win64; x64) AppleWebKit/605.1.15 (KHTML, like Gecko) Version/14.1 Safari/605.1.15"
102.212.247.146 - - [14/Mar/2026:00:17:24 +0300] "POST /wp-cron.php?doing_wp_cron=1773436643.2713739871978759765625 HTTP/1.1" 403 787 "-" "WordPress/6.9.1; https://paltutors.co.uk"
66.249.66.194 - - [14/Mar/2026:00:07:47 +0300] "GET /?axxhx/h1940887.html HTTP/1.1" 200 24354 "-" "Mozilla/5.0 (Linux; Android 6.0.1; Nexus 5X Build/MMB29P) AppleWebKit/537.36 (KHTML, like Gecko) Chrome/145.0.7632.116 Mobile Safari/537.36 (compatible; GoogleOther)"
141.98.11.181 - - [14/Mar/2026:00:08:54 +0300] "POST /wp-login.php HTTP/1.1" 200 0 "https://paltutors.co.uk/wp-login.php" "Mozilla/5.0 (X11; Linux x86_64) AppleWebKit/537.36 (KHTML, like Gecko) Chrome/90.0.4430.212 Safari/537.36"
66.249.66.196 - - [14/Mar/2026:00:09:31 +0300] "GET /?yxwlr/o3002500.html HTTP/1.1" 200 24706 "-" "Mozilla/5.0 (Linux; Android 6.0.1; Nexus 5X Build/MMB29P) AppleWebKit/537.36 (KHTML, like Gecko) Chrome/145.0.7632.116 Mobile Safari/537.36 (compatible; GoogleOther)"
57.141.18.104 - - [14/Mar/2026:00:09:42 +0300] "GET /?ywbja/n2329957.html HTTP/2" 200 0 "-" "meta-externalagent/1.1 (+https://developers.facebook.com/docs/sharing/webmasters/crawler)"
66.249.66.195 - - [14/Mar/2026:00:11:15 +0300] "GET /?endhj/x812867.html HTTP/1.1" 200 24967 "-" "Mozilla/5.0 (Linux; Android 6.0.1; Nexus 5X Build/MMB29P) AppleWebKit/537.36 (KHTML, like Gecko) Chrome/145.0.7632.116 Mobile Safari/537.36 (compatible; GoogleOther)"
102.212.247.146 - - [14/Mar/2026:00:11:24 +0300] "POST /wp-cron.php?doing_wp_cron=1773436283.8086330890655517578125 HTTP/1.1" 403 787 "-" "WordPress/6.9.1; https://paltutors.co.uk"
57.141.18.12 - - [14/Mar/2026:00:11:55 +0300] "GET /?ihzgl/x3023543.html HTTP/2" 200 0 "-" "meta-externalagent/1.1 (+https://developers.facebook.com/docs/sharing/webmasters/crawler)"
102.212.247.146 - - [14/Mar/2026:00:13:11 +0300] "POST /wp-cron.php?doing_wp_cron=1773436390.3080649375915527343750 HTTP/1.1" 403 787 "-" "WordPress/6.9.1; https://paltutors.co.uk"
141.98.11.181 - - [14/Mar/2026:00:11:57 +0300] "POST /wp-login.php HTTP/1.1" 200 0 "https://paltutors.co.uk/wp-login.php" "Mozilla/5.0 (Windows NT 6.1; Win64; x64) AppleWebKit/537.36 (KHTML, like Gecko) Chrome/90.0.4430.212 Safari/537.36"
141.98.11.181 - - [14/Mar/2026:00:13:39 +0300] "POST /wp-login.php HTTP/1.1" 200 0 "https://paltutors.co.uk/wp-login.php" "Mozilla/5.0 (Macintosh; Intel Mac OS X 10_15_7; rv:90.0) Gecko/20100101 Firefox/90.0.1"
141.98.11.181 - - [14/Mar/2026:00:15:21 +0300] "POST /wp-login.php HTTP/1.1" 200 0 "https://paltutors.co.uk/wp-login.php" "Mozilla/5.0 (Macintosh; Intel Mac OS X 10_15_7) AppleWebKit/605.1.15 (KHTML, like Gecko) Version/15.0 Safari/605.1.15"
141.98.11.181 - - [14/Mar/2026:00:15:42 +0300] "POST /wp-login.php HTTP/1.1" 200 0 "https://paltutors.co.uk/wp-login.php" "Mozilla/5.0 (Windows NT 10.0; Win64; x64) AppleWebKit/605.1.15 (KHTML, like Gecko) Version/14.0.3 Safari/605.1.15"
102.212.247.146 - - [14/Mar/2026:00:07:59 +0300] "POST /wp-cron.php?doing_wp_cron=1773436079.4252939224243164062500 HTTP/1.1" 403 787 "-" "WordPress/6.9.1; https://paltutors.co.uk"
66.249.66.194 - - [14/Mar/2026:00:08:39 +0300] "GET /?dmfpo/p2053761.html HTTP/1.1" 200 24383 "-" "Mozilla/5.0 (Linux; Android 6.0.1; Nexus 5X Build/MMB29P) AppleWebKit/537.36 (KHTML, like Gecko) Chrome/145.0.7632.116 Mobile Safari/537.36 (compatible; GoogleOther)"
102.212.247.146 - - [14/Mar/2026:00:10:18 +0300] "POST /wp-cron.php?doing_wp_cron=1773436218.1315200328826904296875 HTTP/1.1" 403 787 "-" "WordPress/6.9.1; https://paltutors.co.uk"
66.249.66.34 - - [14/Mar/2026:00:10:23 +0300] "GET /?gaicu/y1006334.html HTTP/1.1" 200 24069 "-" "Mozilla/5.0 (Linux; Android 6.0.1; Nexus 5X Build/MMB29P) AppleWebKit/537.36 (KHTML, like Gecko) Chrome/145.0.7632.116 Mobile Safari/537.36 (compatible; GoogleOther)"
57.141.18.106 - - [14/Mar/2026:00:10:49 +0300] "GET /?hghri/z2966501.html HTTP/2" 200 0 "-" "meta-externalagent/1.1 (+https://developers.facebook.com/docs/sharing/webmasters/crawler)"
141.98.11.181 - - [14/Mar/2026:00:12:58 +0300] "POST /wp-login.php HTTP/1.1" 200 0 "https://paltutors.co.uk/wp-login.php" "Mozilla/5.0 (Macintosh; Intel Mac OS X 10_15_7) AppleWebKit/605.1.15 (KHTML, like Gecko) Version/14.1.2 Safari/605.1.15"
57.141.18.121 - - [14/Mar/2026:00:13:02 +0300] "GET /?ziayl/w1044708.html HTTP/2" 200 0 "-" "meta-externalagent/1.1 (+https://developers.facebook.com/docs/sharing/webmasters/crawler)"
141.98.11.181 - - [14/Mar/2026:00:13:18 +0300] "POST /wp-login.php HTTP/1.1" 200 0 "https://paltutors.co.uk/wp-login.php" "Mozilla/5.0 (Windows NT 10.0; Win64; x64) AppleWebKit/537.36 (KHTML, like Gecko) Chrome/94.0.4606.71 Safari/537.36"
66.249.66.195 - - [14/Mar/2026:00:15:48 +0300] "GET /?mwivd/l1861695.html HTTP/1.1" 200 24030 "-" "Mozilla/5.0 (Linux; Android 6.0.1; Nexus 5X Build/MMB29P) AppleWebKit/537.36 (KHTML, like Gecko) Chrome/145.0.7632.116 Mobile Safari/537.36 (compatible; GoogleOther)"
66.249.66.195 - - [14/Mar/2026:00:17:23 +0300] "GET /?psfmx/n1645585.html HTTP/1.1" 200 25545 "-" "Mozilla/5.0 (Linux; Android 6.0.1; Nexus 5X Build/MMB29P) AppleWebKit/537.36 (KHTML, like Gecko) Chrome/145.0.7632.116 Mobile Safari/537.36 (compatible; GoogleOther)"
66.249.66.194 - - [14/Mar/2026:00:08:13 +0300] "GET /?gmwcn/e1732780.html HTTP/1.1" 200 24862 "-" "Mozilla/5.0 (Linux; Android 6.0.1; Nexus 5X Build/MMB29P) AppleWebKit/537.36 (KHTML, like Gecko) Chrome/145.0.7632.116 Mobile Safari/537.36 (compatible; GoogleOther)"
141.98.11.181 - - [14/Mar/2026:00:08:34 +0300] "POST /wp-login.php HTTP/1.1" 200 0 "https://paltutors.co.uk/wp-login.php" "Mozilla/5.0 (Windows NT 10.0; Win64; x64) AppleWebKit/605.1.15 (KHTML, like Gecko) Version/14.1.1 Safari/605.1.15"
102.212.247.146 - - [14/Mar/2026:00:09:55 +0300] "POST /wp-cron.php?doing_wp_cron=1773436194.1331839561462402343750 HTTP/1.1" 403 787 "-" "WordPress/6.9.1; https://paltutors.co.uk"
141.98.11.181 - - [14/Mar/2026:00:08:14 +0300] "POST /wp-login.php HTTP/1.1" 200 0 "https://paltutors.co.uk/wp-login.php" "Mozilla/5.0 (Macintosh; Intel Mac OS X 10_15_7) AppleWebKit/537.36 (KHTML, like Gecko) Chrome/92.0.4515.131 Safari/537.36"
141.98.11.181 - - [14/Mar/2026:00:09:55 +0300] "POST /wp-login.php HTTP/1.1" 200 0 "https://paltutors.co.uk/wp-login.php" "Mozilla/5.0 (X11; Linux x86_64; rv:89.0) Gecko/20100101 Firefox/89.0.2"
66.249.66.194 - - [14/Mar/2026:00:10:50 +0300] "GET /?asahq/d677335.html HTTP/1.1" 200 24580 "-" "Mozilla/5.0 (Linux; Android 6.0.1; Nexus 5X Build/MMB29P) AppleWebKit/537.36 (KHTML, like Gecko) Chrome/145.0.7632.116 Mobile Safari/537.36 (compatible; GoogleOther)"
141.98.11.181 - - [14/Mar/2026:00:10:56 +0300] "POST /wp-login.php HTTP/1.1" 200 0 "https://paltutors.co.uk/wp-login.php" "Mozilla/5.0 (Windows NT 6.1; Win64; x64) AppleWebKit/537.36 (KHTML, like Gecko) Chrome/94.0.4606.71 Safari/537.36"
141.98.11.181 - - [14/Mar/2026:00:11:16 +0300] "POST /wp-login.php HTTP/1.1" 200 0 "https://paltutors.co.uk/wp-login.php" "Mozilla/5.0 (Windows NT 10.0; Win64; x64) AppleWebKit/605.1.15 (KHTML, like Gecko) Version/14.1 Safari/605.1.15"
141.98.11.181 - - [14/Mar/2026:00:12:38 +0300] "POST /wp-login.php HTTP/1.1" 200 0 "https://paltutors.co.uk/wp-login.php" "Mozilla/5.0 (Windows NT 10.0; Win64; x64; rv:93.0) Gecko/20100101 Firefox/93.0"
141.98.11.181 - - [14/Mar/2026:00:13:59 +0300] "POST /wp-login.php HTTP/1.1" 200 0 "https://paltutors.co.uk/wp-login.php" "Mozilla/5.0 (Windows NT 10.0; Win64; x64) AppleWebKit/605.1.15 (KHTML, like Gecko) Version/15.0 Safari/605.1.15"
141.98.11.181 - - [14/Mar/2026:00:14:19 +0300] "POST /wp-login.php HTTP/1.1" 200 0 "https://paltutors.co.uk/wp-login.php" "Mozilla/5.0 (Macintosh; Intel Mac OS X 10_15_7) AppleWebKit/605.1.15 (KHTML, like Gecko) Version/14.0.3 Safari/605.1.15"
66.249.66.194 - - [14/Mar/2026:00:16:28 +0300] "GET /?rjpbc/v2309503.html HTTP/1.1" 200 25673 "-" "Mozilla/5.0 (Linux; Android 6.0.1; Nexus 5X Build/MMB29P) AppleWebKit/537.36 (KHTML, like Gecko) Chrome/145.0.7632.116 Mobile Safari/537.36 (compatible; GoogleOther)"
57.141.18.87 - - [14/Mar/2026:00:16:22 +0300] "GET /?tnjcb/x1524565.html HTTP/2" 200 0 "-" "meta-externalagent/1.1 (+https://developers.facebook.com/docs/sharing/webmasters/crawler)"
66.249.66.195 - - [14/Mar/2026:00:16:56 +0300] "GET /?kzcew/h2332655.html HTTP/1.1" 200 24250 "-" "Mozilla/5.0 (Linux; Android 6.0.1; Nexus 5X Build/MMB29P) AppleWebKit/537.36 (KHTML, like Gecko) Chrome/145.0.7632.116 Mobile Safari/537.36 (compatible; Googlebot/2.1; +http://www.google.com/bot.html)"
66.249.66.194 - - [14/Mar/2026:00:17:03 +0300] "GET /?ydwyu/b2191755.html HTTP/1.1" 200 24191 "-" "Mozilla/5.0 (Linux; Android 6.0.1; Nexus 5X Build/MMB29P) AppleWebKit/537.36 (KHTML, like Gecko) Chrome/145.0.7632.116 Mobile Safari/537.36 (compatible; GoogleOther)"
66.249.66.194 - - [14/Mar/2026:00:09:29 +0300] "GET /?vbqyn/n2707321.html HTTP/1.1" 200 24470 "-" "Mozilla/5.0 (Linux; Android 6.0.1; Nexus 5X Build/MMB29P) AppleWebKit/537.36 (KHTML, like Gecko) Chrome/145.0.7632.116 Mobile Safari/537.36 (compatible; GoogleOther)"
106.227.49.113 - - [14/Mar/2026:00:08:31 +0300] "GET / HTTP/1.1" 200 198 "http://www.paltutors.co.uk" "Mozilla/5.0 (iPhone; CPU iPhone OS 13_2_3 like Mac OS X) AppleWebKit/605.1.15 (KHTML, like Gecko) Version/13.0.3 Mobile/15E148 Safari/604.1"
66.249.66.195 - - [14/Mar/2026:00:09:57 +0300] "GET /?tcsuh/e447054.html HTTP/1.1" 200 24568 "-" "Mozilla/5.0 (Linux; Android 6.0.1; Nexus 5X Build/MMB29P) AppleWebKit/537.36 (KHTML, like Gecko) Chrome/145.0.7632.116 Mobile Safari/537.36 (compatible; GoogleOther)"
141.98.11.181 - - [14/Mar/2026:00:11:37 +0300] "POST /wp-login.php HTTP/1.1" 200 0 "https://paltutors.co.uk/wp-login.php" "Mozilla/5.0 (Windows NT 6.1; Win64; x64) AppleWebKit/537.36 (KHTML, like Gecko) Chrome/91.0.4472.124 Safari/537.36"
66.249.66.194 - - [14/Mar/2026:00:13:16 +0300] "GET /?bxecc/y706034.html HTTP/1.1" 200 24507 "-" "Mozilla/5.0 (Linux; Android 6.0.1; Nexus 5X Build/MMB29P) AppleWebKit/537.36 (KHTML, like Gecko) Chrome/145.0.7632.116 Mobile Safari/537.36 (compatible; GoogleOther)"
57.141.18.78 - - [14/Mar/2026:00:08:35 +0300] "GET /?ywadm/f571647.html HTTP/2" 200 0 "-" "meta-externalagent/1.1 (+https://developers.facebook.com/docs/sharing/webmasters/crawler)"
141.98.11.181 - - [14/Mar/2026:00:10:16 +0300] "POST /wp-login.php HTTP/1.1" 200 0 "https://paltutors.co.uk/wp-login.php" "Mozilla/5.0 (Macintosh; Intel Mac OS X 10_15_7) AppleWebKit/537.36 (KHTML, like Gecko) Chrome/93.0.4577.63 Safari/537.36"
66.249.66.195 - - [14/Mar/2026:00:10:45 +0300] "GET /?stmmi/a1345298.html HTTP/1.1" 200 24802 "-" "Mozilla/5.0 (Linux; Android 6.0.1; Nexus 5X Build/MMB29P) AppleWebKit/537.36 (KHTML, like Gecko) Chrome/145.0.7632.116 Mobile Safari/537.36 (compatible; GoogleOther)"
66.249.66.32 - - [14/Mar/2026:00:12:02 +0300] "GET /?rmmky/b1141225.html HTTP/1.1" 200 24809 "-" "Mozilla/5.0 (Linux; Android 6.0.1; Nexus 5X Build/MMB29P) AppleWebKit/537.36 (KHTML, like Gecko) Chrome/145.0.7632.116 Mobile Safari/537.36 (compatible; GoogleOther)"
57.141.18.111 - - [14/Mar/2026:00:14:08 +0300] "GET /?pywgk/c2294222.html HTTP/2" 200 0 "-" "meta-externalagent/1.1 (+https://developers.facebook.com/docs/sharing/webmasters/crawler)"
57.141.18.74 - - [14/Mar/2026:00:15:15 +0300] "GET /?cacwk/x3029081.html HTTP/2" 200 0 "-" "meta-externalagent/1.1 (+https://developers.facebook.com/docs/sharing/webmasters/crawler)"
66.249.66.194 - - [14/Mar/2026:00:16:02 +0300] "GET /?xzgkp/z2410023.html HTTP/1.1" 200 24269 "-" "Mozilla/5.0 (Linux; Android 6.0.1; Nexus 5X Build/MMB29P) AppleWebKit/537.36 (KHTML, like Gecko) Chrome/145.0.7632.116 Mobile Safari/537.36 (compatible; GoogleOther)"
102.212.247.146 - - [14/Mar/2026:00:16:07 +0300] "POST /wp-cron.php?doing_wp_cron=1773436566.8409049510955810546875 HTTP/1.1" 403 787 "-" "WordPress/6.9.1; https://paltutors.co.uk"
66.249.66.14 - - [14/Mar/2026:00:16:55 +0300] "GET /?nydqy/a1769748.html HTTP/1.1" 200 25549 "-" "Mozilla/5.0 (Linux; Android 6.0.1; Nexus 5X Build/MMB29P) AppleWebKit/537.36 (KHTML, like Gecko) Chrome/145.0.7632.116 Mobile Safari/537.36 (compatible; GoogleOther)"
141.98.11.181 - - [14/Mar/2026:00:16:44 +0300] "POST /wp-login.php HTTP/1.1" 200 0 "https://paltutors.co.uk/wp-login.php" "Mozilla/5.0 (Windows NT 6.1; Win64; x64) AppleWebKit/537.36 (KHTML, like Gecko) Chrome/90.0.4430.212 Safari/537.36"
141.98.11.181 - - [14/Mar/2026:00:17:04 +0300] "POST /wp-login.php HTTP/1.1" 200 0 "https://paltutors.co.uk/wp-login.php" "Mozilla/5.0 (Macintosh; Intel Mac OS X 10_15_7) AppleWebKit/605.1.15 (KHTML, like Gecko) Version/14.0.3 Safari/605.1.15"
24.199.120.99 - - [14/Mar/2026:00:10:38 +0300] "GET //cms/wp-includes/wlwmanifest.xml HTTP/1.1" 200 141976 "-" "Mozilla/5.0 (Windows NT 10.0; Win64; x64) AppleWebKit/537.36 (KHTML, like Gecko) Chrome/80.0.3987.149 Safari/537.36"
24.199.120.99 - - [14/Mar/2026:00:10:39 +0300] "GET //sito/wp-includes/wlwmanifest.xml HTTP/1.1" 200 141978 "-" "Mozilla/5.0 (Windows NT 10.0; Win64; x64) AppleWebKit/537.36 (KHTML, like Gecko) Chrome/80.0.3987.149 Safari/537.36"
141.98.11.181 - - [14/Mar/2026:00:10:36 +0300] "POST /wp-login.php HTTP/1.1" 200 0 "https://paltutors.co.uk/wp-login.php" "Mozilla/5.0 (Windows NT 6.1; Win64; x64) AppleWebKit/537.36 (KHTML, like Gecko) Chrome/91.0.4472.124 Safari/537.36"
102.212.247.146 - - [14/Mar/2026:00:14:11 +0300] "POST /wp-cron.php?doing_wp_cron=1773436450.6453180313110351562500 HTTP/1.1" 403 787 "-" "WordPress/6.9.1; https://paltutors.co.uk"
141.98.11.181 - - [14/Mar/2026:00:16:04 +0300] "POST /wp-login.php HTTP/1.1" 200 0 "https://paltutors.co.uk/wp-login.php" "Mozilla/5.0 (Macintosh; Intel Mac OS X 10_15_7) AppleWebKit/605.1.15 (KHTML, like Gecko) Version/15.0 Safari/605.1.15"
141.98.11.181 - - [14/Mar/2026:00:16:24 +0300] "POST /wp-login.php HTTP/1.1" 200 0 "https://paltutors.co.uk/wp-login.php" "Mozilla/5.0 (X11; Linux x86_64) AppleWebKit/537.36 (KHTML, like Gecko) Chrome/90.0.4430.212 Safari/537.36"
44.247.146.28 - - [14/Mar/2026:00:17:26 +0300] "GET /?rnd=1773436640096 HTTP/2" 200 0 "http://paltutors.co.uk/?rnd=1773436640096" "GoDaddy-UptimeMonitoring"
66.249.66.194 - - [14/Mar/2026:00:18:13 +0300] "GET /?fbyea/m2441496.html HTTP/1.1" 200 24542 "-" "Mozilla/5.0 (Linux; Android 6.0.1; Nexus 5X Build/MMB29P) AppleWebKit/537.36 (KHTML, like Gecko) Chrome/145.0.7632.116 Mobile Safari/537.36 (compatible; GoogleOther)"
66.249.66.194 - - [14/Mar/2026:00:18:16 +0300] "GET /?aoykq/z2415093.html HTTP/1.1" 200 24382 "-" "Mozilla/5.0 (Linux; Android 6.0.1; Nexus 5X Build/MMB29P) AppleWebKit/537.36 (KHTML, like Gecko) Chrome/145.0.7632.116 Mobile Safari/537.36 (compatible; GoogleOther)"
102.212.247.146 - - [14/Mar/2026:00:18:39 +0300] "POST /wp-cron.php?doing_wp_cron=1773436719.4083631038665771484375 HTTP/1.1" 403 787 "-" "WordPress/6.9.1; https://paltutors.co.uk"
102.212.247.146 - - [14/Mar/2026:00:18:41 +0300] "POST /wp-cron.php?doing_wp_cron=1773436720.0079340934753417968750 HTTP/1.1" 403 787 "-" "WordPress/6.9.1; https://paltutors.co.uk"
66.249.66.194 - - [14/Mar/2026:00:17:47 +0300] "GET /?tfoae/k1901864.html HTTP/1.1" 200 24278 "-" "Mozilla/5.0 (Linux; Android 6.0.1; Nexus 5X Build/MMB29P) AppleWebKit/537.36 (KHTML, like Gecko) Chrome/145.0.7632.116 Mobile Safari/537.36 (compatible; GoogleOther)"
57.141.18.100 - - [14/Mar/2026:00:17:29 +0300] "GET /?qwjlx/c792046.html HTTP/2" 200 0 "-" "meta-externalagent/1.1 (+https://developers.facebook.com/docs/sharing/webmasters/crawler)"
35.162.140.124 - - [14/Mar/2026:00:16:56 +0300] "GET /?rnd=1773436610069 HTTP/1.1" 200 71930 "http://paltutors.co.uk/?rnd=1773436610069" "GoDaddy-UptimeMonitoring"
18.236.226.129 - - [14/Mar/2026:00:18:56 +0300] "GET /?rnd=1773436730385 HTTP/2" 200 0 "http://www.paltutors.co.uk/?rnd=1773436730385" "GoDaddy-UptimeMonitoring"
141.98.11.181 - - [14/Mar/2026:00:19:07 +0300] "POST /wp-login.php HTTP/1.1" 200 0 "https://paltutors.co.uk/wp-login.php" "Mozilla/5.0 (Windows NT 6.1; Win64; x64) AppleWebKit/537.36 (KHTML, like Gecko) Chrome/92.0.4515.131 Safari/537.36"
66.249.66.64 - - [14/Mar/2026:00:19:32 +0300] "GET /?chyra/a1149986.html HTTP/1.1" 200 24364 "-" "Mozilla/5.0 (Linux; Android 6.0.1; Nexus 5X Build/MMB29P) AppleWebKit/537.36 (KHTML, like Gecko) Chrome/145.0.7632.116 Mobile Safari/537.36 (compatible; GoogleOther)"
102.212.247.146 - - [14/Mar/2026:00:19:36 +0300] "POST /wp-cron.php?doing_wp_cron=1773436776.1117820739746093750000 HTTP/1.1" 403 787 "-" "WordPress/6.9.1; https://paltutors.co.uk"
57.141.18.74 - - [14/Mar/2026:00:19:42 +0300] "GET /?curuc/d1477589.html HTTP/2" 200 0 "-" "meta-externalagent/1.1 (+https://developers.facebook.com/docs/sharing/webmasters/crawler)"
102.212.247.146 - - [14/Mar/2026:00:20:42 +0300] "POST /wp-cron.php?doing_wp_cron=1773436842.4301970005035400390625 HTTP/1.1" 403 787 "-" "WordPress/6.9.1; https://paltutors.co.uk"
66.249.66.194 - - [14/Mar/2026:00:20:49 +0300] "GET /?onmuq/l1954671.html HTTP/1.1" 200 24329 "-" "Mozilla/5.0 (Linux; Android 6.0.1; Nexus 5X Build/MMB29P) AppleWebKit/537.36 (KHTML, like Gecko) Chrome/145.0.7632.116 Mobile Safari/537.36 (compatible; GoogleOther)"
66.249.66.194 - - [14/Mar/2026:00:20:50 +0300] "GET /?spdoc/v1407667.html HTTP/1.1" 200 25586 "-" "Mozilla/5.0 (Linux; Android 6.0.1; Nexus 5X Build/MMB29P) AppleWebKit/537.36 (KHTML, like Gecko) Chrome/145.0.7632.116 Mobile Safari/537.36 (compatible; GoogleOther)"
57.141.18.118 - - [14/Mar/2026:00:20:49 +0300] "GET /?ioequ/f272595.html HTTP/2" 200 0 "-" "meta-externalagent/1.1 (+https://developers.facebook.com/docs/sharing/webmasters/crawler)"
66.249.66.196 - - [14/Mar/2026:00:21:15 +0300] "GET /?cftes/d924413.html HTTP/1.1" 200 25008 "-" "Mozilla/5.0 (Linux; Android 6.0.1; Nexus 5X Build/MMB29P) AppleWebKit/537.36 (KHTML, like Gecko) Chrome/145.0.7632.116 Mobile Safari/537.36 (compatible; GoogleOther)"
66.249.66.194 - - [14/Mar/2026:00:22:34 +0300] "GET /?dpwkm/m1544912.html HTTP/1.1" 200 24476 "-" "Mozilla/5.0 (Linux; Android 6.0.1; Nexus 5X Build/MMB29P) AppleWebKit/537.36 (KHTML, like Gecko) Chrome/145.0.7632.116 Mobile Safari/537.36 (compatible; GoogleOther)"
102.212.247.146 - - [14/Mar/2026:00:19:58 +0300] "POST /wp-cron.php?doing_wp_cron=1773436797.9490320682525634765625 HTTP/1.1" 403 787 "-" "WordPress/6.9.1; https://paltutors.co.uk"
141.98.11.181 - - [14/Mar/2026:00:20:49 +0300] "POST /wp-login.php HTTP/1.1" 200 0 "https://paltutors.co.uk/wp-login.php" "Mozilla/5.0 (Windows NT 10.0; Win64; x64) AppleWebKit/537.36 (KHTML, like Gecko) Chrome/90.0.4430.212 Safari/537.36"
66.249.66.34 - - [14/Mar/2026:00:20:23 +0300] "GET /?mtjqh/a2059232.html HTTP/1.1" 200 25530 "-" "Mozilla/5.0 (Linux; Android 6.0.1; Nexus 5X Build/MMB29P) AppleWebKit/537.36 (KHTML, like Gecko) Chrome/145.0.7632.116 Mobile Safari/537.36 (compatible; GoogleOther)"
141.98.11.181 - - [14/Mar/2026:00:21:09 +0300] "POST /wp-login.php HTTP/1.1" 200 0 "https://paltutors.co.uk/wp-login.php" "Mozilla/5.0 (Windows NT 10.0; Win64; x64; rv:89.0) Gecko/20100101 Firefox/89.0.2"
66.249.66.169 - - [14/Mar/2026:00:21:41 +0300] "GET /?jhrix/i2435850.html HTTP/1.1" 200 24688 "-" "Mozilla/5.0 (Linux; Android 6.0.1; Nexus 5X Build/MMB29P) AppleWebKit/537.36 (KHTML, like Gecko) Chrome/145.0.7632.116 Mobile Safari/537.36 (compatible; GoogleOther)"
141.98.11.181 - - [14/Mar/2026:00:22:10 +0300] "POST /wp-login.php HTTP/1.1" 200 0 "https://paltutors.co.uk/wp-login.php" "Mozilla/5.0 (Windows NT 6.1; Win64; x64) AppleWebKit/537.36 (KHTML, like Gecko) Chrome/92.0.4515.131 Safari/537.36"
141.98.11.181 - - [14/Mar/2026:00:17:25 +0300] "POST /wp-login.php HTTP/1.1" 200 0 "https://paltutors.co.uk/wp-login.php" "Mozilla/5.0 (Macintosh; Intel Mac OS X 10_15_7) AppleWebKit/605.1.15 (KHTML, like Gecko) Version/14.1.1 Safari/605.1.15"
66.249.66.195 - - [14/Mar/2026:00:18:20 +0300] "GET /?fpqjx/n2866337.html HTTP/1.1" 200 25089 "-" "Mozilla/5.0 (Linux; Android 6.0.1; Nexus 5X Build/MMB29P) AppleWebKit/537.36 (KHTML, like Gecko) Chrome/145.0.7632.116 Mobile Safari/537.36 (compatible; GoogleOther)"
66.249.66.168 - - [14/Mar/2026:00:19:05 +0300] "GET /?plbdc/a1812440.html HTTP/1.1" 200 24660 "-" "Mozilla/5.0 (Linux; Android 6.0.1; Nexus 5X Build/MMB29P) AppleWebKit/537.36 (KHTML, like Gecko) Chrome/145.0.7632.116 Mobile Safari/537.36 (compatible; GoogleOther)"
102.212.247.146 - - [14/Mar/2026:00:19:33 +0300] "POST /wp-cron.php?doing_wp_cron=1773436772.9314570426940917968750 HTTP/1.1" 403 787 "-" "WordPress/6.9.1; https://paltutors.co.uk"
141.98.11.181 - - [14/Mar/2026:00:17:45 +0300] "POST /wp-login.php HTTP/1.1" 200 0 "https://paltutors.co.uk/wp-login.php" "Mozilla/5.0 (Macintosh; Intel Mac OS X 10_15_7) AppleWebKit/537.36 (KHTML, like Gecko) Chrome/90.0.4430.212 Safari/537.36"
141.98.11.181 - - [14/Mar/2026:00:18:06 +0300] "POST /wp-login.php HTTP/1.1" 200 0 "https://paltutors.co.uk/wp-login.php" "Mozilla/5.0 (Windows NT 6.1; Win64; x64) AppleWebKit/537.36 (KHTML, like Gecko) Chrome/92.0.4515.131 Safari/537.36"
66.249.66.194 - - [14/Mar/2026:00:18:39 +0300] "GET /?zyoaq/n2328267.html HTTP/1.1" 200 24546 "-" "Mozilla/5.0 (Linux; Android 6.0.1; Nexus 5X Build/MMB29P) AppleWebKit/537.36 (KHTML, like Gecko) Chrome/145.0.7632.116 Mobile Safari/537.36 (compatible; GoogleOther)"
141.98.11.181 - - [14/Mar/2026:00:18:47 +0300] "POST /wp-login.php HTTP/1.1" 200 0 "https://paltutors.co.uk/wp-login.php" "Mozilla/5.0 (Macintosh; Intel Mac OS X 10_15_7) AppleWebKit/605.1.15 (KHTML, like Gecko) Version/14.1.2 Safari/605.1.15"
102.212.247.146 - - [14/Mar/2026:00:19:14 +0300] "POST /wp-cron.php?doing_wp_cron=1773436754.2665889263153076171875 HTTP/1.1" 403 787 "-" "WordPress/6.9.1; https://paltutors.co.uk"
35.162.140.124 - - [14/Mar/2026:00:18:26 +0300] "GET /?rnd=1773436700317 HTTP/1.1" 200 198 "http://www.paltutors.co.uk/?rnd=1773436700317" "GoDaddy-UptimeMonitoring"
141.98.11.181 - - [14/Mar/2026:00:18:26 +0300] "POST /wp-login.php HTTP/1.1" 200 0 "https://paltutors.co.uk/wp-login.php" "Mozilla/5.0 (X11; Linux x86_64) AppleWebKit/537.36 (KHTML, like Gecko) Chrome/90.0.4430.212 Safari/537.36"
66.249.66.32 - - [14/Mar/2026:00:19:35 +0300] "GET /?huoqv/o1564024.html HTTP/1.1" 200 24114 "-" "Mozilla/5.0 (Linux; Android 6.0.1; Nexus 5X Build/MMB29P) AppleWebKit/537.36 (KHTML, like Gecko) Chrome/145.0.7632.116 Mobile Safari/537.36 (compatible; GoogleOther)"
57.141.18.105 - - [14/Mar/2026:00:18:35 +0300] "GET /?qfzom/f903927.html HTTP/2" 200 0 "-" "meta-externalagent/1.1 (+https://developers.facebook.com/docs/sharing/webmasters/crawler)"
102.212.247.146 - - [14/Mar/2026:00:19:26 +0300] "POST /wp-cron.php?doing_wp_cron=1773436766.1216120719909667968750 HTTP/1.1" 403 787 "-" "WordPress/6.9.1; https://paltutors.co.uk"
141.98.11.181 - - [14/Mar/2026:00:19:27 +0300] "POST /wp-login.php HTTP/1.1" 200 0 "https://paltutors.co.uk/wp-login.php" "Mozilla/5.0 (Windows NT 6.1; Win64; x64) AppleWebKit/537.36 (KHTML, like Gecko) Chrome/92.0.4515.131 Safari/537.36"
3.218.31.131 - - [14/Mar/2026:00:17:56 +0300] "GET /?rnd=1773436670275 HTTP/2" 200 0 "http://paltutors.co.uk/?rnd=1773436670275" "GoDaddy-UptimeMonitoring"
54.162.61.185 - - [14/Mar/2026:00:19:26 +0300] "GET /?rnd=1773436760563 HTTP/2" 200 0 "http://www.paltutors.co.uk/?rnd=1773436760563" "GoDaddy-UptimeMonitoring"
141.98.11.181 - - [14/Mar/2026:00:19:48 +0300] "POST /wp-login.php HTTP/1.1" 200 0 "https://paltutors.co.uk/wp-login.php" "Mozilla/5.0 (Windows NT 10.0; Win64; x64) AppleWebKit/537.36 (KHTML, like Gecko) Chrome/91.0.4472.124 Safari/537.36"
141.98.11.181 - - [14/Mar/2026:00:21:49 +0300] "POST /wp-login.php HTTP/1.1" 200 0 "https://paltutors.co.uk/wp-login.php" "Mozilla/5.0 (Macintosh; Intel Mac OS X 10_15_7) AppleWebKit/605.1.15 (KHTML, like Gecko) Version/14.1.2 Safari/605.1.15"
66.249.66.14 - - [14/Mar/2026:00:22:06 +0300] "GET /?txawg/h1960049.html HTTP/1.1" 200 24616 "-" "Mozilla/5.0 (Linux; Android 6.0.1; Nexus 5X Build/MMB29P) AppleWebKit/537.36 (KHTML, like Gecko) Chrome/145.0.7632.116 Mobile Safari/537.36 (compatible; GoogleOther)"
66.249.66.32 - - [14/Mar/2026:00:22:08 +0300] "GET /?rcmxm/u1739634.html HTTP/1.1" 200 24336 "-" "Mozilla/5.0 (Linux; Android 6.0.1; Nexus 5X Build/MMB29P) AppleWebKit/537.36 (KHTML, like Gecko) Chrome/145.0.7632.116 Mobile Safari/537.36 (compatible; GoogleOther)"
141.98.11.181 - - [14/Mar/2026:00:22:30 +0300] "POST /wp-login.php HTTP/1.1" 200 0 "https://paltutors.co.uk/wp-login.php" "Mozilla/5.0 (Macintosh; Intel Mac OS X 10_15_7; rv:90.0) Gecko/20100101 Firefox/90.0.1"
141.98.11.181 - - [14/Mar/2026:00:20:08 +0300] "POST /wp-login.php HTTP/1.1" 200 0 "https://paltutors.co.uk/wp-login.php" "Mozilla/5.0 (Macintosh; Intel Mac OS X 10_15_7) AppleWebKit/537.36 (KHTML, like Gecko) Chrome/93.0.4577.63 Safari/537.36"
141.98.11.181 - - [14/Mar/2026:00:21:29 +0300] "POST /wp-login.php HTTP/1.1" 200 0 "https://paltutors.co.uk/wp-login.php" "Mozilla/5.0 (Macintosh; Intel Mac OS X 10_15_7) AppleWebKit/537.36 (KHTML, like Gecko) Chrome/91.0.4472.124 Safari/537.36"
57.141.18.77 - - [14/Mar/2026:00:21:55 +0300] "GET /?roayk/o809556.html HTTP/2" 200 0 "-" "meta-externalagent/1.1 (+https://developers.facebook.com/docs/sharing/webmasters/crawler)"
141.98.11.181 - - [14/Mar/2026:00:20:28 +0300] "POST /wp-login.php HTTP/1.1" 200 0 "https://paltutors.co.uk/wp-login.php" "Mozilla/5.0 (Windows NT 10.0; Win64; x64; rv:89.0) Gecko/20100101 Firefox/89.0.2"
102.212.247.146 - - [14/Mar/2026:00:22:40 +0300] "POST /wp-cron.php?doing_wp_cron=1773436959.7162580490112304687500 HTTP/1.1" 403 787 "-" "WordPress/6.9.1; https://paltutors.co.uk"
66.249.66.194 - - [14/Mar/2026:00:19:57 +0300] "GET /?vgazb/o420778.html HTTP/1.1" 200 25021 "-" "Mozilla/5.0 (Linux; Android 6.0.1; Nexus 5X Build/MMB29P) AppleWebKit/537.36 (KHTML, like Gecko) Chrome/145.0.7632.116 Mobile Safari/537.36 (compatible; GoogleOther)"
102.212.247.146 - - [14/Mar/2026:00:20:28 +0300] "POST /wp-cron.php?doing_wp_cron=1773436827.9114840030670166015625 HTTP/1.1" 403 787 "-" "WordPress/6.9.1; https://paltutors.co.uk"
57.141.18.19 - - [14/Mar/2026:00:23:02 +0300] "GET /?dublg/k326472.html HTTP/2" 200 0 "-" "meta-externalagent/1.1 (+https://developers.facebook.com/docs/sharing/webmasters/crawler)"
141.98.11.181 - - [14/Mar/2026:00:23:31 +0300] "POST /wp-login.php HTTP/1.1" 200 0 "https://paltutors.co.uk/wp-login.php" "Mozilla/5.0 (X11; Linux x86_64) AppleWebKit/537.36 (KHTML, like Gecko) Chrome/92.0.4515.131 Safari/537.36"
66.249.66.194 - - [14/Mar/2026:00:26:03 +0300] "GET /?xmpgz/a1635640.html HTTP/1.1" 200 23940 "-" "Mozilla/5.0 (Linux; Android 6.0.1; Nexus 5X Build/MMB29P) AppleWebKit/537.36 (KHTML, like Gecko) Chrome/145.0.7632.116 Mobile Safari/537.36 (compatible; GoogleOther)"
66.249.66.196 - - [14/Mar/2026:00:26:29 +0300] "GET /?vblnx/p705167.html HTTP/1.1" 200 24468 "-" "Mozilla/5.0 (Linux; Android 6.0.1; Nexus 5X Build/MMB29P) AppleWebKit/537.36 (KHTML, like Gecko) Chrome/145.0.7632.116 Mobile Safari/537.36 (compatible; GoogleOther)"
57.141.18.69 - - [14/Mar/2026:00:26:24 +0300] "GET /?gbnap/h1046253.html HTTP/2" 200 481 "-" "meta-externalagent/1.1 (+https://developers.facebook.com/docs/sharing/webmasters/crawler)"
66.249.66.194 - - [14/Mar/2026:00:27:47 +0300] "GET /?jejob/l3023973.html HTTP/1.1" 200 25007 "-" "Mozilla/5.0 (Linux; Android 6.0.1; Nexus 5X Build/MMB29P) AppleWebKit/537.36 (KHTML, like Gecko) Chrome/145.0.7632.116 Mobile Safari/537.36 (compatible; GoogleOther)"
57.141.18.15 - - [14/Mar/2026:00:28:00 +0300] "GET /?zhizi/c105594.html HTTP/2" 200 0 "-" "meta-externalagent/1.1 (+https://developers.facebook.com/docs/sharing/webmasters/crawler)"
57.141.18.104 - - [14/Mar/2026:00:28:11 +0300] "GET /?kjkvf/l1413689.html HTTP/2" 200 0 "-" "meta-externalagent/1.1 (+https://developers.facebook.com/docs/sharing/webmasters/crawler)"
66.249.66.194 - - [14/Mar/2026:00:28:39 +0300] "GET /?utlrs/g938664.html HTTP/1.1" 200 24430 "-" "Mozilla/5.0 (Linux; Android 6.0.1; Nexus 5X Build/MMB29P) AppleWebKit/537.36 (KHTML, like Gecko) Chrome/145.0.7632.116 Mobile Safari/537.36 (compatible; GoogleOther)"
102.212.247.146 - - [14/Mar/2026:00:29:19 +0300] "POST /wp-cron.php?doing_wp_cron=1773437359.1398780345916748046875 HTTP/1.1" 403 787 "-" "WordPress/6.9.1; https://paltutors.co.uk"
57.141.18.32 - - [14/Mar/2026:00:29:03 +0300] "GET /?zjrgr/j3010763.html HTTP/2" 200 0 "-" "meta-externalagent/1.1 (+https://developers.facebook.com/docs/sharing/webmasters/crawler)"
66.249.66.194 - - [14/Mar/2026:00:29:31 +0300] "GET /?niyzt/j2773773.html HTTP/1.1" 200 25486 "-" "Mozilla/5.0 (Linux; Android 6.0.1; Nexus 5X Build/MMB29P) AppleWebKit/537.36 (KHTML, like Gecko) Chrome/145.0.7632.116 Mobile Safari/537.36 (compatible; GoogleOther)"
57.141.18.51 - - [14/Mar/2026:00:30:17 +0300] "GET /?ldhrj/o2436194.html HTTP/2" 200 0 "-" "meta-externalagent/1.1 (+https://developers.facebook.com/docs/sharing/webmasters/crawler)"
141.98.11.181 - - [14/Mar/2026:00:30:38 +0300] "POST /wp-login.php HTTP/1.1" 200 0 "https://paltutors.co.uk/wp-login.php" "Mozilla/5.0 (Windows NT 10.0; Win64; x64; rv:91.0) Gecko/20100101 Firefox/91.0"
141.98.11.181 - - [14/Mar/2026:00:30:58 +0300] "POST /wp-login.php HTTP/1.1" 200 0 "https://paltutors.co.uk/wp-login.php" "Mozilla/5.0 (Windows NT 10.0; Win64; x64; rv:90.0) Gecko/20100101 Firefox/90.0.1"
141.98.11.181 - - [14/Mar/2026:00:31:18 +0300] "POST /wp-login.php HTTP/1.1" 200 0 "https://paltutors.co.uk/wp-login.php" "Mozilla/5.0 (Windows NT 10.0; Win64; x64) AppleWebKit/605.1.15 (KHTML, like Gecko) Version/14.1 Safari/605.1.15"
57.141.18.11 - - [14/Mar/2026:00:31:20 +0300] "GET /?odkph/j2278837.html HTTP/2" 200 0 "-" "meta-externalagent/1.1 (+https://developers.facebook.com/docs/sharing/webmasters/crawler)"
57.141.18.100 - - [14/Mar/2026:00:31:41 +0300] "GET /?ecpap/x2089441.html HTTP/2" 200 0 "-" "meta-externalagent/1.1 (+https://developers.facebook.com/docs/sharing/webmasters/crawler)"
66.249.66.32 - - [14/Mar/2026:00:23:00 +0300] "GET /?fnikv/p1817941.html HTTP/1.1" 200 24640 "-" "Mozilla/5.0 (Linux; Android 6.0.1; Nexus 5X Build/MMB29P) AppleWebKit/537.36 (KHTML, like Gecko) Chrome/145.0.7632.116 Mobile Safari/537.36 (compatible; GoogleOther)"
66.249.66.195 - - [14/Mar/2026:00:23:21 +0300] "GET /?rnlms/l2504233.html HTTP/1.1" 200 25614 "-" "Mozilla/5.0 (Linux; Android 6.0.1; Nexus 5X Build/MMB29P) AppleWebKit/537.36 (KHTML, like Gecko) Chrome/145.0.7632.116 Mobile Safari/537.36 (compatible; GoogleOther)"
66.249.66.32 - - [14/Mar/2026:00:23:26 +0300] "GET /?dtfhb/m2367136.html HTTP/1.1" 200 24070 "-" "Mozilla/5.0 (Linux; Android 6.0.1; Nexus 5X Build/MMB29P) AppleWebKit/537.36 (KHTML, like Gecko) Chrome/145.0.7632.116 Mobile Safari/537.36 (compatible; GoogleOther)"
57.141.18.46 - - [14/Mar/2026:00:25:15 +0300] "GET /?bfcvm/b2974979.html HTTP/2" 200 481 "-" "meta-externalagent/1.1 (+https://developers.facebook.com/docs/sharing/webmasters/crawler)"
57.141.18.5 - - [14/Mar/2026:00:25:55 +0300] "GET /?anunq/v1108407.html HTTP/2" 200 481 "-" "meta-externalagent/1.1 (+https://developers.facebook.com/docs/sharing/webmasters/crawler)"
141.98.11.181 - - [14/Mar/2026:00:26:54 +0300] "POST /wp-login.php HTTP/1.1" 200 0 "https://paltutors.co.uk/wp-login.php" "Mozilla/5.0 (Windows NT 10.0; Win64; x64) AppleWebKit/537.36 (KHTML, like Gecko) Chrome/92.0.4515.131 Safari/537.36"
141.98.11.181 - - [14/Mar/2026:00:27:14 +0300] "POST /wp-login.php HTTP/1.1" 200 0 "https://paltutors.co.uk/wp-login.php" "Mozilla/5.0 (X11; Linux x86_64) AppleWebKit/537.36 (KHTML, like Gecko) Chrome/91.0.4472.124 Safari/537.36"
102.212.247.146 - - [14/Mar/2026:00:28:19 +0300] "POST /wp-cron.php?doing_wp_cron=1773437299.1263279914855957031250 HTTP/1.1" 403 787 "-" "WordPress/6.9.1; https://paltutors.co.uk"
66.249.66.195 - - [14/Mar/2026:00:28:24 +0300] "GET /?wjznq/s2711694.html HTTP/1.1" 200 24918 "-" "Mozilla/5.0 (Linux; Android 6.0.1; Nexus 5X Build/MMB29P) AppleWebKit/537.36 (KHTML, like Gecko) Chrome/145.0.7632.116 Mobile Safari/537.36 (compatible; GoogleOther)"
141.98.11.181 - - [14/Mar/2026:00:28:16 +0300] "POST /wp-login.php HTTP/1.1" 200 0 "https://paltutors.co.uk/wp-login.php" "Mozilla/5.0 (Macintosh; Intel Mac OS X 10_15_7) AppleWebKit/605.1.15 (KHTML, like Gecko) Version/14.1 Safari/605.1.15"
141.98.11.181 - - [14/Mar/2026:00:28:36 +0300] "POST /wp-login.php HTTP/1.1" 200 0 "https://paltutors.co.uk/wp-login.php" "Mozilla/5.0 (Windows NT 10.0; Win64; x64) AppleWebKit/605.1.15 (KHTML, like Gecko) Version/14.0.3 Safari/605.1.15"
57.141.18.113 - - [14/Mar/2026:00:29:45 +0300] "GET /?kaicv/p799131.html HTTP/2" 200 0 "-" "meta-externalagent/1.1 (+https://developers.facebook.com/docs/sharing/webmasters/crawler)"
66.249.66.195 - - [14/Mar/2026:00:30:23 +0300] "GET /?skfsh/n1067839.html HTTP/1.1" 200 25113 "-" "Mozilla/5.0 (Linux; Android 6.0.1; Nexus 5X Build/MMB29P) AppleWebKit/537.36 (KHTML, like Gecko) Chrome/145.0.7632.116 Mobile Safari/537.36 (compatible; GoogleOther)"
57.141.18.40 - - [14/Mar/2026:00:30:07 +0300] "GET /?vxuiu/s2653506.html HTTP/2" 200 0 "-" "meta-externalagent/1.1 (+https://developers.facebook.com/docs/sharing/webmasters/crawler)"
102.212.247.146 - - [14/Mar/2026:00:30:58 +0300] "POST /wp-cron.php?doing_wp_cron=1773437457.8193240165710449218750 HTTP/1.1" 403 787 "-" "WordPress/6.9.1; https://paltutors.co.uk"
57.141.18.4 - - [14/Mar/2026:00:31:52 +0300] "GET /?indno/v2206049.html HTTP/2" 200 0 "-" "meta-externalagent/1.1 (+https://developers.facebook.com/docs/sharing/webmasters/crawler)"
102.212.247.146 - - [14/Mar/2026:00:32:48 +0300] "POST /wp-cron.php?doing_wp_cron=1773437567.7298679351806640625000 HTTP/1.1" 403 787 "-" "WordPress/6.9.1; https://paltutors.co.uk"
141.98.11.181 - - [14/Mar/2026:00:33:00 +0300] "POST /wp-login.php HTTP/1.1" 200 0 "https://paltutors.co.uk/wp-login.php" "Mozilla/5.0 (Windows NT 10.0; Win64; x64) AppleWebKit/537.36 (KHTML, like Gecko) Chrome/90.0.4430.212 Safari/537.36"
66.249.66.32 - - [14/Mar/2026:00:24:44 +0300] "GET /?noxgz/w2522496.html HTTP/1.1" 200 25302 "-" "Mozilla/5.0 (Linux; Android 6.0.1; Nexus 5X Build/MMB29P) AppleWebKit/537.36 (KHTML, like Gecko) Chrome/145.0.7632.116 Mobile Safari/537.36 (compatible; GoogleOther)"
141.98.11.181 - - [14/Mar/2026:00:25:13 +0300] "POST /wp-login.php HTTP/1.1" 200 0 "https://paltutors.co.uk/wp-login.php" "Mozilla/5.0 (Macintosh; Intel Mac OS X 10_15_7) AppleWebKit/537.36 (KHTML, like Gecko) Chrome/92.0.4515.131 Safari/537.36"
141.98.11.181 - - [14/Mar/2026:00:26:14 +0300] "POST /wp-login.php HTTP/1.1" 200 0 "https://paltutors.co.uk/wp-login.php" "Mozilla/5.0 (Windows NT 10.0; Win64; x64; rv:93.0) Gecko/20100101 Firefox/93.0"
66.249.66.194 - - [14/Mar/2026:00:26:54 +0300] "GET /?xadhx/n1981297.html HTTP/1.1" 200 25331 "-" "Mozilla/5.0 (Linux; Android 6.0.1; Nexus 5X Build/MMB29P) AppleWebKit/537.36 (KHTML, like Gecko) Chrome/145.0.7632.116 Mobile Safari/537.36 (compatible; GoogleOther)"
66.249.66.195 - - [14/Mar/2026:00:27:21 +0300] "GET /?examw/z886657.html HTTP/1.1" 200 24250 "-" "Mozilla/5.0 (Linux; Android 6.0.1; Nexus 5X Build/MMB29P) AppleWebKit/537.36 (KHTML, like Gecko) Chrome/145.0.7632.116 Mobile Safari/537.36 (compatible; GoogleOther)"
