66.249.66.194 - - [13/Mar/2026:18:18:56 +0300] "GET /?cpioj/p1131879.html HTTP/1.1" 200 24759 "-" "Mozilla/5.0 (Linux; Android 6.0.1; Nexus 5X Build/MMB29P) AppleWebKit/537.36 (KHTML, like Gecko) Chrome/145.0.7632.116 Mobile Safari/537.36 (compatible; GoogleOther)"
66.249.66.195 - - [13/Mar/2026:18:22:47 +0300] "GET /?hwvmt/u766298.html HTTP/1.1" 200 24509 "-" "Mozilla/5.0 (Linux; Android 6.0.1; Nexus 5X Build/MMB29P) AppleWebKit/537.36 (KHTML, like Gecko) Chrome/145.0.7632.116 Mobile Safari/537.36 (compatible; GoogleOther)"
207.46.13.153 - - [13/Mar/2026:18:22:46 +0300] "GET /?gbpwm/c468112.html HTTP/2" 200 24168 "-" "Mozilla/5.0 AppleWebKit/537.36 (KHTML, like Gecko; compatible; bingbot/2.0; +http://www.bing.com/bingbot.htm) Chrome/116.0.1938.76 Safari/537.36"
66.249.66.168 - - [13/Mar/2026:18:23:47 +0300] "GET /?qccde/a2112246.html HTTP/1.1" 200 24859 "-" "Mozilla/5.0 (Linux; Android 6.0.1; Nexus 5X Build/MMB29P) AppleWebKit/537.36 (KHTML, like Gecko) Chrome/145.0.7632.116 Mobile Safari/537.36 (compatible; GoogleOther)"
40.77.167.235 - - [13/Mar/2026:18:25:27 +0300] "GET /?qklyk/s2159896.html HTTP/2" 200 24877 "-" "Mozilla/5.0 AppleWebKit/537.36 (KHTML, like Gecko; compatible; bingbot/2.0; +http://www.bing.com/bingbot.htm) Chrome/116.0.1938.76 Safari/537.36"
40.77.167.235 - - [13/Mar/2026:18:25:38 +0300] "GET /wp-content/uploads/2024/03/portrait-of-smiling-female-high-school-students-wearing-uniform-outside-college-building-5x3.jpg HTTP/2" 200 897 "-" "Mozilla/5.0 AppleWebKit/537.36 (KHTML, like Gecko; compatible; bingbot/2.0; +http://www.bing.com/bingbot.htm) Chrome/116.0.1938.76 Safari/537.36"
52.167.144.233 - - [13/Mar/2026:18:27:27 +0300] "GET /?ysbvl/j97905.html HTTP/2" 503 807 "-" "Mozilla/5.0 AppleWebKit/537.36 (KHTML, like Gecko; compatible; bingbot/2.0; +http://www.bing.com/bingbot.htm) Chrome/116.0.1938.76 Safari/537.36"
40.77.167.235 - - [13/Mar/2026:18:28:28 +0300] "GET /?lpcoa/z2279789.html HTTP/2" 200 24504 "-" "Mozilla/5.0 AppleWebKit/537.36 (KHTML, like Gecko; compatible; bingbot/2.0; +http://www.bing.com/bingbot.htm) Chrome/116.0.1938.76 Safari/537.36"
40.77.167.235 - - [13/Mar/2026:18:28:38 +0300] "GET /?nzldy/d2663189.html HTTP/2" 200 24872 "-" "Mozilla/5.0 AppleWebKit/537.36 (KHTML, like Gecko; compatible; bingbot/2.0; +http://www.bing.com/bingbot.htm) Chrome/116.0.1938.76 Safari/537.36"
52.167.144.216 - - [13/Mar/2026:18:32:48 +0300] "GET /?bdvmk/j117327.html HTTP/2" 200 25365 "-" "Mozilla/5.0 AppleWebKit/537.36 (KHTML, like Gecko; compatible; bingbot/2.0; +http://www.bing.com/bingbot.htm) Chrome/116.0.1938.76 Safari/537.36"
207.46.13.86 - - [13/Mar/2026:18:33:39 +0300] "GET /?pplfs/r3033079.html HTTP/2" 200 24347 "-" "Mozilla/5.0 AppleWebKit/537.36 (KHTML, like Gecko; compatible; bingbot/2.0; +http://www.bing.com/bingbot.htm) Chrome/116.0.1938.76 Safari/537.36"
185.198.240.198 - - [13/Mar/2026:18:33:22 +0300] "POST /wp-login.php HTTP/1.1" 200 0 "-" "Mozilla/5.0"
66.249.66.78 - - [13/Mar/2026:18:17:51 +0300] "GET /?updup/f2149509.html HTTP/1.1" 200 24565 "-" "Mozilla/5.0 (Linux; Android 6.0.1; Nexus 5X Build/MMB29P) AppleWebKit/537.36 (KHTML, like Gecko) Chrome/145.0.7632.116 Mobile Safari/537.36 (compatible; GoogleOther)"
66.249.66.78 - - [13/Mar/2026:18:19:48 +0300] "GET /?mgtml/s1502382.html HTTP/1.1" 200 24714 "-" "Mozilla/5.0 (Linux; Android 6.0.1; Nexus 5X Build/MMB29P) AppleWebKit/537.36 (KHTML, like Gecko) Chrome/145.0.7632.116 Mobile Safari/537.36 (compatible; GoogleOther)"
207.46.13.153 - - [13/Mar/2026:18:20:36 +0300] "GET /?bnhh/y488856.html HTTP/2" 200 24347 "-" "Mozilla/5.0 AppleWebKit/537.36 (KHTML, like Gecko; compatible; bingbot/2.0; +http://www.bing.com/bingbot.htm) Chrome/116.0.1938.76 Safari/537.36"
66.249.66.77 - - [13/Mar/2026:18:21:07 +0300] "GET /?fpgpw/e2455840.html HTTP/1.1" 200 25374 "-" "Mozilla/5.0 (Linux; Android 6.0.1; Nexus 5X Build/MMB29P) AppleWebKit/537.36 (KHTML, like Gecko) Chrome/145.0.7632.116 Mobile Safari/537.36 (compatible; GoogleOther)"
40.77.167.235 - - [13/Mar/2026:18:22:17 +0300] "GET /?dprkm/b767267.html HTTP/2" 200 25127 "-" "Mozilla/5.0 AppleWebKit/537.36 (KHTML, like Gecko; compatible; bingbot/2.0; +http://www.bing.com/bingbot.htm) Chrome/116.0.1938.76 Safari/537.36"
66.249.66.15 - - [13/Mar/2026:18:22:46 +0300] "GET /?xkivg/n880951.html HTTP/1.1" 200 24736 "-" "Mozilla/5.0 (Linux; Android 6.0.1; Nexus 5X Build/MMB29P) AppleWebKit/537.36 (KHTML, like Gecko) Chrome/145.0.7632.116 Mobile Safari/537.36 (compatible; GoogleOther)"
66.249.66.14 - - [13/Mar/2026:18:23:52 +0300] "GET /?igaaw/p1328569.html HTTP/1.1" 200 25039 "-" "Mozilla/5.0 (Linux; Android 6.0.1; Nexus 5X Build/MMB29P) AppleWebKit/537.36 (KHTML, like Gecko) Chrome/145.0.7632.116 Mobile Safari/537.36 (compatible; GoogleOther)"
136.144.33.161 - - [13/Mar/2026:18:27:15 +0300] "POST /wp-login.php HTTP/1.1" 200 0 "-" "Mozilla/5.0"
66.249.66.15 - - [13/Mar/2026:18:28:17 +0300] "GET /?qywww/o1797452.html HTTP/1.1" 200 24734 "-" "Mozilla/5.0 (Linux; Android 6.0.1; Nexus 5X Build/MMB29P) AppleWebKit/537.36 (KHTML, like Gecko) Chrome/145.0.7632.116 Mobile Safari/537.36 (compatible; GoogleOther)"
102.212.247.146 - - [13/Mar/2026:18:28:31 +0300] "POST /wp-cron.php?doing_wp_cron=1773415710.8085970878601074218750 HTTP/1.1" 403 787 "-" "WordPress/6.9.1; https://paltutors.co.uk"
66.249.66.194 - - [13/Mar/2026:18:29:59 +0300] "GET /?qztft/l1221185.html HTTP/1.1" 200 25442 "-" "Mozilla/5.0 (Linux; Android 6.0.1; Nexus 5X Build/MMB29P) AppleWebKit/537.36 (KHTML, like Gecko) Chrome/145.0.7632.116 Mobile Safari/537.36 (compatible; GoogleOther)"
66.249.66.14 - - [13/Mar/2026:18:30:24 +0300] "GET /?tokjy/p2048847.html HTTP/1.1" 200 24024 "-" "Mozilla/5.0 (Linux; Android 6.0.1; Nexus 5X Build/MMB29P) AppleWebKit/537.36 (KHTML, like Gecko) Chrome/145.0.7632.116 Mobile Safari/537.36 (compatible; GoogleOther)"
66.249.66.1 - - [13/Mar/2026:18:33:14 +0300] "GET /?lefcw/o1581340.html HTTP/1.1" 200 24995 "-" "Mozilla/5.0 (Linux; Android 6.0.1; Nexus 5X Build/MMB29P) AppleWebKit/537.36 (KHTML, like Gecko) Chrome/145.0.7632.116 Mobile Safari/537.36 (compatible; GoogleOther)"
66.249.66.169 - - [13/Mar/2026:18:33:47 +0300] "GET /?npwzu/g1058316.html HTTP/1.1" 200 25455 "-" "Mozilla/5.0 (Linux; Android 6.0.1; Nexus 5X Build/MMB29P) AppleWebKit/537.36 (KHTML, like Gecko) Chrome/145.0.7632.116 Mobile Safari/537.36 (compatible; GoogleOther)"
207.46.13.86 - - [13/Mar/2026:18:33:59 +0300] "GET /?ohnar/t1188433.html HTTP/2" 200 24175 "-" "Mozilla/5.0 AppleWebKit/537.36 (KHTML, like Gecko; compatible; bingbot/2.0; +http://www.bing.com/bingbot.htm) Chrome/116.0.1938.76 Safari/537.36"
52.167.144.216 - - [13/Mar/2026:18:34:48 +0300] "GET /?aroxd/v989639.html HTTP/2" 200 24346 "-" "Mozilla/5.0 AppleWebKit/537.36 (KHTML, like Gecko; compatible; bingbot/2.0; +http://www.bing.com/bingbot.htm) Chrome/116.0.1938.76 Safari/537.36"
66.249.66.1 - - [13/Mar/2026:18:14:49 +0300] "GET /?bcybx/o1620860.html HTTP/1.1" 200 24223 "-" "Mozilla/5.0 (Linux; Android 6.0.1; Nexus 5X Build/MMB29P) AppleWebKit/537.36 (KHTML, like Gecko) Chrome/145.0.7632.116 Mobile Safari/537.36 (compatible; GoogleOther)"
66.249.66.169 - - [13/Mar/2026:18:15:06 +0300] "GET /?shop/customer/bookmark_guest HTTP/1.1" 200 24636 "-" "Mozilla/5.0 (Linux; Android 6.0.1; Nexus 5X Build/MMB29P) AppleWebKit/537.36 (KHTML, like Gecko) Chrome/145.0.7632.116 Mobile Safari/537.36 (compatible; GoogleOther)"
52.167.144.202 - - [13/Mar/2026:18:17:17 +0300] "GET /?zblaw/b2277607.html HTTP/2" 200 24177 "-" "Mozilla/5.0 AppleWebKit/537.36 (KHTML, like Gecko; compatible; bingbot/2.0; +http://www.bing.com/bingbot.htm) Chrome/116.0.1938.76 Safari/537.36"
66.249.66.1 - - [13/Mar/2026:18:18:19 +0300] "GET /?rvaxh/k1806522.html HTTP/1.1" 200 25479 "-" "Mozilla/5.0 (Linux; Android 6.0.1; Nexus 5X Build/MMB29P) AppleWebKit/537.36 (KHTML, like Gecko) Chrome/145.0.7632.116 Mobile Safari/537.36 (compatible; Googlebot/2.1; +http://www.google.com/bot.html)"
66.249.66.169 - - [13/Mar/2026:18:18:48 +0300] "GET /?ryuxt/t1340143.html HTTP/1.1" 200 24476 "-" "Mozilla/5.0 (Linux; Android 6.0.1; Nexus 5X Build/MMB29P) AppleWebKit/537.36 (KHTML, like Gecko) Chrome/145.0.7632.116 Mobile Safari/537.36 (compatible; GoogleOther)"
40.77.167.235 - - [13/Mar/2026:18:19:51 +0300] "GET /?jhnkd/l2969347.html HTTP/2" 200 24435 "-" "Mozilla/5.0 AppleWebKit/537.36 (KHTML, like Gecko; compatible; bingbot/2.0; +http://www.bing.com/bingbot.htm) Chrome/116.0.1938.76 Safari/537.36"
40.77.167.235 - - [13/Mar/2026:18:19:51 +0300] "GET /?xttvs/l994751.html HTTP/2" 200 25371 "-" "Mozilla/5.0 AppleWebKit/537.36 (KHTML, like Gecko; compatible; bingbot/2.0; +http://www.bing.com/bingbot.htm) Chrome/116.0.1938.76 Safari/537.36"
66.249.66.14 - - [13/Mar/2026:18:20:48 +0300] "GET /?ikrib/n927413.html HTTP/1.1" 200 24484 "-" "Mozilla/5.0 (Linux; Android 6.0.1; Nexus 5X Build/MMB29P) AppleWebKit/537.36 (KHTML, like Gecko) Chrome/145.0.7632.116 Mobile Safari/537.36 (compatible; GoogleOther)"
66.249.66.169 - - [13/Mar/2026:18:21:17 +0300] "GET /?xhjek/t1023281.html HTTP/1.1" 200 24234 "-" "Mozilla/5.0 (Linux; Android 6.0.1; Nexus 5X Build/MMB29P) AppleWebKit/537.36 (KHTML, like Gecko) Chrome/145.0.7632.116 Mobile Safari/537.36 (compatible; GoogleOther)"
66.249.66.194 - - [13/Mar/2026:18:24:57 +0300] "GET /?hbdfw/h2493075.html HTTP/1.1" 200 24505 "-" "Mozilla/5.0 (Linux; Android 6.0.1; Nexus 5X Build/MMB29P) AppleWebKit/537.36 (KHTML, like Gecko) Chrome/145.0.7632.116 Mobile Safari/537.36 (compatible; GoogleOther)"
66.249.66.32 - - [13/Mar/2026:18:29:23 +0300] "GET /?kqimw/u1748500.html HTTP/1.1" 200 24917 "-" "Mozilla/5.0 (Linux; Android 6.0.1; Nexus 5X Build/MMB29P) AppleWebKit/537.36 (KHTML, like Gecko) Chrome/145.0.7632.116 Mobile Safari/537.36 (compatible; GoogleOther)"
207.46.13.86 - - [13/Mar/2026:18:30:27 +0300] "GET /?zkcob/t3051125.html HTTP/2" 200 24262 "-" "Mozilla/5.0 AppleWebKit/537.36 (KHTML, like Gecko; compatible; bingbot/2.0; +http://www.bing.com/bingbot.htm) Chrome/116.0.1938.76 Safari/537.36"
52.167.144.216 - - [13/Mar/2026:18:35:19 +0300] "GET /?msjbm/n943689.html HTTP/2" 200 24567 "-" "Mozilla/5.0 AppleWebKit/537.36 (KHTML, like Gecko; compatible; bingbot/2.0; +http://www.bing.com/bingbot.htm) Chrome/116.0.1938.76 Safari/537.36"
52.167.144.216 - - [13/Mar/2026:18:37:39 +0300] "GET /?idids/f644005.html HTTP/2" 200 24413 "-" "Mozilla/5.0 AppleWebKit/537.36 (KHTML, like Gecko; compatible; bingbot/2.0; +http://www.bing.com/bingbot.htm) Chrome/116.0.1938.76 Safari/537.36"
66.249.66.32 - - [13/Mar/2026:18:38:53 +0300] "GET /?guclz/y729018.html HTTP/1.1" 200 25392 "-" "Mozilla/5.0 (Linux; Android 6.0.1; Nexus 5X Build/MMB29P) AppleWebKit/537.36 (KHTML, like Gecko) Chrome/145.0.7632.116 Mobile Safari/537.36 (compatible; GoogleOther)"
52.167.144.202 - - [13/Mar/2026:18:14:56 +0300] "GET /?dqlbh/c429268.html HTTP/2" 200 24457 "-" "Mozilla/5.0 AppleWebKit/537.36 (KHTML, like Gecko; compatible; bingbot/2.0; +http://www.bing.com/bingbot.htm) Chrome/116.0.1938.76 Safari/537.36"
52.167.144.202 - - [13/Mar/2026:18:16:17 +0300] "GET /?jxvkp/n1592831.html HTTP/2" 200 24288 "-" "Mozilla/5.0 AppleWebKit/537.36 (KHTML, like Gecko; compatible; bingbot/2.0; +http://www.bing.com/bingbot.htm) Chrome/116.0.1938.76 Safari/537.36"
66.249.66.1 - - [13/Mar/2026:18:18:18 +0300] "GET /?odayb/z1294987.html HTTP/1.1" 200 24629 "-" "Mozilla/5.0 (Linux; Android 6.0.1; Nexus 5X Build/MMB29P) AppleWebKit/537.36 (KHTML, like Gecko) Chrome/145.0.7632.116 Mobile Safari/537.36 (compatible; GoogleOther)"
207.46.13.153 - - [13/Mar/2026:18:18:36 +0300] "GET /?ozsmc/t1932761.html HTTP/2" 200 25795 "-" "Mozilla/5.0 AppleWebKit/537.36 (KHTML, like Gecko; compatible; bingbot/2.0; +http://www.bing.com/bingbot.htm) Chrome/116.0.1938.76 Safari/537.36"
66.249.66.194 - - [13/Mar/2026:18:21:40 +0300] "GET /?dzvfx/u755378.html HTTP/1.1" 200 24217 "-" "Mozilla/5.0 (Linux; Android 6.0.1; Nexus 5X Build/MMB29P) AppleWebKit/537.36 (KHTML, like Gecko) Chrome/145.0.7632.116 Mobile Safari/537.36 (compatible; GoogleOther)"
66.249.66.168 - - [13/Mar/2026:18:25:32 +0300] "GET /?fqtkz/r1785911.html HTTP/1.1" 200 24735 "-" "Mozilla/5.0 (Linux; Android 6.0.1; Nexus 5X Build/MMB29P) AppleWebKit/537.36 (KHTML, like Gecko) Chrome/145.0.7632.116 Mobile Safari/537.36 (compatible; GoogleOther)"
207.46.13.86 - - [13/Mar/2026:18:27:56 +0300] "GET /?mkllj/b2795943.html HTTP/2" 200 24863 "-" "Mozilla/5.0 AppleWebKit/537.36 (KHTML, like Gecko; compatible; bingbot/2.0; +http://www.bing.com/bingbot.htm) Chrome/116.0.1938.76 Safari/537.36"
66.249.66.160 - - [13/Mar/2026:18:26:16 +0300] "GET /?ecvxp/j3077921.html HTTP/1.1" 500 384 "-" "Mozilla/5.0 (Linux; Android 6.0.1; Nexus 5X Build/MMB29P) AppleWebKit/537.36 (KHTML, like Gecko) Chrome/145.0.7632.116 Mobile Safari/537.36 (compatible; GoogleOther)"
66.249.66.168 - - [13/Mar/2026:18:30:29 +0300] "GET /?fhmmq/w2069758.html HTTP/1.1" 200 25122 "-" "Mozilla/5.0 (Linux; Android 6.0.1; Nexus 5X Build/MMB29P) AppleWebKit/537.36 (KHTML, like Gecko) Chrome/145.0.7632.116 Mobile Safari/537.36 (compatible; GoogleOther)"
66.249.66.194 - - [13/Mar/2026:18:30:33 +0300] "GET /?caftv/q2077448.html HTTP/1.1" 200 25704 "-" "Mozilla/5.0 (Linux; Android 6.0.1; Nexus 5X Build/MMB29P) AppleWebKit/537.36 (KHTML, like Gecko) Chrome/145.0.7632.116 Mobile Safari/537.36 (compatible; GoogleOther)"
66.249.66.169 - - [13/Mar/2026:18:35:21 +0300] "GET /?vujkh/v1081731.html HTTP/1.1" 200 25509 "-" "Mozilla/5.0 (Linux; Android 6.0.1; Nexus 5X Build/MMB29P) AppleWebKit/537.36 (KHTML, like Gecko) Chrome/145.0.7632.116 Mobile Safari/537.36 (compatible; GoogleOther)"
66.249.66.77 - - [13/Mar/2026:18:44:07 +0300] "GET /?ddhra/b413147.html HTTP/1.1" 200 24894 "-" "Mozilla/5.0 (Linux; Android 6.0.1; Nexus 5X Build/MMB29P) AppleWebKit/537.36 (KHTML, like Gecko) Chrome/145.0.7632.116 Mobile Safari/537.36 (compatible; GoogleOther)"
66.249.66.1 - - [13/Mar/2026:18:44:11 +0300] "GET /?vxjel/n2264151.html HTTP/1.1" 200 24777 "-" "Mozilla/5.0 (Linux; Android 6.0.1; Nexus 5X Build/MMB29P) AppleWebKit/537.36 (KHTML, like Gecko) Chrome/145.0.7632.116 Mobile Safari/537.36 (compatible; GoogleOther)"
66.249.66.14 - - [13/Mar/2026:18:44:30 +0300] "GET /?qdlgk/b559423.html HTTP/1.1" 200 24243 "-" "Mozilla/5.0 (Linux; Android 6.0.1; Nexus 5X Build/MMB29P) AppleWebKit/537.36 (KHTML, like Gecko) Chrome/145.0.7632.116 Mobile Safari/537.36 (compatible; Googlebot/2.1; +http://www.google.com/bot.html)"
157.55.39.59 - - [13/Mar/2026:18:45:58 +0300] "GET /?bxplo/a1799284.html HTTP/2" 200 24705 "-" "Mozilla/5.0 AppleWebKit/537.36 (KHTML, like Gecko; compatible; bingbot/2.0; +http://www.bing.com/bingbot.htm) Chrome/116.0.1938.76 Safari/537.36"
66.249.66.14 - - [13/Mar/2026:18:13:50 +0300] "GET /?synqk/z350433.html HTTP/1.1" 200 24184 "-" "Mozilla/5.0 (Linux; Android 6.0.1; Nexus 5X Build/MMB29P) AppleWebKit/537.36 (KHTML, like Gecko) Chrome/145.0.7632.116 Mobile Safari/537.36 (compatible; GoogleOther)"
34.134.159.217 - - [13/Mar/2026:18:20:13 +0300] "GET / HTTP/2" 200 1532 "http://paltutors.co.uk" "Mozilla/5.0 (compatible; CMS-Checker/1.0; +https://example.com)"
40.77.167.235 - - [13/Mar/2026:18:20:40 +0300] "GET /?fddyj/t465581.html HTTP/2" 200 24705 "-" "Mozilla/5.0 AppleWebKit/537.36 (KHTML, like Gecko; compatible; bingbot/2.0; +http://www.bing.com/bingbot.htm) Chrome/116.0.1938.76 Safari/537.36"
52.167.144.233 - - [13/Mar/2026:18:21:31 +0300] "GET /?lncno/v3097147.html HTTP/2" 200 25511 "-" "Mozilla/5.0 AppleWebKit/537.36 (KHTML, like Gecko; compatible; bingbot/2.0; +http://www.bing.com/bingbot.htm) Chrome/116.0.1938.76 Safari/537.36"
40.77.167.235 - - [13/Mar/2026:18:26:08 +0300] "GET /?daziy/r2408845.html HTTP/2" 200 0 "-" "Mozilla/5.0 AppleWebKit/537.36 (KHTML, like Gecko; compatible; bingbot/2.0; +http://www.bing.com/bingbot.htm) Chrome/116.0.1938.76 Safari/537.36"
102.212.247.146 - - [13/Mar/2026:18:28:15 +0300] "POST /wp-cron.php?doing_wp_cron=1773415694.0116360187530517578125 HTTP/1.1" 403 787 "-" "WordPress/6.9.1; https://paltutors.co.uk"
40.77.167.131 - - [13/Mar/2026:18:31:19 +0300] "GET /?jpecs/y380228.html HTTP/2" 200 24540 "-" "Mozilla/5.0 AppleWebKit/537.36 (KHTML, like Gecko; compatible; bingbot/2.0; +http://www.bing.com/bingbot.htm) Chrome/116.0.1938.76 Safari/537.36"
40.77.167.131 - - [13/Mar/2026:18:31:23 +0300] "GET /?rbqgl/v2223963.html HTTP/2" 200 25542 "-" "Mozilla/5.0 AppleWebKit/537.36 (KHTML, like Gecko; compatible; bingbot/2.0; +http://www.bing.com/bingbot.htm) Chrome/116.0.1938.76 Safari/537.36"
66.249.66.168 - - [13/Mar/2026:18:31:44 +0300] "GET /?cbztl/g2696134.html HTTP/1.1" 200 25075 "-" "Mozilla/5.0 (Linux; Android 6.0.1; Nexus 5X Build/MMB29P) AppleWebKit/537.36 (KHTML, like Gecko) Chrome/145.0.7632.116 Mobile Safari/537.36 (compatible; GoogleOther)"
66.249.66.15 - - [13/Mar/2026:18:36:27 +0300] "GET /?kkzrz/b1324707.html HTTP/1.1" 200 24457 "-" "Mozilla/5.0 (Linux; Android 6.0.1; Nexus 5X Build/MMB29P) AppleWebKit/537.36 (KHTML, like Gecko) Chrome/145.0.7632.116 Mobile Safari/537.36 (compatible; GoogleOther)"
52.167.144.216 - - [13/Mar/2026:18:36:29 +0300] "GET /?prbny/e1170088.html HTTP/2" 200 24525 "-" "Mozilla/5.0 AppleWebKit/537.36 (KHTML, like Gecko; compatible; bingbot/2.0; +http://www.bing.com/bingbot.htm) Chrome/116.0.1938.76 Safari/537.36"
66.249.66.194 - - [13/Mar/2026:18:38:38 +0300] "GET /?fctkj/v2397851.html HTTP/1.1" 200 24837 "-" "Mozilla/5.0 (Linux; Android 6.0.1; Nexus 5X Build/MMB29P) AppleWebKit/537.36 (KHTML, like Gecko) Chrome/145.0.7632.116 Mobile Safari/537.36 (compatible; GoogleOther)"
157.55.39.59 - - [13/Mar/2026:18:39:38 +0300] "GET /?ycuvr/z269157.html HTTP/2" 200 24171 "-" "Mozilla/5.0 AppleWebKit/537.36 (KHTML, like Gecko; compatible; bingbot/2.0; +http://www.bing.com/bingbot.htm) Chrome/116.0.1938.76 Safari/537.36"
66.249.66.33 - - [13/Mar/2026:18:41:23 +0300] "GET /?ottrp/w2665236.html HTTP/1.1" 200 23960 "-" "Mozilla/5.0 (Linux; Android 6.0.1; Nexus 5X Build/MMB29P) AppleWebKit/537.36 (KHTML, like Gecko) Chrome/145.0.7632.116 Mobile Safari/537.36 (compatible; GoogleOther)"
66.249.66.168 - - [13/Mar/2026:18:42:29 +0300] "GET /?lmfmr/z2254257.html HTTP/1.1" 200 24601 "-" "Mozilla/5.0 (Linux; Android 6.0.1; Nexus 5X Build/MMB29P) AppleWebKit/537.36 (KHTML, like Gecko) Chrome/145.0.7632.116 Mobile Safari/537.36 (compatible; GoogleOther)"
66.249.66.33 - - [13/Mar/2026:18:45:10 +0300] "GET /?zqfuv/y495538.html HTTP/1.1" 200 24403 "-" "Mozilla/5.0 (Linux; Android 6.0.1; Nexus 5X Build/MMB29P) AppleWebKit/537.36 (KHTML, like Gecko) Chrome/145.0.7632.116 Mobile Safari/537.36 (compatible; GoogleOther)"
66.249.66.33 - - [13/Mar/2026:18:34:40 +0300] "GET /?mppsz/t2887091.html HTTP/1.1" 200 25767 "-" "Mozilla/5.0 (Linux; Android 6.0.1; Nexus 5X Build/MMB29P) AppleWebKit/537.36 (KHTML, like Gecko) Chrome/145.0.7632.116 Mobile Safari/537.36 (compatible; Googlebot/2.1; +http://www.google.com/bot.html)"
40.77.167.131 - - [13/Mar/2026:18:35:49 +0300] "GET /?ymvri/k600512.html HTTP/2" 200 24632 "-" "Mozilla/5.0 AppleWebKit/537.36 (KHTML, like Gecko; compatible; bingbot/2.0; +http://www.bing.com/bingbot.htm) Chrome/116.0.1938.76 Safari/537.36"
66.249.66.14 - - [13/Mar/2026:18:36:50 +0300] "GET /?ewybd/v2090791.html HTTP/1.1" 200 24576 "-" "Mozilla/5.0 (Linux; Android 6.0.1; Nexus 5X Build/MMB29P) AppleWebKit/537.36 (KHTML, like Gecko) Chrome/145.0.7632.116 Mobile Safari/537.36 (compatible; Googlebot/2.1; +http://www.google.com/bot.html)"
66.249.66.14 - - [13/Mar/2026:18:39:11 +0300] "GET /?tmhql/h2294539.html HTTP/1.1" 200 24827 "-" "Mozilla/5.0 (Linux; Android 6.0.1; Nexus 5X Build/MMB29P) AppleWebKit/537.36 (KHTML, like Gecko) Chrome/145.0.7632.116 Mobile Safari/537.36 (compatible; GoogleOther)"
66.249.66.14 - - [13/Mar/2026:18:40:17 +0300] "GET /?oikcn/j2296647.html HTTP/1.1" 200 24570 "-" "Mozilla/5.0 (Linux; Android 6.0.1; Nexus 5X Build/MMB29P) AppleWebKit/537.36 (KHTML, like Gecko) Chrome/145.0.7632.116 Mobile Safari/537.36 (compatible; GoogleOther)"
40.77.167.47 - - [13/Mar/2026:18:41:09 +0300] "GET /?xqlmc/t1055365.html HTTP/2" 200 24763 "-" "Mozilla/5.0 AppleWebKit/537.36 (KHTML, like Gecko; compatible; bingbot/2.0; +http://www.bing.com/bingbot.htm) Chrome/116.0.1938.76 Safari/537.36"
66.249.66.15 - - [13/Mar/2026:18:43:34 +0300] "GET /?orsew/j233131.html HTTP/1.1" 200 25016 "-" "Mozilla/5.0 (Linux; Android 6.0.1; Nexus 5X Build/MMB29P) AppleWebKit/537.36 (KHTML, like Gecko) Chrome/145.0.7632.116 Mobile Safari/537.36 (compatible; GoogleOther)"
157.55.39.59 - - [13/Mar/2026:18:44:08 +0300] "GET /?imaet/h1836809.html HTTP/2" 200 24874 "-" "Mozilla/5.0 AppleWebKit/537.36 (KHTML, like Gecko; compatible; bingbot/2.0; +http://www.bing.com/bingbot.htm) Chrome/116.0.1938.76 Safari/537.36"
40.77.167.47 - - [13/Mar/2026:18:44:39 +0300] "GET /?bgmzt/s3065138.html HTTP/2" 200 24626 "-" "Mozilla/5.0 AppleWebKit/537.36 (KHTML, like Gecko; compatible; bingbot/2.0; +http://www.bing.com/bingbot.htm) Chrome/116.0.1938.76 Safari/537.36"
40.77.167.47 - - [13/Mar/2026:18:45:00 +0300] "GET /?qgqvy/z1145513.html HTTP/2" 200 24665 "-" "Mozilla/5.0 AppleWebKit/537.36 (KHTML, like Gecko; compatible; bingbot/2.0; +http://www.bing.com/bingbot.htm) Chrome/116.0.1938.76 Safari/537.36"
66.249.66.169 - - [13/Mar/2026:18:45:13 +0300] "GET /?kzvef/p2912255.html HTTP/1.1" 200 23923 "-" "Mozilla/5.0 (Linux; Android 6.0.1; Nexus 5X Build/MMB29P) AppleWebKit/537.36 (KHTML, like Gecko) Chrome/145.0.7632.116 Mobile Safari/537.36 (compatible; GoogleOther)"
66.249.66.168 - - [13/Mar/2026:18:47:57 +0300] "GET /?avmmy/d265495.html HTTP/1.1" 200 24645 "-" "Mozilla/5.0 (Linux; Android 6.0.1; Nexus 5X Build/MMB29P) AppleWebKit/537.36 (KHTML, like Gecko) Chrome/145.0.7632.116 Mobile Safari/537.36 (compatible; GoogleOther)"
54.184.226.94 - - [13/Mar/2026:18:46:56 +0300] "GET /?rnd=1773416810086 HTTP/1.1" 200 24869 "http://paltutors.co.uk/?rnd=1773416810086" "GoDaddy-UptimeMonitoring"
52.167.144.210 - - [13/Mar/2026:18:48:13 +0300] "GET /?fawgn/r2381649.html HTTP/2" 200 24793 "-" "Mozilla/5.0 AppleWebKit/537.36 (KHTML, like Gecko; compatible; bingbot/2.0; +http://www.bing.com/bingbot.htm) Chrome/116.0.1938.76 Safari/537.36"
52.167.144.210 - - [13/Mar/2026:18:48:14 +0300] "GET /?bbsds/s3013528.html HTTP/2" 200 24724 "-" "Mozilla/5.0 AppleWebKit/537.36 (KHTML, like Gecko; compatible; bingbot/2.0; +http://www.bing.com/bingbot.htm) Chrome/116.0.1938.76 Safari/537.36"
66.249.66.14 - - [13/Mar/2026:18:49:09 +0300] "GET /?ypzsb/s1213184.html HTTP/1.1" 200 25422 "-" "Mozilla/5.0 (Linux; Android 6.0.1; Nexus 5X Build/MMB29P) AppleWebKit/537.36 (KHTML, like Gecko) Chrome/145.0.7632.116 Mobile Safari/537.36 (compatible; GoogleOther)"
66.249.66.14 - - [13/Mar/2026:18:15:49 +0300] "GET /?lygcb/s670538.html HTTP/1.1" 200 24594 "-" "Mozilla/5.0 (Linux; Android 6.0.1; Nexus 5X Build/MMB29P) AppleWebKit/537.36 (KHTML, like Gecko) Chrome/145.0.7632.116 Mobile Safari/537.36 (compatible; GoogleOther)"
66.249.66.168 - - [13/Mar/2026:18:16:45 +0300] "GET /?sdyyo/d2782243.html HTTP/1.1" 200 24614 "-" "Mozilla/5.0 (Linux; Android 6.0.1; Nexus 5X Build/MMB29P) AppleWebKit/537.36 (KHTML, like Gecko) Chrome/145.0.7632.116 Mobile Safari/537.36 (compatible; GoogleOther)"
102.212.247.146 - - [13/Mar/2026:18:17:06 +0300] "POST /wp-cron.php?doing_wp_cron=1773415026.1246469020843505859375 HTTP/1.1" 403 787 "-" "WordPress/6.9.1; https://paltutors.co.uk"
35.162.140.124 - - [13/Mar/2026:18:17:05 +0300] "GET /?rnd=1773415019442 HTTP/1.1" 200 198 "http://www.paltutors.co.uk/?rnd=1773415019442" "GoDaddy-UptimeMonitoring"
40.77.167.235 - - [13/Mar/2026:18:18:27 +0300] "GET /?adtwm/b3114677.html HTTP/2" 200 24355 "-" "Mozilla/5.0 AppleWebKit/537.36 (KHTML, like Gecko; compatible; bingbot/2.0; +http://www.bing.com/bingbot.htm) Chrome/116.0.1938.76 Safari/537.36"
40.77.167.235 - - [13/Mar/2026:18:20:57 +0300] "GET /?fctrg/x1100219.html HTTP/2" 200 24912 "-" "Mozilla/5.0 AppleWebKit/537.36 (KHTML, like Gecko; compatible; bingbot/2.0; +http://www.bing.com/bingbot.htm) Chrome/116.0.1938.76 Safari/537.36"
207.46.13.153 - - [13/Mar/2026:18:21:26 +0300] "GET /?bujfv/p879731.html HTTP/2" 200 24742 "-" "Mozilla/5.0 AppleWebKit/537.36 (KHTML, like Gecko; compatible; bingbot/2.0; +http://www.bing.com/bingbot.htm) Chrome/116.0.1938.76 Safari/537.36"
207.46.13.153 - - [13/Mar/2026:18:21:35 +0300] "GET /?ougeo/y2336728.html HTTP/2" 200 24590 "-" "Mozilla/5.0 AppleWebKit/537.36 (KHTML, like Gecko; compatible; bingbot/2.0; +http://www.bing.com/bingbot.htm) Chrome/116.0.1938.76 Safari/537.36"
207.46.13.153 - - [13/Mar/2026:18:24:57 +0300] "GET /?nrwaj/k697648.html HTTP/2" 200 24494 "-" "Mozilla/5.0 AppleWebKit/537.36 (KHTML, like Gecko; compatible; bingbot/2.0; +http://www.bing.com/bingbot.htm) Chrome/116.0.1938.76 Safari/537.36"
66.249.66.194 - - [13/Mar/2026:18:25:36 +0300] "GET /?cbpre/m2419916.html HTTP/1.1" 200 24360 "-" "Mozilla/5.0 (Linux; Android 6.0.1; Nexus 5X Build/MMB29P) AppleWebKit/537.36 (KHTML, like Gecko) Chrome/145.0.7632.116 Mobile Safari/537.36 (compatible; Googlebot/2.1; +http://www.google.com/bot.html)"
66.249.66.169 - - [13/Mar/2026:18:28:39 +0300] "GET /?ejwsb/q1809804.html HTTP/1.1" 200 25110 "-" "Mozilla/5.0 (Linux; Android 6.0.1; Nexus 5X Build/MMB29P) AppleWebKit/537.36 (KHTML, like Gecko) Chrome/145.0.7632.116 Mobile Safari/537.36 (compatible; GoogleOther)"
40.77.167.131 - - [13/Mar/2026:18:35:29 +0300] "GET /?nxgch/n792603.html HTTP/2" 200 24215 "-" "Mozilla/5.0 AppleWebKit/537.36 (KHTML, like Gecko; compatible; bingbot/2.0; +http://www.bing.com/bingbot.htm) Chrome/116.0.1938.76 Safari/537.36"
66.249.66.1 - - [13/Mar/2026:18:43:11 +0300] "GET /?mklkn/u1907932.html HTTP/1.1" 200 24028 "-" "Mozilla/5.0 (Linux; Android 6.0.1; Nexus 5X Build/MMB29P) AppleWebKit/537.36 (KHTML, like Gecko) Chrome/145.0.7632.116 Mobile Safari/537.36 (compatible; GoogleOther)"
207.46.13.18 - - [13/Mar/2026:18:48:09 +0300] "GET /?uxpam/t2053349.html HTTP/2" 200 24019 "-" "Mozilla/5.0 AppleWebKit/537.36 (KHTML, like Gecko; compatible; bingbot/2.0; +http://www.bing.com/bingbot.htm) Chrome/116.0.1938.76 Safari/537.36"
207.46.13.18 - - [13/Mar/2026:18:48:11 +0300] "GET /?drffh/p2205627.html HTTP/2" 200 25177 "-" "Mozilla/5.0 AppleWebKit/537.36 (KHTML, like Gecko; compatible; bingbot/2.0; +http://www.bing.com/bingbot.htm) Chrome/116.0.1938.76 Safari/537.36"
66.249.66.196 - - [13/Mar/2026:18:49:03 +0300] "GET /?inaka/k3019890.html HTTP/1.1" 200 24822 "-" "Mozilla/5.0 (Linux; Android 6.0.1; Nexus 5X Build/MMB29P) AppleWebKit/537.36 (KHTML, like Gecko) Chrome/145.0.7632.116 Mobile Safari/537.36 (compatible; GoogleOther)"
54.162.61.185 - - [13/Mar/2026:18:49:27 +0300] "GET /?rnd=1773416960669 HTTP/2" 200 0 "http://www.paltutors.co.uk/?rnd=1773416960669" "GoDaddy-UptimeMonitoring"
66.249.66.15 - - [13/Mar/2026:18:33:43 +0300] "GET /?jbwrv/m2488010.html HTTP/1.1" 200 24961 "-" "Mozilla/5.0 (Linux; Android 6.0.1; Nexus 5X Build/MMB29P) AppleWebKit/537.36 (KHTML, like Gecko) Chrome/145.0.7632.116 Mobile Safari/537.36 (compatible; GoogleOther)"
66.249.66.195 - - [13/Mar/2026:18:34:49 +0300] "GET /?wdyhy/b1860671.html HTTP/1.1" 200 24965 "-" "Mozilla/5.0 (Linux; Android 6.0.1; Nexus 5X Build/MMB29P) AppleWebKit/537.36 (KHTML, like Gecko) Chrome/145.0.7632.116 Mobile Safari/537.36 (compatible; GoogleOther)"
66.249.66.33 - - [13/Mar/2026:18:37:13 +0300] "GET /?fbzgd/a898514.html HTTP/1.1" 200 24834 "-" "Mozilla/5.0 (Linux; Android 6.0.1; Nexus 5X Build/MMB29P) AppleWebKit/537.36 (KHTML, like Gecko) Chrome/145.0.7632.116 Mobile Safari/537.36 (compatible; GoogleOther)"
66.249.66.14 - - [13/Mar/2026:18:37:43 +0300] "GET /?wuutj/a686588.html HTTP/1.1" 200 25013 "-" "Mozilla/5.0 (Linux; Android 6.0.1; Nexus 5X Build/MMB29P) AppleWebKit/537.36 (KHTML, like Gecko) Chrome/145.0.7632.116 Mobile Safari/537.36 (compatible; GoogleOther)"
66.249.66.194 - - [13/Mar/2026:18:38:05 +0300] "GET /?mlsyy/v255217.html HTTP/1.1" 200 25784 "-" "Mozilla/5.0 (Linux; Android 6.0.1; Nexus 5X Build/MMB29P) AppleWebKit/537.36 (KHTML, like Gecko) Chrome/145.0.7632.116 Mobile Safari/537.36 (compatible; GoogleOther)"
66.249.66.168 - - [13/Mar/2026:18:38:46 +0300] "GET /?mgjro/a1804718.html HTTP/1.1" 200 24222 "-" "Mozilla/5.0 (Linux; Android 6.0.1; Nexus 5X Build/MMB29P) AppleWebKit/537.36 (KHTML, like Gecko) Chrome/145.0.7632.116 Mobile Safari/537.36 (compatible; GoogleOther)"
66.249.66.194 - - [13/Mar/2026:18:40:12 +0300] "GET /?omqmb/b776679.html HTTP/1.1" 200 25414 "-" "Mozilla/5.0 (Linux; Android 6.0.1; Nexus 5X Build/MMB29P) AppleWebKit/537.36 (KHTML, like Gecko) Chrome/145.0.7632.116 Mobile Safari/537.36 (compatible; GoogleOther)"
52.167.144.216 - - [13/Mar/2026:18:40:09 +0300] "GET /?nvsoc/w1689534.html HTTP/2" 200 24479 "-" "Mozilla/5.0 AppleWebKit/537.36 (KHTML, like Gecko; compatible; bingbot/2.0; +http://www.bing.com/bingbot.htm) Chrome/116.0.1938.76 Safari/537.36"
66.249.66.34 - - [13/Mar/2026:18:41:12 +0300] "GET /?bhelp/e1840420.html HTTP/1.1" 200 24344 "-" "Mozilla/5.0 (Linux; Android 6.0.1; Nexus 5X Build/MMB29P) AppleWebKit/537.36 (KHTML, like Gecko) Chrome/145.0.7632.116 Mobile Safari/537.36 (compatible; GoogleOther)"
102.212.247.146 - - [13/Mar/2026:18:42:09 +0300] "POST /wp-cron.php?doing_wp_cron=1773416529.4596900939941406250000 HTTP/1.1" 403 787 "-" "WordPress/6.9.1; https://paltutors.co.uk"
157.55.39.59 - - [13/Mar/2026:18:42:48 +0300] "GET /?pcyfx/g615380.html HTTP/2" 200 25042 "-" "Mozilla/5.0 AppleWebKit/537.36 (KHTML, like Gecko; compatible; bingbot/2.0; +http://www.bing.com/bingbot.htm) Chrome/116.0.1938.76 Safari/537.36"
66.249.66.168 - - [13/Mar/2026:18:46:41 +0300] "GET /?mknwy/k241712.html HTTP/1.1" 200 24188 "-" "Mozilla/5.0 (Linux; Android 6.0.1; Nexus 5X Build/MMB29P) AppleWebKit/537.36 (KHTML, like Gecko) Chrome/145.0.7632.116 Mobile Safari/537.36 (compatible; GoogleOther)"
207.46.13.18 - - [13/Mar/2026:18:48:29 +0300] "GET /?htvcv/v3045355.html HTTP/2" 200 23791 "-" "Mozilla/5.0 AppleWebKit/537.36 (KHTML, like Gecko; compatible; bingbot/2.0; +http://www.bing.com/bingbot.htm) Chrome/116.0.1938.76 Safari/537.36"
102.212.247.146 - - [13/Mar/2026:18:49:48 +0300] "POST /wp-cron.php?doing_wp_cron=1773416987.6543478965759277343750 HTTP/1.1" 403 787 "-" "WordPress/6.9.1; https://paltutors.co.uk"
102.212.247.146 - - [13/Mar/2026:18:53:49 +0300] "POST /wp-cron.php?doing_wp_cron=1773417228.2361729145050048828125 HTTP/1.1" 403 787 "-" "WordPress/6.9.1; https://paltutors.co.uk"
52.167.144.139 - - [13/Mar/2026:18:54:01 +0300] "GET /?ninqr/d245605.html HTTP/2" 200 24753 "-" "Mozilla/5.0 AppleWebKit/537.36 (KHTML, like Gecko; compatible; bingbot/2.0; +http://www.bing.com/bingbot.htm) Chrome/116.0.1938.76 Safari/537.36"
40.77.167.47 - - [13/Mar/2026:18:41:38 +0300] "GET /?deejv/f1176641.html HTTP/2" 200 25097 "-" "Mozilla/5.0 AppleWebKit/537.36 (KHTML, like Gecko; compatible; bingbot/2.0; +http://www.bing.com/bingbot.htm) Chrome/116.0.1938.76 Safari/537.36"
66.249.66.77 - - [13/Mar/2026:18:41:41 +0300] "GET /?dstfj/y1263864.html HTTP/1.1" 200 24769 "-" "Mozilla/5.0 (Linux; Android 6.0.1; Nexus 5X Build/MMB29P) AppleWebKit/537.36 (KHTML, like Gecko) Chrome/145.0.7632.116 Mobile Safari/537.36 (compatible; GoogleOther)"
157.55.39.59 - - [13/Mar/2026:18:41:58 +0300] "GET /?lgqek/s983500.html HTTP/2" 200 24644 "-" "Mozilla/5.0 AppleWebKit/537.36 (KHTML, like Gecko; compatible; bingbot/2.0; +http://www.bing.com/bingbot.htm) Chrome/116.0.1938.76 Safari/537.36"
157.55.39.59 - - [13/Mar/2026:18:42:07 +0300] "GET /?vpdig/t2486249.html HTTP/2" 200 24559 "-" "Mozilla/5.0 AppleWebKit/537.36 (KHTML, like Gecko; compatible; bingbot/2.0; +http://www.bing.com/bingbot.htm) Chrome/116.0.1938.76 Safari/537.36"
40.77.167.47 - - [13/Mar/2026:18:42:59 +0300] "GET /?ynaoe/v3011295.html HTTP/2" 200 24140 "-" "Mozilla/5.0 AppleWebKit/537.36 (KHTML, like Gecko; compatible; bingbot/2.0; +http://www.bing.com/bingbot.htm) Chrome/116.0.1938.76 Safari/537.36"
136.119.16.239 - - [13/Mar/2026:18:43:38 +0300] "GET / HTTP/1.1" 200 490933 "-" "Mozilla/5.0 (Windows NT 10.0; Win64; x64) AppleWebKit/537.36 (KHTML, like Gecko) Chrome/78.0.3904.108 Safari/537.36"
136.119.16.239 - - [13/Mar/2026:18:44:10 +0300] "GET //wp-includes/wlwmanifest.xml HTTP/1.1" 200 142191 "-" "Mozilla/5.0 (Windows NT 10.0; Win64; x64) AppleWebKit/537.36 (KHTML, like Gecko) Chrome/78.0.3904.108 Safari/537.36"
136.119.16.239 - - [13/Mar/2026:18:44:11 +0300] "GET //xmlrpc.php?rsd HTTP/1.1" 403 787 "-" "Mozilla/5.0 (Windows NT 10.0; Win64; x64) AppleWebKit/537.36 (KHTML, like Gecko) Chrome/78.0.3904.108 Safari/537.36"
136.119.16.239 - - [13/Mar/2026:18:44:11 +0300] "GET / HTTP/1.1" 200 490933 "-" "Mozilla/5.0 (Windows NT 10.0; Win64; x64) AppleWebKit/537.36 (KHTML, like Gecko) Chrome/78.0.3904.108 Safari/537.36"
136.119.16.239 - - [13/Mar/2026:18:44:36 +0300] "GET //?author=1 HTTP/1.1" 200 937 "-" "Mozilla/5.0 (Windows NT 10.0; Win64; x64) AppleWebKit/537.36 (KHTML, like Gecko) Chrome/78.0.3904.108 Safari/537.36"
136.119.16.239 - - [13/Mar/2026:18:44:54 +0300] "GET //?author=2 HTTP/1.1" 200 937 "-" "Mozilla/5.0 (Windows NT 10.0; Win64; x64) AppleWebKit/537.36 (KHTML, like Gecko) Chrome/78.0.3904.108 Safari/537.36"
52.167.144.210 - - [13/Mar/2026:18:46:02 +0300] "GET /?rbiin/n1256053.html HTTP/2" 200 24556 "-" "Mozilla/5.0 AppleWebKit/537.36 (KHTML, like Gecko; compatible; bingbot/2.0; +http://www.bing.com/bingbot.htm) Chrome/116.0.1938.76 Safari/537.36"
136.119.16.239 - - [13/Mar/2026:18:45:03 +0300] "GET //wp-json/wp/v2/users/ HTTP/1.1" 500 384 "-" "Mozilla/5.0 (Windows NT 10.0; Win64; x64) AppleWebKit/537.36 (KHTML, like Gecko) Chrome/78.0.3904.108 Safari/537.36"
66.249.66.15 - - [13/Mar/2026:18:47:10 +0300] "GET /?qhpki/u1725308.html HTTP/1.1" 200 25633 "-" "Mozilla/5.0 (Linux; Android 6.0.1; Nexus 5X Build/MMB29P) AppleWebKit/537.36 (KHTML, like Gecko) Chrome/145.0.7632.116 Mobile Safari/537.36 (compatible; GoogleOther)"
102.212.247.146 - - [13/Mar/2026:18:47:52 +0300] "POST /wp-cron.php?doing_wp_cron=1773416872.2067899703979492187500 HTTP/1.1" 403 787 "-" "WordPress/6.9.1; https://paltutors.co.uk"
44.243.142.104 - - [13/Mar/2026:18:47:26 +0300] "GET /?rnd=1773416840137 HTTP/2" 200 0 "http://paltutors.co.uk/?rnd=1773416840137" "GoDaddy-UptimeMonitoring"
54.162.61.185 - - [13/Mar/2026:18:47:56 +0300] "GET /?rnd=1773416870365 HTTP/2" 200 0 "http://paltutors.co.uk/?rnd=1773416870365" "GoDaddy-UptimeMonitoring"
207.46.13.18 - - [13/Mar/2026:18:51:59 +0300] "GET /?ypija/l2464427.html HTTP/2" 503 807 "-" "Mozilla/5.0 AppleWebKit/537.36 (KHTML, like Gecko; compatible; bingbot/2.0; +http://www.bing.com/bingbot.htm) Chrome/116.0.1938.76 Safari/537.36"
157.55.39.59 - - [13/Mar/2026:18:46:04 +0300] "GET /?dpswv/p1496425.html HTTP/2" 200 24311 "-" "Mozilla/5.0 AppleWebKit/537.36 (KHTML, like Gecko; compatible; bingbot/2.0; +http://www.bing.com/bingbot.htm) Chrome/116.0.1938.76 Safari/537.36"
66.249.66.15 - - [13/Mar/2026:18:47:24 +0300] "GET /?mpmmy/d422587.html HTTP/1.1" 200 25228 "-" "Mozilla/5.0 (Linux; Android 6.0.1; Nexus 5X Build/MMB29P) AppleWebKit/537.36 (KHTML, like Gecko) Chrome/145.0.7632.116 Mobile Safari/537.36 (compatible; GoogleOther)"
102.212.247.146 - - [13/Mar/2026:18:47:56 +0300] "POST /wp-cron.php?doing_wp_cron=1773416875.6429738998413085937500 HTTP/1.1" 403 787 "-" "WordPress/6.9.1; https://paltutors.co.uk"
52.167.144.210 - - [13/Mar/2026:18:49:10 +0300] "GET /?jmgfs/y2690484.html HTTP/2" 200 24084 "-" "Mozilla/5.0 AppleWebKit/537.36 (KHTML, like Gecko; compatible; bingbot/2.0; +http://www.bing.com/bingbot.htm) Chrome/116.0.1938.76 Safari/537.36"
44.234.86.99 - - [13/Mar/2026:18:48:56 +0300] "GET /?rnd=1773416930476 HTTP/2" 200 0 "http://www.paltutors.co.uk/?rnd=1773416930476" "GoDaddy-UptimeMonitoring"
207.46.13.18 - - [13/Mar/2026:18:50:48 +0300] "GET /?lnmdf/t827943.html HTTP/2" 200 25279 "-" "Mozilla/5.0 AppleWebKit/537.36 (KHTML, like Gecko; compatible; bingbot/2.0; +http://www.bing.com/bingbot.htm) Chrome/116.0.1938.76 Safari/537.36"
43.166.134.114 - - [13/Mar/2026:18:51:14 +0300] "GET / HTTP/1.1" 200 198 "http://www.paltutors.co.uk" "Mozilla/5.0 (iPhone; CPU iPhone OS 13_2_3 like Mac OS X) AppleWebKit/605.1.15 (KHTML, like Gecko) Version/13.0.3 Mobile/15E148 Safari/604.1"
66.249.66.32 - - [13/Mar/2026:18:53:49 +0300] "GET /?kwiuk/h422981.html HTTP/1.1" 200 24955 "-" "Mozilla/5.0 (Linux; Android 6.0.1; Nexus 5X Build/MMB29P) AppleWebKit/537.36 (KHTML, like Gecko) Chrome/145.0.7632.116 Mobile Safari/537.36 (compatible; GoogleOther)"
66.249.66.1 - - [13/Mar/2026:18:54:15 +0300] "GET /?atpmh/r2031299.html HTTP/1.1" 200 25028 "-" "Mozilla/5.0 (Linux; Android 6.0.1; Nexus 5X Build/MMB29P) AppleWebKit/537.36 (KHTML, like Gecko) Chrome/145.0.7632.116 Mobile Safari/537.36 (compatible; GoogleOther)"
66.249.66.194 - - [13/Mar/2026:18:54:53 +0300] "GET /?ckevp/k1719630.html HTTP/1.1" 200 24619 "-" "Mozilla/5.0 (Linux; Android 6.0.1; Nexus 5X Build/MMB29P) AppleWebKit/537.36 (KHTML, like Gecko) Chrome/145.0.7632.116 Mobile Safari/537.36 (compatible; GoogleOther)"
66.249.66.194 - - [13/Mar/2026:18:55:21 +0300] "GET /?fvrcp/y422738.html HTTP/1.1" 200 24414 "-" "Mozilla/5.0 (Linux; Android 6.0.1; Nexus 5X Build/MMB29P) AppleWebKit/537.36 (KHTML, like Gecko) Chrome/145.0.7632.116 Mobile Safari/537.36 (compatible; GoogleOther)"
40.77.167.47 - - [13/Mar/2026:18:56:10 +0300] "GET /?xlwdd/t856153.html HTTP/2" 200 25215 "-" "Mozilla/5.0 AppleWebKit/537.36 (KHTML, like Gecko; compatible; bingbot/2.0; +http://www.bing.com/bingbot.htm) Chrome/116.0.1938.76 Safari/537.36"
66.249.66.78 - - [13/Mar/2026:18:56:36 +0300] "GET /?zmmnr/f2587323.html HTTP/1.1" 200 25022 "-" "Mozilla/5.0 (Linux; Android 6.0.1; Nexus 5X Build/MMB29P) AppleWebKit/537.36 (KHTML, like Gecko) Chrome/145.0.7632.116 Mobile Safari/537.36 (compatible; GoogleOther)"
66.249.66.77 - - [13/Mar/2026:18:56:50 +0300] "GET /?jzgsb/t261585.html HTTP/1.1" 200 24780 "-" "Mozilla/5.0 (Linux; Android 6.0.1; Nexus 5X Build/MMB29P) AppleWebKit/537.36 (KHTML, like Gecko) Chrome/145.0.7632.116 Mobile Safari/537.36 (compatible; GoogleOther)"
136.144.33.177 - - [13/Mar/2026:18:56:19 +0300] "POST /wp-login.php HTTP/1.1" 200 0 "-" "Mozilla/5.0"
66.249.66.168 - - [13/Mar/2026:18:59:05 +0300] "GET /?wxwht/m657974.html HTTP/1.1" 200 24734 "-" "Mozilla/5.0 (Linux; Android 6.0.1; Nexus 5X Build/MMB29P) AppleWebKit/537.36 (KHTML, like Gecko) Chrome/145.0.7632.116 Mobile Safari/537.36 (compatible; GoogleOther)"
66.249.66.195 - - [13/Mar/2026:19:00:42 +0300] "GET /?xyaun/j1338729.html HTTP/1.1" 200 25436 "-" "Mozilla/5.0 (Linux; Android 6.0.1; Nexus 5X Build/MMB29P) AppleWebKit/537.36 (KHTML, like Gecko) Chrome/145.0.7632.116 Mobile Safari/537.36 (compatible; GoogleOther)"
66.249.66.33 - - [13/Mar/2026:18:32:37 +0300] "GET /?awonm/z2114481.html HTTP/1.1" 200 24243 "-" "Mozilla/5.0 (Linux; Android 6.0.1; Nexus 5X Build/MMB29P) AppleWebKit/537.36 (KHTML, like Gecko) Chrome/145.0.7632.116 Mobile Safari/537.36 (compatible; GoogleOther)"
40.77.167.131 - - [13/Mar/2026:18:32:39 +0300] "GET /?cwkdi/m1349158.html HTTP/2" 200 24962 "-" "Mozilla/5.0 AppleWebKit/537.36 (KHTML, like Gecko; compatible; bingbot/2.0; +http://www.bing.com/bingbot.htm) Chrome/116.0.1938.76 Safari/537.36"
66.249.66.78 - - [13/Mar/2026:18:34:44 +0300] "GET /?wkkvl/y1647442.html HTTP/1.1" 200 24765 "-" "Mozilla/5.0 (Linux; Android 6.0.1; Nexus 5X Build/MMB29P) AppleWebKit/537.36 (KHTML, like Gecko) Chrome/145.0.7632.116 Mobile Safari/537.36 (compatible; GoogleOther)"
66.249.66.169 - - [13/Mar/2026:18:42:41 +0300] "GET /?hckpq/o1919964.html HTTP/1.1" 200 24421 "-" "Mozilla/5.0 (Linux; Android 6.0.1; Nexus 5X Build/MMB29P) AppleWebKit/537.36 (KHTML, like Gecko) Chrome/145.0.7632.116 Mobile Safari/537.36 (compatible; GoogleOther)"
102.212.247.146 - - [13/Mar/2026:18:44:09 +0300] "POST /wp-cron.php?doing_wp_cron=1773416649.9141778945922851562500 HTTP/1.1" 403 787 "-" "WordPress/6.9.1; https://paltutors.co.uk"
157.55.39.59 - - [13/Mar/2026:18:45:08 +0300] "GET /?jvobe/l762155.html HTTP/2" 200 24296 "-" "Mozilla/5.0 AppleWebKit/537.36 (KHTML, like Gecko; compatible; bingbot/2.0; +http://www.bing.com/bingbot.htm) Chrome/116.0.1938.76 Safari/537.36"
66.249.66.33 - - [13/Mar/2026:18:45:40 +0300] "GET /?mjqzn/i756380.html HTTP/1.1" 200 24511 "-" "Mozilla/5.0 (Linux; Android 6.0.1; Nexus 5X Build/MMB29P) AppleWebKit/537.36 (KHTML, like Gecko) Chrome/145.0.7632.116 Mobile Safari/537.36 (compatible; GoogleOther)"
52.167.144.210 - - [13/Mar/2026:18:49:50 +0300] "GET /?jpebz/v1041431.html HTTP/2" 200 24115 "-" "Mozilla/5.0 AppleWebKit/537.36 (KHTML, like Gecko; compatible; bingbot/2.0; +http://www.bing.com/bingbot.htm) Chrome/116.0.1938.76 Safari/537.36"
102.212.247.146 - - [13/Mar/2026:18:50:14 +0300] "POST /wp-cron.php?doing_wp_cron=1773417013.4235720634460449218750 HTTP/1.1" 403 787 "-" "WordPress/6.9.1; https://paltutors.co.uk"
207.46.13.18 - - [13/Mar/2026:18:51:19 +0300] "GET /?nhhmx/b1977801.html HTTP/2" 200 24562 "-" "Mozilla/5.0 AppleWebKit/537.36 (KHTML, like Gecko; compatible; bingbot/2.0; +http://www.bing.com/bingbot.htm) Chrome/116.0.1938.76 Safari/537.36"
207.46.13.18 - - [13/Mar/2026:18:51:29 +0300] "GET /?tqfwh/d2436079.html HTTP/2" 200 24968 "-" "Mozilla/5.0 AppleWebKit/537.36 (KHTML, like Gecko; compatible; bingbot/2.0; +http://www.bing.com/bingbot.htm) Chrome/116.0.1938.76 Safari/537.36"
52.167.144.219 - - [13/Mar/2026:18:51:34 +0300] "GET /?rumzb/f644889.html HTTP/2" 200 24757 "-" "Mozilla/5.0 AppleWebKit/537.36 (KHTML, like Gecko; compatible; bingbot/2.0; +http://www.bing.com/bingbot.htm) Chrome/116.0.1938.76 Safari/537.36"
66.249.66.195 - - [13/Mar/2026:18:52:08 +0300] "GET /?cyqfg/a178496.html HTTP/1.1" 200 169 "-" "Mozilla/5.0 (Linux; Android 6.0.1; Nexus 5X Build/MMB29P) AppleWebKit/537.36 (KHTML, like Gecko) Chrome/145.0.7632.116 Mobile Safari/537.36 (compatible; GoogleOther)"
52.167.144.139 - - [13/Mar/2026:18:58:21 +0300] "GET /?wslvg/c108610.html HTTP/2" 200 25670 "-" "Mozilla/5.0 AppleWebKit/537.36 (KHTML, like Gecko; compatible; bingbot/2.0; +http://www.bing.com/bingbot.htm) Chrome/116.0.1938.76 Safari/537.36"
66.249.66.168 - - [13/Mar/2026:19:00:51 +0300] "GET /?eqkca/q2797856.html HTTP/1.1" 200 24453 "-" "Mozilla/5.0 (Linux; Android 6.0.1; Nexus 5X Build/MMB29P) AppleWebKit/537.36 (KHTML, like Gecko) Chrome/145.0.7632.116 Mobile Safari/537.36 (compatible; GoogleOther)"
102.212.247.146 - - [13/Mar/2026:19:01:21 +0300] "POST /wp-cron.php?doing_wp_cron=1773417681.3129138946533203125000 HTTP/1.1" 403 787 "-" "WordPress/6.9.1; https://paltutors.co.uk"
102.212.247.146 - - [13/Mar/2026:19:01:55 +0300] "POST /wp-cron.php?doing_wp_cron=1773417714.6533699035644531250000 HTTP/1.1" 403 787 "-" "WordPress/6.9.1; https://paltutors.co.uk"
40.77.167.131 - - [13/Mar/2026:18:34:53 +0300] "GET /?ysjqp/j2759525.html HTTP/2" 200 24482 "-" "Mozilla/5.0 AppleWebKit/537.36 (KHTML, like Gecko; compatible; bingbot/2.0; +http://www.bing.com/bingbot.htm) Chrome/116.0.1938.76 Safari/537.36"
66.249.66.194 - - [13/Mar/2026:18:35:43 +0300] "GET /?fihbh/d3009145.html HTTP/1.1" 200 24751 "-" "Mozilla/5.0 (Linux; Android 6.0.1; Nexus 5X Build/MMB29P) AppleWebKit/537.36 (KHTML, like Gecko) Chrome/145.0.7632.116 Mobile Safari/537.36 (compatible; GoogleOther)"
66.249.66.14 - - [13/Mar/2026:18:36:13 +0300] "GET /?tvjmt/m1940502.html HTTP/1.1" 200 24572 "-" "Mozilla/5.0 (Linux; Android 6.0.1; Nexus 5X Build/MMB29P) AppleWebKit/537.36 (KHTML, like Gecko) Chrome/145.0.7632.116 Mobile Safari/537.36 (compatible; GoogleOther)"
66.249.66.77 - - [13/Mar/2026:18:37:33 +0300] "GET /?uhoeb/x1870859.html HTTP/1.1" 200 24325 "-" "Mozilla/5.0 (Linux; Android 6.0.1; Nexus 5X Build/MMB29P) AppleWebKit/537.36 (KHTML, like Gecko) Chrome/145.0.7632.116 Mobile Safari/537.36 (compatible; GoogleOther)"
66.249.66.15 - - [13/Mar/2026:18:39:18 +0300] "GET /?dheuo/j2435877.html HTTP/1.1" 200 24627 "-" "Mozilla/5.0 (Linux; Android 6.0.1; Nexus 5X Build/MMB29P) AppleWebKit/537.36 (KHTML, like Gecko) Chrome/145.0.7632.116 Mobile Safari/537.36 (compatible; GoogleOther)"
136.144.43.120 - - [13/Mar/2026:18:42:06 +0300] "POST /wp-login.php HTTP/1.1" 200 10041 "-" "Mozilla/5.0"
66.249.66.78 - - [13/Mar/2026:18:46:18 +0300] "GET /?qkegh/v1205777.html HTTP/1.1" 200 24550 "-" "Mozilla/5.0 (Linux; Android 6.0.1; Nexus 5X Build/MMB29P) AppleWebKit/537.36 (KHTML, like Gecko) Chrome/145.0.7632.116 Mobile Safari/537.36 (compatible; GoogleOther)"
52.167.144.210 - - [13/Mar/2026:18:46:40 +0300] "GET /?edtno/n2349301.html HTTP/2" 200 24387 "-" "Mozilla/5.0 AppleWebKit/537.36 (KHTML, like Gecko; compatible; bingbot/2.0; +http://www.bing.com/bingbot.htm) Chrome/116.0.1938.76 Safari/537.36"
66.249.66.77 - - [13/Mar/2026:18:48:10 +0300] "GET /?ivfeb/r483883.html HTTP/1.1" 200 24832 "-" "Mozilla/5.0 (Linux; Android 6.0.1; Nexus 5X Build/MMB29P) AppleWebKit/537.36 (KHTML, like Gecko) Chrome/145.0.7632.116 Mobile Safari/537.36 (compatible; GoogleOther)"
102.212.247.146 - - [13/Mar/2026:18:48:44 +0300] "POST /wp-cron.php?doing_wp_cron=1773416924.5251369476318359375000 HTTP/1.1" 403 787 "-" "WordPress/6.9.1; https://paltutors.co.uk"
102.212.247.146 - - [13/Mar/2026:18:49:13 +0300] "POST /wp-cron.php?doing_wp_cron=1773416953.2086360454559326171875 HTTP/1.1" 403 787 "-" "WordPress/6.9.1; https://paltutors.co.uk"
66.249.66.194 - - [13/Mar/2026:18:49:39 +0300] "GET /?aepko/w1714962.html HTTP/1.1" 200 24584 "-" "Mozilla/5.0 (Linux; Android 6.0.1; Nexus 5X Build/MMB29P) AppleWebKit/537.36 (KHTML, like Gecko) Chrome/145.0.7632.116 Mobile Safari/537.36 (compatible; GoogleOther)"
207.46.13.18 - - [13/Mar/2026:18:55:10 +0300] "GET /?htgor/d127435.html HTTP/2" 200 24061 "-" "Mozilla/5.0 AppleWebKit/537.36 (KHTML, like Gecko; compatible; bingbot/2.0; +http://www.bing.com/bingbot.htm) Chrome/116.0.1938.76 Safari/537.36"
66.249.66.194 - - [13/Mar/2026:18:56:18 +0300] "GET /?cbwyr/r1678661.html HTTP/1.1" 200 24643 "-" "Mozilla/5.0 (Linux; Android 6.0.1; Nexus 5X Build/MMB29P) AppleWebKit/537.36 (KHTML, like Gecko) Chrome/145.0.7632.116 Mobile Safari/537.36 (compatible; GoogleOther)"
52.167.144.139 - - [13/Mar/2026:18:57:21 +0300] "GET /?jdvjo/v1526903.html HTTP/2" 200 24729 "-" "Mozilla/5.0 AppleWebKit/537.36 (KHTML, like Gecko; compatible; bingbot/2.0; +http://www.bing.com/bingbot.htm) Chrome/116.0.1938.76 Safari/537.36"
207.46.13.18 - - [13/Mar/2026:18:57:40 +0300] "GET /?atkwv/r1845269.html HTTP/2" 200 25070 "-" "Mozilla/5.0 AppleWebKit/537.36 (KHTML, like Gecko; compatible; bingbot/2.0; +http://www.bing.com/bingbot.htm) Chrome/116.0.1938.76 Safari/537.36"
52.167.144.139 - - [13/Mar/2026:18:58:51 +0300] "GET /?varpk/r2356455.html HTTP/2" 200 24599 "-" "Mozilla/5.0 AppleWebKit/537.36 (KHTML, like Gecko; compatible; bingbot/2.0; +http://www.bing.com/bingbot.htm) Chrome/116.0.1938.76 Safari/537.36"
66.249.66.77 - - [13/Mar/2026:18:55:30 +0300] "GET /?vnunj/f1838185.html HTTP/1.1" 200 24862 "-" "Mozilla/5.0 (Linux; Android 6.0.1; Nexus 5X Build/MMB29P) AppleWebKit/537.36 (KHTML, like Gecko) Chrome/145.0.7632.116 Mobile Safari/537.36 (compatible; GoogleOther)"
66.249.66.77 - - [13/Mar/2026:18:55:32 +0300] "GET /?lghan/a2637966.html HTTP/1.1" 200 24445 "-" "Mozilla/5.0 (Linux; Android 6.0.1; Nexus 5X Build/MMB29P) AppleWebKit/537.36 (KHTML, like Gecko) Chrome/145.0.7632.116 Mobile Safari/537.36 (compatible; GoogleOther)"
52.167.144.139 - - [13/Mar/2026:18:55:40 +0300] "GET /?mxkdp/j119095.html HTTP/2" 200 24663 "-" "Mozilla/5.0 AppleWebKit/537.36 (KHTML, like Gecko; compatible; bingbot/2.0; +http://www.bing.com/bingbot.htm) Chrome/116.0.1938.76 Safari/537.36"
51.222.168.2 - - [13/Mar/2026:18:57:06 +0300] "GET / HTTP/2" 200 7 "-" "Mozilla/5.0 (compatible; AhrefsBot/7.0; +http://ahrefs.com/robot/)"
66.249.66.34 - - [13/Mar/2026:18:57:18 +0300] "GET /?blqsi/z821215.html HTTP/1.1" 200 24442 "-" "Mozilla/5.0 (Linux; Android 6.0.1; Nexus 5X Build/MMB29P) AppleWebKit/537.36 (KHTML, like Gecko) Chrome/145.0.7632.116 Mobile Safari/537.36 (compatible; GoogleOther)"
40.77.167.47 - - [13/Mar/2026:18:57:50 +0300] "GET /?pknzc/d2117969.html HTTP/2" 200 25389 "-" "Mozilla/5.0 AppleWebKit/537.36 (KHTML, like Gecko; compatible; bingbot/2.0; +http://www.bing.com/bingbot.htm) Chrome/116.0.1938.76 Safari/537.36"
66.249.66.14 - - [13/Mar/2026:18:58:01 +0300] "GET /?dkiau/x1052093.html HTTP/1.1" 200 24187 "-" "Mozilla/5.0 (Linux; Android 6.0.1; Nexus 5X Build/MMB29P) AppleWebKit/537.36 (KHTML, like Gecko) Chrome/145.0.7632.116 Mobile Safari/537.36 (compatible; GoogleOther)"
207.46.13.18 - - [13/Mar/2026:18:58:40 +0300] "GET /?rbvay/y3067276.html HTTP/2" 200 24422 "-" "Mozilla/5.0 AppleWebKit/537.36 (KHTML, like Gecko; compatible; bingbot/2.0; +http://www.bing.com/bingbot.htm) Chrome/116.0.1938.76 Safari/537.36"
57.141.20.59 - - [13/Mar/2026:18:59:46 +0300] "GET /?jgadf/t91545.html HTTP/2" 200 0 "-" "meta-externalagent/1.1 (+https://developers.facebook.com/docs/sharing/webmasters/crawler)"
66.249.66.32 - - [13/Mar/2026:19:01:04 +0300] "GET /?fujyd/y2111282.html HTTP/1.1" 200 24151 "-" "Mozilla/5.0 (Linux; Android 6.0.1; Nexus 5X Build/MMB29P) AppleWebKit/537.36 (KHTML, like Gecko) Chrome/145.0.7632.116 Mobile Safari/537.36 (compatible; GoogleOther)"
57.141.20.57 - - [13/Mar/2026:19:00:46 +0300] "GET /?lbloe/j3115985.html HTTP/2" 200 0 "-" "meta-externalagent/1.1 (+https://developers.facebook.com/docs/sharing/webmasters/crawler)"
66.249.66.33 - - [13/Mar/2026:19:02:10 +0300] "GET /?gulir/w1403300.html HTTP/1.1" 200 24757 "-" "Mozilla/5.0 (Linux; Android 6.0.1; Nexus 5X Build/MMB29P) AppleWebKit/537.36 (KHTML, like Gecko) Chrome/145.0.7632.116 Mobile Safari/537.36 (compatible; GoogleOther)"
66.249.66.168 - - [13/Mar/2026:19:02:32 +0300] "GET /?rmjcr/g867294.html HTTP/1.1" 200 24308 "-" "Mozilla/5.0 (Linux; Android 6.0.1; Nexus 5X Build/MMB29P) AppleWebKit/537.36 (KHTML, like Gecko) Chrome/145.0.7632.116 Mobile Safari/537.36 (compatible; GoogleOther)"
57.141.20.48 - - [13/Mar/2026:19:02:40 +0300] "GET /?fngju/g942850.html HTTP/2" 200 0 "-" "meta-externalagent/1.1 (+https://developers.facebook.com/docs/sharing/webmasters/crawler)"
