45.148.10.238 - - [13/Mar/2026:19:26:07 +0300] "GET /.env.prod HTTP/1.1" 503 807 "-" "Mozilla/5.0 (Macintosh; Intel Mac OS X 10_6_8) AppleWebKit/535.7 (KHTML, like Gecko) Chrome/16.0.912.36 Safari/535.7"
45.148.10.238 - - [13/Mar/2026:19:26:07 +0300] "GET /wp-config HTTP/1.1" 200 1570 "-" "Mozilla/5.0 (Windows NT 10.0; Win64; x64) AppleWebKit/537.36 (KHTML, like Gecko) Chrome/75.0.3770.142 Safari/537.36 OPR/62.0.3331.116"
45.148.10.238 - - [13/Mar/2026:19:26:07 +0300] "GET /.env.prod HTTP/1.1" 200 1570 "-" "Opera/9.80 (Android; Opera Mini/43.3.2254/150.36; U; en) Presto/2.12.423 Version/12.16"
66.249.66.169 - - [13/Mar/2026:19:26:23 +0300] "GET /?sywrn/k2431952.html HTTP/1.1" 503 807 "-" "Mozilla/5.0 (Linux; Android 6.0.1; Nexus 5X Build/MMB29P) AppleWebKit/537.36 (KHTML, like Gecko) Chrome/145.0.7632.116 Mobile Safari/537.36 (compatible; GoogleOther)"
66.249.66.168 - - [13/Mar/2026:19:27:51 +0300] "GET /?hfqmy/j1103715.html HTTP/1.1" 503 807 "-" "Mozilla/5.0 (Linux; Android 6.0.1; Nexus 5X Build/MMB29P) AppleWebKit/537.36 (KHTML, like Gecko) Chrome/145.0.7632.116 Mobile Safari/537.36 (compatible; GoogleOther)"
45.148.10.238 - - [13/Mar/2026:19:26:07 +0300] "GET /.env.live HTTP/1.1" 500 384 "-" "Mozilla/5.0 (Macintosh; Intel Mac OS X 10.6; rv:2.0.1) Gecko/20100101 Firefox/4.0.1 Camino/2.2.1"
45.148.10.238 - - [13/Mar/2026:19:26:07 +0300] "GET /config.env HTTP/1.1" 500 384 "-" "Mozilla/5.0 (Windows NT 10.0; WOW64) AppleWebKit/537.36 (KHTML, like Gecko) Chrome/62.0.3202.94 Safari/537.36"
102.212.247.146 - - [13/Mar/2026:19:29:17 +0300] "POST /wp-cron.php?doing_wp_cron=1773419356.0403831005096435546875 HTTP/1.1" 403 787 "-" "WordPress/6.9.1; https://paltutors.co.uk"
40.77.167.247 - - [13/Mar/2026:19:29:54 +0300] "GET /?cmajw/y489454.html HTTP/2" 200 25450 "-" "Mozilla/5.0 AppleWebKit/537.36 (KHTML, like Gecko; compatible; bingbot/2.0; +http://www.bing.com/bingbot.htm) Chrome/116.0.1938.76 Safari/537.36"
66.249.66.64 - - [13/Mar/2026:19:30:25 +0300] "GET /?evtdp/a608536.html HTTP/1.1" 200 24051 "-" "Mozilla/5.0 (Linux; Android 6.0.1; Nexus 5X Build/MMB29P) AppleWebKit/537.36 (KHTML, like Gecko) Chrome/145.0.7632.116 Mobile Safari/537.36 (compatible; GoogleOther)"
40.77.167.243 - - [13/Mar/2026:19:09:15 +0300] "GET /?kakum/d1390099.html HTTP/2" 200 25514 "-" "Mozilla/5.0 AppleWebKit/537.36 (KHTML, like Gecko; compatible; bingbot/2.0; +http://www.bing.com/bingbot.htm) Chrome/116.0.1938.76 Safari/537.36"
57.141.20.34 - - [13/Mar/2026:19:12:11 +0300] "GET /?hyyta/x175893.html HTTP/2" 200 0 "-" "meta-externalagent/1.1 (+https://developers.facebook.com/docs/sharing/webmasters/crawler)"
66.249.66.14 - - [13/Mar/2026:19:12:47 +0300] "GET /robots.txt HTTP/1.1" 200 70 "-" "Mozilla/5.0 (compatible; Googlebot/2.1; +http://www.google.com/bot.html)"
57.141.20.32 - - [13/Mar/2026:19:13:44 +0300] "GET /?dflmz/u2590718.html HTTP/2" 200 0 "-" "meta-externalagent/1.1 (+https://developers.facebook.com/docs/sharing/webmasters/crawler)"
66.249.66.169 - - [13/Mar/2026:19:14:43 +0300] "GET /?bqonq/q825288.html HTTP/1.1" 200 24997 "-" "Mozilla/5.0 (Linux; Android 6.0.1; Nexus 5X Build/MMB29P) AppleWebKit/537.36 (KHTML, like Gecko) Chrome/145.0.7632.116 Mobile Safari/537.36 (compatible; GoogleOther)"
52.167.144.139 - - [13/Mar/2026:19:18:32 +0300] "GET /?cokvn/b137495.html HTTP/2" 503 807 "-" "Mozilla/5.0 AppleWebKit/537.36 (KHTML, like Gecko; compatible; bingbot/2.0; +http://www.bing.com/bingbot.htm) Chrome/116.0.1938.76 Safari/537.36"
52.167.144.139 - - [13/Mar/2026:19:18:33 +0300] "GET /?aujkt/g1283476.html HTTP/2" 503 807 "-" "Mozilla/5.0 AppleWebKit/537.36 (KHTML, like Gecko; compatible; bingbot/2.0; +http://www.bing.com/bingbot.htm) Chrome/116.0.1938.76 Safari/537.36"
207.46.13.7 - - [13/Mar/2026:19:20:51 +0300] "GET /?bxoxd/s1169504.html HTTP/2" 200 25902 "-" "Mozilla/5.0 AppleWebKit/537.36 (KHTML, like Gecko; compatible; bingbot/2.0; +http://www.bing.com/bingbot.htm) Chrome/116.0.1938.76 Safari/537.36"
102.212.247.146 - - [13/Mar/2026:19:21:10 +0300] "POST /wp-cron.php?doing_wp_cron=1773418869.4083549976348876953125 HTTP/1.1" 403 787 "-" "WordPress/6.9.1; https://paltutors.co.uk"
66.249.66.194 - - [13/Mar/2026:19:22:16 +0300] "GET /?jufrl/z398923.html HTTP/1.1" 200 25318 "-" "Mozilla/5.0 (Linux; Android 6.0.1; Nexus 5X Build/MMB29P) AppleWebKit/537.36 (KHTML, like Gecko) Chrome/145.0.7632.116 Mobile Safari/537.36 (compatible; GoogleOther)"
66.249.66.14 - - [13/Mar/2026:19:23:59 +0300] "GET /?yxoof/p2436091.html HTTP/1.1" 200 24626 "-" "Mozilla/5.0 (Linux; Android 6.0.1; Nexus 5X Build/MMB29P) AppleWebKit/537.36 (KHTML, like Gecko) Chrome/145.0.7632.116 Mobile Safari/537.36 (compatible; GoogleOther)"
66.249.66.14 - - [13/Mar/2026:19:25:03 +0300] "GET /?nyfev/s391584.html HTTP/1.1" 200 24674 "-" "Mozilla/5.0 (Linux; Android 6.0.1; Nexus 5X Build/MMB29P) AppleWebKit/537.36 (KHTML, like Gecko) Chrome/145.0.7632.116 Mobile Safari/537.36 (compatible; GoogleOther)"
45.148.10.238 - - [13/Mar/2026:19:26:07 +0300] "GET /.env.production HTTP/1.1" 200 1570 "-" "Mozilla/5.0 (Linux; Android 8.1.0; Moto G (5S) Plus) AppleWebKit/537.36 (KHTML, like Gecko) Chrome/76.0.3809.111 Mobile Safari/537.36"
40.77.167.16 - - [13/Mar/2026:19:26:53 +0300] "GET /?tfaat/x2897417.html HTTP/2" 200 1396 "-" "Mozilla/5.0 AppleWebKit/537.36 (KHTML, like Gecko; compatible; bingbot/2.0; +http://www.bing.com/bingbot.htm) Chrome/116.0.1938.76 Safari/537.36"
45.148.10.238 - - [13/Mar/2026:19:26:07 +0300] "GET /crm/.env HTTP/1.1" 500 384 "-" "Mozilla/5.0 (Macintosh; U; PPC Mac OS X; en) AppleWebKit/418.8 (KHTML, like Gecko) Safari/419.3"
66.249.66.1 - - [13/Mar/2026:19:28:35 +0300] "GET /?nfrcv/u2452190.html HTTP/1.1" 200 24592 "-" "Mozilla/5.0 (Linux; Android 6.0.1; Nexus 5X Build/MMB29P) AppleWebKit/537.36 (KHTML, like Gecko) Chrome/145.0.7632.116 Mobile Safari/537.36 (compatible; GoogleOther)"
66.249.66.78 - - [13/Mar/2026:19:29:40 +0300] "GET /?pzsmd/c1679946.html HTTP/1.1" 200 24731 "-" "Mozilla/5.0 (Linux; Android 6.0.1; Nexus 5X Build/MMB29P) AppleWebKit/537.36 (KHTML, like Gecko) Chrome/145.0.7632.116 Mobile Safari/537.36 (compatible; GoogleOther)"
52.167.144.139 - - [13/Mar/2026:19:16:02 +0300] "GET /?gofix/p1610747.html HTTP/2" 200 25104 "-" "Mozilla/5.0 AppleWebKit/537.36 (KHTML, like Gecko; compatible; bingbot/2.0; +http://www.bing.com/bingbot.htm) Chrome/116.0.1938.76 Safari/537.36"
54.162.61.185 - - [13/Mar/2026:19:18:29 +0300] "GET /?rnd=1773418702845 HTTP/2" 200 0 "http://www.paltutors.co.uk/?rnd=1773418702845" "GoDaddy-UptimeMonitoring"
57.141.20.36 - - [13/Mar/2026:19:18:40 +0300] "GET /?wbnet/i1599742.html HTTP/2" 200 0 "-" "meta-externalagent/1.1 (+https://developers.facebook.com/docs/sharing/webmasters/crawler)"
52.167.144.139 - - [13/Mar/2026:19:19:12 +0300] "GET /?ztese/y787050.html HTTP/2" 503 807 "-" "Mozilla/5.0 AppleWebKit/537.36 (KHTML, like Gecko; compatible; bingbot/2.0; +http://www.bing.com/bingbot.htm) Chrome/116.0.1938.76 Safari/537.36"
66.249.66.168 - - [13/Mar/2026:19:21:00 +0300] "GET /?ntbia/p1831669.html HTTP/1.1" 200 24813 "-" "Mozilla/5.0 (Linux; Android 6.0.1; Nexus 5X Build/MMB29P) AppleWebKit/537.36 (KHTML, like Gecko) Chrome/145.0.7632.116 Mobile Safari/537.36 (compatible; GoogleOther)"
40.77.167.67 - - [13/Mar/2026:19:21:14 +0300] "GET /?hrvlp/u2029482.html HTTP/2" 200 24634 "-" "Mozilla/5.0 AppleWebKit/537.36 (KHTML, like Gecko; compatible; bingbot/2.0; +http://www.bing.com/bingbot.htm) Chrome/116.0.1938.76 Safari/537.36"
40.77.167.67 - - [13/Mar/2026:19:21:16 +0300] "GET /?bvxps/j2240149.html HTTP/2" 200 24675 "-" "Mozilla/5.0 AppleWebKit/537.36 (KHTML, like Gecko; compatible; bingbot/2.0; +http://www.bing.com/bingbot.htm) Chrome/116.0.1938.76 Safari/537.36"
66.249.66.77 - - [13/Mar/2026:19:22:04 +0300] "GET /?dviha/j1681643.html HTTP/1.1" 200 24506 "-" "Mozilla/5.0 (Linux; Android 6.0.1; Nexus 5X Build/MMB29P) AppleWebKit/537.36 (KHTML, like Gecko) Chrome/145.0.7632.116 Mobile Safari/537.36 (compatible; GoogleOther)"
102.212.247.146 - - [13/Mar/2026:19:25:01 +0300] "POST /wp-cron.php?doing_wp_cron=1773419100.1151700019836425781250 HTTP/1.1" 403 787 "-" "WordPress/6.9.1; https://paltutors.co.uk"
66.249.66.32 - - [13/Mar/2026:19:25:52 +0300] "GET /?uffsh/t947985.html HTTP/1.1" 200 25900 "-" "Mozilla/5.0 (Linux; Android 6.0.1; Nexus 5X Build/MMB29P) AppleWebKit/537.36 (KHTML, like Gecko) Chrome/145.0.7632.116 Mobile Safari/537.36 (compatible; GoogleOther)"
45.148.10.238 - - [13/Mar/2026:19:26:07 +0300] "GET /.env.live HTTP/1.1" 200 1570 "-" "Mozilla/5.0 (Linux; Android 6.0; Nexus 5X Build/MDB08L) AppleWebKit/537.36 (KHTML, like Gecko) Chrome/53.0.2785.124 Mobile Safari/537.36"
45.148.10.238 - - [13/Mar/2026:19:26:07 +0300] "GET /.env.bak HTTP/1.1" 200 1570 "-" "Mozilla/5.0 (Linux; Android 9; ONEPLUS A5010) AppleWebKit/537.36 (KHTML, like Gecko) Chrome/76.0.3809.111 Mobile Safari/537.36"
66.249.66.14 - - [13/Mar/2026:19:26:45 +0300] "GET /?icjcv/f1919591.html HTTP/1.1" 503 807 "-" "Mozilla/5.0 (Linux; Android 6.0.1; Nexus 5X Build/MMB29P) AppleWebKit/537.36 (KHTML, like Gecko) Chrome/145.0.7632.116 Mobile Safari/537.36 (compatible; GoogleOther)"
45.148.10.238 - - [13/Mar/2026:19:26:07 +0300] "GET /awsconfig.js HTTP/1.1" 500 384 "-" "Mozilla/5.0 (X11; U; Linux i686; en-US; rv:1.9.1.2) Gecko/20090803 Ubuntu/9.04 (jaunty) Shiretoko/3.5.2"
45.148.10.238 - - [13/Mar/2026:19:26:07 +0300] "GET /wp-config HTTP/1.1" 500 384 "-" "Mozilla/5.0 (X11; Linux x86_64) AppleWebKit/537.36 (KHTML, like Gecko) Chrome/73.0.3683.103 Safari/537.36 OPR/60.0.3255.170"
74.7.227.130 - - [13/Mar/2026:19:28:44 +0300] "GET /sitemap.rss HTTP/2" 200 7 "-" "Mozilla/5.0 AppleWebKit/537.36 (KHTML, like Gecko; compatible; GPTBot/1.3; +https://openai.com/gptbot)"
102.212.247.146 - - [13/Mar/2026:19:29:26 +0300] "POST /wp-cron.php?doing_wp_cron=1773419364.8117640018463134765625 HTTP/1.1" 403 787 "-" "WordPress/6.9.1; https://paltutors.co.uk"
40.77.167.247 - - [13/Mar/2026:19:30:45 +0300] "GET /?pgetx/b471361.html HTTP/2" 200 25227 "-" "Mozilla/5.0 AppleWebKit/537.36 (KHTML, like Gecko; compatible; bingbot/2.0; +http://www.bing.com/bingbot.htm) Chrome/116.0.1938.76 Safari/537.36"
66.249.66.14 - - [13/Mar/2026:19:22:33 +0300] "GET /?akqwe/d743531.html HTTP/1.1" 200 25431 "-" "Mozilla/5.0 (Linux; Android 6.0.1; Nexus 5X Build/MMB29P) AppleWebKit/537.36 (KHTML, like Gecko) Chrome/145.0.7632.116 Mobile Safari/537.36 (compatible; GoogleOther)"
66.249.66.14 - - [13/Mar/2026:19:22:36 +0300] "GET /?dylcj/s630160.html HTTP/1.1" 200 25049 "-" "Mozilla/5.0 (Linux; Android 6.0.1; Nexus 5X Build/MMB29P) AppleWebKit/537.36 (KHTML, like Gecko) Chrome/145.0.7632.116 Mobile Safari/537.36 (compatible; GoogleOther)"
66.249.66.77 - - [13/Mar/2026:19:23:49 +0300] "GET /?hurik/v1069199.html HTTP/1.1" 200 24069 "-" "Mozilla/5.0 (Linux; Android 6.0.1; Nexus 5X Build/MMB29P) AppleWebKit/537.36 (KHTML, like Gecko) Chrome/145.0.7632.116 Mobile Safari/537.36 (compatible; GoogleOther)"
66.249.66.14 - - [13/Mar/2026:19:25:57 +0300] "GET /?lvcgn/l1644985.html HTTP/1.1" 200 24795 "-" "Mozilla/5.0 (Linux; Android 6.0.1; Nexus 5X Build/MMB29P) AppleWebKit/537.36 (KHTML, like Gecko) Chrome/145.0.7632.116 Mobile Safari/537.36 (compatible; GoogleOther)"
45.148.10.238 - - [13/Mar/2026:19:26:07 +0300] "GET /.env HTTP/1.1" 200 1570 "-" "Mozilla/5.0 (Windows NT 10.0; Win64; x64) AppleWebKit/537.36 (KHTML, like Gecko) Chrome/73.0.3683.75 Safari/537.36"
45.148.10.238 - - [13/Mar/2026:19:26:07 +0300] "GET /awstats/.env HTTP/1.1" 200 1570 "-" "Opera/9.80 (Android; Opera Mini/42.0.2254/150.36; U; en) Presto/2.12.423 Version/12.16"
207.46.13.153 - - [13/Mar/2026:19:27:02 +0300] "GET /?gsljt/k2749932.html HTTP/2" 503 807 "-" "Mozilla/5.0 AppleWebKit/537.36 (KHTML, like Gecko; compatible; bingbot/2.0; +http://www.bing.com/bingbot.htm) Chrome/116.0.1938.76 Safari/537.36"
66.249.66.33 - - [13/Mar/2026:19:27:11 +0300] "GET /?oeuyj/o1856914.html HTTP/1.1" 503 807 "-" "Mozilla/5.0 (Linux; Android 6.0.1; Nexus 5X Build/MMB29P) AppleWebKit/537.36 (KHTML, like Gecko) Chrome/145.0.7632.116 Mobile Safari/537.36 (compatible; GoogleOther)"
66.249.66.32 - - [13/Mar/2026:19:27:29 +0300] "GET /?zsokd/d2296953.html HTTP/1.1" 503 807 "-" "Mozilla/5.0 (Linux; Android 6.0.1; Nexus 5X Build/MMB29P) AppleWebKit/537.36 (KHTML, like Gecko) Chrome/145.0.7632.116 Mobile Safari/537.36 (compatible; GoogleOther)"
102.212.247.146 - - [13/Mar/2026:19:28:35 +0300] "POST /wp-cron.php?doing_wp_cron=1773419313.5159270763397216796875 HTTP/1.1" 403 787 "-" "WordPress/6.9.1; https://paltutors.co.uk"
57.141.20.48 - - [13/Mar/2026:19:28:26 +0300] "GET /?irghx/g123486.html HTTP/2" 200 0 "-" "meta-externalagent/1.1 (+https://developers.facebook.com/docs/sharing/webmasters/crawler)"
40.77.167.16 - - [13/Mar/2026:19:28:53 +0300] "GET /?xsnqj/a644390.html HTTP/2" 200 24523 "-" "Mozilla/5.0 AppleWebKit/537.36 (KHTML, like Gecko; compatible; bingbot/2.0; +http://www.bing.com/bingbot.htm) Chrome/116.0.1938.76 Safari/537.36"
66.249.66.169 - - [13/Mar/2026:19:28:57 +0300] "GET /?dhpvr/u205478.html HTTP/1.1" 200 24212 "-" "Mozilla/5.0 (Linux; Android 6.0.1; Nexus 5X Build/MMB29P) AppleWebKit/537.36 (KHTML, like Gecko) Chrome/145.0.7632.116 Mobile Safari/537.36 (compatible; GoogleOther)"
40.77.167.16 - - [13/Mar/2026:19:29:03 +0300] "GET /?usexk/s1536520.html HTTP/2" 200 24822 "-" "Mozilla/5.0 AppleWebKit/537.36 (KHTML, like Gecko; compatible; bingbot/2.0; +http://www.bing.com/bingbot.htm) Chrome/116.0.1938.76 Safari/537.36"
66.249.66.168 - - [13/Mar/2026:19:32:10 +0300] "GET /?odxgz/v1939965.html HTTP/1.1" 200 25401 "-" "Mozilla/5.0 (Linux; Android 6.0.1; Nexus 5X Build/MMB29P) AppleWebKit/537.36 (KHTML, like Gecko) Chrome/145.0.7632.116 Mobile Safari/537.36 (compatible; GoogleOther)"
57.141.20.53 - - [13/Mar/2026:19:32:30 +0300] "GET /?tmccu/d1444361.html HTTP/2" 200 0 "-" "meta-externalagent/1.1 (+https://developers.facebook.com/docs/sharing/webmasters/crawler)"
57.141.20.25 - - [13/Mar/2026:19:32:32 +0300] "GET /?bqtuy/j2877851.html HTTP/2" 200 0 "-" "meta-externalagent/1.1 (+https://developers.facebook.com/docs/sharing/webmasters/crawler)"
102.212.247.146 - - [13/Mar/2026:19:30:31 +0300] "POST /wp-cron.php?doing_wp_cron=1773419430.5593359470367431640625 HTTP/1.1" 403 787 "-" "WordPress/6.9.1; https://paltutors.co.uk"
66.249.66.168 - - [13/Mar/2026:19:31:09 +0300] "GET /?pnxvu/s1332732.html HTTP/1.1" 200 24435 "-" "Mozilla/5.0 (Linux; Android 6.0.1; Nexus 5X Build/MMB29P) AppleWebKit/537.36 (KHTML, like Gecko) Chrome/145.0.7632.116 Mobile Safari/537.36 (compatible; GoogleOther)"
66.249.66.77 - - [13/Mar/2026:19:31:27 +0300] "GET /?sakwo/x1391965.html HTTP/1.1" 200 24996 "-" "Mozilla/5.0 (Linux; Android 6.0.1; Nexus 5X Build/MMB29P) AppleWebKit/537.36 (KHTML, like Gecko) Chrome/145.0.7632.116 Mobile Safari/537.36 (compatible; GoogleOther)"
66.249.66.169 - - [13/Mar/2026:19:32:15 +0300] "GET /?rzkgu/x1587173.html HTTP/1.1" 200 24697 "-" "Mozilla/5.0 (Linux; Android 6.0.1; Nexus 5X Build/MMB29P) AppleWebKit/537.36 (KHTML, like Gecko) Chrome/145.0.7632.116 Mobile Safari/537.36 (compatible; GoogleOther)"
66.249.66.194 - - [13/Mar/2026:19:32:31 +0300] "GET /?ghmju/b3006699.html HTTP/1.1" 200 24218 "-" "Mozilla/5.0 (Linux; Android 6.0.1; Nexus 5X Build/MMB29P) AppleWebKit/537.36 (KHTML, like Gecko) Chrome/145.0.7632.116 Mobile Safari/537.36 (compatible; GoogleOther)"
66.249.66.194 - - [13/Mar/2026:19:32:37 +0300] "GET /?lucjx/c1363058.html HTTP/1.1" 200 24751 "-" "Mozilla/5.0 (Linux; Android 6.0.1; Nexus 5X Build/MMB29P) AppleWebKit/537.36 (KHTML, like Gecko) Chrome/145.0.7632.116 Mobile Safari/537.36 (compatible; GoogleOther)"
66.249.66.169 - - [13/Mar/2026:19:33:14 +0300] "GET /?zdwbi/i103338.html HTTP/1.1" 200 24011 "-" "Mozilla/5.0 (Linux; Android 6.0.1; Nexus 5X Build/MMB29P) AppleWebKit/537.36 (KHTML, like Gecko) Chrome/145.0.7632.116 Mobile Safari/537.36 (compatible; GoogleOther)"
66.249.66.77 - - [13/Mar/2026:19:33:21 +0300] "GET /?fryae/g1486406.html HTTP/1.1" 200 24717 "-" "Mozilla/5.0 (Linux; Android 6.0.1; Nexus 5X Build/MMB29P) AppleWebKit/537.36 (KHTML, like Gecko) Chrome/145.0.7632.116 Mobile Safari/537.36 (compatible; GoogleOther)"
102.212.247.146 - - [13/Mar/2026:19:33:45 +0300] "POST /wp-cron.php?doing_wp_cron=1773419623.9080190658569335937500 HTTP/1.1" 403 787 "-" "WordPress/6.9.1; https://paltutors.co.uk"
66.249.66.77 - - [13/Mar/2026:19:34:49 +0300] "GET /?gdpos/n407855.html HTTP/1.1" 200 25661 "-" "Mozilla/5.0 (Linux; Android 6.0.1; Nexus 5X Build/MMB29P) AppleWebKit/537.36 (KHTML, like Gecko) Chrome/145.0.7632.116 Mobile Safari/537.36 (compatible; GoogleOther)"
141.98.11.181 - - [13/Mar/2026:19:35:18 +0300] "GET //wp-includes/ID3/license.txt HTTP/1.1" 200 1396 "-" "Mozilla/5.0 (Windows NT 10.0; Win64; x64) AppleWebKit/537.36 (KHTML, like Gecko) Chrome/95.0.4638.69 Safari/537.36"
141.98.11.181 - - [13/Mar/2026:19:35:18 +0300] "GET //feed/ HTTP/1.1" 200 3337 "-" "Mozilla/5.0 (Windows NT 10.0; Win64; x64) AppleWebKit/537.36 (KHTML, like Gecko) Chrome/95.0.4638.69 Safari/537.36"
141.98.11.181 - - [13/Mar/2026:19:35:21 +0300] "GET //?author=1 HTTP/1.1" 200 3337 "-" "Mozilla/5.0 (Windows NT 10.0; Win64; x64) AppleWebKit/537.36 (KHTML, like Gecko) Chrome/95.0.4638.69 Safari/537.36"
66.249.66.168 - - [13/Mar/2026:19:36:47 +0300] "GET /?kwraf/q2844240.html HTTP/1.1" 200 25269 "-" "Mozilla/5.0 (Linux; Android 6.0.1; Nexus 5X Build/MMB29P) AppleWebKit/537.36 (KHTML, like Gecko) Chrome/145.0.7632.116 Mobile Safari/537.36 (compatible; GoogleOther)"
141.98.11.181 - - [13/Mar/2026:19:35:38 +0300] "GET //wp-json/wp/v2/users/ HTTP/1.1" 500 384 "-" "Mozilla/5.0 (Windows NT 10.0; Win64; x64) AppleWebKit/537.36 (KHTML, like Gecko) Chrome/95.0.4638.69 Safari/537.36"
141.98.11.181 - - [13/Mar/2026:19:38:39 +0300] "POST //xmlrpc.php HTTP/1.1" 403 787 "-" "Mozilla/5.0 (Windows NT 10.0; Win64; x64) AppleWebKit/537.36 (KHTML, like Gecko) Chrome/95.0.4638.69 Safari/537.36"
66.249.66.14 - - [13/Mar/2026:19:38:52 +0300] "GET /?xkoyq/q307940.html HTTP/1.1" 200 25618 "-" "Mozilla/5.0 (Linux; Android 6.0.1; Nexus 5X Build/MMB29P) AppleWebKit/537.36 (KHTML, like Gecko) Chrome/145.0.7632.116 Mobile Safari/537.36 (compatible; GoogleOther)"
141.98.11.181 - - [13/Mar/2026:19:37:08 +0300] "GET //wp-json/oembed/1.0/embed?url=https://paltutors.co.uk/ HTTP/1.1" 500 384 "-" "Mozilla/5.0 (Windows NT 10.0; Win64; x64) AppleWebKit/537.36 (KHTML, like Gecko) Chrome/95.0.4638.69 Safari/537.36"
40.77.167.55 - - [13/Mar/2026:19:39:54 +0300] "GET /?bpzjp/p1909799.html HTTP/2" 200 24648 "-" "Mozilla/5.0 AppleWebKit/537.36 (KHTML, like Gecko; compatible; bingbot/2.0; +http://www.bing.com/bingbot.htm) Chrome/116.0.1938.76 Safari/537.36"
66.249.66.14 - - [13/Mar/2026:19:39:57 +0300] "GET /?zuicj/e1920812.html HTTP/1.1" 200 24559 "-" "Mozilla/5.0 (Linux; Android 6.0.1; Nexus 5X Build/MMB29P) AppleWebKit/537.36 (KHTML, like Gecko) Chrome/145.0.7632.116 Mobile Safari/537.36 (compatible; GoogleOther)"
57.141.20.53 - - [13/Mar/2026:19:39:58 +0300] "GET /?dngdj/g275352.html HTTP/2" 200 0 "-" "meta-externalagent/1.1 (+https://developers.facebook.com/docs/sharing/webmasters/crawler)"
66.249.66.195 - - [13/Mar/2026:19:39:16 +0300] "GET /?yuboj/b2997443.html HTTP/1.1" 200 24973 "-" "Mozilla/5.0 (Linux; Android 6.0.1; Nexus 5X Build/MMB29P) AppleWebKit/537.36 (KHTML, like Gecko) Chrome/145.0.7632.116 Mobile Safari/537.36 (compatible; GoogleOther)"
66.249.66.32 - - [13/Mar/2026:19:39:34 +0300] "GET /?sothq/r1712825.html HTTP/1.1" 200 24409 "-" "Mozilla/5.0 (Linux; Android 6.0.1; Nexus 5X Build/MMB29P) AppleWebKit/537.36 (KHTML, like Gecko) Chrome/145.0.7632.116 Mobile Safari/537.36 (compatible; GoogleOther)"
40.77.167.247 - - [13/Mar/2026:19:26:13 +0300] "GET /?vzvpi/z1485957.html HTTP/2" 503 807 "-" "Mozilla/5.0 AppleWebKit/537.36 (KHTML, like Gecko; compatible; bingbot/2.0; +http://www.bing.com/bingbot.htm) Chrome/116.0.1938.76 Safari/537.36"
40.77.167.247 - - [13/Mar/2026:19:26:57 +0300] "GET /wp-content/uploads/2024/04/mixed-race-school-student-girl-studying-with-laptop-at-desk-preparing-for-exam-academic-stress-768x512.jpg HTTP/2" 200 51968 "-" "Mozilla/5.0 AppleWebKit/537.36 (KHTML, like Gecko; compatible; bingbot/2.0; +http://www.bing.com/bingbot.htm) Chrome/116.0.1938.76 Safari/537.36"
45.148.10.238 - - [13/Mar/2026:19:26:07 +0300] "GET /crm/.env HTTP/1.1" 500 384 "-" "Mozilla/5.0 (Macintosh; Intel Mac OS X 10_14_2) AppleWebKit/537.36 (KHTML, like Gecko) Chrome/76.0.3809.100 Safari/537.36"
45.148.10.238 - - [13/Mar/2026:19:26:07 +0300] "GET /aws.env HTTP/1.1" 500 384 "-" "Mozilla/5.0 (Macintosh; Intel Mac OS X 10_14_4) AppleWebKit/537.36 (KHTML, like Gecko) Chrome/77.0.3865.35 Safari/537.36"
66.249.66.32 - - [13/Mar/2026:19:29:01 +0300] "GET /?fsqbs/d1149911.html HTTP/1.1" 200 24682 "-" "Mozilla/5.0 (Linux; Android 6.0.1; Nexus 5X Build/MMB29P) AppleWebKit/537.36 (KHTML, like Gecko) Chrome/145.0.7632.116 Mobile Safari/537.36 (compatible; GoogleOther)"
66.249.66.168 - - [13/Mar/2026:19:31:31 +0300] "GET /?hnlru/r1770779.html HTTP/1.1" 200 24892 "-" "Mozilla/5.0 (Linux; Android 6.0.1; Nexus 5X Build/MMB29P) AppleWebKit/537.36 (KHTML, like Gecko) Chrome/145.0.7632.116 Mobile Safari/537.36 (compatible; GoogleOther)"
207.46.13.17 - - [13/Mar/2026:19:33:23 +0300] "GET /?lemzu/d2317337.html HTTP/2" 200 25310 "-" "Mozilla/5.0 AppleWebKit/537.36 (KHTML, like Gecko; compatible; bingbot/2.0; +http://www.bing.com/bingbot.htm) Chrome/116.0.1938.76 Safari/537.36"
207.46.13.17 - - [13/Mar/2026:19:33:25 +0300] "GET /?wcoho/i238564.html HTTP/2" 200 25156 "-" "Mozilla/5.0 AppleWebKit/537.36 (KHTML, like Gecko; compatible; bingbot/2.0; +http://www.bing.com/bingbot.htm) Chrome/116.0.1938.76 Safari/537.36"
207.46.13.17 - - [13/Mar/2026:19:33:27 +0300] "GET /?iawbb/p1031207.html HTTP/2" 200 24162 "-" "Mozilla/5.0 AppleWebKit/537.36 (KHTML, like Gecko; compatible; bingbot/2.0; +http://www.bing.com/bingbot.htm) Chrome/116.0.1938.76 Safari/537.36"
66.249.66.194 - - [13/Mar/2026:19:33:43 +0300] "GET /?euasp/o1055984.html HTTP/1.1" 200 24810 "-" "Mozilla/5.0 (Linux; Android 6.0.1; Nexus 5X Build/MMB29P) AppleWebKit/537.36 (KHTML, like Gecko) Chrome/145.0.7632.116 Mobile Safari/537.36 (compatible; GoogleOther)"
102.212.247.146 - - [13/Mar/2026:19:33:58 +0300] "POST /wp-cron.php?doing_wp_cron=1773419637.9350869655609130859375 HTTP/1.1" 403 787 "-" "WordPress/6.9.1; https://paltutors.co.uk"
66.249.66.15 - - [13/Mar/2026:19:35:55 +0300] "GET /?ismxq/i968488.html HTTP/1.1" 200 24481 "-" "Mozilla/5.0 (Linux; Android 6.0.1; Nexus 5X Build/MMB29P) AppleWebKit/537.36 (KHTML, like Gecko) Chrome/145.0.7632.116 Mobile Safari/537.36 (compatible; GoogleOther)"
66.249.66.14 - - [13/Mar/2026:19:36:39 +0300] "GET /?ajafz/l2110541.html HTTP/1.1" 200 25732 "-" "Mozilla/5.0 (Linux; Android 6.0.1; Nexus 5X Build/MMB29P) AppleWebKit/537.36 (KHTML, like Gecko) Chrome/145.0.7632.116 Mobile Safari/537.36 (compatible; GoogleOther)"
66.249.66.168 - - [13/Mar/2026:19:30:04 +0300] "GET /?hpsaw/d1276063.html HTTP/1.1" 200 24577 "-" "Mozilla/5.0 (Linux; Android 6.0.1; Nexus 5X Build/MMB29P) AppleWebKit/537.36 (KHTML, like Gecko) Chrome/145.0.7632.116 Mobile Safari/537.36 (compatible; GoogleOther)"
57.141.20.31 - - [13/Mar/2026:19:32:10 +0300] "GET /?bzgrx/r891147.html HTTP/2" 200 0 "-" "meta-externalagent/1.1 (+https://developers.facebook.com/docs/sharing/webmasters/crawler)"
66.249.66.14 - - [13/Mar/2026:19:34:19 +0300] "GET /?drknq/n1177195.html HTTP/1.1" 200 24453 "-" "Mozilla/5.0 (Linux; Android 6.0.1; Nexus 5X Build/MMB29P) AppleWebKit/537.36 (KHTML, like Gecko) Chrome/145.0.7632.116 Mobile Safari/537.36 (compatible; GoogleOther)"
66.249.66.195 - - [13/Mar/2026:19:35:35 +0300] "GET /?aruim/i1535080.html HTTP/1.1" 200 24704 "-" "Mozilla/5.0 (Linux; Android 6.0.1; Nexus 5X Build/MMB29P) AppleWebKit/537.36 (KHTML, like Gecko) Chrome/145.0.7632.116 Mobile Safari/537.36 (compatible; GoogleOther)"
66.249.66.64 - - [13/Mar/2026:19:38:13 +0300] "GET /?fqhcm/m1574006.html HTTP/1.1" 200 24225 "-" "Mozilla/5.0 (Linux; Android 6.0.1; Nexus 5X Build/MMB29P) AppleWebKit/537.36 (KHTML, like Gecko) Chrome/145.0.7632.116 Mobile Safari/537.36 (compatible; GoogleOther)"
66.249.66.168 - - [13/Mar/2026:19:17:34 +0300] "GET /?xxgvm/q2011252.html HTTP/1.1" 200 24860 "-" "Mozilla/5.0 (Linux; Android 6.0.1; Nexus 5X Build/MMB29P) AppleWebKit/537.36 (KHTML, like Gecko) Chrome/145.0.7632.116 Mobile Safari/537.36 (compatible; GoogleOther)"
54.162.61.185 - - [13/Mar/2026:19:17:56 +0300] "GET /?rnd=1773418669860 HTTP/2" 200 0 "http://paltutors.co.uk/?rnd=1773418669860" "GoDaddy-UptimeMonitoring"
66.249.66.32 - - [13/Mar/2026:19:19:56 +0300] "GET /?lbjen/s1157284.html HTTP/1.1" 200 24331 "-" "Mozilla/5.0 (Linux; Android 6.0.1; Nexus 5X Build/MMB29P) AppleWebKit/537.36 (KHTML, like Gecko) Chrome/145.0.7632.116 Mobile Safari/537.36 (compatible; GoogleOther)"
66.249.66.14 - - [13/Mar/2026:19:22:25 +0300] "GET /?wwjul/e1911634.html HTTP/1.1" 200 25016 "-" "Mozilla/5.0 (Linux; Android 6.0.1; Nexus 5X Build/MMB29P) AppleWebKit/537.36 (KHTML, like Gecko) Chrome/145.0.7632.116 Mobile Safari/537.36 (compatible; GoogleOther)"
66.249.66.32 - - [13/Mar/2026:19:23:16 +0300] "GET /?lnfnc/g2228108.html HTTP/1.1" 200 24563 "-" "Mozilla/5.0 (Linux; Android 6.0.1; Nexus 5X Build/MMB29P) AppleWebKit/537.36 (KHTML, like Gecko) Chrome/145.0.7632.116 Mobile Safari/537.36 (compatible; GoogleOther)"
57.141.20.4 - - [13/Mar/2026:19:25:06 +0300] "GET /?tcbyl/r2365841.html HTTP/2" 200 0 "-" "meta-externalagent/1.1 (+https://developers.facebook.com/docs/sharing/webmasters/crawler)"
45.148.10.238 - - [13/Mar/2026:19:26:07 +0300] "GET /.aws/credentials HTTP/1.1" 200 1570 "-" "Mozilla/5.0 (X11; Linux x86_64) AppleWebKit/537.36 (KHTML, like Gecko) Chrome/74.0.3729.157 Safari/537.36"
45.148.10.238 - - [13/Mar/2026:19:26:07 +0300] "GET /aws.env HTTP/1.1" 500 384 "-" "Mozilla/5.0 (iPhone; CPU iPhone OS 11_0 like Mac OS X) AppleWebKit/604.1.38 (KHTML, like Gecko) Version/11.0 Mobile/15A5362a Safari/604.1"
45.148.10.238 - - [13/Mar/2026:19:26:07 +0300] "GET /.env HTTP/1.1" 500 384 "-" "Mozilla/5.0 (X11; Linux x86_64) AppleWebKit/537.36 (KHTML, like Gecko) Ubuntu Chromium/67.0.3396.99 Chrome/67.0.3396.99 Safari/537.36"
45.148.10.238 - - [13/Mar/2026:19:26:07 +0300] "GET /.aws/credentials HTTP/1.1" 500 384 "-" "Mozilla/5.0 (Linux; Android 8.1.0; vivo 1726) AppleWebKit/537.36 (KHTML, like Gecko) Chrome/74.0.3729.157 Mobile Safari/537.36"
45.148.10.238 - - [13/Mar/2026:19:26:07 +0300] "GET /config.env HTTP/1.1" 500 384 "-" "Mozilla/5.0 (X11; Linux i686; rv:46.0) Gecko/20100101 Firefox/46.0"
66.249.66.32 - - [13/Mar/2026:19:29:43 +0300] "GET /?lacdx/m2797930.html HTTP/1.1" 200 24699 "-" "Mozilla/5.0 (Linux; Android 6.0.1; Nexus 5X Build/MMB29P) AppleWebKit/537.36 (KHTML, like Gecko) Chrome/145.0.7632.116 Mobile Safari/537.36 (compatible; GoogleOther)"
40.77.167.247 - - [13/Mar/2026:19:32:05 +0300] "GET /?pvswf/t543009.html HTTP/2" 200 25463 "-" "Mozilla/5.0 AppleWebKit/537.36 (KHTML, like Gecko; compatible; bingbot/2.0; +http://www.bing.com/bingbot.htm) Chrome/116.0.1938.76 Safari/537.36"
54.39.89.175 - - [13/Mar/2026:19:32:32 +0300] "GET /privacy-policy/ HTTP/2" 200 7 "-" "Mozilla/5.0 (compatible; AhrefsBot/7.0; +http://ahrefs.com/robot/)"
66.249.66.14 - - [13/Mar/2026:19:33:56 +0300] "GET /?oxqrk/u979238.html HTTP/1.1" 200 24667 "-" "Mozilla/5.0 (Linux; Android 6.0.1; Nexus 5X Build/MMB29P) AppleWebKit/537.36 (KHTML, like Gecko) Chrome/145.0.7632.116 Mobile Safari/537.36 (compatible; GoogleOther)"
66.249.66.14 - - [13/Mar/2026:19:37:44 +0300] "GET /?wumsq/a2468056.html HTTP/1.1" 200 24737 "-" "Mozilla/5.0 (Linux; Android 6.0.1; Nexus 5X Build/MMB29P) AppleWebKit/537.36 (KHTML, like Gecko) Chrome/145.0.7632.116 Mobile Safari/537.36 (compatible; GoogleOther)"
40.77.167.16 - - [13/Mar/2026:19:30:57 +0300] "GET /?pidlg/z2479157.html HTTP/2" 200 25999 "-" "Mozilla/5.0 AppleWebKit/537.36 (KHTML, like Gecko; compatible; bingbot/2.0; +http://www.bing.com/bingbot.htm) Chrome/116.0.1938.76 Safari/537.36"
207.46.13.17 - - [13/Mar/2026:19:34:03 +0300] "GET /?regsd/y1367136.html HTTP/2" 200 25151 "-" "Mozilla/5.0 AppleWebKit/537.36 (KHTML, like Gecko; compatible; bingbot/2.0; +http://www.bing.com/bingbot.htm) Chrome/116.0.1938.76 Safari/537.36"
207.46.13.17 - - [13/Mar/2026:19:34:04 +0300] "GET /?usafi/b793241.html HTTP/2" 200 25767 "-" "Mozilla/5.0 AppleWebKit/537.36 (KHTML, like Gecko; compatible; bingbot/2.0; +http://www.bing.com/bingbot.htm) Chrome/116.0.1938.76 Safari/537.36"
66.249.66.195 - - [13/Mar/2026:19:34:27 +0300] "GET /?eubsl/l1114195.html HTTP/1.1" 200 24376 "-" "Mozilla/5.0 (Linux; Android 6.0.1; Nexus 5X Build/MMB29P) AppleWebKit/537.36 (KHTML, like Gecko) Chrome/145.0.7632.116 Mobile Safari/537.36 (compatible; GoogleOther)"
66.249.66.32 - - [13/Mar/2026:19:35:34 +0300] "GET /?tmmbb/y2308622.html HTTP/1.1" 200 24808 "-" "Mozilla/5.0 (Linux; Android 6.0.1; Nexus 5X Build/MMB29P) AppleWebKit/537.36 (KHTML, like Gecko) Chrome/145.0.7632.116 Mobile Safari/537.36 (compatible; Googlebot/2.1; +http://www.google.com/bot.html)"
66.249.66.77 - - [13/Mar/2026:19:37:00 +0300] "GET /?sfktp/j1230803.html HTTP/1.1" 200 24369 "-" "Mozilla/5.0 (Linux; Android 6.0.1; Nexus 5X Build/MMB29P) AppleWebKit/537.36 (KHTML, like Gecko) Chrome/145.0.7632.116 Mobile Safari/537.36 (compatible; GoogleOther)"
40.77.167.55 - - [13/Mar/2026:19:37:24 +0300] "GET /?afhou/c2719660.html HTTP/2" 200 23987 "-" "Mozilla/5.0 AppleWebKit/537.36 (KHTML, like Gecko; compatible; bingbot/2.0; +http://www.bing.com/bingbot.htm) Chrome/116.0.1938.76 Safari/537.36"
40.77.167.16 - - [13/Mar/2026:19:33:33 +0300] "GET /?yrqdp/u657540.html HTTP/2" 200 24537 "-" "Mozilla/5.0 AppleWebKit/537.36 (KHTML, like Gecko; compatible; bingbot/2.0; +http://www.bing.com/bingbot.htm) Chrome/116.0.1938.76 Safari/537.36"
40.77.167.247 - - [13/Mar/2026:19:34:44 +0300] "GET /?nkijy/m282040.html HTTP/2" 200 24835 "-" "Mozilla/5.0 AppleWebKit/537.36 (KHTML, like Gecko; compatible; bingbot/2.0; +http://www.bing.com/bingbot.htm) Chrome/116.0.1938.76 Safari/537.36"
66.249.66.194 - - [13/Mar/2026:19:35:00 +0300] "GET /?xpjbo/i1799604.html HTTP/1.1" 200 24121 "-" "Mozilla/5.0 (Linux; Android 6.0.1; Nexus 5X Build/MMB29P) AppleWebKit/537.36 (KHTML, like Gecko) Chrome/145.0.7632.116 Mobile Safari/537.36 (compatible; GoogleOther)"
207.46.13.17 - - [13/Mar/2026:19:38:13 +0300] "GET /?ptqcp/z410987.html HTTP/2" 200 24929 "-" "Mozilla/5.0 AppleWebKit/537.36 (KHTML, like Gecko; compatible; bingbot/2.0; +http://www.bing.com/bingbot.htm) Chrome/116.0.1938.76 Safari/537.36"
40.77.167.55 - - [13/Mar/2026:19:38:34 +0300] "GET /?xfjot/f153749.html HTTP/2" 200 24118 "-" "Mozilla/5.0 AppleWebKit/537.36 (KHTML, like Gecko; compatible; bingbot/2.0; +http://www.bing.com/bingbot.htm) Chrome/116.0.1938.76 Safari/537.36"
40.77.167.55 - - [13/Mar/2026:19:38:36 +0300] "GET /?awcas/h1380483.html HTTP/2" 200 25462 "-" "Mozilla/5.0 AppleWebKit/537.36 (KHTML, like Gecko; compatible; bingbot/2.0; +http://www.bing.com/bingbot.htm) Chrome/116.0.1938.76 Safari/537.36"
57.141.20.19 - - [13/Mar/2026:19:25:08 +0300] "GET /?kgyfx/h2238041.html HTTP/2" 200 0 "-" "meta-externalagent/1.1 (+https://developers.facebook.com/docs/sharing/webmasters/crawler)"
45.148.10.238 - - [13/Mar/2026:19:26:07 +0300] "GET /.env.production HTTP/1.1" 200 1570 "-" "Mozilla/5.0 (iPhone; CPU iPhone OS 11_0 like Mac OS X) AppleWebKit/604.1.38 (KHTML, like Gecko) Version/11.0 Mobile/15A5362a Safari/604.1"
57.141.20.37 - - [13/Mar/2026:19:27:50 +0300] "GET /?lkdqs/y2198486.html HTTP/2" 503 807 "-" "meta-externalagent/1.1 (+https://developers.facebook.com/docs/sharing/webmasters/crawler)"
45.148.10.238 - - [13/Mar/2026:19:26:07 +0300] "GET /awstats/.env HTTP/1.1" 500 384 "-" "Mozilla/5.0 (Macintosh; Intel Mac OS X 10_13_6) AppleWebKit/537.36 (KHTML, like Gecko) Chrome/73.0.3683.88 Safari/537.36 Vivaldi/2.4.1488.36"
45.148.10.238 - - [13/Mar/2026:19:26:07 +0300] "GET /.env.bak HTTP/1.1" 500 384 "-" "Mozilla/5.0 (Macintosh; Intel Mac OS X 10_13_2) AppleWebKit/537.36 (KHTML, like Gecko) Chrome/75.0.3770.142 Safari/537.36"
40.77.167.16 - - [13/Mar/2026:19:28:33 +0300] "GET /?tlvhs/v2879215.html HTTP/2" 200 24175 "-" "Mozilla/5.0 AppleWebKit/537.36 (KHTML, like Gecko; compatible; bingbot/2.0; +http://www.bing.com/bingbot.htm) Chrome/116.0.1938.76 Safari/537.36"
40.77.167.16 - - [13/Mar/2026:19:28:34 +0300] "GET /?cepzq/b826391.html HTTP/2" 200 24819 "-" "Mozilla/5.0 AppleWebKit/537.36 (KHTML, like Gecko; compatible; bingbot/2.0; +http://www.bing.com/bingbot.htm) Chrome/116.0.1938.76 Safari/537.36"
66.249.66.33 - - [13/Mar/2026:19:30:02 +0300] "GET /?utpdh/d1451641.html HTTP/1.1" 200 24039 "-" "Mozilla/5.0 (Linux; Android 6.0.1; Nexus 5X Build/MMB29P) AppleWebKit/537.36 (KHTML, like Gecko) Chrome/145.0.7632.116 Mobile Safari/537.36 (compatible; GoogleOther)"
66.249.66.14 - - [13/Mar/2026:19:30:44 +0300] "GET /?fnhmd/l2027263.html HTTP/1.1" 200 25046 "-" "Mozilla/5.0 (Linux; Android 6.0.1; Nexus 5X Build/MMB29P) AppleWebKit/537.36 (KHTML, like Gecko) Chrome/145.0.7632.116 Mobile Safari/537.36 (compatible; GoogleOther)"
207.46.13.17 - - [13/Mar/2026:19:32:43 +0300] "GET /?mbqfi/k1942398.html HTTP/2" 200 25865 "-" "Mozilla/5.0 AppleWebKit/537.36 (KHTML, like Gecko; compatible; bingbot/2.0; +http://www.bing.com/bingbot.htm) Chrome/116.0.1938.76 Safari/537.36"
102.212.247.146 - - [13/Mar/2026:19:34:03 +0300] "POST /wp-cron.php?doing_wp_cron=1773419642.6521050930023193359375 HTTP/1.1" 403 787 "-" "WordPress/6.9.1; https://paltutors.co.uk"
207.46.13.17 - - [13/Mar/2026:19:35:04 +0300] "GET /?vblll/q414696.html HTTP/2" 200 24036 "-" "Mozilla/5.0 AppleWebKit/537.36 (KHTML, like Gecko; compatible; bingbot/2.0; +http://www.bing.com/bingbot.htm) Chrome/116.0.1938.76 Safari/537.36"
66.249.66.14 - - [13/Mar/2026:19:37:29 +0300] "GET /?wjwin/q2531200.html HTTP/1.1" 200 24299 "-" "Mozilla/5.0 (Linux; Android 6.0.1; Nexus 5X Build/MMB29P) AppleWebKit/537.36 (KHTML, like Gecko) Chrome/145.0.7632.116 Mobile Safari/537.36 (compatible; GoogleOther)"
207.46.13.153 - - [13/Mar/2026:19:30:53 +0300] "GET /?cycqj/c1616350.html HTTP/2" 200 24505 "-" "Mozilla/5.0 AppleWebKit/537.36 (KHTML, like Gecko; compatible; bingbot/2.0; +http://www.bing.com/bingbot.htm) Chrome/116.0.1938.76 Safari/537.36"
207.46.13.153 - - [13/Mar/2026:19:31:33 +0300] "GET /?fjupz/s1536780.html HTTP/2" 200 24808 "-" "Mozilla/5.0 AppleWebKit/537.36 (KHTML, like Gecko; compatible; bingbot/2.0; +http://www.bing.com/bingbot.htm) Chrome/116.0.1938.76 Safari/537.36"
66.249.66.194 - - [13/Mar/2026:19:34:39 +0300] "GET /?tctsf/t1028741.html HTTP/1.1" 200 25683 "-" "Mozilla/5.0 (Linux; Android 6.0.1; Nexus 5X Build/MMB29P) AppleWebKit/537.36 (KHTML, like Gecko) Chrome/145.0.7632.116 Mobile Safari/537.36 (compatible; GoogleOther)"
66.249.66.32 - - [13/Mar/2026:19:36:07 +0300] "GET /?uzukw/i1981292.html HTTP/1.1" 200 24427 "-" "Mozilla/5.0 (Linux; Android 6.0.1; Nexus 5X Build/MMB29P) AppleWebKit/537.36 (KHTML, like Gecko) Chrome/145.0.7632.116 Mobile Safari/537.36 (compatible; GoogleOther)"
40.77.167.55 - - [13/Mar/2026:19:36:44 +0300] "GET /?aedse/m2235940.html HTTP/2" 200 24634 "-" "Mozilla/5.0 AppleWebKit/537.36 (KHTML, like Gecko; compatible; bingbot/2.0; +http://www.bing.com/bingbot.htm) Chrome/116.0.1938.76 Safari/537.36"
66.249.66.168 - - [13/Mar/2026:19:38:28 +0300] "GET /?qqlwl/l1214295.html HTTP/1.1" 200 24488 "-" "Mozilla/5.0 (Linux; Android 6.0.1; Nexus 5X Build/MMB29P) AppleWebKit/537.36 (KHTML, like Gecko) Chrome/145.0.7632.116 Mobile Safari/537.36 (compatible; GoogleOther)"
66.249.66.168 - - [13/Mar/2026:19:38:33 +0300] "GET /?twuyj/j1622623.html HTTP/1.1" 200 23929 "-" "Mozilla/5.0 (Linux; Android 6.0.1; Nexus 5X Build/MMB29P) AppleWebKit/537.36 (KHTML, like Gecko) Chrome/145.0.7632.116 Mobile Safari/537.36 (compatible; GoogleOther)"
102.212.247.146 - - [13/Mar/2026:19:39:14 +0300] "POST /wp-cron.php?doing_wp_cron=1773419953.9410119056701660156250 HTTP/1.1" 403 787 "-" "WordPress/6.9.1; https://paltutors.co.uk"
102.212.247.146 - - [13/Mar/2026:19:39:16 +0300] "POST /wp-cron.php?doing_wp_cron=1773419954.9237198829650878906250 HTTP/1.1" 403 787 "-" "WordPress/6.9.1; https://paltutors.co.uk"
66.249.66.196 - - [13/Mar/2026:19:40:08 +0300] "GET /?pwvqr/v1852423.html HTTP/1.1" 200 25163 "-" "Mozilla/5.0 (Linux; Android 6.0.1; Nexus 5X Build/MMB29P) AppleWebKit/537.36 (KHTML, like Gecko) Chrome/145.0.7632.116 Mobile Safari/537.36 (compatible; Googlebot/2.1; +http://www.google.com/bot.html)"
207.46.13.17 - - [13/Mar/2026:19:40:44 +0300] "GET /?jcwzu/a2727796.html HTTP/2" 200 24260 "-" "Mozilla/5.0 AppleWebKit/537.36 (KHTML, like Gecko; compatible; bingbot/2.0; +http://www.bing.com/bingbot.htm) Chrome/116.0.1938.76 Safari/537.36"
40.77.167.55 - - [13/Mar/2026:19:40:49 +0300] "GET /?nxacl/s100332.html HTTP/2" 200 25140 "-" "Mozilla/5.0 AppleWebKit/537.36 (KHTML, like Gecko; compatible; bingbot/2.0; +http://www.bing.com/bingbot.htm) Chrome/116.0.1938.76 Safari/537.36"
40.77.167.55 - - [13/Mar/2026:19:40:50 +0300] "GET /?iphvo/t990053.html HTTP/2" 200 24301 "-" "Mozilla/5.0 AppleWebKit/537.36 (KHTML, like Gecko; compatible; bingbot/2.0; +http://www.bing.com/bingbot.htm) Chrome/116.0.1938.76 Safari/537.36"
40.77.167.55 - - [13/Mar/2026:19:40:51 +0300] "GET /?ybakk/l2151413.html HTTP/2" 200 24071 "-" "Mozilla/5.0 AppleWebKit/537.36 (KHTML, like Gecko; compatible; bingbot/2.0; +http://www.bing.com/bingbot.htm) Chrome/116.0.1938.76 Safari/537.36"
52.167.144.146 - - [13/Mar/2026:19:40:55 +0300] "GET /?xvtec/x900227.html HTTP/2" 200 24323 "-" "Mozilla/5.0 AppleWebKit/537.36 (KHTML, like Gecko; compatible; bingbot/2.0; +http://www.bing.com/bingbot.htm) Chrome/116.0.1938.76 Safari/537.36"
66.249.66.15 - - [13/Mar/2026:19:41:25 +0300] "GET /?ufsgn/h2666365.html HTTP/1.1" 200 24507 "-" "Mozilla/5.0 (Linux; Android 6.0.1; Nexus 5X Build/MMB29P) AppleWebKit/537.36 (KHTML, like Gecko) Chrome/145.0.7632.116 Mobile Safari/537.36 (compatible; GoogleOther)"
66.249.66.15 - - [13/Mar/2026:19:41:46 +0300] "GET /?baved/f525471.html HTTP/1.1" 200 24997 "-" "Mozilla/5.0 (Linux; Android 6.0.1; Nexus 5X Build/MMB29P) AppleWebKit/537.36 (KHTML, like Gecko) Chrome/145.0.7632.116 Mobile Safari/537.36 (compatible; GoogleOther)"
102.212.247.146 - - [13/Mar/2026:19:43:13 +0300] "POST /wp-cron.php?doing_wp_cron=1773420193.4226169586181640625000 HTTP/1.1" 403 787 "-" "WordPress/6.9.1; https://paltutors.co.uk"
66.249.66.32 - - [13/Mar/2026:19:44:15 +0300] "GET /?fqzpc/t2313713.html HTTP/1.1" 200 26119 "-" "Mozilla/5.0 (Linux; Android 6.0.1; Nexus 5X Build/MMB29P) AppleWebKit/537.36 (KHTML, like Gecko) Chrome/145.0.7632.116 Mobile Safari/537.36 (compatible; GoogleOther)"
52.167.144.146 - - [13/Mar/2026:19:45:06 +0300] "GET /?gakey/o2843588.html HTTP/2" 200 24169 "-" "Mozilla/5.0 AppleWebKit/537.36 (KHTML, like Gecko; compatible; bingbot/2.0; +http://www.bing.com/bingbot.htm) Chrome/116.0.1938.76 Safari/537.36"
66.249.66.77 - - [13/Mar/2026:19:46:54 +0300] "GET /?rvneb/t1158221.html HTTP/1.1" 200 24847 "-" "Mozilla/5.0 (Linux; Android 6.0.1; Nexus 5X Build/MMB29P) AppleWebKit/537.36 (KHTML, like Gecko) Chrome/145.0.7632.116 Mobile Safari/537.36 (compatible; GoogleOther)"
207.46.13.151 - - [13/Mar/2026:19:47:24 +0300] "GET /?wgrsb/j1068875.html HTTP/2" 200 24816 "-" "Mozilla/5.0 AppleWebKit/537.36 (KHTML, like Gecko; compatible; bingbot/2.0; +http://www.bing.com/bingbot.htm) Chrome/116.0.1938.76 Safari/537.36"
40.77.167.26 - - [13/Mar/2026:19:47:55 +0300] "GET /?fweab/d2100393.html HTTP/2" 200 25120 "-" "Mozilla/5.0 AppleWebKit/537.36 (KHTML, like Gecko; compatible; bingbot/2.0; +http://www.bing.com/bingbot.htm) Chrome/116.0.1938.76 Safari/537.36"
66.249.66.194 - - [13/Mar/2026:19:48:44 +0300] "GET /?vnzod/g1179320.html HTTP/1.1" 200 24657 "-" "Mozilla/5.0 (Linux; Android 6.0.1; Nexus 5X Build/MMB29P) AppleWebKit/537.36 (KHTML, like Gecko) Chrome/145.0.7632.116 Mobile Safari/537.36 (compatible; GoogleOther)"
66.249.66.169 - - [13/Mar/2026:19:49:28 +0300] "GET /?eajhz/j2717119.html HTTP/1.1" 200 24984 "-" "Mozilla/5.0 (Linux; Android 6.0.1; Nexus 5X Build/MMB29P) AppleWebKit/537.36 (KHTML, like Gecko) Chrome/145.0.7632.116 Mobile Safari/537.36 (compatible; GoogleOther)"
66.249.66.169 - - [13/Mar/2026:19:42:49 +0300] "GET /?oxbby/e2141786.html HTTP/1.1" 200 24309 "-" "Mozilla/5.0 (Linux; Android 6.0.1; Nexus 5X Build/MMB29P) AppleWebKit/537.36 (KHTML, like Gecko) Chrome/145.0.7632.116 Mobile Safari/537.36 (compatible; GoogleOther)"
66.249.66.194 - - [13/Mar/2026:19:43:36 +0300] "GET /?bpekq/s570516.html HTTP/1.1" 200 24197 "-" "Mozilla/5.0 (Linux; Android 6.0.1; Nexus 5X Build/MMB29P) AppleWebKit/537.36 (KHTML, like Gecko) Chrome/145.0.7632.116 Mobile Safari/537.36 (compatible; GoogleOther)"
52.167.144.146 - - [13/Mar/2026:19:45:26 +0300] "GET /?ysbgq/k2650248.html HTTP/2" 200 24566 "-" "Mozilla/5.0 AppleWebKit/537.36 (KHTML, like Gecko; compatible; bingbot/2.0; +http://www.bing.com/bingbot.htm) Chrome/116.0.1938.76 Safari/537.36"
52.167.144.146 - - [13/Mar/2026:19:45:27 +0300] "GET /?ikgmq/t2477279.html HTTP/2" 200 25050 "-" "Mozilla/5.0 AppleWebKit/537.36 (KHTML, like Gecko; compatible; bingbot/2.0; +http://www.bing.com/bingbot.htm) Chrome/116.0.1938.76 Safari/537.36"
52.167.144.146 - - [13/Mar/2026:19:45:28 +0300] "GET /?nfajm/i803440.html HTTP/2" 200 24819 "-" "Mozilla/5.0 AppleWebKit/537.36 (KHTML, like Gecko; compatible; bingbot/2.0; +http://www.bing.com/bingbot.htm) Chrome/116.0.1938.76 Safari/537.36"
52.167.144.146 - - [13/Mar/2026:19:45:29 +0300] "GET /?jtuci/z2317749.html HTTP/2" 200 25131 "-" "Mozilla/5.0 AppleWebKit/537.36 (KHTML, like Gecko; compatible; bingbot/2.0; +http://www.bing.com/bingbot.htm) Chrome/116.0.1938.76 Safari/537.36"
207.46.13.151 - - [13/Mar/2026:19:46:34 +0300] "GET /?twmgs/o602362.html HTTP/2" 200 24704 "-" "Mozilla/5.0 AppleWebKit/537.36 (KHTML, like Gecko; compatible; bingbot/2.0; +http://www.bing.com/bingbot.htm) Chrome/116.0.1938.76 Safari/537.36"
66.249.66.168 - - [13/Mar/2026:19:47:38 +0300] "GET /?sztjh/e250260.html HTTP/1.1" 200 25470 "-" "Mozilla/5.0 (Linux; Android 6.0.1; Nexus 5X Build/MMB29P) AppleWebKit/537.36 (KHTML, like Gecko) Chrome/145.0.7632.116 Mobile Safari/537.36 (compatible; GoogleOther)"
102.212.247.146 - - [13/Mar/2026:19:48:06 +0300] "POST /wp-cron.php?doing_wp_cron=1773420485.9414200782775878906250 HTTP/1.1" 403 787 "-" "WordPress/6.9.1; https://paltutors.co.uk"
207.46.13.151 - - [13/Mar/2026:19:48:35 +0300] "GET /?oytpv/k1065236.html HTTP/2" 200 24915 "-" "Mozilla/5.0 AppleWebKit/537.36 (KHTML, like Gecko; compatible; bingbot/2.0; +http://www.bing.com/bingbot.htm) Chrome/116.0.1938.76 Safari/537.36"
66.249.66.77 - - [13/Mar/2026:19:48:52 +0300] "GET /?towbm/b182605.html HTTP/1.1" 200 25810 "-" "Mozilla/5.0 (Linux; Android 6.0.1; Nexus 5X Build/MMB29P) AppleWebKit/537.36 (KHTML, like Gecko) Chrome/145.0.7632.116 Mobile Safari/537.36 (compatible; GoogleOther)"
54.184.226.94 - - [13/Mar/2026:19:48:26 +0300] "GET /?rnd=1773420500445 HTTP/1.1" 200 198 "http://www.paltutors.co.uk/?rnd=1773420500445" "GoDaddy-UptimeMonitoring"
40.77.167.26 - - [13/Mar/2026:19:49:05 +0300] "GET /?tvivy/r2543785.html HTTP/2" 200 25160 "-" "Mozilla/5.0 AppleWebKit/537.36 (KHTML, like Gecko; compatible; bingbot/2.0; +http://www.bing.com/bingbot.htm) Chrome/116.0.1938.76 Safari/537.36"
44.242.173.33 - - [13/Mar/2026:19:48:56 +0300] "GET /?rnd=1773420530516 HTTP/2" 200 198 "http://www.paltutors.co.uk/?rnd=1773420530516" "GoDaddy-UptimeMonitoring"
66.249.66.14 - - [13/Mar/2026:19:49:35 +0300] "GET /?qwfok/w390548.html HTTP/1.1" 200 25145 "-" "Mozilla/5.0 (Linux; Android 6.0.1; Nexus 5X Build/MMB29P) AppleWebKit/537.36 (KHTML, like Gecko) Chrome/145.0.7632.116 Mobile Safari/537.36 (compatible; GoogleOther)"
66.249.66.168 - - [13/Mar/2026:19:49:56 +0300] "GET /?hundm/r277235.html HTTP/1.1" 200 24158 "-" "Mozilla/5.0 (Linux; Android 6.0.1; Nexus 5X Build/MMB29P) AppleWebKit/537.36 (KHTML, like Gecko) Chrome/145.0.7632.116 Mobile Safari/537.36 (compatible; GoogleOther)"
54.39.136.121 - - [13/Mar/2026:19:50:39 +0300] "GET /comments/feed/ HTTP/2" 200 7 "-" "Mozilla/5.0 (compatible; AhrefsBot/7.0; +http://ahrefs.com/robot/)"
66.249.66.194 - - [13/Mar/2026:19:40:20 +0300] "GET /?nvouo/t743833.html HTTP/1.1" 200 24852 "-" "Mozilla/5.0 (Linux; Android 6.0.1; Nexus 5X Build/MMB29P) AppleWebKit/537.36 (KHTML, like Gecko) Chrome/145.0.7632.116 Mobile Safari/537.36 (compatible; GoogleOther)"
66.249.66.32 - - [13/Mar/2026:19:40:40 +0300] "GET /?googk/d1527899.html HTTP/1.1" 200 24701 "-" "Mozilla/5.0 (Linux; Android 6.0.1; Nexus 5X Build/MMB29P) AppleWebKit/537.36 (KHTML, like Gecko) Chrome/145.0.7632.116 Mobile Safari/537.36 (compatible; GoogleOther)"
66.249.66.14 - - [13/Mar/2026:19:41:03 +0300] "GET /?wssiu/x2799475.html HTTP/1.1" 200 24937 "-" "Mozilla/5.0 (Linux; Android 6.0.1; Nexus 5X Build/MMB29P) AppleWebKit/537.36 (KHTML, like Gecko) Chrome/145.0.7632.116 Mobile Safari/537.36 (compatible; GoogleOther)"
57.141.20.52 - - [13/Mar/2026:19:42:33 +0300] "GET /?ewkwy/d745455.html HTTP/2" 200 0 "-" "meta-externalagent/1.1 (+https://developers.facebook.com/docs/sharing/webmasters/crawler)"
52.167.144.146 - - [13/Mar/2026:19:43:15 +0300] "GET /?gkbin/n2390303.html HTTP/2" 200 25423 "-" "Mozilla/5.0 AppleWebKit/537.36 (KHTML, like Gecko; compatible; bingbot/2.0; +http://www.bing.com/bingbot.htm) Chrome/116.0.1938.76 Safari/537.36"
52.167.144.146 - - [13/Mar/2026:19:43:25 +0300] "GET /?djxdj/i2585688.html HTTP/2" 200 24178 "-" "Mozilla/5.0 AppleWebKit/537.36 (KHTML, like Gecko; compatible; bingbot/2.0; +http://www.bing.com/bingbot.htm) Chrome/116.0.1938.76 Safari/537.36"
52.167.144.146 - - [13/Mar/2026:19:44:06 +0300] "GET /?znohv/p2419893.html HTTP/2" 200 24876 "-" "Mozilla/5.0 AppleWebKit/537.36 (KHTML, like Gecko; compatible; bingbot/2.0; +http://www.bing.com/bingbot.htm) Chrome/116.0.1938.76 Safari/537.36"
66.249.66.195 - - [13/Mar/2026:19:44:42 +0300] "GET /?kxbee/a181720.html HTTP/1.1" 200 24528 "-" "Mozilla/5.0 (Linux; Android 6.0.1; Nexus 5X Build/MMB29P) AppleWebKit/537.36 (KHTML, like Gecko) Chrome/145.0.7632.116 Mobile Safari/537.36 (compatible; GoogleOther)"
43.157.158.178 - - [13/Mar/2026:19:44:02 +0300] "GET / HTTP/1.1" 200 27232 "http://paltutors.co.uk" "Mozilla/5.0 (iPhone; CPU iPhone OS 13_2_3 like Mac OS X) AppleWebKit/605.1.15 (KHTML, like Gecko) Version/13.0.3 Mobile/15E148 Safari/604.1"
66.249.66.169 - - [13/Mar/2026:19:47:27 +0300] "GET /?gttfa/s1725774.html HTTP/1.1" 200 24676 "-" "Mozilla/5.0 (Linux; Android 6.0.1; Nexus 5X Build/MMB29P) AppleWebKit/537.36 (KHTML, like Gecko) Chrome/145.0.7632.116 Mobile Safari/537.36 (compatible; GoogleOther)"
52.167.144.232 - - [13/Mar/2026:19:48:16 +0300] "GET /?olbto/h577291.html HTTP/2" 200 25255 "-" "Mozilla/5.0 AppleWebKit/537.36 (KHTML, like Gecko; compatible; bingbot/2.0; +http://www.bing.com/bingbot.htm) Chrome/116.0.1938.76 Safari/537.36"
52.167.144.232 - - [13/Mar/2026:19:48:16 +0300] "GET /?ywuuw/t1387801.html HTTP/2" 200 25146 "-" "Mozilla/5.0 AppleWebKit/537.36 (KHTML, like Gecko; compatible; bingbot/2.0; +http://www.bing.com/bingbot.htm) Chrome/116.0.1938.76 Safari/537.36"
102.212.247.146 - - [13/Mar/2026:19:50:23 +0300] "POST /wp-cron.php?doing_wp_cron=1773420623.6075139045715332031250 HTTP/1.1" 403 787 "-" "WordPress/6.9.1; https://paltutors.co.uk"
52.167.144.232 - - [13/Mar/2026:19:50:50 +0300] "GET /?rscod/s691078.html HTTP/2" 200 24582 "-" "Mozilla/5.0 AppleWebKit/537.36 (KHTML, like Gecko; compatible; bingbot/2.0; +http://www.bing.com/bingbot.htm) Chrome/116.0.1938.76 Safari/537.36"
40.77.167.26 - - [13/Mar/2026:19:51:00 +0300] "GET /?jtnbm/v119263.html HTTP/2" 200 24254 "-" "Mozilla/5.0 AppleWebKit/537.36 (KHTML, like Gecko; compatible; bingbot/2.0; +http://www.bing.com/bingbot.htm) Chrome/116.0.1938.76 Safari/537.36"
207.46.13.151 - - [13/Mar/2026:19:52:35 +0300] "GET /?resrb/i2650168.html HTTP/2" 200 24379 "-" "Mozilla/5.0 AppleWebKit/537.36 (KHTML, like Gecko; compatible; bingbot/2.0; +http://www.bing.com/bingbot.htm) Chrome/116.0.1938.76 Safari/537.36"
66.249.66.34 - - [13/Mar/2026:19:42:28 +0300] "GET /?rmdrf/c1136442.html HTTP/1.1" 200 24575 "-" "Mozilla/5.0 (Linux; Android 6.0.1; Nexus 5X Build/MMB29P) AppleWebKit/537.36 (KHTML, like Gecko) Chrome/145.0.7632.116 Mobile Safari/537.36 (compatible; GoogleOther)"
52.167.144.146 - - [13/Mar/2026:19:42:46 +0300] "GET /?rlbct/q772768.html HTTP/2" 200 25664 "-" "Mozilla/5.0 AppleWebKit/537.36 (KHTML, like Gecko; compatible; bingbot/2.0; +http://www.bing.com/bingbot.htm) Chrome/116.0.1938.76 Safari/537.36"
66.249.66.77 - - [13/Mar/2026:19:43:58 +0300] "GET /?rnkau/a2578530.html HTTP/1.1" 200 24174 "-" "Mozilla/5.0 (Linux; Android 6.0.1; Nexus 5X Build/MMB29P) AppleWebKit/537.36 (KHTML, like Gecko) Chrome/145.0.7632.116 Mobile Safari/537.36 (compatible; GoogleOther)"
102.212.247.146 - - [13/Mar/2026:19:45:19 +0300] "POST /wp-cron.php?doing_wp_cron=1773420318.8161439895629882812500 HTTP/1.1" 403 787 "-" "WordPress/6.9.1; https://paltutors.co.uk"
102.212.247.146 - - [13/Mar/2026:19:48:35 +0300] "POST /wp-cron.php?doing_wp_cron=1773420515.5523219108581542968750 HTTP/1.1" 403 787 "-" "WordPress/6.9.1; https://paltutors.co.uk"
57.141.20.7 - - [13/Mar/2026:19:50:42 +0300] "GET /?vtout/z2102573.html HTTP/2" 200 0 "-" "meta-externalagent/1.1 (+https://developers.facebook.com/docs/sharing/webmasters/crawler)"
57.141.20.37 - - [13/Mar/2026:19:50:50 +0300] "GET /?eoozy/v1074269.html HTTP/2" 200 0 "-" "meta-externalagent/1.1 (+https://developers.facebook.com/docs/sharing/webmasters/crawler)"
66.249.66.169 - - [13/Mar/2026:19:51:21 +0300] "GET /?sjlfu/f1567421.html HTTP/1.1" 200 25509 "-" "Mozilla/5.0 (Linux; Android 6.0.1; Nexus 5X Build/MMB29P) AppleWebKit/537.36 (KHTML, like Gecko) Chrome/145.0.7632.116 Mobile Safari/537.36 (compatible; GoogleOther)"
40.77.167.26 - - [13/Mar/2026:19:51:29 +0300] "GET /?xrmqd/r882957.html HTTP/2" 200 24836 "-" "Mozilla/5.0 AppleWebKit/537.36 (KHTML, like Gecko; compatible; bingbot/2.0; +http://www.bing.com/bingbot.htm) Chrome/116.0.1938.76 Safari/537.36"
