66.249.66.77 - - [13/Mar/2026:18:00:52 +0300] "GET /?bgcof/s770352.html HTTP/1.1" 200 24882 "-" "Mozilla/5.0 (Linux; Android 6.0.1; Nexus 5X Build/MMB29P) AppleWebKit/537.36 (KHTML, like Gecko) Chrome/145.0.7632.116 Mobile Safari/537.36 (compatible; GoogleOther)"
66.249.66.32 - - [13/Mar/2026:18:01:53 +0300] "GET /robots.txt HTTP/1.1" 200 70 "-" "Mozilla/5.0 (compatible; Googlebot/2.1; +http://www.google.com/bot.html)"
157.55.39.62 - - [13/Mar/2026:18:03:04 +0300] "GET /?zizwv/f2155151.html HTTP/2" 200 25497 "-" "Mozilla/5.0 AppleWebKit/537.36 (KHTML, like Gecko; compatible; bingbot/2.0; +http://www.bing.com/bingbot.htm) Chrome/116.0.1938.76 Safari/537.36"
66.249.66.1 - - [13/Mar/2026:18:03:23 +0300] "GET /?oikpm/l2395969.html HTTP/1.1" 200 24235 "-" "Mozilla/5.0 (Linux; Android 6.0.1; Nexus 5X Build/MMB29P) AppleWebKit/537.36 (KHTML, like Gecko) Chrome/145.0.7632.116 Mobile Safari/537.36 (compatible; GoogleOther)"
52.167.144.195 - - [13/Mar/2026:18:03:26 +0300] "GET /?mvhtp/x1083215.html HTTP/2" 200 24102 "-" "Mozilla/5.0 AppleWebKit/537.36 (KHTML, like Gecko; compatible; bingbot/2.0; +http://www.bing.com/bingbot.htm) Chrome/116.0.1938.76 Safari/537.36"
52.167.144.195 - - [13/Mar/2026:18:03:26 +0300] "GET /?nfyki/h2643329.html HTTP/2" 200 24577 "-" "Mozilla/5.0 AppleWebKit/537.36 (KHTML, like Gecko; compatible; bingbot/2.0; +http://www.bing.com/bingbot.htm) Chrome/116.0.1938.76 Safari/537.36"
194.59.32.214 - - [13/Mar/2026:18:04:29 +0300] "GET /wp-content/uploads/2024/03/portrait-of-smiling-female-high-school-students-wearing-uniform-outside-college-building.jpg HTTP/2" 200 330928 "https://www.google.com/" "Mozilla/5.0 (Linux; Android 16; SM-S918B Build/BP2A.250605.031.A3; wv) AppleWebKit/537.36 (KHTML, like Gecko) Version/4.0 Chrome/145.0.7632.159 Mobile Safari/537.36 GoogleApp/17.8.62.ve.arm64"
207.46.13.151 - - [13/Mar/2026:18:06:45 +0300] "GET /?uiqdq/z1927463.html HTTP/2" 200 24800 "-" "Mozilla/5.0 AppleWebKit/537.36 (KHTML, like Gecko; compatible; bingbot/2.0; +http://www.bing.com/bingbot.htm) Chrome/116.0.1938.76 Safari/537.36"
54.39.136.215 - - [13/Mar/2026:18:07:30 +0300] "GET /?sitemap.xml HTTP/2" 200 7 "-" "Mozilla/5.0 (compatible; AhrefsBot/7.0; +http://ahrefs.com/robot/)"
52.167.144.195 - - [13/Mar/2026:17:52:34 +0300] "GET /?bjhnd/x947911.html HTTP/2" 200 24587 "-" "Mozilla/5.0 AppleWebKit/537.36 (KHTML, like Gecko; compatible; bingbot/2.0; +http://www.bing.com/bingbot.htm) Chrome/116.0.1938.76 Safari/537.36"
52.167.144.232 - - [13/Mar/2026:17:53:55 +0300] "GET /?trblr/o425328.html HTTP/2" 200 25476 "-" "Mozilla/5.0 AppleWebKit/537.36 (KHTML, like Gecko; compatible; bingbot/2.0; +http://www.bing.com/bingbot.htm) Chrome/116.0.1938.76 Safari/537.36"
66.249.66.34 - - [13/Mar/2026:17:54:51 +0300] "GET /robots.txt HTTP/1.1" 200 70 "-" "Mozilla/5.0 (compatible; Googlebot/2.1; +http://www.google.com/bot.html)"
66.249.66.32 - - [13/Mar/2026:17:56:25 +0300] "GET /?wrtun/f3052437.html HTTP/1.1" 200 25219 "-" "Mozilla/5.0 (Linux; Android 6.0.1; Nexus 5X Build/MMB29P) AppleWebKit/537.36 (KHTML, like Gecko) Chrome/145.0.7632.116 Mobile Safari/537.36 (compatible; GoogleOther)"
102.212.247.146 - - [13/Mar/2026:17:59:33 +0300] "POST /wp-admin/admin-ajax.php?action=as_async_request_queue_runner&nonce=4c0a941e52 HTTP/1.1" 403 787 "-" "WordPress/6.9.1; https://paltutors.co.uk"
52.167.144.195 - - [13/Mar/2026:17:59:35 +0300] "GET /?qhjvm/e1854512.html HTTP/2" 200 24551 "-" "Mozilla/5.0 AppleWebKit/537.36 (KHTML, like Gecko; compatible; bingbot/2.0; +http://www.bing.com/bingbot.htm) Chrome/116.0.1938.76 Safari/537.36"
66.249.66.169 - - [13/Mar/2026:17:59:46 +0300] "GET /robots.txt HTTP/1.1" 200 70 "-" "Mozilla/5.0 (compatible; Googlebot/2.1; +http://www.google.com/bot.html)"
66.249.66.168 - - [13/Mar/2026:18:00:53 +0300] "GET /?jdbno/s1150134.html HTTP/1.1" 200 24039 "-" "Mozilla/5.0 (Linux; Android 6.0.1; Nexus 5X Build/MMB29P) AppleWebKit/537.36 (KHTML, like Gecko) Chrome/145.0.7632.116 Mobile Safari/537.36 (compatible; GoogleOther)"
40.77.167.78 - - [13/Mar/2026:18:01:55 +0300] "GET /?attfe/t114893.html HTTP/2" 200 24332 "-" "Mozilla/5.0 AppleWebKit/537.36 (KHTML, like Gecko; compatible; bingbot/2.0; +http://www.bing.com/bingbot.htm) Chrome/116.0.1938.76 Safari/537.36"
3.0.176.233 - - [13/Mar/2026:18:03:20 +0300] "GET / HTTP/1.1" 200 198 "-" "Mozilla/5.0 (Windows NT 10.0; Win64; x64) AppleWebKit/537.36 (KHTML, like Gecko) Chrome/131.0.0.0 Safari/537.36"
66.249.66.194 - - [13/Mar/2026:18:03:36 +0300] "GET /?zbzzl/y145708.html HTTP/1.1" 200 24680 "-" "Mozilla/5.0 (Linux; Android 6.0.1; Nexus 5X Build/MMB29P) AppleWebKit/537.36 (KHTML, like Gecko) Chrome/145.0.7632.116 Mobile Safari/537.36 (compatible; GoogleOther)"
3.0.176.233 - - [13/Mar/2026:18:03:31 +0300] "POST / HTTP/1.1" 200 72071 "-" "Mozilla/5.0 (Windows NT 10.0; Win64; x64) AppleWebKit/537.36 (KHTML, like Gecko) Chrome/131.0.0.0 Safari/537.36"
3.0.176.233 - - [13/Mar/2026:18:03:43 +0300] "POST / HTTP/1.1" 200 72073 "-" "Mozilla/5.0 (Windows NT 10.0; Win64; x64) AppleWebKit/537.36 (KHTML, like Gecko) Chrome/131.0.0.0 Safari/537.36"
3.0.176.233 - - [13/Mar/2026:18:03:56 +0300] "POST / HTTP/1.1" 200 72019 "-" "Mozilla/5.0 (Windows NT 10.0; Win64; x64) AppleWebKit/537.36 (KHTML, like Gecko) Chrome/131.0.0.0 Safari/537.36"
52.167.144.195 - - [13/Mar/2026:18:05:26 +0300] "GET /?soczq/j2741949.html HTTP/2" 200 24581 "-" "Mozilla/5.0 AppleWebKit/537.36 (KHTML, like Gecko; compatible; bingbot/2.0; +http://www.bing.com/bingbot.htm) Chrome/116.0.1938.76 Safari/537.36"
66.249.66.14 - - [13/Mar/2026:18:07:52 +0300] "GET /?bytip/b137547.html HTTP/1.1" 200 25032 "-" "Mozilla/5.0 (Linux; Android 6.0.1; Nexus 5X Build/MMB29P) AppleWebKit/537.36 (KHTML, like Gecko) Chrome/145.0.7632.116 Mobile Safari/537.36 (compatible; GoogleOther)"
51.52.136.50 - - [13/Mar/2026:18:10:31 +0300] "GET / HTTP/2" 200 0 "-" "Mozilla/5.0 (Windows NT 10.0; Win64; x64) AppleWebKit/537.36 (KHTML, like Gecko) Chrome/145.0.0.0 Safari/537.36 Edg/145.0.0.0"
51.52.136.50 - - [13/Mar/2026:18:10:43 +0300] "GET /wp-content/plugins/header-footer-elementor/inc/widgets-css/frontend.css?ver=2.8.4 HTTP/2" 200 8756 "https://paltutors.co.uk/" "Mozilla/5.0 (Windows NT 10.0; Win64; x64) AppleWebKit/537.36 (KHTML, like Gecko) Chrome/145.0.0.0 Safari/537.36 Edg/145.0.0.0"
51.52.136.50 - - [13/Mar/2026:18:10:43 +0300] "GET /wp-content/plugins/header-footer-elementor/inc/widgets-css/woo-products.css?ver=2.8.4 HTTP/2" 200 987 "https://paltutors.co.uk/" "Mozilla/5.0 (Windows NT 10.0; Win64; x64) AppleWebKit/537.36 (KHTML, like Gecko) Chrome/145.0.0.0 Safari/537.36 Edg/145.0.0.0"
51.52.136.50 - - [13/Mar/2026:18:10:43 +0300] "GET /wp-content/plugins/jeg-elementor-kit/assets/css/elements/main.css?ver=3.0.3 HTTP/2" 200 23627 "https://paltutors.co.uk/" "Mozilla/5.0 (Windows NT 10.0; Win64; x64) AppleWebKit/537.36 (KHTML, like Gecko) Chrome/145.0.0.0 Safari/537.36 Edg/145.0.0.0"
51.52.136.50 - - [13/Mar/2026:18:10:43 +0300] "GET /wp-content/plugins/elementor/assets/lib/font-awesome/css/all.min.css?ver=6.9.1 HTTP/2" 200 12380 "https://paltutors.co.uk/" "Mozilla/5.0 (Windows NT 10.0; Win64; x64) AppleWebKit/537.36 (KHTML, like Gecko) Chrome/145.0.0.0 Safari/537.36 Edg/145.0.0.0"
51.52.136.50 - - [13/Mar/2026:18:10:43 +0300] "GET /wp-content/plugins/elementor/assets/lib/font-awesome/css/regular.min.css?ver=6.9.1 HTTP/2" 200 283 "https://paltutors.co.uk/" "Mozilla/5.0 (Windows NT 10.0; Win64; x64) AppleWebKit/537.36 (KHTML, like Gecko) Chrome/145.0.0.0 Safari/537.36 Edg/145.0.0.0"
51.52.136.50 - - [13/Mar/2026:18:10:43 +0300] "GET /wp-content/plugins/themesflat-addons-for-elementor/assets/css/tf-header-footer.css?ver=6.9.1 HTTP/2" 200 174 "https://paltutors.co.uk/" "Mozilla/5.0 (Windows NT 10.0; Win64; x64) AppleWebKit/537.36 (KHTML, like Gecko) Chrome/145.0.0.0 Safari/537.36 Edg/145.0.0.0"
51.52.136.50 - - [13/Mar/2026:18:10:43 +0300] "GET /wp-content/plugins/embedpress/assets/css/carousel.min.css?ver=1771495722 HTTP/2" 200 161 "https://paltutors.co.uk/" "Mozilla/5.0 (Windows NT 10.0; Win64; x64) AppleWebKit/537.36 (KHTML, like Gecko) Chrome/145.0.0.0 Safari/537.36 Edg/145.0.0.0"
51.52.136.50 - - [13/Mar/2026:18:10:33 +0300] "GET / HTTP/2" 200 58803 "-" "Mozilla/5.0 (Windows NT 10.0; Win64; x64) AppleWebKit/537.36 (KHTML, like Gecko) Chrome/145.0.0.0 Safari/537.36 Edg/145.0.0.0"
51.52.136.50 - - [13/Mar/2026:18:10:43 +0300] "GET /wp-content/plugins/embedpress/assets/css/embedpress.css?ver=1771495722 HTTP/2" 200 13384 "https://paltutors.co.uk/" "Mozilla/5.0 (Windows NT 10.0; Win64; x64) AppleWebKit/537.36 (KHTML, like Gecko) Chrome/145.0.0.0 Safari/537.36 Edg/145.0.0.0"
51.52.136.50 - - [13/Mar/2026:18:10:43 +0300] "GET /wp-content/plugins/embedpress/assets/css/blocks.build.css?ver=1771495722 HTTP/2" 200 9655 "https://paltutors.co.uk/" "Mozilla/5.0 (Windows NT 10.0; Win64; x64) AppleWebKit/537.36 (KHTML, like Gecko) Chrome/145.0.0.0 Safari/537.36 Edg/145.0.0.0"
51.52.136.50 - - [13/Mar/2026:18:10:43 +0300] "GET /wp-content/plugins/embedpress/assets/css/lazy-load.css?ver=1771495722 HTTP/2" 200 797 "https://paltutors.co.uk/" "Mozilla/5.0 (Windows NT 10.0; Win64; x64) AppleWebKit/537.36 (KHTML, like Gecko) Chrome/145.0.0.0 Safari/537.36 Edg/145.0.0.0"
51.52.136.50 - - [13/Mar/2026:18:10:43 +0300] "GET /wp-includes/css/dist/block-library/style.min.css?ver=6.9.1 HTTP/2" 200 14889 "https://paltutors.co.uk/" "Mozilla/5.0 (Windows NT 10.0; Win64; x64) AppleWebKit/537.36 (KHTML, like Gecko) Chrome/145.0.0.0 Safari/537.36 Edg/145.0.0.0"
51.52.136.50 - - [13/Mar/2026:18:10:43 +0300] "GET /wp-content/plugins/all-in-one-seo-pack/dist/Lite/assets/css/table-of-contents/global.e90f6d47.css?ver=4.9.4.1 HTTP/2" 200 416 "https://paltutors.co.uk/" "Mozilla/5.0 (Windows NT 10.0; Win64; x64) AppleWebKit/537.36 (KHTML, like Gecko) Chrome/145.0.0.0 Safari/537.36 Edg/145.0.0.0"
51.52.136.50 - - [13/Mar/2026:18:10:43 +0300] "GET /wp-content/plugins/wp-whatsapp/assets/dist/css/style.css?ver=6.9.1 HTTP/2" 200 4704 "https://paltutors.co.uk/" "Mozilla/5.0 (Windows NT 10.0; Win64; x64) AppleWebKit/537.36 (KHTML, like Gecko) Chrome/145.0.0.0 Safari/537.36 Edg/145.0.0.0"
51.52.136.50 - - [13/Mar/2026:18:10:44 +0300] "GET /wp-content/plugins/contact-form-7/includes/css/styles.css?ver=6.1.5 HTTP/2" 200 899 "https://paltutors.co.uk/" "Mozilla/5.0 (Windows NT 10.0; Win64; x64) AppleWebKit/537.36 (KHTML, like Gecko) Chrome/145.0.0.0 Safari/537.36 Edg/145.0.0.0"
66.249.66.169 - - [13/Mar/2026:18:10:43 +0300] "GET /?dbruu/w2629850.html HTTP/1.1" 200 24508 "-" "Mozilla/5.0 (Linux; Android 6.0.1; Nexus 5X Build/MMB29P) AppleWebKit/537.36 (KHTML, like Gecko) Chrome/145.0.7632.116 Mobile Safari/537.36 (compatible; GoogleOther)"
51.52.136.50 - - [13/Mar/2026:18:10:44 +0300] "GET /wp-content/plugins/woocommerce/assets/css/woocommerce-layout.css?ver=10.5.1 HTTP/2" 200 3160 "https://paltutors.co.uk/" "Mozilla/5.0 (Windows NT 10.0; Win64; x64) AppleWebKit/537.36 (KHTML, like Gecko) Chrome/145.0.0.0 Safari/537.36 Edg/145.0.0.0"
51.52.136.50 - - [13/Mar/2026:18:10:44 +0300] "GET /wp-content/plugins/woocommerce/assets/css/woocommerce.css?ver=10.5.1 HTTP/2" 200 10326 "https://paltutors.co.uk/" "Mozilla/5.0 (Windows NT 10.0; Win64; x64) AppleWebKit/537.36 (KHTML, like Gecko) Chrome/145.0.0.0 Safari/537.36 Edg/145.0.0.0"
51.52.136.50 - - [13/Mar/2026:18:10:44 +0300] "GET /wp-content/plugins/wp-documents-library/css/wpdlib-documents.css?ver=6.9.1 HTTP/2" 200 151 "https://paltutors.co.uk/" "Mozilla/5.0 (Windows NT 10.0; Win64; x64) AppleWebKit/537.36 (KHTML, like Gecko) Chrome/145.0.0.0 Safari/537.36 Edg/145.0.0.0"
51.52.136.50 - - [13/Mar/2026:18:10:44 +0300] "GET /wp-content/plugins/header-footer-elementor/assets/css/header-footer-elementor.css?ver=2.8.4 HTTP/2" 200 259 "https://paltutors.co.uk/" "Mozilla/5.0 (Windows NT 10.0; Win64; x64) AppleWebKit/537.36 (KHTML, like Gecko) Chrome/145.0.0.0 Safari/537.36 Edg/145.0.0.0"
51.52.136.50 - - [13/Mar/2026:18:10:44 +0300] "GET /wp-content/plugins/elementor/assets/css/frontend.min.css?ver=3.35.6 HTTP/2" 200 6613 "https://paltutors.co.uk/" "Mozilla/5.0 (Windows NT 10.0; Win64; x64) AppleWebKit/537.36 (KHTML, like Gecko) Chrome/145.0.0.0 Safari/537.36 Edg/145.0.0.0"
51.52.136.50 - - [13/Mar/2026:18:10:44 +0300] "GET /wp-content/plugins/elementor/assets/lib/animations/styles/fadeInDown.min.css?ver=3.35.6 HTTP/2" 200 137 "https://paltutors.co.uk/" "Mozilla/5.0 (Windows NT 10.0; Win64; x64) AppleWebKit/537.36 (KHTML, like Gecko) Chrome/145.0.0.0 Safari/537.36 Edg/145.0.0.0"
51.52.136.50 - - [13/Mar/2026:18:10:44 +0300] "GET /wp-content/plugins/elementor/assets/css/widget-icon-list.min.css?ver=3.35.6 HTTP/2" 200 928 "https://paltutors.co.uk/" "Mozilla/5.0 (Windows NT 10.0; Win64; x64) AppleWebKit/537.36 (KHTML, like Gecko) Chrome/145.0.0.0 Safari/537.36 Edg/145.0.0.0"
51.52.136.50 - - [13/Mar/2026:18:10:44 +0300] "GET /wp-content/plugins/elementor/assets/css/widget-social-icons.min.css?ver=3.35.6 HTTP/2" 200 1039 "https://paltutors.co.uk/" "Mozilla/5.0 (Windows NT 10.0; Win64; x64) AppleWebKit/537.36 (KHTML, like Gecko) Chrome/145.0.0.0 Safari/537.36 Edg/145.0.0.0"
51.52.136.50 - - [13/Mar/2026:18:10:44 +0300] "GET /wp-content/plugins/elementor/assets/css/conditionals/apple-webkit.min.css?ver=3.35.6 HTTP/2" 200 464 "https://paltutors.co.uk/" "Mozilla/5.0 (Windows NT 10.0; Win64; x64) AppleWebKit/537.36 (KHTML, like Gecko) Chrome/145.0.0.0 Safari/537.36 Edg/145.0.0.0"
51.52.136.50 - - [13/Mar/2026:18:10:44 +0300] "GET /wp-content/plugins/elementor/assets/lib/animations/styles/fadeIn.min.css?ver=3.35.6 HTTP/2" 200 77 "https://paltutors.co.uk/" "Mozilla/5.0 (Windows NT 10.0; Win64; x64) AppleWebKit/537.36 (KHTML, like Gecko) Chrome/145.0.0.0 Safari/537.36 Edg/145.0.0.0"
51.52.136.50 - - [13/Mar/2026:18:10:44 +0300] "GET /wp-content/plugins/elementor/assets/lib/animations/styles/fadeInLeft.min.css?ver=3.35.6 HTTP/2" 200 137 "https://paltutors.co.uk/" "Mozilla/5.0 (Windows NT 10.0; Win64; x64) AppleWebKit/537.36 (KHTML, like Gecko) Chrome/145.0.0.0 Safari/537.36 Edg/145.0.0.0"
51.52.136.50 - - [13/Mar/2026:18:10:44 +0300] "GET /wp-content/plugins/elementor/assets/css/widget-image.min.css?ver=3.35.6 HTTP/2" 200 96 "https://paltutors.co.uk/" "Mozilla/5.0 (Windows NT 10.0; Win64; x64) AppleWebKit/537.36 (KHTML, like Gecko) Chrome/145.0.0.0 Safari/537.36 Edg/145.0.0.0"
51.52.136.50 - - [13/Mar/2026:18:10:44 +0300] "GET /wp-content/plugins/elementor/assets/lib/animations/styles/fadeInRight.min.css?ver=3.35.6 HTTP/2" 200 139 "https://paltutors.co.uk/" "Mozilla/5.0 (Windows NT 10.0; Win64; x64) AppleWebKit/537.36 (KHTML, like Gecko) Chrome/145.0.0.0 Safari/537.36 Edg/145.0.0.0"
51.52.136.50 - - [13/Mar/2026:18:10:44 +0300] "GET /wp-content/plugins/elementor/assets/lib/animations/styles/fadeInUp.min.css?ver=3.35.6 HTTP/2" 200 130 "https://paltutors.co.uk/" "Mozilla/5.0 (Windows NT 10.0; Win64; x64) AppleWebKit/537.36 (KHTML, like Gecko) Chrome/145.0.0.0 Safari/537.36 Edg/145.0.0.0"
51.52.136.50 - - [13/Mar/2026:18:10:44 +0300] "GET /wp-content/plugins/elementor/assets/css/widget-star-rating.min.css?ver=3.35.6 HTTP/2" 200 556 "https://paltutors.co.uk/" "Mozilla/5.0 (Windows NT 10.0; Win64; x64) AppleWebKit/537.36 (KHTML, like Gecko) Chrome/145.0.0.0 Safari/537.36 Edg/145.0.0.0"
51.52.136.50 - - [13/Mar/2026:18:10:44 +0300] "GET /wp-content/plugins/elementor/assets/css/widget-heading.min.css?ver=3.35.6 HTTP/2" 200 126 "https://paltutors.co.uk/" "Mozilla/5.0 (Windows NT 10.0; Win64; x64) AppleWebKit/537.36 (KHTML, like Gecko) Chrome/145.0.0.0 Safari/537.36 Edg/145.0.0.0"
51.52.136.50 - - [13/Mar/2026:18:10:44 +0300] "GET /wp-content/plugins/elementor/assets/css/widget-divider.min.css?ver=3.35.6 HTTP/2" 200 678 "https://paltutors.co.uk/" "Mozilla/5.0 (Windows NT 10.0; Win64; x64) AppleWebKit/537.36 (KHTML, like Gecko) Chrome/145.0.0.0 Safari/537.36 Edg/145.0.0.0"
51.52.136.50 - - [13/Mar/2026:18:10:44 +0300] "GET /wp-includes/js/mediaelement/mediaelementplayer-legacy.min.css?ver=4.2.17 HTTP/2" 200 2394 "https://paltutors.co.uk/" "Mozilla/5.0 (Windows NT 10.0; Win64; x64) AppleWebKit/537.36 (KHTML, like Gecko) Chrome/145.0.0.0 Safari/537.36 Edg/145.0.0.0"
51.52.136.50 - - [13/Mar/2026:18:10:44 +0300] "GET /wp-includes/js/mediaelement/wp-mediaelement.min.css?ver=6.9.1 HTTP/2" 200 982 "https://paltutors.co.uk/" "Mozilla/5.0 (Windows NT 10.0; Win64; x64) AppleWebKit/537.36 (KHTML, like Gecko) Chrome/145.0.0.0 Safari/537.36 Edg/145.0.0.0"
51.52.136.50 - - [13/Mar/2026:18:10:44 +0300] "GET /wp-content/plugins/elementor/assets/lib/animations/styles/e-animation-float.min.css?ver=3.35.6 HTTP/2" 200 114 "https://paltutors.co.uk/" "Mozilla/5.0 (Windows NT 10.0; Win64; x64) AppleWebKit/537.36 (KHTML, like Gecko) Chrome/145.0.0.0 Safari/537.36 Edg/145.0.0.0"
51.52.136.50 - - [13/Mar/2026:18:10:44 +0300] "GET /wp-content/plugins/elementor/assets/css/widget-icon-box.min.css?ver=3.35.6 HTTP/2" 200 356 "https://paltutors.co.uk/" "Mozilla/5.0 (Windows NT 10.0; Win64; x64) AppleWebKit/537.36 (KHTML, like Gecko) Chrome/145.0.0.0 Safari/537.36 Edg/145.0.0.0"
51.52.136.50 - - [13/Mar/2026:18:10:44 +0300] "GET /wp-content/plugins/elementor/assets/lib/swiper/v8/css/swiper.min.css?ver=8.4.5 HTTP/2" 200 4248 "https://paltutors.co.uk/" "Mozilla/5.0 (Windows NT 10.0; Win64; x64) AppleWebKit/537.36 (KHTML, like Gecko) Chrome/145.0.0.0 Safari/537.36 Edg/145.0.0.0"
51.52.136.50 - - [13/Mar/2026:18:10:45 +0300] "GET /wp-content/plugins/embedpress/assets/css/embedpress-elementor.css?ver=1771495722 HTTP/2" 200 1794 "https://paltutors.co.uk/" "Mozilla/5.0 (Windows NT 10.0; Win64; x64) AppleWebKit/537.36 (KHTML, like Gecko) Chrome/145.0.0.0 Safari/537.36 Edg/145.0.0.0"
51.52.136.50 - - [13/Mar/2026:18:10:45 +0300] "GET /wp-content/themes/hello-elementor/assets/css/reset.css?ver=3.4.6 HTTP/2" 200 1581 "https://paltutors.co.uk/" "Mozilla/5.0 (Windows NT 10.0; Win64; x64) AppleWebKit/537.36 (KHTML, like Gecko) Chrome/145.0.0.0 Safari/537.36 Edg/145.0.0.0"
4.204.200.32 - - [13/Mar/2026:18:00:03 +0300] "GET /bless.php HTTP/1.1" 200 60862 "-" "-"
4.204.200.32 - - [13/Mar/2026:18:00:07 +0300] "GET /wp-includes/PHPMailer/index.php HTTP/1.1" 200 481 "-" "-"
4.204.200.32 - - [13/Mar/2026:18:00:09 +0300] "GET /wp-good.php HTTP/1.1" 200 60874 "-" "-"
4.204.200.32 - - [13/Mar/2026:18:00:12 +0300] "GET /rip.php HTTP/1.1" 200 60846 "-" "-"
4.204.200.32 - - [13/Mar/2026:18:00:16 +0300] "GET /css/index.php HTTP/1.1" 200 481 "-" "-"
4.204.200.32 - - [13/Mar/2026:18:00:19 +0300] "GET /ok.php HTTP/1.1" 200 60840 "-" "-"
4.204.200.32 - - [13/Mar/2026:18:00:23 +0300] "GET /geck.php HTTP/1.1" 200 60852 "-" "-"
4.204.200.32 - - [13/Mar/2026:18:00:26 +0300] "GET //edit.php HTTP/1.1" 200 925 "-" "-"
4.204.200.32 - - [13/Mar/2026:18:00:28 +0300] "GET /lp6.php HTTP/1.1" 200 60846 "-" "-"
4.204.200.32 - - [13/Mar/2026:18:00:31 +0300] "GET /111.php HTTP/1.1" 200 60846 "-" "-"
4.204.200.32 - - [13/Mar/2026:18:00:35 +0300] "GET /66.php HTTP/1.1" 200 60840 "-" "-"
4.204.200.32 - - [13/Mar/2026:18:00:38 +0300] "GET /sh.php HTTP/1.1" 200 60840 "-" "-"
4.204.200.32 - - [13/Mar/2026:18:00:43 +0300] "GET /155.php HTTP/1.1" 200 60846 "-" "-"
4.204.200.32 - - [13/Mar/2026:18:00:47 +0300] "GET /file52.php HTTP/1.1" 200 60868 "-" "-"
4.204.200.32 - - [13/Mar/2026:18:00:50 +0300] "GET /xxxx.php HTTP/1.1" 200 60852 "-" "-"
4.204.200.32 - - [13/Mar/2026:18:00:54 +0300] "GET /wdf.php HTTP/1.1" 200 60846 "-" "-"
4.204.200.32 - - [13/Mar/2026:18:01:01 +0300] "GET /tt.php HTTP/1.1" 200 60840 "-" "-"
4.204.200.32 - - [13/Mar/2026:18:01:08 +0300] "GET /gfile.php HTTP/1.1" 200 60862 "-" "-"
4.204.200.32 - - [13/Mar/2026:18:01:11 +0300] "GET /pp.php HTTP/1.1" 200 60840 "-" "-"
4.204.200.32 - - [13/Mar/2026:18:01:16 +0300] "GET /wp-the.php HTTP/1.1" 200 60868 "-" "-"
4.204.200.32 - - [13/Mar/2026:18:01:20 +0300] "GET /system.php HTTP/1.1" 200 60868 "-" "-"
4.204.200.32 - - [13/Mar/2026:18:01:22 +0300] "GET /file59.php HTTP/1.1" 200 60868 "-" "-"
66.249.66.168 - - [13/Mar/2026:18:01:58 +0300] "GET /?swcbn/m1871888.html HTTP/1.1" 200 24313 "-" "Mozilla/5.0 (Linux; Android 6.0.1; Nexus 5X Build/MMB29P) AppleWebKit/537.36 (KHTML, like Gecko) Chrome/145.0.7632.116 Mobile Safari/537.36 (compatible; GoogleOther)"
40.77.167.78 - - [13/Mar/2026:18:02:25 +0300] "GET /?vtevd/y2026912.html HTTP/2" 200 24597 "-" "Mozilla/5.0 AppleWebKit/537.36 (KHTML, like Gecko; compatible; bingbot/2.0; +http://www.bing.com/bingbot.htm) Chrome/116.0.1938.76 Safari/537.36"
102.212.247.146 - - [13/Mar/2026:18:03:30 +0300] "POST /wp-cron.php?doing_wp_cron=1773414210.4495620727539062500000 HTTP/1.1" 403 787 "-" "WordPress/6.9.1; https://paltutors.co.uk"
102.212.247.146 - - [13/Mar/2026:18:03:31 +0300] "POST /wp-cron.php?doing_wp_cron=1773414211.1520059108734130859375 HTTP/1.1" 403 787 "-" "WordPress/6.9.1; https://paltutors.co.uk"
66.249.66.194 - - [13/Mar/2026:18:05:48 +0300] "GET /?sdtcl/b2560903.html HTTP/1.1" 200 25623 "-" "Mozilla/5.0 (Linux; Android 6.0.1; Nexus 5X Build/MMB29P) AppleWebKit/537.36 (KHTML, like Gecko) Chrome/145.0.7632.116 Mobile Safari/537.36 (compatible; GoogleOther)"
207.46.13.151 - - [13/Mar/2026:18:07:14 +0300] "GET /?clprd/k1194508.html HTTP/2" 200 24840 "-" "Mozilla/5.0 AppleWebKit/537.36 (KHTML, like Gecko; compatible; bingbot/2.0; +http://www.bing.com/bingbot.htm) Chrome/116.0.1938.76 Safari/537.36"
66.249.66.168 - - [13/Mar/2026:18:08:51 +0300] "GET /?zjqyh/a646106.html HTTP/1.1" 200 24404 "-" "Mozilla/5.0 (Linux; Android 6.0.1; Nexus 5X Build/MMB29P) AppleWebKit/537.36 (KHTML, like Gecko) Chrome/145.0.7632.116 Mobile Safari/537.36 (compatible; GoogleOther)"
66.249.66.14 - - [13/Mar/2026:18:09:38 +0300] "GET /?ifoyn/y982310.html HTTP/1.1" 200 24309 "-" "Mozilla/5.0 (Linux; Android 6.0.1; Nexus 5X Build/MMB29P) AppleWebKit/537.36 (KHTML, like Gecko) Chrome/145.0.7632.116 Mobile Safari/537.36 (compatible; GoogleOther)"
66.249.66.64 - - [13/Mar/2026:17:53:12 +0300] "GET /?ijixh/w1598378.html HTTP/1.1" 200 24345 "-" "Mozilla/5.0 (Linux; Android 6.0.1; Nexus 5X Build/MMB29P) AppleWebKit/537.36 (KHTML, like Gecko) Chrome/145.0.7632.116 Mobile Safari/537.36 (compatible; GoogleOther)"
66.249.66.168 - - [13/Mar/2026:17:53:56 +0300] "GET /?jhjfm/r351491.html HTTP/1.1" 200 24315 "-" "Mozilla/5.0 (Linux; Android 6.0.1; Nexus 5X Build/MMB29P) AppleWebKit/537.36 (KHTML, like Gecko) Chrome/145.0.7632.116 Mobile Safari/537.36 (compatible; GoogleOther)"
66.249.66.15 - - [13/Mar/2026:17:54:51 +0300] "GET /?boqoa/p1758323.html HTTP/1.1" 200 24444 "-" "Mozilla/5.0 (Linux; Android 6.0.1; Nexus 5X Build/MMB29P) AppleWebKit/537.36 (KHTML, like Gecko) Chrome/145.0.7632.116 Mobile Safari/537.36 (compatible; GoogleOther)"
66.249.66.34 - - [13/Mar/2026:17:55:25 +0300] "GET /?sdghn/i2850784.html HTTP/1.1" 200 24399 "-" "Mozilla/5.0 (Linux; Android 6.0.1; Nexus 5X Build/MMB29P) AppleWebKit/537.36 (KHTML, like Gecko) Chrome/145.0.7632.116 Mobile Safari/537.36 (compatible; GoogleOther)"
66.249.66.168 - - [13/Mar/2026:17:57:17 +0300] "GET /?zrmds/y593662.html HTTP/1.1" 200 24658 "-" "Mozilla/5.0 (Linux; Android 6.0.1; Nexus 5X Build/MMB29P) AppleWebKit/537.36 (KHTML, like Gecko) Chrome/145.0.7632.116 Mobile Safari/537.36 (compatible; GoogleOther)"
23.132.132.4 - - [13/Mar/2026:17:58:41 +0300] "HEAD / HTTP/1.1" 200 0 "-" "Mozilla/5.0 (Macintosh; Intel Mac OS X 10_10_5) AppleWebKit/601.1.56 (KHTML, like Gecko) Version/9.0 Safari/601.1.56"
66.249.66.14 - - [13/Mar/2026:17:58:54 +0300] "GET /?cfnxb/k1113622.html HTTP/1.1" 200 24481 "-" "Mozilla/5.0 (Linux; Android 6.0.1; Nexus 5X Build/MMB29P) AppleWebKit/537.36 (KHTML, like Gecko) Chrome/145.0.7632.116 Mobile Safari/537.36 (compatible; GoogleOther)"
66.249.66.160 - - [13/Mar/2026:18:01:53 +0300] "GET /?kqsmf/w1771954.html HTTP/1.1" 200 24258 "-" "Mozilla/5.0 (Linux; Android 6.0.1; Nexus 5X Build/MMB29P) AppleWebKit/537.36 (KHTML, like Gecko) Chrome/145.0.7632.116 Mobile Safari/537.36 (compatible; GoogleOther)"
66.249.66.194 - - [13/Mar/2026:18:03:04 +0300] "GET /robots.txt HTTP/1.1" 200 70 "-" "Mozilla/5.0 (compatible; Googlebot/2.1; +http://www.google.com/bot.html)"
66.249.66.195 - - [13/Mar/2026:18:03:04 +0300] "GET /?llffy/b517719.html HTTP/1.1" 200 24762 "-" "Mozilla/5.0 (Linux; Android 6.0.1; Nexus 5X Build/MMB29P) AppleWebKit/537.36 (KHTML, like Gecko) Chrome/145.0.7632.116 Mobile Safari/537.36 (compatible; GoogleOther)"
66.249.66.168 - - [13/Mar/2026:18:06:22 +0300] "GET /?cvjuu/a2991904.html HTTP/1.1" 200 24403 "-" "Mozilla/5.0 (Linux; Android 6.0.1; Nexus 5X Build/MMB29P) AppleWebKit/537.36 (KHTML, like Gecko) Chrome/145.0.7632.116 Mobile Safari/537.36 (compatible; GoogleOther)"
66.249.66.15 - - [13/Mar/2026:18:08:32 +0300] "GET /?ucecv/a1470878.html HTTP/1.1" 200 24589 "-" "Mozilla/5.0 (Linux; Android 6.0.1; Nexus 5X Build/MMB29P) AppleWebKit/537.36 (KHTML, like Gecko) Chrome/145.0.7632.116 Mobile Safari/537.36 (compatible; GoogleOther)"
66.249.66.168 - - [13/Mar/2026:18:09:51 +0300] "GET /?gfehe/x1715613.html HTTP/1.1" 200 24581 "-" "Mozilla/5.0 (Linux; Android 6.0.1; Nexus 5X Build/MMB29P) AppleWebKit/537.36 (KHTML, like Gecko) Chrome/145.0.7632.116 Mobile Safari/537.36 (compatible; GoogleOther)"
52.167.144.202 - - [13/Mar/2026:18:10:06 +0300] "GET /?tlbyy/n2509253.html HTTP/2" 200 24390 "-" "Mozilla/5.0 AppleWebKit/537.36 (KHTML, like Gecko; compatible; bingbot/2.0; +http://www.bing.com/bingbot.htm) Chrome/116.0.1938.76 Safari/537.36"
52.167.144.202 - - [13/Mar/2026:18:12:47 +0300] "GET /?gilyc/g422772.html HTTP/2" 200 24302 "-" "Mozilla/5.0 AppleWebKit/537.36 (KHTML, like Gecko; compatible; bingbot/2.0; +http://www.bing.com/bingbot.htm) Chrome/116.0.1938.76 Safari/537.36"
52.167.144.202 - - [13/Mar/2026:18:12:47 +0300] "GET /?yechg/p894057.html HTTP/2" 200 25731 "-" "Mozilla/5.0 AppleWebKit/537.36 (KHTML, like Gecko; compatible; bingbot/2.0; +http://www.bing.com/bingbot.htm) Chrome/116.0.1938.76 Safari/537.36"
51.52.136.50 - - [13/Mar/2026:18:10:45 +0300] "GET /wp-content/themes/hello-elementor/assets/css/theme.css?ver=3.4.6 HTTP/2" 200 1126 "https://paltutors.co.uk/" "Mozilla/5.0 (Windows NT 10.0; Win64; x64) AppleWebKit/537.36 (KHTML, like Gecko) Chrome/145.0.0.0 Safari/537.36 Edg/145.0.0.0"
51.52.136.50 - - [13/Mar/2026:18:10:45 +0300] "GET /wp-content/themes/hello-elementor/assets/css/header-footer.css?ver=3.4.6 HTTP/2" 200 1261 "https://paltutors.co.uk/" "Mozilla/5.0 (Windows NT 10.0; Win64; x64) AppleWebKit/537.36 (KHTML, like Gecko) Chrome/145.0.0.0 Safari/537.36 Edg/145.0.0.0"
51.52.136.50 - - [13/Mar/2026:18:10:45 +0300] "GET /wp-content/plugins/elementor/assets/lib/eicons/css/elementor-icons.min.css?ver=5.34.0 HTTP/2" 200 4064 "https://paltutors.co.uk/" "Mozilla/5.0 (Windows NT 10.0; Win64; x64) AppleWebKit/537.36 (KHTML, like Gecko) Chrome/145.0.0.0 Safari/537.36 Edg/145.0.0.0"
51.52.136.50 - - [13/Mar/2026:18:10:45 +0300] "GET /wp-content/plugins/elementor/assets/css/widget-icon-list.min.css?ver=3.24.3 HTTP/2" 200 928 "https://paltutors.co.uk/" "Mozilla/5.0 (Windows NT 10.0; Win64; x64) AppleWebKit/537.36 (KHTML, like Gecko) Chrome/145.0.0.0 Safari/537.36 Edg/145.0.0.0"
51.52.136.50 - - [13/Mar/2026:18:10:45 +0300] "GET /wp-content/plugins/elementor/assets/css/widget-social-icons.min.css?ver=3.24.0 HTTP/2" 200 1039 "https://paltutors.co.uk/" "Mozilla/5.0 (Windows NT 10.0; Win64; x64) AppleWebKit/537.36 (KHTML, like Gecko) Chrome/145.0.0.0 Safari/537.36 Edg/145.0.0.0"
51.52.136.50 - - [13/Mar/2026:18:10:45 +0300] "GET /wp-content/plugins/elementor/assets/lib/font-awesome/css/brands.css?ver=5.15.3 HTTP/2" 200 296 "https://paltutors.co.uk/" "Mozilla/5.0 (Windows NT 10.0; Win64; x64) AppleWebKit/537.36 (KHTML, like Gecko) Chrome/145.0.0.0 Safari/537.36 Edg/145.0.0.0"
51.52.136.50 - - [13/Mar/2026:18:10:45 +0300] "GET /wp-content/plugins/elementor/assets/lib/font-awesome/css/fontawesome.css?ver=5.15.3 HTTP/2" 200 12526 "https://paltutors.co.uk/" "Mozilla/5.0 (Windows NT 10.0; Win64; x64) AppleWebKit/537.36 (KHTML, like Gecko) Chrome/145.0.0.0 Safari/537.36 Edg/145.0.0.0"
51.52.136.50 - - [13/Mar/2026:18:10:45 +0300] "GET /wp-content/plugins/elementor/assets/lib/font-awesome/css/solid.css?ver=5.15.3 HTTP/2" 200 296 "https://paltutors.co.uk/" "Mozilla/5.0 (Windows NT 10.0; Win64; x64) AppleWebKit/537.36 (KHTML, like Gecko) Chrome/145.0.0.0 Safari/537.36 Edg/145.0.0.0"
51.52.136.50 - - [13/Mar/2026:18:10:45 +0300] "GET /wp-content/plugins/elementskit-lite/widgets/init/assets/css/widget-styles.css?ver=3.8.1 HTTP/2" 200 48825 "https://paltutors.co.uk/" "Mozilla/5.0 (Windows NT 10.0; Win64; x64) AppleWebKit/537.36 (KHTML, like Gecko) Chrome/145.0.0.0 Safari/537.36 Edg/145.0.0.0"
51.52.136.50 - - [13/Mar/2026:18:10:45 +0300] "GET /wp-content/plugins/elementskit-lite/widgets/init/assets/css/responsive.css?ver=3.8.1 HTTP/2" 200 2857 "https://paltutors.co.uk/" "Mozilla/5.0 (Windows NT 10.0; Win64; x64) AppleWebKit/537.36 (KHTML, like Gecko) Chrome/145.0.0.0 Safari/537.36 Edg/145.0.0.0"
51.52.136.50 - - [13/Mar/2026:18:10:45 +0300] "GET /wp-content/plugins/essential-addons-for-elementor-lite/assets/front-end/css/view/general.min.css?ver=6.5.12 HTTP/2" 200 1420 "https://paltutors.co.uk/" "Mozilla/5.0 (Windows NT 10.0; Win64; x64) AppleWebKit/537.36 (KHTML, like Gecko) Chrome/145.0.0.0 Safari/537.36 Edg/145.0.0.0"
66.249.66.14 - - [13/Mar/2026:18:07:59 +0300] "GET /?nccgw/t1244151.html HTTP/1.1" 200 24505 "-" "Mozilla/5.0 (Linux; Android 6.0.1; Nexus 5X Build/MMB29P) AppleWebKit/537.36 (KHTML, like Gecko) Chrome/145.0.7632.116 Mobile Safari/537.36 (compatible; GoogleOther)"
207.46.13.151 - - [13/Mar/2026:18:09:15 +0300] "GET /?bqiuu/z1646507.html HTTP/2" 200 24594 "-" "Mozilla/5.0 AppleWebKit/537.36 (KHTML, like Gecko; compatible; bingbot/2.0; +http://www.bing.com/bingbot.htm) Chrome/116.0.1938.76 Safari/537.36"
66.249.66.169 - - [13/Mar/2026:18:10:21 +0300] "GET /?gpoov/l1229687.html HTTP/1.1" 200 24227 "-" "Mozilla/5.0 (Linux; Android 6.0.1; Nexus 5X Build/MMB29P) AppleWebKit/537.36 (KHTML, like Gecko) Chrome/145.0.7632.116 Mobile Safari/537.36 (compatible; GoogleOther)"
66.249.66.196 - - [13/Mar/2026:18:11:20 +0300] "GET /?ucylm/f1009721.html HTTP/1.1" 200 24510 "-" "Mozilla/5.0 (Linux; Android 6.0.1; Nexus 5X Build/MMB29P) AppleWebKit/537.36 (KHTML, like Gecko) Chrome/145.0.7632.116 Mobile Safari/537.36 (compatible; GoogleOther)"
52.167.144.202 - - [13/Mar/2026:18:11:36 +0300] "GET /?atroa/d2838377.html HTTP/2" 200 24468 "-" "Mozilla/5.0 AppleWebKit/537.36 (KHTML, like Gecko; compatible; bingbot/2.0; +http://www.bing.com/bingbot.htm) Chrome/116.0.1938.76 Safari/537.36"
66.249.66.64 - - [13/Mar/2026:18:12:20 +0300] "GET /?fydri/v1989209.html HTTP/1.1" 200 25407 "-" "Mozilla/5.0 (Linux; Android 6.0.1; Nexus 5X Build/MMB29P) AppleWebKit/537.36 (KHTML, like Gecko) Chrome/145.0.7632.116 Mobile Safari/537.36 (compatible; GoogleOther)"
66.249.66.14 - - [13/Mar/2026:18:12:55 +0300] "GET /?oulhg/h2099877.html HTTP/1.1" 200 24786 "-" "Mozilla/5.0 (Linux; Android 6.0.1; Nexus 5X Build/MMB29P) AppleWebKit/537.36 (KHTML, like Gecko) Chrome/145.0.7632.116 Mobile Safari/537.36 (compatible; GoogleOther)"
157.55.39.58 - - [13/Mar/2026:17:52:43 +0300] "GET /?gomep/z2806913.html HTTP/2" 200 24542 "-" "Mozilla/5.0 AppleWebKit/537.36 (KHTML, like Gecko; compatible; bingbot/2.0; +http://www.bing.com/bingbot.htm) Chrome/116.0.1938.76 Safari/537.36"
66.249.66.77 - - [13/Mar/2026:17:57:17 +0300] "GET /robots.txt HTTP/1.1" 200 70 "-" "Mozilla/5.0 (compatible; Googlebot/2.1; +http://www.google.com/bot.html)"
136.144.33.189 - - [13/Mar/2026:17:58:22 +0300] "POST /wp-login.php HTTP/1.1" 200 10088 "-" "Mozilla/5.0"
23.132.132.4 - - [13/Mar/2026:17:58:43 +0300] "HEAD / HTTP/1.1" 200 0 "http://paltutors.co.uk" "Mozilla/5.0 (Macintosh; Intel Mac OS X 10.15; rv:128.0) Gecko/20100101 Firefox/128.3"
40.77.167.78 - - [13/Mar/2026:17:59:45 +0300] "GET /?vaxhf/r551847.html HTTP/2" 200 25164 "-" "Mozilla/5.0 AppleWebKit/537.36 (KHTML, like Gecko; compatible; bingbot/2.0; +http://www.bing.com/bingbot.htm) Chrome/116.0.1938.76 Safari/537.36"
40.77.167.78 - - [13/Mar/2026:17:59:45 +0300] "GET /?kcqpg/k1503206.html HTTP/2" 200 24959 "-" "Mozilla/5.0 AppleWebKit/537.36 (KHTML, like Gecko; compatible; bingbot/2.0; +http://www.bing.com/bingbot.htm) Chrome/116.0.1938.76 Safari/537.36"
66.249.66.194 - - [13/Mar/2026:18:00:24 +0300] "GET /?fpzii/p1588179.html HTTP/1.1" 200 24387 "-" "Mozilla/5.0 (Linux; Android 6.0.1; Nexus 5X Build/MMB29P) AppleWebKit/537.36 (KHTML, like Gecko) Chrome/145.0.7632.116 Mobile Safari/537.36 (compatible; GoogleOther)"
52.167.144.195 - - [13/Mar/2026:18:00:25 +0300] "GET /?jyuet/p2505043.html HTTP/2" 200 24662 "-" "Mozilla/5.0 AppleWebKit/537.36 (KHTML, like Gecko; compatible; bingbot/2.0; +http://www.bing.com/bingbot.htm) Chrome/116.0.1938.76 Safari/537.36"
66.249.66.168 - - [13/Mar/2026:18:00:52 +0300] "GET /robots.txt HTTP/1.1" 200 70 "-" "Mozilla/5.0 (compatible; Googlebot/2.1; +http://www.google.com/bot.html)"
66.249.66.34 - - [13/Mar/2026:18:02:53 +0300] "GET /?cibog/x2369123.html HTTP/1.1" 200 24414 "-" "Mozilla/5.0 (Linux; Android 6.0.1; Nexus 5X Build/MMB29P) AppleWebKit/537.36 (KHTML, like Gecko) Chrome/145.0.7632.116 Mobile Safari/537.36 (compatible; GoogleOther)"
66.249.66.195 - - [13/Mar/2026:18:04:52 +0300] "GET /?urits/t1799485.html HTTP/1.1" 200 24269 "-" "Mozilla/5.0 (Linux; Android 6.0.1; Nexus 5X Build/MMB29P) AppleWebKit/537.36 (KHTML, like Gecko) Chrome/145.0.7632.116 Mobile Safari/537.36 (compatible; GoogleOther)"
40.77.167.78 - - [13/Mar/2026:18:05:15 +0300] "GET /?coypn/d652661.html HTTP/2" 200 24366 "-" "Mozilla/5.0 AppleWebKit/537.36 (KHTML, like Gecko; compatible; bingbot/2.0; +http://www.bing.com/bingbot.htm) Chrome/116.0.1938.76 Safari/537.36"
40.77.167.78 - - [13/Mar/2026:18:05:15 +0300] "GET /?yijxe/u1398150.html HTTP/2" 200 25397 "-" "Mozilla/5.0 AppleWebKit/537.36 (KHTML, like Gecko; compatible; bingbot/2.0; +http://www.bing.com/bingbot.htm) Chrome/116.0.1938.76 Safari/537.36"
66.249.66.32 - - [13/Mar/2026:18:06:54 +0300] "GET /?lwltv/l281311.html HTTP/1.1" 200 24862 "-" "Mozilla/5.0 (Linux; Android 6.0.1; Nexus 5X Build/MMB29P) AppleWebKit/537.36 (KHTML, like Gecko) Chrome/145.0.7632.116 Mobile Safari/537.36 (compatible; GoogleOther)"
66.249.66.195 - - [13/Mar/2026:17:53:26 +0300] "GET /robots.txt HTTP/1.1" 200 70 "-" "Mozilla/5.0 (compatible; Googlebot/2.1; +http://www.google.com/bot.html)"
102.212.247.146 - - [13/Mar/2026:17:56:47 +0300] "POST /wp-cron.php?doing_wp_cron=1773413807.3034009933471679687500 HTTP/1.1" 403 787 "-" "WordPress/6.9.1; https://paltutors.co.uk"
66.249.66.195 - - [13/Mar/2026:17:58:41 +0300] "GET /robots.txt HTTP/1.1" 200 70 "-" "Mozilla/5.0 (compatible; Googlebot/2.1; +http://www.google.com/bot.html)"
40.77.167.78 - - [13/Mar/2026:18:01:25 +0300] "GET /?brwsh/a2272302.html HTTP/2" 200 24478 "-" "Mozilla/5.0 AppleWebKit/537.36 (KHTML, like Gecko; compatible; bingbot/2.0; +http://www.bing.com/bingbot.htm) Chrome/116.0.1938.76 Safari/537.36"
40.77.167.78 - - [13/Mar/2026:18:03:35 +0300] "GET /?jfckm/v1414271.html HTTP/2" 200 24923 "-" "Mozilla/5.0 AppleWebKit/537.36 (KHTML, like Gecko; compatible; bingbot/2.0; +http://www.bing.com/bingbot.htm) Chrome/116.0.1938.76 Safari/537.36"
207.46.13.151 - - [13/Mar/2026:18:07:45 +0300] "GET /?epjso/g1055430.html HTTP/2" 200 24790 "-" "Mozilla/5.0 AppleWebKit/537.36 (KHTML, like Gecko; compatible; bingbot/2.0; +http://www.bing.com/bingbot.htm) Chrome/116.0.1938.76 Safari/537.36"
52.167.144.202 - - [13/Mar/2026:18:08:36 +0300] "GET /?bsofp/m1829144.html HTTP/2" 200 24420 "-" "Mozilla/5.0 AppleWebKit/537.36 (KHTML, like Gecko; compatible; bingbot/2.0; +http://www.bing.com/bingbot.htm) Chrome/116.0.1938.76 Safari/537.36"
52.167.144.202 - - [13/Mar/2026:18:08:36 +0300] "GET /?oxuyt/a974460.html HTTP/2" 200 24700 "-" "Mozilla/5.0 AppleWebKit/537.36 (KHTML, like Gecko; compatible; bingbot/2.0; +http://www.bing.com/bingbot.htm) Chrome/116.0.1938.76 Safari/537.36"
102.212.247.146 - - [13/Mar/2026:18:10:42 +0300] "POST /wp-cron.php?doing_wp_cron=1773414642.2429959774017333984375 HTTP/1.1" 403 787 "-" "WordPress/6.9.1; https://paltutors.co.uk"
102.212.247.146 - - [13/Mar/2026:18:10:43 +0300] "POST /wp-cron.php?doing_wp_cron=1773414643.6659450531005859375000 HTTP/1.1" 403 787 "-" "WordPress/6.9.1; https://paltutors.co.uk"
66.249.66.64 - - [13/Mar/2026:17:52:21 +0300] "GET /?loudg/k805236.html HTTP/1.1" 200 24368 "-" "Mozilla/5.0 (Linux; Android 6.0.1; Nexus 5X Build/MMB29P) AppleWebKit/537.36 (KHTML, like Gecko) Chrome/145.0.7632.116 Mobile Safari/537.36 (compatible; GoogleOther)"
66.249.66.78 - - [13/Mar/2026:17:52:26 +0300] "GET /?ybamh/e1217642.html HTTP/1.1" 200 24289 "-" "Mozilla/5.0 (Linux; Android 6.0.1; Nexus 5X Build/MMB29P) AppleWebKit/537.36 (KHTML, like Gecko) Chrome/145.0.7632.116 Mobile Safari/537.36 (compatible; GoogleOther)"
66.249.66.194 - - [13/Mar/2026:17:53:26 +0300] "GET /?zwslx/r1045509.html HTTP/1.1" 200 24624 "-" "Mozilla/5.0 (Linux; Android 6.0.1; Nexus 5X Build/MMB29P) AppleWebKit/537.36 (KHTML, like Gecko) Chrome/145.0.7632.116 Mobile Safari/537.36 (compatible; GoogleOther)"
52.167.144.195 - - [13/Mar/2026:17:53:44 +0300] "GET /?athxp/z2989433.html HTTP/2" 200 25134 "-" "Mozilla/5.0 AppleWebKit/537.36 (KHTML, like Gecko; compatible; bingbot/2.0; +http://www.bing.com/bingbot.htm) Chrome/116.0.1938.76 Safari/537.36"
52.167.144.195 - - [13/Mar/2026:17:57:55 +0300] "GET /?cysic/q1860530.html HTTP/2" 200 24540 "-" "Mozilla/5.0 AppleWebKit/537.36 (KHTML, like Gecko; compatible; bingbot/2.0; +http://www.bing.com/bingbot.htm) Chrome/116.0.1938.76 Safari/537.36"
52.167.144.195 - - [13/Mar/2026:17:57:55 +0300] "GET /?kqjhp/g1652780.html HTTP/2" 200 25017 "-" "Mozilla/5.0 AppleWebKit/537.36 (KHTML, like Gecko; compatible; bingbot/2.0; +http://www.bing.com/bingbot.htm) Chrome/116.0.1938.76 Safari/537.36"
52.167.144.195 - - [13/Mar/2026:17:57:57 +0300] "GET /?mbqhp/v683333.html HTTP/2" 200 24618 "-" "Mozilla/5.0 AppleWebKit/537.36 (KHTML, like Gecko; compatible; bingbot/2.0; +http://www.bing.com/bingbot.htm) Chrome/116.0.1938.76 Safari/537.36"
52.167.144.195 - - [13/Mar/2026:17:57:58 +0300] "GET /privacy-policy/ HTTP/2" 200 25673 "-" "Mozilla/5.0 AppleWebKit/537.36 (KHTML, like Gecko; compatible; bingbot/2.0; +http://www.bing.com/bingbot.htm) Chrome/116.0.1938.76 Safari/537.36"
102.212.247.146 - - [13/Mar/2026:17:58:52 +0300] "POST /wp-cron.php?doing_wp_cron=1773413932.8495030403137207031250 HTTP/1.1" 403 787 "-" "WordPress/6.9.1; https://paltutors.co.uk"
66.249.66.15 - - [13/Mar/2026:18:00:34 +0300] "GET /?guscl/t454791.html HTTP/1.1" 200 25238 "-" "Mozilla/5.0 (Linux; Android 6.0.1; Nexus 5X Build/MMB29P) AppleWebKit/537.36 (KHTML, like Gecko) Chrome/145.0.7632.116 Mobile Safari/537.36 (compatible; GoogleOther)"
157.55.39.62 - - [13/Mar/2026:18:02:14 +0300] "GET /?fxpna/t495663.html HTTP/2" 200 24376 "-" "Mozilla/5.0 AppleWebKit/537.36 (KHTML, like Gecko; compatible; bingbot/2.0; +http://www.bing.com/bingbot.htm) Chrome/116.0.1938.76 Safari/537.36"
66.249.66.34 - - [13/Mar/2026:18:04:43 +0300] "GET /?pqtec/k1524266.html HTTP/1.1" 200 25545 "-" "Mozilla/5.0 (Linux; Android 6.0.1; Nexus 5X Build/MMB29P) AppleWebKit/537.36 (KHTML, like Gecko) Chrome/145.0.7632.116 Mobile Safari/537.36 (compatible; GoogleOther)"
66.249.66.15 - - [13/Mar/2026:18:05:22 +0300] "GET /?pudmh/g726062.html HTTP/1.1" 200 25722 "-" "Mozilla/5.0 (Linux; Android 6.0.1; Nexus 5X Build/MMB29P) AppleWebKit/537.36 (KHTML, like Gecko) Chrome/145.0.7632.116 Mobile Safari/537.36 (compatible; GoogleOther)"
52.167.144.202 - - [13/Mar/2026:18:07:55 +0300] "GET /?kevex/a136116.html HTTP/2" 200 24801 "-" "Mozilla/5.0 AppleWebKit/537.36 (KHTML, like Gecko; compatible; bingbot/2.0; +http://www.bing.com/bingbot.htm) Chrome/116.0.1938.76 Safari/537.36"
52.167.144.202 - - [13/Mar/2026:18:10:27 +0300] "GET /?yfxjs/l2413103.html HTTP/2" 200 25717 "-" "Mozilla/5.0 AppleWebKit/537.36 (KHTML, like Gecko; compatible; bingbot/2.0; +http://www.bing.com/bingbot.htm) Chrome/116.0.1938.76 Safari/537.36"
66.249.66.78 - - [13/Mar/2026:18:12:50 +0300] "GET /?ijkca/h2529709.html HTTP/1.1" 200 25764 "-" "Mozilla/5.0 (Linux; Android 6.0.1; Nexus 5X Build/MMB29P) AppleWebKit/537.36 (KHTML, like Gecko) Chrome/145.0.7632.116 Mobile Safari/537.36 (compatible; GoogleOther)"
66.249.66.169 - - [13/Mar/2026:18:06:52 +0300] "GET /?pslyk/r1669067.html HTTP/1.1" 200 25081 "-" "Mozilla/5.0 (Linux; Android 6.0.1; Nexus 5X Build/MMB29P) AppleWebKit/537.36 (KHTML, like Gecko) Chrome/145.0.7632.116 Mobile Safari/537.36 (compatible; GoogleOther)"
66.249.66.15 - - [13/Mar/2026:18:11:49 +0300] "GET /?amixv/d791969.html HTTP/1.1" 200 24157 "-" "Mozilla/5.0 (Linux; Android 6.0.1; Nexus 5X Build/MMB29P) AppleWebKit/537.36 (KHTML, like Gecko) Chrome/145.0.7632.116 Mobile Safari/537.36 (compatible; GoogleOther)"
207.46.13.151 - - [13/Mar/2026:18:12:56 +0300] "GET /?iscrn/x715315.html HTTP/2" 200 24652 "-" "Mozilla/5.0 AppleWebKit/537.36 (KHTML, like Gecko; compatible; bingbot/2.0; +http://www.bing.com/bingbot.htm) Chrome/116.0.1938.76 Safari/537.36"
207.46.13.151 - - [13/Mar/2026:18:14:45 +0300] "GET /?mvwgi/k969088.html HTTP/2" 200 24666 "-" "Mozilla/5.0 AppleWebKit/537.36 (KHTML, like Gecko; compatible; bingbot/2.0; +http://www.bing.com/bingbot.htm) Chrome/116.0.1938.76 Safari/537.36"
66.249.66.15 - - [13/Mar/2026:18:15:39 +0300] "GET /?fkxks/k2981852.html HTTP/1.1" 200 24175 "-" "Mozilla/5.0 (Linux; Android 6.0.1; Nexus 5X Build/MMB29P) AppleWebKit/537.36 (KHTML, like Gecko) Chrome/145.0.7632.116 Mobile Safari/537.36 (compatible; GoogleOther)"
35.162.140.124 - - [13/Mar/2026:18:16:56 +0300] "GET /?rnd=1773415009799 HTTP/1.1" 200 28706 "http://paltutors.co.uk/?rnd=1773415009799" "GoDaddy-UptimeMonitoring"
52.167.144.233 - - [13/Mar/2026:18:18:46 +0300] "GET /?bxjkd/u761540.html HTTP/2" 200 24792 "-" "Mozilla/5.0 AppleWebKit/537.36 (KHTML, like Gecko; compatible; bingbot/2.0; +http://www.bing.com/bingbot.htm) Chrome/116.0.1938.76 Safari/537.36"
66.249.66.1 - - [13/Mar/2026:18:19:19 +0300] "GET /?pigit/u411606.html HTTP/1.1" 200 24317 "-" "Mozilla/5.0 (Linux; Android 6.0.1; Nexus 5X Build/MMB29P) AppleWebKit/537.36 (KHTML, like Gecko) Chrome/145.0.7632.116 Mobile Safari/537.36 (compatible; GoogleOther)"
66.249.66.1 - - [13/Mar/2026:18:20:02 +0300] "GET /?bnhdt/i1067600.html HTTP/1.1" 200 24130 "-" "Mozilla/5.0 (Linux; Android 6.0.1; Nexus 5X Build/MMB29P) AppleWebKit/537.36 (KHTML, like Gecko) Chrome/145.0.7632.116 Mobile Safari/537.36 (compatible; GoogleOther)"
40.77.167.235 - - [13/Mar/2026:18:21:57 +0300] "GET /?atnkz/l1285405.html HTTP/2" 200 25481 "-" "Mozilla/5.0 AppleWebKit/537.36 (KHTML, like Gecko; compatible; bingbot/2.0; +http://www.bing.com/bingbot.htm) Chrome/116.0.1938.76 Safari/537.36"
66.249.66.160 - - [13/Mar/2026:18:24:46 +0300] "GET /?kpwcx/j872757.html HTTP/1.1" 200 25231 "-" "Mozilla/5.0 (Linux; Android 6.0.1; Nexus 5X Build/MMB29P) AppleWebKit/537.36 (KHTML, like Gecko) Chrome/145.0.7632.116 Mobile Safari/537.36 (compatible; GoogleOther)"
85.137.48.167 - - [13/Mar/2026:18:25:45 +0300] "GET /wp-content/plugins/w3-total-cache/readme.txt HTTP/1.1" 200 0 "-" "Mozilla/4.0 (compatible; MSIE 6.0; Windows NT 5.1; SV1)"
207.46.13.86 - - [13/Mar/2026:18:28:47 +0300] "GET /?mvrhe/e2221398.html HTTP/2" 200 24273 "-" "Mozilla/5.0 AppleWebKit/537.36 (KHTML, like Gecko; compatible; bingbot/2.0; +http://www.bing.com/bingbot.htm) Chrome/116.0.1938.76 Safari/537.36"
66.249.66.194 - - [13/Mar/2026:18:30:40 +0300] "GET /?ajklj/a1682830.html HTTP/1.1" 200 24690 "-" "Mozilla/5.0 (Linux; Android 6.0.1; Nexus 5X Build/MMB29P) AppleWebKit/537.36 (KHTML, like Gecko) Chrome/145.0.7632.116 Mobile Safari/537.36 (compatible; GoogleOther)"
66.249.66.194 - - [13/Mar/2026:18:30:49 +0300] "GET /?qqcpn/m608158.html HTTP/1.1" 200 25091 "-" "Mozilla/5.0 (Linux; Android 6.0.1; Nexus 5X Build/MMB29P) AppleWebKit/537.36 (KHTML, like Gecko) Chrome/145.0.7632.116 Mobile Safari/537.36 (compatible; GoogleOther)"
66.249.66.169 - - [13/Mar/2026:18:31:31 +0300] "GET /?dtqsh/m1022468.html HTTP/1.1" 200 25533 "-" "Mozilla/5.0 (Linux; Android 6.0.1; Nexus 5X Build/MMB29P) AppleWebKit/537.36 (KHTML, like Gecko) Chrome/145.0.7632.116 Mobile Safari/537.36 (compatible; GoogleOther)"
52.167.144.216 - - [13/Mar/2026:18:31:58 +0300] "GET /?ifhjc/v2241435.html HTTP/2" 200 24584 "-" "Mozilla/5.0 AppleWebKit/537.36 (KHTML, like Gecko; compatible; bingbot/2.0; +http://www.bing.com/bingbot.htm) Chrome/116.0.1938.76 Safari/537.36"
40.77.167.131 - - [13/Mar/2026:18:32:09 +0300] "GET /?cloov/o1717866.html HTTP/2" 200 24305 "-" "Mozilla/5.0 AppleWebKit/537.36 (KHTML, like Gecko; compatible; bingbot/2.0; +http://www.bing.com/bingbot.htm) Chrome/116.0.1938.76 Safari/537.36"
66.249.66.194 - - [13/Mar/2026:18:32:14 +0300] "GET /?rgiws/j1851475.html HTTP/1.1" 200 24361 "-" "Mozilla/5.0 (Linux; Android 6.0.1; Nexus 5X Build/MMB29P) AppleWebKit/537.36 (KHTML, like Gecko) Chrome/145.0.7632.116 Mobile Safari/537.36 (compatible; GoogleOther)"
66.249.66.14 - - [13/Mar/2026:18:14:00 +0300] "GET /?suxxu/k2101752.html HTTP/1.1" 200 24803 "-" "Mozilla/5.0 (Linux; Android 6.0.1; Nexus 5X Build/MMB29P) AppleWebKit/537.36 (KHTML, like Gecko) Chrome/145.0.7632.116 Mobile Safari/537.36 (compatible; GoogleOther)"
52.167.144.202 - - [13/Mar/2026:18:15:16 +0300] "GET /?mbjuj/n1295547.html HTTP/2" 200 24409 "-" "Mozilla/5.0 AppleWebKit/537.36 (KHTML, like Gecko; compatible; bingbot/2.0; +http://www.bing.com/bingbot.htm) Chrome/116.0.1938.76 Safari/537.36"
52.167.144.202 - - [13/Mar/2026:18:16:37 +0300] "GET /?ackzb/b154525.html HTTP/2" 200 24238 "-" "Mozilla/5.0 AppleWebKit/537.36 (KHTML, like Gecko; compatible; bingbot/2.0; +http://www.bing.com/bingbot.htm) Chrome/116.0.1938.76 Safari/537.36"
52.167.144.233 - - [13/Mar/2026:18:19:46 +0300] "GET /?pnumt/f1853343.html HTTP/2" 200 24581 "-" "Mozilla/5.0 AppleWebKit/537.36 (KHTML, like Gecko; compatible; bingbot/2.0; +http://www.bing.com/bingbot.htm) Chrome/116.0.1938.76 Safari/537.36"
207.46.13.153 - - [13/Mar/2026:18:22:06 +0300] "GET /?topdo/f2690829.html HTTP/2" 200 24550 "-" "Mozilla/5.0 AppleWebKit/537.36 (KHTML, like Gecko; compatible; bingbot/2.0; +http://www.bing.com/bingbot.htm) Chrome/116.0.1938.76 Safari/537.36"
66.249.66.14 - - [13/Mar/2026:18:22:17 +0300] "GET /?wqszp/k889190.html HTTP/1.1" 200 24325 "-" "Mozilla/5.0 (Linux; Android 6.0.1; Nexus 5X Build/MMB29P) AppleWebKit/537.36 (KHTML, like Gecko) Chrome/145.0.7632.116 Mobile Safari/537.36 (compatible; GoogleOther)"
66.249.66.34 - - [13/Mar/2026:18:25:16 +0300] "GET /?lxrui/a1620196.html HTTP/1.1" 200 24106 "-" "Mozilla/5.0 (Linux; Android 6.0.1; Nexus 5X Build/MMB29P) AppleWebKit/537.36 (KHTML, like Gecko) Chrome/145.0.7632.116 Mobile Safari/537.36 (compatible; GoogleOther)"
52.167.144.233 - - [13/Mar/2026:18:26:48 +0300] "GET /?fnhah/l1755771.html HTTP/2" 503 807 "-" "Mozilla/5.0 AppleWebKit/537.36 (KHTML, like Gecko; compatible; bingbot/2.0; +http://www.bing.com/bingbot.htm) Chrome/116.0.1938.76 Safari/537.36"
52.167.144.233 - - [13/Mar/2026:18:28:51 +0300] "GET /?dgcbo/r404973.html HTTP/2" 200 24345 "-" "Mozilla/5.0 AppleWebKit/537.36 (KHTML, like Gecko; compatible; bingbot/2.0; +http://www.bing.com/bingbot.htm) Chrome/116.0.1938.76 Safari/537.36"
52.167.144.233 - - [13/Mar/2026:18:28:53 +0300] "GET /?htzrg/l2710829.html HTTP/2" 200 25393 "-" "Mozilla/5.0 AppleWebKit/537.36 (KHTML, like Gecko; compatible; bingbot/2.0; +http://www.bing.com/bingbot.htm) Chrome/116.0.1938.76 Safari/537.36"
52.167.144.233 - - [13/Mar/2026:18:28:55 +0300] "GET /?cgrhx/b561451.html HTTP/2" 200 24367 "-" "Mozilla/5.0 AppleWebKit/537.36 (KHTML, like Gecko; compatible; bingbot/2.0; +http://www.bing.com/bingbot.htm) Chrome/116.0.1938.76 Safari/537.36"
66.249.66.33 - - [13/Mar/2026:18:29:43 +0300] "GET /?trahc/k2946258.html HTTP/1.1" 200 25412 "-" "Mozilla/5.0 (Linux; Android 6.0.1; Nexus 5X Build/MMB29P) AppleWebKit/537.36 (KHTML, like Gecko) Chrome/145.0.7632.116 Mobile Safari/537.36 (compatible; GoogleOther)"
66.249.66.1 - - [13/Mar/2026:18:30:06 +0300] "GET /?osqff/w780210.html HTTP/1.1" 200 25568 "-" "Mozilla/5.0 (Linux; Android 6.0.1; Nexus 5X Build/MMB29P) AppleWebKit/537.36 (KHTML, like Gecko) Chrome/145.0.7632.116 Mobile Safari/537.36 (compatible; GoogleOther)"
52.167.144.216 - - [13/Mar/2026:18:30:32 +0300] "GET /?atbtw/e2305274.html HTTP/2" 200 25070 "-" "Mozilla/5.0 AppleWebKit/537.36 (KHTML, like Gecko; compatible; bingbot/2.0; +http://www.bing.com/bingbot.htm) Chrome/116.0.1938.76 Safari/537.36"
66.249.66.33 - - [13/Mar/2026:18:31:08 +0300] "GET /?hgyrq/g1410122.html HTTP/1.1" 200 25042 "-" "Mozilla/5.0 (Linux; Android 6.0.1; Nexus 5X Build/MMB29P) AppleWebKit/537.36 (KHTML, like Gecko) Chrome/145.0.7632.116 Mobile Safari/537.36 (compatible; Googlebot/2.1; +http://www.google.com/bot.html)"
207.46.13.86 - - [13/Mar/2026:18:33:18 +0300] "GET /?wcqqt/r790969.html HTTP/2" 200 25031 "-" "Mozilla/5.0 AppleWebKit/537.36 (KHTML, like Gecko; compatible; bingbot/2.0; +http://www.bing.com/bingbot.htm) Chrome/116.0.1938.76 Safari/537.36"
66.249.66.1 - - [13/Mar/2026:18:16:19 +0300] "GET /?iemxm/b1498543.html HTTP/1.1" 200 25819 "-" "Mozilla/5.0 (Linux; Android 6.0.1; Nexus 5X Build/MMB29P) AppleWebKit/537.36 (KHTML, like Gecko) Chrome/145.0.7632.116 Mobile Safari/537.36 (compatible; GoogleOther)"
102.212.247.146 - - [13/Mar/2026:18:17:09 +0300] "POST /wp-cron.php?doing_wp_cron=1773415029.0547580718994140625000 HTTP/1.1" 403 787 "-" "WordPress/6.9.1; https://paltutors.co.uk"
66.249.66.78 - - [13/Mar/2026:18:17:19 +0300] "GET /?xkajl/e2530590.html HTTP/1.1" 200 24500 "-" "Mozilla/5.0 (Linux; Android 6.0.1; Nexus 5X Build/MMB29P) AppleWebKit/537.36 (KHTML, like Gecko) Chrome/145.0.7632.116 Mobile Safari/537.36 (compatible; GoogleOther)"
35.226.205.165 - - [13/Mar/2026:18:17:26 +0300] "GET /.env HTTP/2" 200 169 "-" "Mozilla/5.0 (Macintosh; Intel Mac OS X 10_15_7) AppleWebKit/605.1.15 (KHTML, like Gecko) Version/26.0 Safari/605.1.15"
