102.212.247.146 - - [13/Mar/2026:23:38:41 +0300] "POST /wp-cron.php?doing_wp_cron=1773434320.9483129978179931640625 HTTP/1.1" 403 787 "-" "WordPress/6.9.1; https://paltutors.co.uk"
141.98.11.181 - - [13/Mar/2026:23:38:24 +0300] "POST /wp-login.php HTTP/1.1" 200 0 "https://paltutors.co.uk/wp-login.php" "Mozilla/5.0 (Windows NT 10.0; Win64; x64) AppleWebKit/605.1.15 (KHTML, like Gecko) Version/14.1.2 Safari/605.1.15"
141.98.11.181 - - [13/Mar/2026:23:40:06 +0300] "POST /wp-login.php HTTP/1.1" 200 0 "https://paltutors.co.uk/wp-login.php" "Mozilla/5.0 (Windows NT 6.1; Win64; x64; rv:92.0) Gecko/20100101 Firefox/92.0"
141.98.11.181 - - [13/Mar/2026:23:40:46 +0300] "POST /wp-login.php HTTP/1.1" 200 0 "https://paltutors.co.uk/wp-login.php" "Mozilla/5.0 (X11; Linux x86_64; rv:92.0) Gecko/20100101 Firefox/92.0"
57.141.18.91 - - [13/Mar/2026:23:41:42 +0300] "GET /?kmgok/f2799041.html HTTP/2" 200 0 "-" "meta-externalagent/1.1 (+https://developers.facebook.com/docs/sharing/webmasters/crawler)"
52.167.144.195 - - [13/Mar/2026:23:25:26 +0300] "GET /?lhvsg/c2696858.html HTTP/2" 200 0 "-" "Mozilla/5.0 AppleWebKit/537.36 (KHTML, like Gecko; compatible; bingbot/2.0; +http://www.bing.com/bingbot.htm) Chrome/116.0.1938.76 Safari/537.36"
57.141.18.93 - - [13/Mar/2026:23:26:03 +0300] "GET /?pkyhh/c260398.html HTTP/2" 200 0 "-" "meta-externalagent/1.1 (+https://developers.facebook.com/docs/sharing/webmasters/crawler)"
57.141.18.121 - - [13/Mar/2026:23:30:12 +0300] "GET /?ekgkx/m119436.html HTTP/2" 503 807 "-" "meta-externalagent/1.1 (+https://developers.facebook.com/docs/sharing/webmasters/crawler)"
57.141.18.5 - - [13/Mar/2026:23:30:48 +0300] "GET /?bhcqb/y3040574.html HTTP/2" 200 0 "-" "meta-externalagent/1.1 (+https://developers.facebook.com/docs/sharing/webmasters/crawler)"
57.141.18.13 - - [13/Mar/2026:23:35:11 +0300] "GET /?yekxn/r276897.html HTTP/2" 200 0 "-" "meta-externalagent/1.1 (+https://developers.facebook.com/docs/sharing/webmasters/crawler)"
57.141.18.10 - - [13/Mar/2026:23:35:55 +0300] "GET /?tqgzn/p1015581.html HTTP/2" 200 0 "-" "meta-externalagent/1.1 (+https://developers.facebook.com/docs/sharing/webmasters/crawler)"
141.98.11.181 - - [13/Mar/2026:23:36:58 +0300] "GET /wp-admin/admin-ajax.php HTTP/1.1" 403 787 "-" "Mozilla/5.0 (Macintosh; Intel Mac OS X 10_15_7) AppleWebKit/605.1.15 (KHTML, like Gecko) Version/15.0 Safari/605.1.15"
141.98.11.181 - - [13/Mar/2026:23:36:58 +0300] "GET /wp-admin/load-scripts.php HTTP/1.1" 200 0 "-" "Mozilla/5.0 (Windows NT 10.0; Win64; x64) AppleWebKit/605.1.15 (KHTML, like Gecko) Version/14.1.2 Safari/605.1.15"
141.98.11.181 - - [13/Mar/2026:23:37:01 +0300] "GET /wp-admin/load-styles.php HTTP/1.1" 200 0 "-" "Mozilla/5.0 (X11; Linux x86_64; rv:93.0) Gecko/20100101 Firefox/93.0"
141.98.11.181 - - [13/Mar/2026:23:37:02 +0300] "GET /wp-includes/js/jquery/jquery.js HTTP/1.1" 200 83899 "-" "Mozilla/5.0 (Macintosh; Intel Mac OS X 10_15_7) AppleWebKit/537.36 (KHTML, like Gecko) Chrome/92.0.4515.131 Safari/537.36"
141.98.11.181 - - [13/Mar/2026:23:37:02 +0300] "GET /wp-includes/css/dashicons.css HTTP/1.1" 200 36264 "-" "Mozilla/5.0 (X11; Linux x86_64; rv:89.0) Gecko/20100101 Firefox/89.0.2"
141.98.11.181 - - [13/Mar/2026:23:37:03 +0300] "POST /wp-login.php HTTP/1.1" 200 36264 "https://paltutors.co.uk/wp-login.php" "Mozilla/5.0 (X11; Linux x86_64) AppleWebKit/537.36 (KHTML, like Gecko) Chrome/94.0.4606.71 Safari/537.36"
66.249.66.195 - - [13/Mar/2026:23:38:05 +0300] "GET /?gnelw/o2295326.html HTTP/1.1" 200 24522 "-" "Mozilla/5.0 (Linux; Android 6.0.1; Nexus 5X Build/MMB29P) AppleWebKit/537.36 (KHTML, like Gecko) Chrome/145.0.7632.116 Mobile Safari/537.36 (compatible; GoogleOther)"
141.98.11.181 - - [13/Mar/2026:23:39:45 +0300] "POST /wp-login.php HTTP/1.1" 200 0 "https://paltutors.co.uk/wp-login.php" "Mozilla/5.0 (Macintosh; Intel Mac OS X 10_15_7; rv:89.0) Gecko/20100101 Firefox/89.0.2"
66.249.66.14 - - [13/Mar/2026:23:42:11 +0300] "GET /?jcqnu/e2440058.html HTTP/1.1" 200 24529 "-" "Mozilla/5.0 (Linux; Android 6.0.1; Nexus 5X Build/MMB29P) AppleWebKit/537.36 (KHTML, like Gecko) Chrome/145.0.7632.116 Mobile Safari/537.36 (compatible; GoogleOther)"
66.249.66.195 - - [13/Mar/2026:23:23:27 +0300] "GET /?fuhfc/n433127.html HTTP/1.1" 500 384 "-" "Mozilla/5.0 (Linux; Android 6.0.1; Nexus 5X Build/MMB29P) AppleWebKit/537.36 (KHTML, like Gecko) Chrome/145.0.7632.116 Mobile Safari/537.36 (compatible; GoogleOther)"
57.141.18.74 - - [13/Mar/2026:23:26:41 +0300] "GET /?wfpgb/n632521.html HTTP/2" 200 0 "-" "meta-externalagent/1.1 (+https://developers.facebook.com/docs/sharing/webmasters/crawler)"
57.141.18.38 - - [13/Mar/2026:23:28:27 +0300] "GET /?hqdlu/a2888658.html HTTP/2" 200 0 "-" "meta-externalagent/1.1 (+https://developers.facebook.com/docs/sharing/webmasters/crawler)"
87.250.224.215 - - [13/Mar/2026:23:30:15 +0300] "GET /robots.txt HTTP/1.1" 200 70 "-" "Mozilla/5.0 (compatible; YandexBot/3.0; +http://yandex.com/bots)"
57.141.18.102 - - [13/Mar/2026:23:31:35 +0300] "GET /?dfiry/p2539649.html HTTP/2" 200 0 "-" "meta-externalagent/1.1 (+https://developers.facebook.com/docs/sharing/webmasters/crawler)"
141.98.11.181 - - [13/Mar/2026:23:35:57 +0300] "GET /wp-login.php HTTP/1.1" 200 0 "-" "Mozilla/5.0 (Macintosh; Intel Mac OS X 10_15_7; rv:93.0) Gecko/20100101 Firefox/93.0"
57.141.18.100 - - [13/Mar/2026:23:37:22 +0300] "GET /?yzfqc/r2448443.html HTTP/2" 200 0 "-" "meta-externalagent/1.1 (+https://developers.facebook.com/docs/sharing/webmasters/crawler)"
141.98.11.181 - - [13/Mar/2026:23:37:43 +0300] "POST /wp-login.php HTTP/1.1" 200 0 "https://paltutors.co.uk/wp-login.php" "Mozilla/5.0 (Macintosh; Intel Mac OS X 10_15_7) AppleWebKit/605.1.15 (KHTML, like Gecko) Version/14.0.3 Safari/605.1.15"
66.249.66.196 - - [13/Mar/2026:23:38:13 +0300] "GET /?pehah/d2809933.html HTTP/1.1" 200 24801 "-" "Mozilla/5.0 (Linux; Android 6.0.1; Nexus 5X Build/MMB29P) AppleWebKit/537.36 (KHTML, like Gecko) Chrome/145.0.7632.116 Mobile Safari/537.36 (compatible; GoogleOther)"
91.220.41.144 - - [13/Mar/2026:23:38:29 +0300] "GET /feed/ HTTP/1.1" 200 0 "-" "Mozilla/5.0 (Macintosh; U; Intel Mac OS X 10_6_5; rv:1.9.3.20) Gecko/8793-01-31 09:23:42.153656 Firefox/3.8"
66.249.66.195 - - [13/Mar/2026:23:38:51 +0300] "GET /?nqeyr/n1536489.html HTTP/1.1" 200 24412 "-" "Mozilla/5.0 (Linux; Android 6.0.1; Nexus 5X Build/MMB29P) AppleWebKit/537.36 (KHTML, like Gecko) Chrome/145.0.7632.116 Mobile Safari/537.36 (compatible; GoogleOther)"
141.98.11.181 - - [13/Mar/2026:23:39:05 +0300] "POST /wp-login.php HTTP/1.1" 200 0 "https://paltutors.co.uk/wp-login.php" "Mozilla/5.0 (X11; Linux x86_64) AppleWebKit/537.36 (KHTML, like Gecko) Chrome/90.0.4430.212 Safari/537.36"
141.98.11.181 - - [13/Mar/2026:23:39:25 +0300] "POST /wp-login.php HTTP/1.1" 200 0 "https://paltutors.co.uk/wp-login.php" "Mozilla/5.0 (Macintosh; Intel Mac OS X 10_15_7) AppleWebKit/537.36 (KHTML, like Gecko) Chrome/93.0.4577.63 Safari/537.36"
57.141.18.112 - - [13/Mar/2026:23:40:16 +0300] "GET /?slxjb/r1381429.html HTTP/2" 200 0 "-" "meta-externalagent/1.1 (+https://developers.facebook.com/docs/sharing/webmasters/crawler)"
207.46.13.7 - - [13/Mar/2026:23:25:30 +0300] "GET /wp-content/uploads/2023/08/interior-of-beautiful-modern-office-5x3.jpg HTTP/2" 200 3472 "-" "Mozilla/5.0 AppleWebKit/537.36 (KHTML, like Gecko; compatible; bingbot/2.0; +http://www.bing.com/bingbot.htm) Chrome/116.0.1938.76 Safari/537.36"
57.141.18.12 - - [13/Mar/2026:23:27:17 +0300] "GET /?cggmf/k174606.html HTTP/2" 200 0 "-" "meta-externalagent/1.1 (+https://developers.facebook.com/docs/sharing/webmasters/crawler)"
57.141.18.36 - - [13/Mar/2026:23:30:52 +0300] "GET /?ukayl/y902594.html HTTP/2" 503 807 "-" "meta-externalagent/1.1 (+https://developers.facebook.com/docs/sharing/webmasters/crawler)"
66.249.66.32 - - [13/Mar/2026:23:35:47 +0300] "GET /?pengc/v690327.html HTTP/1.1" 200 24919 "-" "Mozilla/5.0 (Linux; Android 6.0.1; Nexus 5X Build/MMB29P) AppleWebKit/537.36 (KHTML, like Gecko) Chrome/145.0.7632.116 Mobile Safari/537.36 (compatible; GoogleOther)"
141.98.11.181 - - [13/Mar/2026:23:38:44 +0300] "POST /wp-login.php HTTP/1.1" 200 0 "https://paltutors.co.uk/wp-login.php" "Mozilla/5.0 (Windows NT 6.1; Win64; x64; rv:90.0) Gecko/20100101 Firefox/90.0.1"
66.249.66.195 - - [13/Mar/2026:23:41:47 +0300] "GET /?iczrv/z2687859.html HTTP/1.1" 200 24623 "-" "Mozilla/5.0 (Linux; Android 6.0.1; Nexus 5X Build/MMB29P) AppleWebKit/537.36 (KHTML, like Gecko) Chrome/145.0.7632.116 Mobile Safari/537.36 (compatible; GoogleOther)"
141.98.11.181 - - [13/Mar/2026:23:41:48 +0300] "POST /wp-login.php HTTP/1.1" 200 0 "https://paltutors.co.uk/wp-login.php" "Mozilla/5.0 (Windows NT 10.0; Win64; x64) AppleWebKit/605.1.15 (KHTML, like Gecko) Version/15.0 Safari/605.1.15"
66.249.66.194 - - [13/Mar/2026:23:36:06 +0300] "GET /?hqtyy/e2635838.html HTTP/1.1" 200 25001 "-" "Mozilla/5.0 (Linux; Android 6.0.1; Nexus 5X Build/MMB29P) AppleWebKit/537.36 (KHTML, like Gecko) Chrome/145.0.7632.116 Mobile Safari/537.36 (compatible; GoogleOther)"
141.98.11.181 - - [13/Mar/2026:23:36:38 +0300] "GET / HTTP/1.1" 200 0 "-" "Mozilla/5.0 (Windows NT 6.1; Win64; x64) AppleWebKit/537.36 (KHTML, like Gecko) Chrome/91.0.4472.124 Safari/537.36"
66.249.66.195 - - [13/Mar/2026:23:37:23 +0300] "GET /?tsdvg/o167018.html HTTP/1.1" 200 24576 "-" "Mozilla/5.0 (Linux; Android 6.0.1; Nexus 5X Build/MMB29P) AppleWebKit/537.36 (KHTML, like Gecko) Chrome/145.0.7632.116 Mobile Safari/537.36 (compatible; GoogleOther)"
57.141.18.36 - - [13/Mar/2026:23:39:32 +0300] "GET /?fgztf/f2943497.html HTTP/2" 200 0 "-" "meta-externalagent/1.1 (+https://developers.facebook.com/docs/sharing/webmasters/crawler)"
141.98.11.181 - - [13/Mar/2026:23:40:26 +0300] "POST /wp-login.php HTTP/1.1" 200 0 "https://paltutors.co.uk/wp-login.php" "Mozilla/5.0 (Windows NT 10.0; Win64; x64) AppleWebKit/605.1.15 (KHTML, like Gecko) Version/14.1 Safari/605.1.15"
57.141.18.58 - - [13/Mar/2026:23:40:59 +0300] "GET /?csjcv/x2198381.html HTTP/2" 200 0 "-" "meta-externalagent/1.1 (+https://developers.facebook.com/docs/sharing/webmasters/crawler)"
102.212.247.146 - - [13/Mar/2026:23:41:37 +0300] "POST /wp-cron.php?doing_wp_cron=1773434496.6143949031829833984375 HTTP/1.1" 403 787 "-" "WordPress/6.9.1; https://paltutors.co.uk"
66.249.66.194 - - [13/Mar/2026:23:42:54 +0300] "GET /?yvyjt/v901577.html HTTP/1.1" 200 24441 "-" "Mozilla/5.0 (Linux; Android 6.0.1; Nexus 5X Build/MMB29P) AppleWebKit/537.36 (KHTML, like Gecko) Chrome/145.0.7632.116 Mobile Safari/537.36 (compatible; GoogleOther)"
66.249.66.196 - - [13/Mar/2026:23:43:08 +0300] "GET /?mzxof/f1281993.html HTTP/1.1" 200 24306 "-" "Mozilla/5.0 (Linux; Android 6.0.1; Nexus 5X Build/MMB29P) AppleWebKit/537.36 (KHTML, like Gecko) Chrome/145.0.7632.116 Mobile Safari/537.36 (compatible; GoogleOther)"
66.249.66.195 - - [13/Mar/2026:23:43:16 +0300] "GET /?ncydm/j287497.html HTTP/1.1" 200 24147 "-" "Mozilla/5.0 (Linux; Android 6.0.1; Nexus 5X Build/MMB29P) AppleWebKit/537.36 (KHTML, like Gecko) Chrome/145.0.7632.116 Mobile Safari/537.36 (compatible; GoogleOther)"
141.98.11.181 - - [13/Mar/2026:23:43:09 +0300] "POST /wp-login.php HTTP/1.1" 200 0 "https://paltutors.co.uk/wp-login.php" "Mozilla/5.0 (Windows NT 10.0; Win64; x64) AppleWebKit/537.36 (KHTML, like Gecko) Chrome/93.0.4577.63 Safari/537.36"
66.249.66.168 - - [13/Mar/2026:23:43:40 +0300] "GET /?xmjup/m488272.html HTTP/1.1" 200 25463 "-" "Mozilla/5.0 (Linux; Android 6.0.1; Nexus 5X Build/MMB29P) AppleWebKit/537.36 (KHTML, like Gecko) Chrome/145.0.7632.116 Mobile Safari/537.36 (compatible; GoogleOther)"
141.98.11.181 - - [13/Mar/2026:23:43:49 +0300] "POST /wp-login.php HTTP/1.1" 200 0 "https://paltutors.co.uk/wp-login.php" "Mozilla/5.0 (Windows NT 10.0; Win64; x64; rv:90.0) Gecko/20100101 Firefox/90.0.1"
66.249.66.194 - - [13/Mar/2026:23:46:24 +0300] "GET /?apyfn/d578457.html HTTP/1.1" 200 23897 "-" "Mozilla/5.0 (Linux; Android 6.0.1; Nexus 5X Build/MMB29P) AppleWebKit/537.36 (KHTML, like Gecko) Chrome/145.0.7632.116 Mobile Safari/537.36 (compatible; GoogleOther)"
142.44.233.246 - - [13/Mar/2026:23:47:13 +0300] "GET /wp-admin/admin-ajax.php?action=get_viewer&file=https%3A%2F%2Fpaltutors.co.uk%2Fwp-content%2Fuploads%2F2025%2F12%2FACADEMIC-YEARS-CALENDARS-SUMMARY-2025_26-new.pdf&scrolling=0&selection_tool=0&spreads=-1 HTTP/2" 403 787 "-" "Mozilla/5.0 (compatible; AhrefsBot/7.0; +http://ahrefs.com/robot/)"
141.98.11.181 - - [13/Mar/2026:23:44:30 +0300] "POST /wp-login.php HTTP/1.1" 200 0 "https://paltutors.co.uk/wp-login.php" "Mozilla/5.0 (X11; Linux x86_64) AppleWebKit/537.36 (KHTML, like Gecko) Chrome/90.0.4430.212 Safari/537.36"
107.189.6.63 - - [13/Mar/2026:23:42:52 +0300] "GET /wp-content/plugins/pojo-accessibility/readme.txt HTTP/1.1" 500 384 "-" "Mozilla/5.0 (Windows NT 10.0; Win64; x64) AppleWebKit/537.36 (KHTML, like Gecko) Chrome/120.1.2.3 Safari/537.36 Edg/121.0.623.86"
102.212.247.146 - - [13/Mar/2026:23:45:05 +0300] "POST /wp-cron.php?doing_wp_cron=1773434704.7532169818878173828125 HTTP/1.1" 403 787 "-" "WordPress/6.9.1; https://paltutors.co.uk"
57.141.18.69 - - [13/Mar/2026:23:46:03 +0300] "GET /?khwry/l731865.html HTTP/2" 200 0 "-" "meta-externalagent/1.1 (+https://developers.facebook.com/docs/sharing/webmasters/crawler)"
57.141.18.4 - - [13/Mar/2026:23:43:52 +0300] "GET /?meqju/v2338961.html HTTP/2" 200 0 "-" "meta-externalagent/1.1 (+https://developers.facebook.com/docs/sharing/webmasters/crawler)"
141.98.11.181 - - [13/Mar/2026:23:44:50 +0300] "POST /wp-login.php HTTP/1.1" 200 0 "https://paltutors.co.uk/wp-login.php" "Mozilla/5.0 (X11; Linux x86_64) AppleWebKit/537.36 (KHTML, like Gecko) Chrome/92.0.4515.131 Safari/537.36"
141.98.11.181 - - [13/Mar/2026:23:46:12 +0300] "POST /wp-login.php HTTP/1.1" 200 0 "https://paltutors.co.uk/wp-login.php" "Mozilla/5.0 (Windows NT 10.0; Win64; x64) AppleWebKit/537.36 (KHTML, like Gecko) Chrome/94.0.4606.71 Safari/537.36"
141.98.11.181 - - [13/Mar/2026:23:42:28 +0300] "POST /wp-login.php HTTP/1.1" 200 0 "https://paltutors.co.uk/wp-login.php" "Mozilla/5.0 (Windows NT 10.0; Win64; x64; rv:93.0) Gecko/20100101 Firefox/93.0"
57.141.18.61 - - [13/Mar/2026:23:42:25 +0300] "GET /?zjlec/m1613162.html HTTP/2" 200 0 "-" "meta-externalagent/1.1 (+https://developers.facebook.com/docs/sharing/webmasters/crawler)"
141.98.11.181 - - [13/Mar/2026:23:41:07 +0300] "POST /wp-login.php HTTP/1.1" 200 0 "https://paltutors.co.uk/wp-login.php" "Mozilla/5.0 (Windows NT 10.0; Win64; x64) AppleWebKit/537.36 (KHTML, like Gecko) Chrome/94.0.4606.71 Safari/537.36"
141.98.11.181 - - [13/Mar/2026:23:44:10 +0300] "POST /wp-login.php HTTP/1.1" 200 0 "https://paltutors.co.uk/wp-login.php" "Mozilla/5.0 (Windows NT 10.0; Win64; x64) AppleWebKit/605.1.15 (KHTML, like Gecko) Version/14.1.2 Safari/605.1.15"
157.55.39.200 - - [13/Mar/2026:23:45:19 +0300] "GET /?wuodm/m1462050.html HTTP/2" 200 25087 "-" "Mozilla/5.0 AppleWebKit/537.36 (KHTML, like Gecko; compatible; bingbot/2.0; +http://www.bing.com/bingbot.htm) Chrome/116.0.1938.76 Safari/537.36"
57.141.18.66 - - [13/Mar/2026:23:45:19 +0300] "GET /?ctlih/z295599.html HTTP/2" 200 0 "-" "meta-externalagent/1.1 (+https://developers.facebook.com/docs/sharing/webmasters/crawler)"
66.249.66.160 - - [13/Mar/2026:23:46:27 +0300] "GET /robots.txt HTTP/1.1" 200 70 "-" "Mozilla/5.0 (compatible; Googlebot/2.1; +http://www.google.com/bot.html)"
66.249.66.64 - - [13/Mar/2026:23:47:11 +0300] "GET /?furbp/m2409646.html HTTP/1.1" 200 24642 "-" "Mozilla/5.0 (Linux; Android 6.0.1; Nexus 5X Build/MMB29P) AppleWebKit/537.36 (KHTML, like Gecko) Chrome/145.0.7632.116 Mobile Safari/537.36 (compatible; GoogleOther)"
66.249.66.14 - - [13/Mar/2026:23:42:19 +0300] "GET /?brjje/o512974.html HTTP/1.1" 200 24049 "-" "Mozilla/5.0 (Linux; Android 6.0.1; Nexus 5X Build/MMB29P) AppleWebKit/537.36 (KHTML, like Gecko) Chrome/145.0.7632.116 Mobile Safari/537.36 (compatible; GoogleOther)"
36.129.248.196 - - [13/Mar/2026:23:44:33 +0300] "GET /raising-awareness-about-the-use-of-drugs HTTP/2" 200 0 "-" "Mozilla/5.0 (Windows NT 10.0; Win64; x64) AppleWebKit/537.36 (KHTML, like Gecko) Chrome/142.0.0.0 Safari/537.36"
141.98.11.181 - - [13/Mar/2026:23:45:11 +0300] "POST /wp-login.php HTTP/1.1" 200 0 "https://paltutors.co.uk/wp-login.php" "Mozilla/5.0 (Windows NT 6.1; Win64; x64; rv:90.0) Gecko/20100101 Firefox/90.0.1"
141.98.11.181 - - [13/Mar/2026:23:45:51 +0300] "POST /wp-login.php HTTP/1.1" 200 0 "https://paltutors.co.uk/wp-login.php" "Mozilla/5.0 (Windows NT 10.0; Win64; x64; rv:93.0) Gecko/20100101 Firefox/93.0"
141.98.11.181 - - [13/Mar/2026:23:46:32 +0300] "POST /wp-login.php HTTP/1.1" 200 0 "https://paltutors.co.uk/wp-login.php" "Mozilla/5.0 (Windows NT 10.0; Win64; x64) AppleWebKit/605.1.15 (KHTML, like Gecko) Version/14.1.1 Safari/605.1.15"
141.98.11.181 - - [13/Mar/2026:23:46:53 +0300] "POST /wp-login.php HTTP/1.1" 200 0 "https://paltutors.co.uk/wp-login.php" "Mozilla/5.0 (X11; Linux x86_64; rv:91.0) Gecko/20100101 Firefox/91.0"
141.98.11.181 - - [13/Mar/2026:23:42:08 +0300] "POST /wp-login.php HTTP/1.1" 200 0 "https://paltutors.co.uk/wp-login.php" "Mozilla/5.0 (X11; Linux x86_64) AppleWebKit/537.36 (KHTML, like Gecko) Chrome/93.0.4577.63 Safari/537.36"
141.98.11.181 - - [13/Mar/2026:23:42:48 +0300] "POST /wp-login.php HTTP/1.1" 200 0 "https://paltutors.co.uk/wp-login.php" "Mozilla/5.0 (Windows NT 10.0; Win64; x64) AppleWebKit/537.36 (KHTML, like Gecko) Chrome/91.0.4472.124 Safari/537.36"
183.232.114.51 - - [13/Mar/2026:23:44:09 +0300] "GET /raising-awareness-about-the-use-of-drugs HTTP/2" 200 0 "-" "Mozilla/5.0 (Windows NT 10.0; Win64; x64) AppleWebKit/537.36 (KHTML, like Gecko) Chrome/142.0.0.0 Safari/537.36"
141.98.11.181 - - [13/Mar/2026:23:45:31 +0300] "POST /wp-login.php HTTP/1.1" 200 0 "https://paltutors.co.uk/wp-login.php" "Mozilla/5.0 (Macintosh; Intel Mac OS X 10_15_7) AppleWebKit/537.36 (KHTML, like Gecko) Chrome/94.0.4606.71 Safari/537.36"
102.212.247.146 - - [13/Mar/2026:23:46:41 +0300] "POST /wp-cron.php?doing_wp_cron=1773434800.2130520343780517578125 HTTP/1.1" 403 787 "-" "WordPress/6.9.1; https://paltutors.co.uk"
66.249.66.169 - - [13/Mar/2026:23:46:42 +0300] "GET /?jdpop/d1678075.html HTTP/1.1" 200 25875 "-" "Mozilla/5.0 (Linux; Android 6.0.1; Nexus 5X Build/MMB29P) AppleWebKit/537.36 (KHTML, like Gecko) Chrome/145.0.7632.116 Mobile Safari/537.36 (compatible; GoogleOther)"
66.249.66.14 - - [13/Mar/2026:23:46:57 +0300] "GET /?csctr/s766504.html HTTP/1.1" 200 25168 "-" "Mozilla/5.0 (Linux; Android 6.0.1; Nexus 5X Build/MMB29P) AppleWebKit/537.36 (KHTML, like Gecko) Chrome/145.0.7632.116 Mobile Safari/537.36 (compatible; GoogleOther)"
57.141.18.99 - - [13/Mar/2026:23:46:46 +0300] "GET /?zjubs/y2696958.html HTTP/2" 200 0 "-" "meta-externalagent/1.1 (+https://developers.facebook.com/docs/sharing/webmasters/crawler)"
57.141.18.4 - - [13/Mar/2026:23:43:09 +0300] "GET /?dtyck/l706645.html HTTP/2" 200 0 "-" "meta-externalagent/1.1 (+https://developers.facebook.com/docs/sharing/webmasters/crawler)"
141.98.11.181 - - [13/Mar/2026:23:43:29 +0300] "POST /wp-login.php HTTP/1.1" 200 0 "https://paltutors.co.uk/wp-login.php" "Mozilla/5.0 (Windows NT 10.0; Win64; x64) AppleWebKit/537.36 (KHTML, like Gecko) Chrome/90.0.4430.212 Safari/537.36"
102.212.247.146 - - [13/Mar/2026:23:45:59 +0300] "POST /wp-cron.php?doing_wp_cron=1773434758.5616528987884521484375 HTTP/1.1" 403 787 "-" "WordPress/6.9.1; https://paltutors.co.uk"
102.212.247.146 - - [13/Mar/2026:23:46:48 +0300] "POST /wp-cron.php?doing_wp_cron=1773434807.7126839160919189453125 HTTP/1.1" 403 787 "-" "WordPress/6.9.1; https://paltutors.co.uk"
141.98.11.181 - - [13/Mar/2026:23:47:13 +0300] "POST /wp-login.php HTTP/1.1" 200 0 "https://paltutors.co.uk/wp-login.php" "Mozilla/5.0 (Windows NT 6.1; Win64; x64) AppleWebKit/537.36 (KHTML, like Gecko) Chrome/91.0.4472.124 Safari/537.36"
66.249.66.77 - - [13/Mar/2026:23:42:32 +0300] "GET /?xoneq/g906476.html HTTP/1.1" 200 25258 "-" "Mozilla/5.0 (Linux; Android 6.0.1; Nexus 5X Build/MMB29P) AppleWebKit/537.36 (KHTML, like Gecko) Chrome/145.0.7632.116 Mobile Safari/537.36 (compatible; GoogleOther)"
66.249.66.194 - - [13/Mar/2026:23:43:58 +0300] "GET /?bshmb/u1270932.html HTTP/1.1" 200 24298 "-" "Mozilla/5.0 (Linux; Android 6.0.1; Nexus 5X Build/MMB29P) AppleWebKit/537.36 (KHTML, like Gecko) Chrome/145.0.7632.116 Mobile Safari/537.36 (compatible; GoogleOther)"
57.141.18.110 - - [13/Mar/2026:23:44:36 +0300] "GET /?jcvtt/m285576.html HTTP/2" 200 0 "-" "meta-externalagent/1.1 (+https://developers.facebook.com/docs/sharing/webmasters/crawler)"
107.189.6.63 - - [13/Mar/2026:23:43:03 +0300] "GET /wp-content/plugins/pojo-accessibility/readme.txt HTTP/1.1" 500 384 "-" "Mozilla/5.0 (Windows NT 10.0; Win64; x64) AppleWebKit/537.36 (KHTML, like Gecko) Chrome/120.1.2.3 Safari/537.36 Edg/121.0.623.86"
66.249.66.194 - - [13/Mar/2026:23:44:02 +0300] "GET /?stnau/u1691196.html HTTP/1.1" 500 384 "-" "Mozilla/5.0 (Linux; Android 6.0.1; Nexus 5X Build/MMB29P) AppleWebKit/537.36 (KHTML, like Gecko) Chrome/145.0.7632.116 Mobile Safari/537.36 (compatible; GoogleOther)"
35.162.140.124 - - [13/Mar/2026:23:46:56 +0300] "GET /?rnd=1773434809888 HTTP/1.1" 500 384 "http://paltutors.co.uk/?rnd=1773434809888" "GoDaddy-UptimeMonitoring"
66.249.66.194 - - [13/Mar/2026:23:47:38 +0300] "GET /?sdizp/u1546740.html HTTP/1.1" 200 24221 "-" "Mozilla/5.0 (Linux; Android 6.0.1; Nexus 5X Build/MMB29P) AppleWebKit/537.36 (KHTML, like Gecko) Chrome/145.0.7632.116 Mobile Safari/537.36 (compatible; GoogleOther)"
101.198.0.179 - - [13/Mar/2026:23:48:14 +0300] "GET / HTTP/1.1" 500 384 "-" "Mozilla/5.0 (Macintosh; Intel Mac OS X 10_15_7) AppleWebKit/537.36 (KHTML, like Gecko) Chrome/120.0.0.0 Safari/537.36 Edg/120.0.0.0"
141.98.11.181 - - [13/Mar/2026:23:51:37 +0300] "POST /wp-login.php HTTP/1.1" 200 0 "https://paltutors.co.uk/wp-login.php" "Mozilla/5.0 (Macintosh; Intel Mac OS X 10_15_7) AppleWebKit/537.36 (KHTML, like Gecko) Chrome/91.0.4472.124 Safari/537.36"
141.98.11.181 - - [13/Mar/2026:23:52:38 +0300] "POST /wp-login.php HTTP/1.1" 200 0 "https://paltutors.co.uk/wp-login.php" "Mozilla/5.0 (Windows NT 10.0; Win64; x64) AppleWebKit/605.1.15 (KHTML, like Gecko) Version/15.0 Safari/605.1.15"
102.212.247.146 - - [13/Mar/2026:23:53:57 +0300] "POST /wp-cron.php?doing_wp_cron=1773435236.1151330471038818359375 HTTP/1.1" 403 787 "-" "WordPress/6.9.1; https://paltutors.co.uk"
141.98.11.181 - - [13/Mar/2026:23:53:39 +0300] "POST /wp-login.php HTTP/1.1" 200 0 "https://paltutors.co.uk/wp-login.php" "Mozilla/5.0 (X11; Linux x86_64; rv:93.0) Gecko/20100101 Firefox/93.0"
102.212.247.146 - - [13/Mar/2026:23:54:04 +0300] "POST /wp-cron.php?doing_wp_cron=1773435242.8097341060638427734375 HTTP/1.1" 403 787 "-" "WordPress/6.9.1; https://paltutors.co.uk"
66.249.66.195 - - [13/Mar/2026:23:52:40 +0300] "GET /?shop/userreview/write HTTP/1.1" 500 384 "-" "Mozilla/5.0 (Linux; Android 6.0.1; Nexus 5X Build/MMB29P) AppleWebKit/537.36 (KHTML, like Gecko) Chrome/145.0.7632.116 Mobile Safari/537.36 (compatible; GoogleOther)"
66.249.66.195 - - [13/Mar/2026:23:54:43 +0300] "GET /?egcyw/b429969.html HTTP/1.1" 200 24640 "-" "Mozilla/5.0 (Linux; Android 6.0.1; Nexus 5X Build/MMB29P) AppleWebKit/537.36 (KHTML, like Gecko) Chrome/145.0.7632.116 Mobile Safari/537.36 (compatible; GoogleOther)"
141.98.11.181 - - [13/Mar/2026:23:56:42 +0300] "POST /wp-login.php HTTP/1.1" 200 0 "https://paltutors.co.uk/wp-login.php" "Mozilla/5.0 (Macintosh; Intel Mac OS X 10_15_7) AppleWebKit/537.36 (KHTML, like Gecko) Chrome/94.0.4606.71 Safari/537.36"
141.98.11.181 - - [13/Mar/2026:23:57:23 +0300] "POST /wp-login.php HTTP/1.1" 200 0 "https://paltutors.co.uk/wp-login.php" "Mozilla/5.0 (Windows NT 10.0; Win64; x64) AppleWebKit/605.1.15 (KHTML, like Gecko) Version/14.1 Safari/605.1.15"
57.141.18.96 - - [13/Mar/2026:23:57:29 +0300] "GET /?vaior/i481326.html HTTP/2" 200 0 "-" "meta-externalagent/1.1 (+https://developers.facebook.com/docs/sharing/webmasters/crawler)"
20.211.123.94 - - [13/Mar/2026:23:48:39 +0300] "GET /.well-known/about/function.php HTTP/1.1" 200 0 "-" "Mozilla/5.0 (Windows NT 10.0; Win64; x64) AppleWebKit/537.36 (KHTML, like Gecko) Chrome/120.0.0.0 Safari/537.36"
141.98.11.181 - - [13/Mar/2026:23:50:16 +0300] "POST /wp-login.php HTTP/1.1" 200 0 "https://paltutors.co.uk/wp-login.php" "Mozilla/5.0 (Macintosh; Intel Mac OS X 10_15_7) AppleWebKit/605.1.15 (KHTML, like Gecko) Version/14.1.1 Safari/605.1.15"
192.36.109.78 - - [13/Mar/2026:23:49:28 +0300] "GET / HTTP/1.1" 500 384 "http://paltutors.co.uk/" "Mozilla/5.0 (Windows NT 10.0; Win64; x64) AppleWebKit/537.36 (KHTML, like Gecko) Chrome/122.0.0.0 Safari/537.36 Agency/93.8.2357.5"
57.141.18.117 - - [13/Mar/2026:23:51:55 +0300] "GET /?paxzc/r491501.html HTTP/2" 503 807 "-" "meta-externalagent/1.1 (+https://developers.facebook.com/docs/sharing/webmasters/crawler)"
141.98.11.181 - - [13/Mar/2026:23:51:58 +0300] "POST /wp-login.php HTTP/1.1" 200 0 "https://paltutors.co.uk/wp-login.php" "Mozilla/5.0 (X11; Linux x86_64) AppleWebKit/537.36 (KHTML, like Gecko) Chrome/92.0.4515.131 Safari/537.36"
141.98.11.181 - - [13/Mar/2026:23:54:00 +0300] "POST /wp-login.php HTTP/1.1" 200 0 "https://paltutors.co.uk/wp-login.php" "Mozilla/5.0 (X11; Linux x86_64) AppleWebKit/537.36 (KHTML, like Gecko) Chrome/92.0.4515.131 Safari/537.36"
66.249.66.194 - - [13/Mar/2026:23:55:05 +0300] "GET /?raxak/p723601.html HTTP/1.1" 503 807 "-" "Mozilla/5.0 (Linux; Android 6.0.1; Nexus 5X Build/MMB29P) AppleWebKit/537.36 (KHTML, like Gecko) Chrome/145.0.7632.116 Mobile Safari/537.36 (compatible; GoogleOther)"
57.141.18.5 - - [13/Mar/2026:23:55:15 +0300] "GET /?pufwo/q602520.html HTTP/2" 200 0 "-" "meta-externalagent/1.1 (+https://developers.facebook.com/docs/sharing/webmasters/crawler)"
141.98.11.181 - - [13/Mar/2026:23:56:01 +0300] "POST /wp-login.php HTTP/1.1" 200 0 "https://paltutors.co.uk/wp-login.php" "Mozilla/5.0 (X11; Linux x86_64) AppleWebKit/537.36 (KHTML, like Gecko) Chrome/94.0.4606.71 Safari/537.36"
141.98.11.181 - - [13/Mar/2026:23:56:22 +0300] "POST /wp-login.php HTTP/1.1" 200 0 "https://paltutors.co.uk/wp-login.php" "Mozilla/5.0 (Macintosh; Intel Mac OS X 10_15_7) AppleWebKit/537.36 (KHTML, like Gecko) Chrome/94.0.4606.71 Safari/537.36"
57.141.18.64 - - [13/Mar/2026:23:56:22 +0300] "GET /?fbrfa/r2258799.html HTTP/2" 200 0 "-" "meta-externalagent/1.1 (+https://developers.facebook.com/docs/sharing/webmasters/crawler)"
102.212.247.146 - - [13/Mar/2026:23:57:23 +0300] "POST /wp-cron.php?doing_wp_cron=1773435442.1291849613189697265625 HTTP/1.1" 403 787 "-" "WordPress/6.9.1; https://paltutors.co.uk"
141.98.11.181 - - [13/Mar/2026:23:57:02 +0300] "POST /wp-login.php HTTP/1.1" 200 0 "https://paltutors.co.uk/wp-login.php" "Mozilla/5.0 (Windows NT 10.0; Win64; x64) AppleWebKit/605.1.15 (KHTML, like Gecko) Version/14.1 Safari/605.1.15"
141.98.11.181 - - [13/Mar/2026:23:57:43 +0300] "POST /wp-login.php HTTP/1.1" 200 0 "https://paltutors.co.uk/wp-login.php" "Mozilla/5.0 (Windows NT 10.0; Win64; x64) AppleWebKit/537.36 (KHTML, like Gecko) Chrome/90.0.4430.212 Safari/537.36"
141.98.11.181 - - [13/Mar/2026:23:58:03 +0300] "POST /wp-login.php HTTP/1.1" 200 0 "https://paltutors.co.uk/wp-login.php" "Mozilla/5.0 (X11; Linux x86_64) AppleWebKit/537.36 (KHTML, like Gecko) Chrome/91.0.4472.124 Safari/537.36"
66.249.66.77 - - [13/Mar/2026:23:47:23 +0300] "GET /?zdozg/i1005616.html HTTP/1.1" 200 24994 "-" "Mozilla/5.0 (Linux; Android 6.0.1; Nexus 5X Build/MMB29P) AppleWebKit/537.36 (KHTML, like Gecko) Chrome/145.0.7632.116 Mobile Safari/537.36 (compatible; GoogleOther)"
34.213.189.118 - - [13/Mar/2026:23:47:26 +0300] "GET /?rnd=1773434839940 HTTP/2" 200 0 "http://paltutors.co.uk/?rnd=1773434839940" "GoDaddy-UptimeMonitoring"
141.98.11.181 - - [13/Mar/2026:23:48:55 +0300] "POST /wp-login.php HTTP/1.1" 200 0 "https://paltutors.co.uk/wp-login.php" "Mozilla/5.0 (Windows NT 10.0; Win64; x64) AppleWebKit/605.1.15 (KHTML, like Gecko) Version/14.1.2 Safari/605.1.15"
141.98.11.181 - - [13/Mar/2026:23:49:35 +0300] "POST /wp-login.php HTTP/1.1" 200 0 "https://paltutors.co.uk/wp-login.php" "Mozilla/5.0 (Windows NT 10.0; Win64; x64) AppleWebKit/605.1.15 (KHTML, like Gecko) Version/14.1 Safari/605.1.15"
57.141.18.73 - - [13/Mar/2026:23:49:44 +0300] "GET /?lxfsx/i82590.html HTTP/2" 200 0 "-" "meta-externalagent/1.1 (+https://developers.facebook.com/docs/sharing/webmasters/crawler)"
66.249.66.194 - - [13/Mar/2026:23:50:31 +0300] "GET /robots.txt HTTP/1.1" 200 70 "-" "Mozilla/5.0 (compatible; Googlebot/2.1; +http://www.google.com/bot.html)"
74.7.241.184 - - [13/Mar/2026:23:50:53 +0300] "GET /robots.txt HTTP/2" 200 70 "-" "Mozilla/5.0 (Macintosh; Intel Mac OS X 10_15_7) AppleWebKit/537.36 (KHTML, like Gecko) Chrome/131.0.0.0 Safari/537.36; compatible; OAI-SearchBot/1.3; robots.txt; +https://openai.com/searchbot"
102.212.247.146 - - [13/Mar/2026:23:51:17 +0300] "POST /wp-cron.php?doing_wp_cron=1773435076.1262969970703125000000 HTTP/1.1" 403 787 "-" "WordPress/6.9.1; https://paltutors.co.uk"
141.98.11.181 - - [13/Mar/2026:23:50:57 +0300] "POST /wp-login.php HTTP/1.1" 200 0 "https://paltutors.co.uk/wp-login.php" "Mozilla/5.0 (Macintosh; Intel Mac OS X 10_15_7) AppleWebKit/605.1.15 (KHTML, like Gecko) Version/14.1.2 Safari/605.1.15"
141.98.11.181 - - [13/Mar/2026:23:51:17 +0300] "POST /wp-login.php HTTP/1.1" 200 0 "https://paltutors.co.uk/wp-login.php" "Mozilla/5.0 (Windows NT 6.1; Win64; x64) AppleWebKit/537.36 (KHTML, like Gecko) Chrome/91.0.4472.124 Safari/537.36"
66.249.66.194 - - [13/Mar/2026:23:52:00 +0300] "GET /?ihjuj/t1918695.html HTTP/1.1" 503 807 "-" "Mozilla/5.0 (Linux; Android 6.0.1; Nexus 5X Build/MMB29P) AppleWebKit/537.36 (KHTML, like Gecko) Chrome/145.0.7632.116 Mobile Safari/537.36 (compatible; GoogleOther)"
141.98.11.181 - - [13/Mar/2026:23:52:18 +0300] "POST /wp-login.php HTTP/1.1" 200 0 "https://paltutors.co.uk/wp-login.php" "Mozilla/5.0 (Windows NT 10.0; Win64; x64) AppleWebKit/537.36 (KHTML, like Gecko) Chrome/94.0.4606.71 Safari/537.36"
57.141.18.96 - - [13/Mar/2026:23:53:02 +0300] "GET /?gjrnk/t2437057.html HTTP/2" 200 0 "-" "meta-externalagent/1.1 (+https://developers.facebook.com/docs/sharing/webmasters/crawler)"
141.98.11.181 - - [13/Mar/2026:23:54:20 +0300] "POST /wp-login.php HTTP/1.1" 200 0 "https://paltutors.co.uk/wp-login.php" "Mozilla/5.0 (Macintosh; Intel Mac OS X 10_15_7) AppleWebKit/605.1.15 (KHTML, like Gecko) Version/14.1 Safari/605.1.15"
141.98.11.181 - - [13/Mar/2026:23:52:59 +0300] "POST /wp-login.php HTTP/1.1" 200 0 "https://paltutors.co.uk/wp-login.php" "Mozilla/5.0 (Windows NT 10.0; Win64; x64) AppleWebKit/537.36 (KHTML, like Gecko) Chrome/93.0.4577.63 Safari/537.36"
72.14.201.224 - - [13/Mar/2026:23:55:55 +0300] "GET /how-can-we-celebrate-family-diversity-through-activities/ HTTP/2" 200 0 "https://www.google.com/" "Mozilla/5.0 (Windows NT 10.0; Win64; x64) AppleWebKit/537.36 (KHTML, like Gecko) Chrome/145.0.0.0 Safari/537.36"
66.93.96.213 - - [13/Mar/2026:23:58:21 +0300] "GET / HTTP/2" 200 0 "-" "Mozilla/5.0 (Windows NT 10.0; Win64; x64) AppleWebKit/537.36 (KHTML, like Gecko) Chrome/145.0.0.0 Safari/537.36"
141.98.11.181 - - [13/Mar/2026:23:47:33 +0300] "POST /wp-login.php HTTP/1.1" 200 0 "https://paltutors.co.uk/wp-login.php" "Mozilla/5.0 (Macintosh; Intel Mac OS X 10_15_7) AppleWebKit/605.1.15 (KHTML, like Gecko) Version/14.1 Safari/605.1.15"
102.212.247.146 - - [13/Mar/2026:23:48:03 +0300] "POST /wp-cron.php?doing_wp_cron=1773434882.2199261188507080078125 HTTP/1.1" 403 787 "-" "WordPress/6.9.1; https://paltutors.co.uk"
66.249.66.196 - - [13/Mar/2026:23:48:19 +0300] "GET /?tcysu/d3116941.html HTTP/1.1" 200 24370 "-" "Mozilla/5.0 (Linux; Android 6.0.1; Nexus 5X Build/MMB29P) AppleWebKit/537.36 (KHTML, like Gecko) Chrome/145.0.7632.116 Mobile Safari/537.36 (compatible; GoogleOther)"
66.249.66.194 - - [13/Mar/2026:23:48:25 +0300] "GET /?shqmu/s1832686.html HTTP/1.1" 200 24691 "-" "Mozilla/5.0 (Linux; Android 6.0.1; Nexus 5X Build/MMB29P) AppleWebKit/537.36 (KHTML, like Gecko) Chrome/145.0.7632.116 Mobile Safari/537.36 (compatible; GoogleOther)"
20.211.123.94 - - [13/Mar/2026:23:48:36 +0300] "GET /wp-includes/images/ HTTP/1.1" 403 787 "-" "Mozilla/5.0 (Windows NT 10.0; Win64; x64) AppleWebKit/537.36 (KHTML, like Gecko) Chrome/120.0.0.0 Safari/537.36"
20.211.123.94 - - [13/Mar/2026:23:48:36 +0300] "GET /wp-content/plugins/WordPressCore/ HTTP/1.1" 503 807 "-" "Mozilla/5.0 (Windows NT 10.0; Win64; x64) AppleWebKit/537.36 (KHTML, like Gecko) Chrome/120.0.0.0 Safari/537.36"
57.141.18.47 - - [13/Mar/2026:23:49:40 +0300] "GET /?arjhz/d2212791.html HTTP/2" 503 807 "-" "meta-externalagent/1.1 (+https://developers.facebook.com/docs/sharing/webmasters/crawler)"
66.249.66.194 - - [13/Mar/2026:23:48:30 +0300] "GET /?mhijq/f1948035.html HTTP/1.1" 500 384 "-" "Mozilla/5.0 (Linux; Android 6.0.1; Nexus 5X Build/MMB29P) AppleWebKit/537.36 (KHTML, like Gecko) Chrome/145.0.7632.116 Mobile Safari/537.36 (compatible; GoogleOther)"
57.141.18.25 - - [13/Mar/2026:23:50:49 +0300] "GET /?menek/n2759113.html HTTP/2" 503 807 "-" "meta-externalagent/1.1 (+https://developers.facebook.com/docs/sharing/webmasters/crawler)"
141.98.11.181 - - [13/Mar/2026:23:50:36 +0300] "POST /wp-login.php HTTP/1.1" 200 0 "https://paltutors.co.uk/wp-login.php" "Mozilla/5.0 (Windows NT 10.0; Win64; x64) AppleWebKit/605.1.15 (KHTML, like Gecko) Version/14.0.3 Safari/605.1.15"
57.141.18.32 - - [13/Mar/2026:23:50:43 +0300] "GET /?nuvfe/r657641.html HTTP/2" 200 0 "-" "meta-externalagent/1.1 (+https://developers.facebook.com/docs/sharing/webmasters/crawler)"
66.249.66.195 - - [13/Mar/2026:23:51:43 +0300] "GET /robots.txt HTTP/1.1" 200 70 "-" "Mozilla/5.0 (compatible; Googlebot/2.1; +http://www.google.com/bot.html)"
141.98.11.181 - - [13/Mar/2026:23:53:19 +0300] "POST /wp-login.php HTTP/1.1" 200 0 "https://paltutors.co.uk/wp-login.php" "Mozilla/5.0 (Windows NT 6.1; Win64; x64; rv:91.0) Gecko/20100101 Firefox/91.0"
141.98.11.181 - - [13/Mar/2026:23:54:40 +0300] "POST /wp-login.php HTTP/1.1" 200 0 "https://paltutors.co.uk/wp-login.php" "Mozilla/5.0 (X11; Linux x86_64; rv:92.0) Gecko/20100101 Firefox/92.0"
141.98.11.181 - - [13/Mar/2026:23:55:01 +0300] "POST /wp-login.php HTTP/1.1" 200 0 "https://paltutors.co.uk/wp-login.php" "Mozilla/5.0 (X11; Linux x86_64; rv:89.0) Gecko/20100101 Firefox/89.0.2"
165.24.60.141 - - [13/Mar/2026:23:57:07 +0300] "GET /how-can-we-celebrate-family-diversity-through-activities/ HTTP/2" 200 0 "https://www.google.com/" "Mozilla/5.0 (Windows NT 10.0; Win64; x64) AppleWebKit/537.36 (KHTML, like Gecko) Chrome/145.0.0.0 Safari/537.36"
66.249.66.194 - - [13/Mar/2026:23:47:58 +0300] "GET /?iegio/a1469006.html HTTP/1.1" 200 25591 "-" "Mozilla/5.0 (Linux; Android 6.0.1; Nexus 5X Build/MMB29P) AppleWebKit/537.36 (KHTML, like Gecko) Chrome/145.0.7632.116 Mobile Safari/537.36 (compatible; GoogleOther)"
54.162.61.185 - - [13/Mar/2026:23:48:59 +0300] "GET /?rnd=1773434933015 HTTP/2" 503 807 "http://www.paltutors.co.uk/?rnd=1773434933015" "GoDaddy-UptimeMonitoring"
35.162.140.124 - - [13/Mar/2026:23:48:26 +0300] "GET /?rnd=1773434900237 HTTP/1.1" 500 384 "http://www.paltutors.co.uk/?rnd=1773434900237" "GoDaddy-UptimeMonitoring"
66.249.66.195 - - [13/Mar/2026:23:54:42 +0300] "GET /robots.txt HTTP/1.1" 200 70 "-" "Mozilla/5.0 (compatible; Googlebot/2.1; +http://www.google.com/bot.html)"
64.233.172.192 - - [13/Mar/2026:23:55:55 +0300] "GET /.well-known/traffic-advice HTTP/1.1" 200 0 "-" "Chrome Privacy Preserving Prefetch Proxy"
66.249.66.196 - - [13/Mar/2026:23:55:25 +0300] "GET /?bcwuz/v2197911.html HTTP/1.1" 500 384 "-" "Mozilla/5.0 (Linux; Android 6.0.1; Nexus 5X Build/MMB29P) AppleWebKit/537.36 (KHTML, like Gecko) Chrome/145.0.7632.116 Mobile Safari/537.36 (compatible; GoogleOther)"
141.98.11.181 - - [13/Mar/2026:23:55:41 +0300] "POST /wp-login.php HTTP/1.1" 200 0 "https://paltutors.co.uk/wp-login.php" "Mozilla/5.0 (Windows NT 6.1; Win64; x64) AppleWebKit/537.36 (KHTML, like Gecko) Chrome/93.0.4577.63 Safari/537.36"
141.98.11.181 - - [13/Mar/2026:23:58:24 +0300] "POST /wp-login.php HTTP/1.1" 200 0 "https://paltutors.co.uk/wp-login.php" "Mozilla/5.0 (Windows NT 10.0; Win64; x64) AppleWebKit/605.1.15 (KHTML, like Gecko) Version/14.1 Safari/605.1.15"
102.212.247.146 - - [13/Mar/2026:23:47:29 +0300] "POST /wp-cron.php?doing_wp_cron=1773434848.3141229152679443359375 HTTP/1.1" 403 787 "-" "WordPress/6.9.1; https://paltutors.co.uk"
66.249.66.32 - - [13/Mar/2026:23:47:59 +0300] "GET /robots.txt HTTP/1.1" 200 70 "-" "Mozilla/5.0 (compatible; Googlebot/2.1; +http://www.google.com/bot.html)"
141.98.11.181 - - [13/Mar/2026:23:47:54 +0300] "POST /wp-login.php HTTP/1.1" 200 0 "https://paltutors.co.uk/wp-login.php" "Mozilla/5.0 (Windows NT 10.0; Win64; x64) AppleWebKit/605.1.15 (KHTML, like Gecko) Version/14.1 Safari/605.1.15"
66.249.66.194 - - [13/Mar/2026:23:48:50 +0300] "GET /?shqmu/s1832686.html HTTP/1.1" 503 807 "-" "Mozilla/5.0 (Linux; Android 6.0.1; Nexus 5X Build/MMB29P) AppleWebKit/537.36 (KHTML, like Gecko) Chrome/145.0.7632.116 Mobile Safari/537.36 (compatible; Googlebot/2.1; +http://www.google.com/bot.html)"
54.218.124.74 - - [13/Mar/2026:23:48:56 +0300] "GET /?rnd=1773434930295 HTTP/2" 503 807 "http://www.paltutors.co.uk/?rnd=1773434930295" "GoDaddy-UptimeMonitoring"
141.98.11.181 - - [13/Mar/2026:23:49:56 +0300] "POST /wp-login.php HTTP/1.1" 200 0 "https://paltutors.co.uk/wp-login.php" "Mozilla/5.0 (Windows NT 10.0; Win64; x64) AppleWebKit/605.1.15 (KHTML, like Gecko) Version/14.1 Safari/605.1.15"
57.141.18.32 - - [13/Mar/2026:23:53:02 +0300] "GET /?binxo/w2305838.html HTTP/2" 503 807 "-" "meta-externalagent/1.1 (+https://developers.facebook.com/docs/sharing/webmasters/crawler)"
57.141.18.78 - - [13/Mar/2026:23:54:08 +0300] "GET /?dqmnk/c2094854.html HTTP/2" 200 0 "-" "meta-externalagent/1.1 (+https://developers.facebook.com/docs/sharing/webmasters/crawler)"
102.212.247.146 - - [13/Mar/2026:23:56:20 +0300] "POST /wp-cron.php?doing_wp_cron=1773435379.7310469150543212890625 HTTP/1.1" 403 787 "-" "WordPress/6.9.1; https://paltutors.co.uk"
57.141.18.26 - - [13/Mar/2026:23:47:29 +0300] "GET /?xwxhk/j2218829.html HTTP/2" 200 0 "-" "meta-externalagent/1.1 (+https://developers.facebook.com/docs/sharing/webmasters/crawler)"
141.98.11.181 - - [13/Mar/2026:23:48:14 +0300] "POST /wp-login.php HTTP/1.1" 200 0 "https://paltutors.co.uk/wp-login.php" "Mozilla/5.0 (X11; Linux x86_64) AppleWebKit/537.36 (KHTML, like Gecko) Chrome/94.0.4606.71 Safari/537.36"
20.211.123.94 - - [13/Mar/2026:23:48:38 +0300] "GET /.tmb/dropdown.php HTTP/1.1" 503 807 "-" "Mozilla/5.0 (Windows NT 10.0; Win64; x64) AppleWebKit/537.36 (KHTML, like Gecko) Chrome/120.0.0.0 Safari/537.36"
57.141.18.30 - - [13/Mar/2026:23:48:56 +0300] "GET /?tyqok/b570837.html HTTP/2" 503 807 "-" "meta-externalagent/1.1 (+https://developers.facebook.com/docs/sharing/webmasters/crawler)"
141.98.11.181 - - [13/Mar/2026:23:49:15 +0300] "POST /wp-login.php HTTP/1.1" 200 0 "https://paltutors.co.uk/wp-login.php" "Mozilla/5.0 (Windows NT 6.1; Win64; x64) AppleWebKit/537.36 (KHTML, like Gecko) Chrome/92.0.4515.131 Safari/537.36"
57.141.18.41 - - [13/Mar/2026:23:49:50 +0300] "GET /?xdpfc/v2350505.html HTTP/2" 503 807 "-" "meta-externalagent/1.1 (+https://developers.facebook.com/docs/sharing/webmasters/crawler)"
141.98.11.181 - - [13/Mar/2026:23:48:34 +0300] "POST /wp-login.php HTTP/1.1" 200 0 "https://paltutors.co.uk/wp-login.php" "Mozilla/5.0 (X11; Linux x86_64) AppleWebKit/537.36 (KHTML, like Gecko) Chrome/94.0.4606.71 Safari/537.36"
66.249.66.196 - - [13/Mar/2026:23:51:11 +0300] "GET /?vtbha/m1197708.html HTTP/1.1" 200 24297 "-" "Mozilla/5.0 (Linux; Android 6.0.1; Nexus 5X Build/MMB29P) AppleWebKit/537.36 (KHTML, like Gecko) Chrome/145.0.7632.116 Mobile Safari/537.36 (compatible; GoogleOther)"
54.162.61.185 - - [13/Mar/2026:23:47:56 +0300] "GET /?rnd=1773434870176 HTTP/2" 200 0 "http://paltutors.co.uk/?rnd=1773434870176" "GoDaddy-UptimeMonitoring"
57.141.18.10 - - [13/Mar/2026:23:48:13 +0300] "GET /?svfiq/p2200011.html HTTP/2" 200 0 "-" "meta-externalagent/1.1 (+https://developers.facebook.com/docs/sharing/webmasters/crawler)"
102.212.247.146 - - [13/Mar/2026:23:50:41 +0300] "POST /wp-cron.php?doing_wp_cron=1773435039.9122109413146972656250 HTTP/1.1" 403 787 "-" "WordPress/6.9.1; https://paltutors.co.uk"
57.141.18.77 - - [13/Mar/2026:23:51:49 +0300] "GET /?uharg/i633192.html HTTP/2" 200 0 "-" "meta-externalagent/1.1 (+https://developers.facebook.com/docs/sharing/webmasters/crawler)"
66.249.66.194 - - [13/Mar/2026:23:51:43 +0300] "GET /?vtbha/m1197708.html HTTP/1.1" 500 384 "-" "Mozilla/5.0 (Linux; Android 6.0.1; Nexus 5X Build/MMB29P) AppleWebKit/537.36 (KHTML, like Gecko) Chrome/145.0.7632.116 Mobile Safari/537.36 (compatible; Googlebot/2.1; +http://www.google.com/bot.html)"
141.98.11.181 - - [13/Mar/2026:23:55:21 +0300] "POST /wp-login.php HTTP/1.1" 200 0 "https://paltutors.co.uk/wp-login.php" "Mozilla/5.0 (Macintosh; Intel Mac OS X 10_15_7) AppleWebKit/537.36 (KHTML, like Gecko) Chrome/91.0.4472.124 Safari/537.36"
193.186.4.245 - - [13/Mar/2026:23:57:02 +0300] "GET /how-can-we-celebrate-family-diversity-through-activities/ HTTP/2" 200 0 "https://www.google.com/" "Mozilla/5.0 (Windows NT 10.0; Win64; x64) AppleWebKit/537.36 (KHTML, like Gecko) Chrome/145.0.0.0 Safari/537.36"
141.98.11.181 - - [13/Mar/2026:23:59:04 +0300] "POST /wp-login.php HTTP/1.1" 200 0 "https://paltutors.co.uk/wp-login.php" "Mozilla/5.0 (Macintosh; Intel Mac OS X 10_15_7) AppleWebKit/537.36 (KHTML, like Gecko) Chrome/90.0.4430.212 Safari/537.36"
141.98.11.181 - - [13/Mar/2026:23:59:25 +0300] "POST /wp-login.php HTTP/1.1" 200 0 "https://paltutors.co.uk/wp-login.php" "Mozilla/5.0 (Windows NT 6.1; Win64; x64) AppleWebKit/537.36 (KHTML, like Gecko) Chrome/90.0.4430.212 Safari/537.36"
141.98.11.181 - - [14/Mar/2026:00:00:46 +0300] "POST /wp-login.php HTTP/1.1" 200 0 "https://paltutors.co.uk/wp-login.php" "Mozilla/5.0 (Macintosh; Intel Mac OS X 10_15_7) AppleWebKit/537.36 (KHTML, like Gecko) Chrome/94.0.4606.71 Safari/537.36"
57.141.18.42 - - [14/Mar/2026:00:03:57 +0300] "GET /?ympip/t1852395.html HTTP/2" 200 0 "-" "meta-externalagent/1.1 (+https://developers.facebook.com/docs/sharing/webmasters/crawler)"
66.249.66.196 - - [14/Mar/2026:00:04:25 +0300] "GET /?mdjsw/w1552488.html HTTP/1.1" 200 24523 "-" "Mozilla/5.0 (Linux; Android 6.0.1; Nexus 5X Build/MMB29P) AppleWebKit/537.36 (KHTML, like Gecko) Chrome/145.0.7632.116 Mobile Safari/537.36 (compatible; GoogleOther)"
57.141.18.48 - - [14/Mar/2026:00:04:09 +0300] "GET /?melqd/o2535878.html HTTP/2" 200 0 "-" "meta-externalagent/1.1 (+https://developers.facebook.com/docs/sharing/webmasters/crawler)"
66.249.66.194 - - [14/Mar/2026:00:05:21 +0300] "GET /?tzymw/b3072037.html HTTP/1.1" 200 25158 "-" "Mozilla/5.0 (Linux; Android 6.0.1; Nexus 5X Build/MMB29P) AppleWebKit/537.36 (KHTML, like Gecko) Chrome/145.0.7632.116 Mobile Safari/537.36 (compatible; GoogleOther)"
141.98.11.181 - - [14/Mar/2026:00:05:31 +0300] "POST /wp-login.php HTTP/1.1" 200 0 "https://paltutors.co.uk/wp-login.php" "Mozilla/5.0 (Macintosh; Intel Mac OS X 10_15_7) AppleWebKit/537.36 (KHTML, like Gecko) Chrome/91.0.4472.124 Safari/537.36"
66.207.183.89 - - [13/Mar/2026:23:59:51 +0300] "GET / HTTP/2" 200 0 "-" "Mozilla/5.0 (Windows NT 10.0; Win64; x64) AppleWebKit/537.36 (KHTML, like Gecko) Chrome/145.0.0.0 Safari/537.36"
141.98.11.181 - - [14/Mar/2026:00:02:08 +0300] "POST /wp-login.php HTTP/1.1" 200 0 "https://paltutors.co.uk/wp-login.php" "Mozilla/5.0 (Windows NT 10.0; Win64; x64) AppleWebKit/605.1.15 (KHTML, like Gecko) Version/15.0 Safari/605.1.15"
141.98.11.181 - - [14/Mar/2026:00:03:29 +0300] "POST /wp-login.php HTTP/1.1" 200 0 "https://paltutors.co.uk/wp-login.php" "Mozilla/5.0 (Macintosh; Intel Mac OS X 10_15_7) AppleWebKit/605.1.15 (KHTML, like Gecko) Version/14.1.1 Safari/605.1.15"
141.98.11.181 - - [14/Mar/2026:00:04:50 +0300] "POST /wp-login.php HTTP/1.1" 200 0 "https://paltutors.co.uk/wp-login.php" "Mozilla/5.0 (Macintosh; Intel Mac OS X 10_15_7) AppleWebKit/605.1.15 (KHTML, like Gecko) Version/15.0 Safari/605.1.15"
66.249.66.194 - - [14/Mar/2026:00:05:30 +0300] "GET /?fntdf/m1936550.html HTTP/1.1" 200 24502 "-" "Mozilla/5.0 (Linux; Android 6.0.1; Nexus 5X Build/MMB29P) AppleWebKit/537.36 (KHTML, like Gecko) Chrome/145.0.7632.116 Mobile Safari/537.36 (compatible; GoogleOther)"
102.212.247.146 - - [14/Mar/2026:00:05:49 +0300] "POST /wp-cron.php?doing_wp_cron=1773435947.9113380908966064453125 HTTP/1.1" 403 787 "-" "WordPress/6.9.1; https://paltutors.co.uk"
57.141.18.10 - - [14/Mar/2026:00:06:22 +0300] "GET /?oxumz/j1259403.html HTTP/2" 200 0 "-" "meta-externalagent/1.1 (+https://developers.facebook.com/docs/sharing/webmasters/crawler)"
57.141.18.29 - - [13/Mar/2026:23:58:35 +0300] "GET /?reosi/t2816007.html HTTP/2" 200 0 "-" "meta-externalagent/1.1 (+https://developers.facebook.com/docs/sharing/webmasters/crawler)"
108.177.131.226 - - [13/Mar/2026:23:58:51 +0300] "GET / HTTP/2" 200 0 "-" "Mozilla/5.0 (Windows NT 10.0; Win64; x64) AppleWebKit/537.36 (KHTML, like Gecko) Chrome/145.0.0.0 Safari/537.36"
141.98.11.181 - - [14/Mar/2026:00:01:06 +0300] "POST /wp-login.php HTTP/1.1" 200 0 "https://paltutors.co.uk/wp-login.php" "Mozilla/5.0 (Macintosh; Intel Mac OS X 10_15_7) AppleWebKit/605.1.15 (KHTML, like Gecko) Version/14.1.1 Safari/605.1.15"
141.98.11.181 - - [14/Mar/2026:00:01:47 +0300] "POST /wp-login.php HTTP/1.1" 200 0 "https://paltutors.co.uk/wp-login.php" "Mozilla/5.0 (Windows NT 10.0; Win64; x64) AppleWebKit/537.36 (KHTML, like Gecko) Chrome/93.0.4577.63 Safari/537.36"
57.141.18.59 - - [14/Mar/2026:00:01:55 +0300] "GET /?obqhn/n2462869.html HTTP/2" 200 0 "-" "meta-externalagent/1.1 (+https://developers.facebook.com/docs/sharing/webmasters/crawler)"
66.249.66.196 - - [14/Mar/2026:00:02:45 +0300] "GET /?mbvpd/o3090146.html HTTP/1.1" 200 24443 "-" "Mozilla/5.0 (Linux; Android 6.0.1; Nexus 5X Build/MMB29P) AppleWebKit/537.36 (KHTML, like Gecko) Chrome/145.0.7632.116 Mobile Safari/537.36 (compatible; Googlebot/2.1; +http://www.google.com/bot.html)"
141.98.11.181 - - [14/Mar/2026:00:02:28 +0300] "POST /wp-login.php HTTP/1.1" 200 0 "https://paltutors.co.uk/wp-login.php" "Mozilla/5.0 (Windows NT 10.0; Win64; x64) AppleWebKit/605.1.15 (KHTML, like Gecko) Version/14.1.2 Safari/605.1.15"
141.98.11.181 - - [14/Mar/2026:00:04:10 +0300] "POST /wp-login.php HTTP/1.1" 200 0 "https://paltutors.co.uk/wp-login.php" "Mozilla/5.0 (Macintosh; Intel Mac OS X 10_15_7) AppleWebKit/605.1.15 (KHTML, like Gecko) Version/14.1.2 Safari/605.1.15"
66.249.66.194 - - [14/Mar/2026:00:04:44 +0300] "GET /?kztwx/f2440137.html HTTP/1.1" 200 24944 "-" "Mozilla/5.0 (Linux; Android 6.0.1; Nexus 5X Build/MMB29P) AppleWebKit/537.36 (KHTML, like Gecko) Chrome/145.0.7632.116 Mobile Safari/537.36 (compatible; GoogleOther)"
66.249.66.194 - - [14/Mar/2026:00:04:47 +0300] "GET /?bszyf/e1742244.html HTTP/1.1" 200 25444 "-" "Mozilla/5.0 (Linux; Android 6.0.1; Nexus 5X Build/MMB29P) AppleWebKit/537.36 (KHTML, like Gecko) Chrome/145.0.7632.116 Mobile Safari/537.36 (compatible; GoogleOther)"
66.249.66.194 - - [14/Mar/2026:00:05:02 +0300] "GET /?ynzro/d1228795.html HTTP/1.1" 200 24474 "-" "Mozilla/5.0 (Linux; Android 6.0.1; Nexus 5X Build/MMB29P) AppleWebKit/537.36 (KHTML, like Gecko) Chrome/145.0.7632.116 Mobile Safari/537.36 (compatible; GoogleOther)"
102.212.247.146 - - [14/Mar/2026:00:00:48 +0300] "POST /wp-cron.php?doing_wp_cron=1773435647.7364630699157714843750 HTTP/1.1" 403 787 "-" "WordPress/6.9.1; https://paltutors.co.uk"
66.249.66.194 - - [14/Mar/2026:00:03:13 +0300] "GET /?yxqhp/w1310714.html HTTP/1.1" 200 25381 "-" "Mozilla/5.0 (Linux; Android 6.0.1; Nexus 5X Build/MMB29P) AppleWebKit/537.36 (KHTML, like Gecko) Chrome/145.0.7632.116 Mobile Safari/537.36 (compatible; GoogleOther)"
102.212.247.146 - - [14/Mar/2026:00:03:46 +0300] "POST /wp-cron.php?doing_wp_cron=1773435824.8459260463714599609375 HTTP/1.1" 403 787 "-" "WordPress/6.9.1; https://paltutors.co.uk"
66.249.66.196 - - [14/Mar/2026:00:05:13 +0300] "GET /?nystk/t1775331.html HTTP/1.1" 200 24627 "-" "Mozilla/5.0 (Linux; Android 6.0.1; Nexus 5X Build/MMB29P) AppleWebKit/537.36 (KHTML, like Gecko) Chrome/145.0.7632.116 Mobile Safari/537.36 (compatible; GoogleOther)"
57.141.18.38 - - [14/Mar/2026:00:05:15 +0300] "GET /?vhgiy/b637293.html HTTP/2" 200 0 "-" "meta-externalagent/1.1 (+https://developers.facebook.com/docs/sharing/webmasters/crawler)"
141.98.11.181 - - [13/Mar/2026:23:59:45 +0300] "POST /wp-login.php HTTP/1.1" 200 0 "https://paltutors.co.uk/wp-login.php" "Mozilla/5.0 (Macintosh; Intel Mac OS X 10_15_7) AppleWebKit/605.1.15 (KHTML, like Gecko) Version/14.1.1 Safari/605.1.15"
57.141.18.116 - - [13/Mar/2026:23:59:42 +0300] "GET /?loplf/v143885.html HTTP/2" 200 0 "-" "meta-externalagent/1.1 (+https://developers.facebook.com/docs/sharing/webmasters/crawler)"
40.77.167.78 - - [14/Mar/2026:00:00:41 +0300] "GET /wp-content/uploads/2024/04/mixed-race-school-student-girl-studying-with-laptop-at-desk-preparing-for-exam-academic-stress-1536x1024.jpg HTTP/2" 200 147339 "-" "Mozilla/5.0 AppleWebKit/537.36 (KHTML, like Gecko; compatible; bingbot/2.0; +http://www.bing.com/bingbot.htm) Chrome/116.0.1938.76 Safari/537.36"
141.98.11.181 - - [14/Mar/2026:00:02:48 +0300] "POST /wp-login.php HTTP/1.1" 200 0 "https://paltutors.co.uk/wp-login.php" "Mozilla/5.0 (Windows NT 10.0; Win64; x64) AppleWebKit/537.36 (KHTML, like Gecko) Chrome/94.0.4606.71 Safari/537.36"
185.198.240.17 - - [14/Mar/2026:00:03:18 +0300] "POST /wp-login.php HTTP/1.1" 200 0 "-" "Mozilla/5.0"
66.249.66.194 - - [14/Mar/2026:00:03:59 +0300] "GET /?yffkd/z2418551.html HTTP/1.1" 200 26296 "-" "Mozilla/5.0 (Linux; Android 6.0.1; Nexus 5X Build/MMB29P) AppleWebKit/537.36 (KHTML, like Gecko) Chrome/145.0.7632.116 Mobile Safari/537.36 (compatible; GoogleOther)"
66.249.66.195 - - [14/Mar/2026:00:04:09 +0300] "GET /?soubi/m1792094.html HTTP/1.1" 200 25541 "-" "Mozilla/5.0 (Linux; Android 6.0.1; Nexus 5X Build/MMB29P) AppleWebKit/537.36 (KHTML, like Gecko) Chrome/145.0.7632.116 Mobile Safari/537.36 (compatible; GoogleOther)"
