207.46.13.6 - - [13/Mar/2026:17:32:53 +0300] "GET /?capwt/y1308532.html HTTP/2" 503 807 "-" "Mozilla/5.0 AppleWebKit/537.36 (KHTML, like Gecko; compatible; bingbot/2.0; +http://www.bing.com/bingbot.htm) Chrome/116.0.1938.76 Safari/537.36"
207.46.13.6 - - [13/Mar/2026:17:33:03 +0300] "GET /?mibnt/h3014089.html HTTP/2" 503 807 "-" "Mozilla/5.0 AppleWebKit/537.36 (KHTML, like Gecko; compatible; bingbot/2.0; +http://www.bing.com/bingbot.htm) Chrome/116.0.1938.76 Safari/537.36"
207.46.13.6 - - [13/Mar/2026:17:34:12 +0300] "GET /?rusce/p1250855.html HTTP/2" 200 0 "-" "Mozilla/5.0 AppleWebKit/537.36 (KHTML, like Gecko; compatible; bingbot/2.0; +http://www.bing.com/bingbot.htm) Chrome/116.0.1938.76 Safari/537.36"
66.249.66.34 - - [13/Mar/2026:17:37:57 +0300] "GET /?cqsjt/o1156682.html HTTP/1.1" 200 24418 "-" "Mozilla/5.0 (Linux; Android 6.0.1; Nexus 5X Build/MMB29P) AppleWebKit/537.36 (KHTML, like Gecko) Chrome/145.0.7632.116 Mobile Safari/537.36 (compatible; GoogleOther)"
4.204.233.55 - - [13/Mar/2026:17:39:54 +0300] "GET /.well-known/hp2.php HTTP/1.1" 200 0 "-" "Mozilla/5.0 (Windows NT 10.0; Win64; x64) AppleWebKit/537.36 (KHTML, like Gecko) Chrome/120.0.0.0 Safari/537.36"
102.212.247.146 - - [13/Mar/2026:17:24:01 +0300] "POST /wp-cron.php?doing_wp_cron=1773411839.6171200275421142578125 HTTP/1.1" 403 787 "-" "WordPress/6.9.1; https://paltutors.co.uk"
66.249.66.32 - - [13/Mar/2026:17:25:06 +0300] "GET /?omvyz/s812550.html HTTP/1.1" 200 24361 "-" "Mozilla/5.0 (Linux; Android 6.0.1; Nexus 5X Build/MMB29P) AppleWebKit/537.36 (KHTML, like Gecko) Chrome/145.0.7632.116 Mobile Safari/537.36 (compatible; GoogleOther)"
66.249.66.14 - - [13/Mar/2026:17:25:27 +0300] "GET /?gtlqz/g657448.html HTTP/1.1" 200 25180 "-" "Mozilla/5.0 (Linux; Android 6.0.1; Nexus 5X Build/MMB29P) AppleWebKit/537.36 (KHTML, like Gecko) Chrome/145.0.7632.116 Mobile Safari/537.36 (compatible; Googlebot/2.1; +http://www.google.com/bot.html)"
40.77.167.38 - - [13/Mar/2026:17:26:02 +0300] "GET /?zkudh/r293459.html HTTP/2" 200 24935 "-" "Mozilla/5.0 AppleWebKit/537.36 (KHTML, like Gecko; compatible; bingbot/2.0; +http://www.bing.com/bingbot.htm) Chrome/116.0.1938.76 Safari/537.36"
66.249.66.160 - - [13/Mar/2026:17:26:10 +0300] "GET /?lwqbi/u1340976.html HTTP/1.1" 200 24639 "-" "Mozilla/5.0 (Linux; Android 6.0.1; Nexus 5X Build/MMB29P) AppleWebKit/537.36 (KHTML, like Gecko) Chrome/145.0.7632.116 Mobile Safari/537.36 (compatible; GoogleOther)"
66.249.66.168 - - [13/Mar/2026:17:26:32 +0300] "GET /?dqyxg/m2663406.html HTTP/1.1" 200 24957 "-" "Mozilla/5.0 (Linux; Android 6.0.1; Nexus 5X Build/MMB29P) AppleWebKit/537.36 (KHTML, like Gecko) Chrome/145.0.7632.116 Mobile Safari/537.36 (compatible; GoogleOther)"
52.167.144.220 - - [13/Mar/2026:17:28:42 +0300] "GET /?vshtd/r1902001.html HTTP/2" 200 24425 "-" "Mozilla/5.0 AppleWebKit/537.36 (KHTML, like Gecko; compatible; bingbot/2.0; +http://www.bing.com/bingbot.htm) Chrome/116.0.1938.76 Safari/537.36"
66.249.66.195 - - [13/Mar/2026:17:29:59 +0300] "GET /?ylaxu/k945402.html HTTP/1.1" 200 24650 "-" "Mozilla/5.0 (Linux; Android 6.0.1; Nexus 5X Build/MMB29P) AppleWebKit/537.36 (KHTML, like Gecko) Chrome/145.0.7632.116 Mobile Safari/537.36 (compatible; GoogleOther)"
66.249.66.33 - - [13/Mar/2026:17:32:28 +0300] "GET /?xuwnj/p1055803.html HTTP/1.1" 503 807 "-" "Mozilla/5.0 (Linux; Android 6.0.1; Nexus 5X Build/MMB29P) AppleWebKit/537.36 (KHTML, like Gecko) Chrome/145.0.7632.116 Mobile Safari/537.36 (compatible; GoogleOther)"
40.77.167.11 - - [13/Mar/2026:17:34:43 +0300] "GET /?olqur/u1455220.html HTTP/2" 200 0 "-" "Mozilla/5.0 AppleWebKit/537.36 (KHTML, like Gecko; compatible; bingbot/2.0; +http://www.bing.com/bingbot.htm) Chrome/116.0.1938.76 Safari/537.36"
66.249.66.194 - - [13/Mar/2026:17:34:56 +0300] "GET /?lplyj/e618342.html HTTP/1.1" 500 384 "-" "Mozilla/5.0 (Linux; Android 6.0.1; Nexus 5X Build/MMB29P) AppleWebKit/537.36 (KHTML, like Gecko) Chrome/145.0.7632.116 Mobile Safari/537.36 (compatible; GoogleOther)"
66.249.66.15 - - [13/Mar/2026:17:38:21 +0300] "GET /?gpbrs/n708025.html HTTP/1.1" 200 24509 "-" "Mozilla/5.0 (Linux; Android 6.0.1; Nexus 5X Build/MMB29P) AppleWebKit/537.36 (KHTML, like Gecko) Chrome/145.0.7632.116 Mobile Safari/537.36 (compatible; GoogleOther)"
102.212.247.146 - - [13/Mar/2026:17:40:31 +0300] "POST /wp-cron.php?doing_wp_cron=1773412831.4226450920104980468750 HTTP/1.1" 403 787 "-" "WordPress/6.9.1; https://paltutors.co.uk"
207.46.13.6 - - [13/Mar/2026:17:40:52 +0300] "GET /?arwyo/a2268584.html HTTP/2" 200 24394 "-" "Mozilla/5.0 AppleWebKit/537.36 (KHTML, like Gecko; compatible; bingbot/2.0; +http://www.bing.com/bingbot.htm) Chrome/116.0.1938.76 Safari/537.36"
66.249.66.77 - - [13/Mar/2026:17:43:37 +0300] "GET /?slbaa/o849466.html HTTP/1.1" 200 24300 "-" "Mozilla/5.0 (Linux; Android 6.0.1; Nexus 5X Build/MMB29P) AppleWebKit/537.36 (KHTML, like Gecko) Chrome/145.0.7632.116 Mobile Safari/537.36 (compatible; GoogleOther)"
66.249.66.77 - - [13/Mar/2026:17:43:39 +0300] "GET /?skusj/f2019665.html HTTP/1.1" 200 24548 "-" "Mozilla/5.0 (Linux; Android 6.0.1; Nexus 5X Build/MMB29P) AppleWebKit/537.36 (KHTML, like Gecko) Chrome/145.0.7632.116 Mobile Safari/537.36 (compatible; GoogleOther)"
52.167.144.24 - - [13/Mar/2026:17:20:52 +0300] "GET /?oudbo/d279769.html HTTP/2" 503 807 "-" "Mozilla/5.0 AppleWebKit/537.36 (KHTML, like Gecko; compatible; bingbot/2.0; +http://www.bing.com/bingbot.htm) Chrome/116.0.1938.76 Safari/537.36"
66.249.66.14 - - [13/Mar/2026:17:23:09 +0300] "GET /?fvili/l1585159.html HTTP/1.1" 200 24444 "-" "Mozilla/5.0 (Linux; Android 6.0.1; Nexus 5X Build/MMB29P) AppleWebKit/537.36 (KHTML, like Gecko) Chrome/145.0.7632.116 Mobile Safari/537.36 (compatible; GoogleOther)"
102.212.247.146 - - [13/Mar/2026:17:23:33 +0300] "POST /wp-cron.php?doing_wp_cron=1773411812.5131440162658691406250 HTTP/1.1" 403 787 "-" "WordPress/6.9.1; https://paltutors.co.uk"
74.7.228.23 - - [13/Mar/2026:17:24:32 +0300] "GET /robots.txt HTTP/2" 200 70 "-" "Mozilla/5.0 (Macintosh; Intel Mac OS X 10_15_7) AppleWebKit/537.36 (KHTML, like Gecko) Chrome/131.0.0.0 Safari/537.36; compatible; OAI-SearchBot/1.3; robots.txt; +https://openai.com/searchbot"
66.249.66.194 - - [13/Mar/2026:17:25:00 +0300] "GET /?tzeiw/e117296.html HTTP/1.1" 200 25297 "-" "Mozilla/5.0 (Linux; Android 6.0.1; Nexus 5X Build/MMB29P) AppleWebKit/537.36 (KHTML, like Gecko) Chrome/145.0.7632.116 Mobile Safari/537.36 (compatible; GoogleOther)"
66.249.66.169 - - [13/Mar/2026:17:26:28 +0300] "GET /?uwkis/t714219.html HTTP/1.1" 200 25199 "-" "Mozilla/5.0 (Linux; Android 6.0.1; Nexus 5X Build/MMB29P) AppleWebKit/537.36 (KHTML, like Gecko) Chrome/145.0.7632.116 Mobile Safari/537.36 (compatible; GoogleOther)"
66.249.66.194 - - [13/Mar/2026:17:28:30 +0300] "GET /?ggsdb/i942566.html HTTP/1.1" 200 24418 "-" "Mozilla/5.0 (Linux; Android 6.0.1; Nexus 5X Build/MMB29P) AppleWebKit/537.36 (KHTML, like Gecko) Chrome/145.0.7632.116 Mobile Safari/537.36 (compatible; GoogleOther)"
66.249.66.196 - - [13/Mar/2026:17:30:18 +0300] "GET /?fjtme/d2685263.html HTTP/1.1" 200 24419 "-" "Mozilla/5.0 (Linux; Android 6.0.1; Nexus 5X Build/MMB29P) AppleWebKit/537.36 (KHTML, like Gecko) Chrome/145.0.7632.116 Mobile Safari/537.36 (compatible; GoogleOther)"
66.249.66.194 - - [13/Mar/2026:17:31:24 +0300] "GET /?otqwy/z2251839.html HTTP/1.1" 503 807 "-" "Mozilla/5.0 (Linux; Android 6.0.1; Nexus 5X Build/MMB29P) AppleWebKit/537.36 (KHTML, like Gecko) Chrome/145.0.7632.116 Mobile Safari/537.36 (compatible; GoogleOther)"
18.222.38.157 - - [13/Mar/2026:17:31:25 +0300] "POST / HTTP/1.1" 503 807 "-" "Mozilla/5.0 (X11; Linux x86_64) AppleWebKit/537.36 (KHTML, like Gecko) Chrome/131.0.0.0 Safari/537.36"
66.249.66.169 - - [13/Mar/2026:17:31:29 +0300] "GET /?kxzli/d666623.html HTTP/1.1" 503 807 "-" "Mozilla/5.0 (Linux; Android 6.0.1; Nexus 5X Build/MMB29P) AppleWebKit/537.36 (KHTML, like Gecko) Chrome/145.0.7632.116 Mobile Safari/537.36 (compatible; GoogleOther)"
40.77.167.158 - - [13/Mar/2026:17:38:46 +0300] "GET /?atoxa/i273352.html HTTP/2" 200 24400 "-" "Mozilla/5.0 AppleWebKit/537.36 (KHTML, like Gecko; compatible; bingbot/2.0; +http://www.bing.com/bingbot.htm) Chrome/116.0.1938.76 Safari/537.36"
35.226.205.165 - - [13/Mar/2026:17:39:19 +0300] "GET /.env HTTP/2" 200 0 "-" "Mozilla/5.0 (Macintosh; Intel Mac OS X 10_15_7) AppleWebKit/605.1.15 (KHTML, like Gecko) Version/18.0 Safari/605.1.15"
40.77.167.11 - - [13/Mar/2026:17:40:36 +0300] "GET /?bhjql/i79600.html HTTP/2" 200 24159 "-" "Mozilla/5.0 AppleWebKit/537.36 (KHTML, like Gecko; compatible; bingbot/2.0; +http://www.bing.com/bingbot.htm) Chrome/116.0.1938.76 Safari/537.36"
66.249.66.78 - - [13/Mar/2026:17:42:28 +0300] "GET /?petfb/g1575560.html HTTP/1.1" 200 24744 "-" "Mozilla/5.0 (Linux; Android 6.0.1; Nexus 5X Build/MMB29P) AppleWebKit/537.36 (KHTML, like Gecko) Chrome/145.0.7632.116 Mobile Safari/537.36 (compatible; GoogleOther)"
66.249.66.77 - - [13/Mar/2026:17:43:27 +0300] "GET /?djvsw/v1705731.html HTTP/1.1" 200 25066 "-" "Mozilla/5.0 (Linux; Android 6.0.1; Nexus 5X Build/MMB29P) AppleWebKit/537.36 (KHTML, like Gecko) Chrome/145.0.7632.116 Mobile Safari/537.36 (compatible; GoogleOther)"
66.249.66.195 - - [13/Mar/2026:17:44:28 +0300] "GET /?xauii/o1168044.html HTTP/1.1" 200 24461 "-" "Mozilla/5.0 (Linux; Android 6.0.1; Nexus 5X Build/MMB29P) AppleWebKit/537.36 (KHTML, like Gecko) Chrome/145.0.7632.116 Mobile Safari/537.36 (compatible; GoogleOther)"
40.77.167.38 - - [13/Mar/2026:17:24:32 +0300] "GET /?vdwva/x742043.html HTTP/2" 200 25319 "-" "Mozilla/5.0 AppleWebKit/537.36 (KHTML, like Gecko; compatible; bingbot/2.0; +http://www.bing.com/bingbot.htm) Chrome/116.0.1938.76 Safari/537.36"
40.77.167.38 - - [13/Mar/2026:17:24:37 +0300] "GET /?qmubm/n116265.html HTTP/2" 200 25304 "-" "Mozilla/5.0 AppleWebKit/537.36 (KHTML, like Gecko; compatible; bingbot/2.0; +http://www.bing.com/bingbot.htm) Chrome/116.0.1938.76 Safari/537.36"
40.77.167.38 - - [13/Mar/2026:17:24:42 +0300] "GET /?njokc/y2791156.html HTTP/2" 200 24845 "-" "Mozilla/5.0 AppleWebKit/537.36 (KHTML, like Gecko; compatible; bingbot/2.0; +http://www.bing.com/bingbot.htm) Chrome/116.0.1938.76 Safari/537.36"
66.249.66.168 - - [13/Mar/2026:17:25:10 +0300] "GET /?swyow/v2299285.html HTTP/1.1" 200 24708 "-" "Mozilla/5.0 (Linux; Android 6.0.1; Nexus 5X Build/MMB29P) AppleWebKit/537.36 (KHTML, like Gecko) Chrome/145.0.7632.116 Mobile Safari/537.36 (compatible; GoogleOther)"
66.249.66.168 - - [13/Mar/2026:17:26:13 +0300] "GET /?gcgth/f936921.html HTTP/1.1" 200 24526 "-" "Mozilla/5.0 (Linux; Android 6.0.1; Nexus 5X Build/MMB29P) AppleWebKit/537.36 (KHTML, like Gecko) Chrome/145.0.7632.116 Mobile Safari/537.36 (compatible; GoogleOther)"
136.144.33.166 - - [13/Mar/2026:17:29:42 +0300] "POST /wp-login.php HTTP/1.1" 200 0 "-" "Mozilla/5.0"
52.167.144.220 - - [13/Mar/2026:17:30:22 +0300] "GET /?vcfpf/y867442.html HTTP/2" 200 25763 "-" "Mozilla/5.0 AppleWebKit/537.36 (KHTML, like Gecko; compatible; bingbot/2.0; +http://www.bing.com/bingbot.htm) Chrome/116.0.1938.76 Safari/537.36"
18.222.38.157 - - [13/Mar/2026:17:31:34 +0300] "POST / HTTP/1.1" 503 807 "-" "Mozilla/5.0 (X11; Linux x86_64) AppleWebKit/537.36 (KHTML, like Gecko) Chrome/131.0.0.0 Safari/537.36"
35.226.205.165 - - [13/Mar/2026:17:36:24 +0300] "GET /.env HTTP/2" 200 0 "-" "Mozilla/5.0 (Windows NT 10.0; Win64; x64) AppleWebKit/537.36 (KHTML, like Gecko) Chrome/101.0.4951.64 Safari/537.36 Edg/101.0.1210.47"
66.249.66.77 - - [13/Mar/2026:17:38:42 +0300] "GET /?fcoan/o572488.html HTTP/1.1" 200 24454 "-" "Mozilla/5.0 (Linux; Android 6.0.1; Nexus 5X Build/MMB29P) AppleWebKit/537.36 (KHTML, like Gecko) Chrome/145.0.7632.116 Mobile Safari/537.36 (compatible; GoogleOther)"
40.77.167.158 - - [13/Mar/2026:17:39:53 +0300] "GET /?rkjan/p163457.html HTTP/2" 200 24845 "-" "Mozilla/5.0 AppleWebKit/537.36 (KHTML, like Gecko; compatible; bingbot/2.0; +http://www.bing.com/bingbot.htm) Chrome/116.0.1938.76 Safari/537.36"
52.167.144.232 - - [13/Mar/2026:17:45:24 +0300] "GET /?qrsim/v2585779.html HTTP/2" 200 25167 "-" "Mozilla/5.0 AppleWebKit/537.36 (KHTML, like Gecko; compatible; bingbot/2.0; +http://www.bing.com/bingbot.htm) Chrome/116.0.1938.76 Safari/537.36"
40.77.167.55 - - [13/Mar/2026:17:21:21 +0300] "GET /?bnjfd/x1588369.html HTTP/2" 200 0 "-" "Mozilla/5.0 AppleWebKit/537.36 (KHTML, like Gecko; compatible; bingbot/2.0; +http://www.bing.com/bingbot.htm) Chrome/116.0.1938.76 Safari/537.36"
110.166.71.39 - - [13/Mar/2026:17:25:28 +0300] "GET / HTTP/1.1" 500 384 "http://paltutors.co.uk" "Mozilla/5.0 (iPhone; CPU iPhone OS 13_2_3 like Mac OS X) AppleWebKit/605.1.15 (KHTML, like Gecko) Version/13.0.3 Mobile/15E148 Safari/604.1"
66.249.66.77 - - [13/Mar/2026:17:27:30 +0300] "GET /?anhqt/f1155503.html HTTP/1.1" 200 24315 "-" "Mozilla/5.0 (Linux; Android 6.0.1; Nexus 5X Build/MMB29P) AppleWebKit/537.36 (KHTML, like Gecko) Chrome/145.0.7632.116 Mobile Safari/537.36 (compatible; GoogleOther)"
66.249.66.194 - - [13/Mar/2026:17:27:35 +0300] "GET /?shdsh/x2426323.html HTTP/1.1" 200 24811 "-" "Mozilla/5.0 (Linux; Android 6.0.1; Nexus 5X Build/MMB29P) AppleWebKit/537.36 (KHTML, like Gecko) Chrome/145.0.7632.116 Mobile Safari/537.36 (compatible; GoogleOther)"
66.249.66.32 - - [13/Mar/2026:17:30:31 +0300] "GET /?keass/w1366510.html HTTP/1.1" 200 24869 "-" "Mozilla/5.0 (Linux; Android 6.0.1; Nexus 5X Build/MMB29P) AppleWebKit/537.36 (KHTML, like Gecko) Chrome/145.0.7632.116 Mobile Safari/537.36 (compatible; GoogleOther)"
18.222.38.157 - - [13/Mar/2026:17:31:29 +0300] "POST / HTTP/1.1" 503 807 "-" "Mozilla/5.0 (X11; Linux x86_64) AppleWebKit/537.36 (KHTML, like Gecko) Chrome/131.0.0.0 Safari/537.36"
35.238.98.187 - - [13/Mar/2026:17:35:53 +0300] "GET / HTTP/2" 503 807 "http://www.paltutors.co.uk.luniascouringpads.com" "Mozilla/5.0 (compatible; CMS-Checker/1.0; +https://example.com)"
40.77.167.11 - - [13/Mar/2026:17:39:58 +0300] "GET /?nkmxe/o2172190.html HTTP/2" 200 24254 "-" "Mozilla/5.0 AppleWebKit/537.36 (KHTML, like Gecko; compatible; bingbot/2.0; +http://www.bing.com/bingbot.htm) Chrome/116.0.1938.76 Safari/537.36"
40.77.167.11 - - [13/Mar/2026:17:43:13 +0300] "GET /?vlxar/c2234604.html HTTP/2" 200 24246 "-" "Mozilla/5.0 AppleWebKit/537.36 (KHTML, like Gecko; compatible; bingbot/2.0; +http://www.bing.com/bingbot.htm) Chrome/116.0.1938.76 Safari/537.36"
136.119.16.239 - - [13/Mar/2026:17:43:42 +0300] "GET / HTTP/2" 200 72048 "http://paltutors.co.uk" "Mozilla/5.0 (compatible; CMS-Checker/1.0; +https://example.com)"
40.77.167.11 - - [13/Mar/2026:17:44:53 +0300] "GET /?lgkdp/b95817.html HTTP/2" 200 24345 "-" "Mozilla/5.0 AppleWebKit/537.36 (KHTML, like Gecko; compatible; bingbot/2.0; +http://www.bing.com/bingbot.htm) Chrome/116.0.1938.76 Safari/537.36"
66.249.66.195 - - [13/Mar/2026:17:24:12 +0300] "GET /?ehaju/q2550050.html HTTP/1.1" 200 24116 "-" "Mozilla/5.0 (Linux; Android 6.0.1; Nexus 5X Build/MMB29P) AppleWebKit/537.36 (KHTML, like Gecko) Chrome/145.0.7632.116 Mobile Safari/537.36 (compatible; GoogleOther)"
66.249.66.14 - - [13/Mar/2026:17:24:19 +0300] "GET /?tsmwi/i1217074.html HTTP/1.1" 200 24059 "-" "Mozilla/5.0 (Linux; Android 6.0.1; Nexus 5X Build/MMB29P) AppleWebKit/537.36 (KHTML, like Gecko) Chrome/145.0.7632.116 Mobile Safari/537.36 (compatible; GoogleOther)"
74.7.244.37 - - [13/Mar/2026:17:24:33 +0300] "GET /robots.txt HTTP/2" 200 70 "-" "Mozilla/5.0 (Macintosh; Intel Mac OS X 10_15_7) AppleWebKit/537.36 (KHTML, like Gecko) Chrome/131.0.0.0 Safari/537.36; compatible; OAI-SearchBot/1.3; robots.txt; +https://openai.com/searchbot"
66.249.66.194 - - [13/Mar/2026:17:24:47 +0300] "GET /?dblvu/w2116038.html HTTP/1.1" 200 24565 "-" "Mozilla/5.0 (Linux; Android 6.0.1; Nexus 5X Build/MMB29P) AppleWebKit/537.36 (KHTML, like Gecko) Chrome/145.0.7632.116 Mobile Safari/537.36 (compatible; GoogleOther)"
52.167.144.220 - - [13/Mar/2026:17:27:52 +0300] "GET /?dmrab/n670897.html HTTP/2" 200 25201 "-" "Mozilla/5.0 AppleWebKit/537.36 (KHTML, like Gecko; compatible; bingbot/2.0; +http://www.bing.com/bingbot.htm) Chrome/116.0.1938.76 Safari/537.36"
40.77.167.158 - - [13/Mar/2026:17:34:47 +0300] "GET /?iwyds/i777258.html HTTP/2" 503 807 "-" "Mozilla/5.0 AppleWebKit/537.36 (KHTML, like Gecko; compatible; bingbot/2.0; +http://www.bing.com/bingbot.htm) Chrome/116.0.1938.76 Safari/537.36"
207.46.13.6 - - [13/Mar/2026:17:35:12 +0300] "GET /?jqexm/f1914781.html HTTP/2" 503 807 "-" "Mozilla/5.0 AppleWebKit/537.36 (KHTML, like Gecko; compatible; bingbot/2.0; +http://www.bing.com/bingbot.htm) Chrome/116.0.1938.76 Safari/537.36"
35.238.98.187 - - [13/Mar/2026:17:35:52 +0300] "GET / HTTP/2" 503 807 "http://www.paltutors.co.uk" "Mozilla/5.0 (compatible; CMS-Checker/1.0; +https://example.com)"
207.46.13.6 - - [13/Mar/2026:17:38:42 +0300] "GET /?bdcmu/n189611.html HTTP/2" 200 24117 "-" "Mozilla/5.0 AppleWebKit/537.36 (KHTML, like Gecko; compatible; bingbot/2.0; +http://www.bing.com/bingbot.htm) Chrome/116.0.1938.76 Safari/537.36"
207.46.13.6 - - [13/Mar/2026:17:38:52 +0300] "GET /?cfgcr/r2648227.html HTTP/2" 200 25234 "-" "Mozilla/5.0 AppleWebKit/537.36 (KHTML, like Gecko; compatible; bingbot/2.0; +http://www.bing.com/bingbot.htm) Chrome/116.0.1938.76 Safari/537.36"
40.77.167.11 - - [13/Mar/2026:17:42:43 +0300] "GET /?xwbtu/r828669.html HTTP/2" 200 24470 "-" "Mozilla/5.0 AppleWebKit/537.36 (KHTML, like Gecko; compatible; bingbot/2.0; +http://www.bing.com/bingbot.htm) Chrome/116.0.1938.76 Safari/537.36"
157.55.39.58 - - [13/Mar/2026:17:42:53 +0300] "GET /?okrns/n1628737.html HTTP/2" 200 24802 "-" "Mozilla/5.0 AppleWebKit/537.36 (KHTML, like Gecko; compatible; bingbot/2.0; +http://www.bing.com/bingbot.htm) Chrome/116.0.1938.76 Safari/537.36"
66.249.66.78 - - [13/Mar/2026:17:43:10 +0300] "GET /?ljlzy/s1110900.html HTTP/1.1" 200 25050 "-" "Mozilla/5.0 (Linux; Android 6.0.1; Nexus 5X Build/MMB29P) AppleWebKit/537.36 (KHTML, like Gecko) Chrome/145.0.7632.116 Mobile Safari/537.36 (compatible; GoogleOther)"
66.249.66.169 - - [13/Mar/2026:17:43:16 +0300] "GET /?saulu/d1180851.html HTTP/1.1" 200 24212 "-" "Mozilla/5.0 (Linux; Android 6.0.1; Nexus 5X Build/MMB29P) AppleWebKit/537.36 (KHTML, like Gecko) Chrome/145.0.7632.116 Mobile Safari/537.36 (compatible; GoogleOther)"
66.249.66.194 - - [13/Mar/2026:17:44:29 +0300] "GET /?pkszx/h1425619.html HTTP/1.1" 200 24452 "-" "Mozilla/5.0 (Linux; Android 6.0.1; Nexus 5X Build/MMB29P) AppleWebKit/537.36 (KHTML, like Gecko) Chrome/145.0.7632.116 Mobile Safari/537.36 (compatible; GoogleOther)"
207.46.13.6 - - [13/Mar/2026:17:40:12 +0300] "GET /?regsd/y1367136.html HTTP/2" 200 25149 "-" "Mozilla/5.0 AppleWebKit/537.36 (KHTML, like Gecko; compatible; bingbot/2.0; +http://www.bing.com/bingbot.htm) Chrome/116.0.1938.76 Safari/537.36"
207.46.13.6 - - [13/Mar/2026:17:40:31 +0300] "GET /?zvdfz/s1835442.html HTTP/2" 200 25348 "-" "Mozilla/5.0 AppleWebKit/537.36 (KHTML, like Gecko; compatible; bingbot/2.0; +http://www.bing.com/bingbot.htm) Chrome/116.0.1938.76 Safari/537.36"
102.212.247.146 - - [13/Mar/2026:17:40:58 +0300] "POST /wp-cron.php?doing_wp_cron=1773412858.0207331180572509765625 HTTP/1.1" 403 787 "-" "WordPress/6.9.1; https://paltutors.co.uk"
40.77.167.158 - - [13/Mar/2026:17:42:23 +0300] "GET /?pakdd/v1090883.html HTTP/2" 200 24603 "-" "Mozilla/5.0 AppleWebKit/537.36 (KHTML, like Gecko; compatible; bingbot/2.0; +http://www.bing.com/bingbot.htm) Chrome/116.0.1938.76 Safari/537.36"
40.77.167.158 - - [13/Mar/2026:17:42:24 +0300] "GET /?menur/g1663960.html HTTP/2" 200 25244 "-" "Mozilla/5.0 AppleWebKit/537.36 (KHTML, like Gecko; compatible; bingbot/2.0; +http://www.bing.com/bingbot.htm) Chrome/116.0.1938.76 Safari/537.36"
40.77.167.158 - - [13/Mar/2026:17:42:47 +0300] "GET /?atnoa/m263892.html HTTP/2" 200 24748 "-" "Mozilla/5.0 AppleWebKit/537.36 (KHTML, like Gecko; compatible; bingbot/2.0; +http://www.bing.com/bingbot.htm) Chrome/116.0.1938.76 Safari/537.36"
40.77.167.158 - - [13/Mar/2026:17:42:49 +0300] "GET /?lebjn/z199893.html HTTP/2" 200 24870 "-" "Mozilla/5.0 AppleWebKit/537.36 (KHTML, like Gecko; compatible; bingbot/2.0; +http://www.bing.com/bingbot.htm) Chrome/116.0.1938.76 Safari/537.36"
66.249.66.14 - - [13/Mar/2026:17:43:04 +0300] "GET /?iomgh/v233455.html HTTP/1.1" 200 23937 "-" "Mozilla/5.0 (Linux; Android 6.0.1; Nexus 5X Build/MMB29P) AppleWebKit/537.36 (KHTML, like Gecko) Chrome/145.0.7632.116 Mobile Safari/537.36 (compatible; GoogleOther)"
102.212.247.146 - - [13/Mar/2026:17:43:16 +0300] "POST /wp-cron.php?doing_wp_cron=1773412996.5159668922424316406250 HTTP/1.1" 403 787 "-" "WordPress/6.9.1; https://paltutors.co.uk"
66.249.66.168 - - [13/Mar/2026:17:43:30 +0300] "GET /?shop/pg/1005024010 HTTP/1.1" 200 24468 "-" "Mozilla/5.0 (Linux; Android 6.0.1; Nexus 5X Build/MMB29P) AppleWebKit/537.36 (KHTML, like Gecko) Chrome/145.0.7632.116 Mobile Safari/537.36 (compatible; GoogleOther)"
207.46.13.64 - - [13/Mar/2026:17:22:11 +0300] "GET /?bimeo/x81981.html HTTP/2" 503 807 "-" "Mozilla/5.0 AppleWebKit/537.36 (KHTML, like Gecko; compatible; bingbot/2.0; +http://www.bing.com/bingbot.htm) Chrome/116.0.1938.76 Safari/537.36"
207.46.13.64 - - [13/Mar/2026:17:22:12 +0300] "GET /?yhbhm/x2982125.html HTTP/2" 503 807 "-" "Mozilla/5.0 AppleWebKit/537.36 (KHTML, like Gecko; compatible; bingbot/2.0; +http://www.bing.com/bingbot.htm) Chrome/116.0.1938.76 Safari/537.36"
40.77.167.38 - - [13/Mar/2026:17:23:52 +0300] "GET /?nkzoa/c1797102.html HTTP/2" 200 24838 "-" "Mozilla/5.0 AppleWebKit/537.36 (KHTML, like Gecko; compatible; bingbot/2.0; +http://www.bing.com/bingbot.htm) Chrome/116.0.1938.76 Safari/537.36"
40.77.167.38 - - [13/Mar/2026:17:27:13 +0300] "GET /?lgdyp/x2086139.html HTTP/2" 200 24126 "-" "Mozilla/5.0 AppleWebKit/537.36 (KHTML, like Gecko; compatible; bingbot/2.0; +http://www.bing.com/bingbot.htm) Chrome/116.0.1938.76 Safari/537.36"
18.222.38.157 - - [13/Mar/2026:17:31:04 +0300] "GET / HTTP/1.1" 200 0 "-" "Mozilla/5.0 (X11; Linux x86_64) AppleWebKit/537.36 (KHTML, like Gecko) Chrome/131.0.0.0 Safari/537.36"
40.77.167.38 - - [13/Mar/2026:17:32:07 +0300] "GET /?wzcbv/d512339.html HTTP/2" 503 807 "-" "Mozilla/5.0 AppleWebKit/537.36 (KHTML, like Gecko; compatible; bingbot/2.0; +http://www.bing.com/bingbot.htm) Chrome/116.0.1938.76 Safari/537.36"
102.212.247.146 - - [13/Mar/2026:17:38:37 +0300] "POST /wp-cron.php?doing_wp_cron=1773412716.1481029987335205078125 HTTP/1.1" 403 787 "-" "WordPress/6.9.1; https://paltutors.co.uk"
40.77.167.11 - - [13/Mar/2026:17:38:43 +0300] "GET /?yxjmu/q2650410.html HTTP/2" 200 24877 "-" "Mozilla/5.0 AppleWebKit/537.36 (KHTML, like Gecko; compatible; bingbot/2.0; +http://www.bing.com/bingbot.htm) Chrome/116.0.1938.76 Safari/537.36"
52.167.144.24 - - [13/Mar/2026:17:21:25 +0300] "GET /?nibrw/g404806.html HTTP/2" 200 0 "-" "Mozilla/5.0 AppleWebKit/537.36 (KHTML, like Gecko; compatible; bingbot/2.0; +http://www.bing.com/bingbot.htm) Chrome/116.0.1938.76 Safari/537.36"
207.46.13.64 - - [13/Mar/2026:17:22:31 +0300] "GET /?fbzir/b2772621.html HTTP/2" 200 25098 "-" "Mozilla/5.0 AppleWebKit/537.36 (KHTML, like Gecko; compatible; bingbot/2.0; +http://www.bing.com/bingbot.htm) Chrome/116.0.1938.76 Safari/537.36"
40.77.167.55 - - [13/Mar/2026:17:22:21 +0300] "GET /?nhdux/l1515947.html HTTP/2" 200 0 "-" "Mozilla/5.0 AppleWebKit/537.36 (KHTML, like Gecko; compatible; bingbot/2.0; +http://www.bing.com/bingbot.htm) Chrome/116.0.1938.76 Safari/537.36"
40.77.167.55 - - [13/Mar/2026:17:23:21 +0300] "GET /?oznbx/r711539.html HTTP/2" 200 25121 "-" "Mozilla/5.0 AppleWebKit/537.36 (KHTML, like Gecko; compatible; bingbot/2.0; +http://www.bing.com/bingbot.htm) Chrome/116.0.1938.76 Safari/537.36"
66.249.66.14 - - [13/Mar/2026:17:23:35 +0300] "GET /?rewka/o1951788.html HTTP/1.1" 200 23962 "-" "Mozilla/5.0 (Linux; Android 6.0.1; Nexus 5X Build/MMB29P) AppleWebKit/537.36 (KHTML, like Gecko) Chrome/145.0.7632.116 Mobile Safari/537.36 (compatible; GoogleOther)"
66.249.66.32 - - [13/Mar/2026:17:24:42 +0300] "GET /?nvhhz/y3025936.html HTTP/1.1" 200 24559 "-" "Mozilla/5.0 (Linux; Android 6.0.1; Nexus 5X Build/MMB29P) AppleWebKit/537.36 (KHTML, like Gecko) Chrome/145.0.7632.116 Mobile Safari/537.36 (compatible; GoogleOther)"
66.249.66.14 - - [13/Mar/2026:17:28:59 +0300] "GET /?cikwn/q507256.html HTTP/1.1" 200 24438 "-" "Mozilla/5.0 (Linux; Android 6.0.1; Nexus 5X Build/MMB29P) AppleWebKit/537.36 (KHTML, like Gecko) Chrome/145.0.7632.116 Mobile Safari/537.36 (compatible; GoogleOther)"
207.46.13.6 - - [13/Mar/2026:17:31:22 +0300] "GET /?ftfgi/u362336.html HTTP/2" 503 807 "-" "Mozilla/5.0 AppleWebKit/537.36 (KHTML, like Gecko; compatible; bingbot/2.0; +http://www.bing.com/bingbot.htm) Chrome/116.0.1938.76 Safari/537.36"
40.77.167.38 - - [13/Mar/2026:17:33:43 +0300] "GET /?vynix/d1495503.html HTTP/2" 200 25247 "-" "Mozilla/5.0 AppleWebKit/537.36 (KHTML, like Gecko; compatible; bingbot/2.0; +http://www.bing.com/bingbot.htm) Chrome/116.0.1938.76 Safari/537.36"
66.249.66.33 - - [13/Mar/2026:17:32:34 +0300] "GET /?jmnbo/f2860843.html HTTP/1.1" 500 384 "-" "Mozilla/5.0 (Linux; Android 6.0.1; Nexus 5X Build/MMB29P) AppleWebKit/537.36 (KHTML, like Gecko) Chrome/145.0.7632.116 Mobile Safari/537.36 (compatible; GoogleOther)"
40.77.167.11 - - [13/Mar/2026:17:40:56 +0300] "GET /?opqye/t2116191.html HTTP/2" 200 24779 "-" "Mozilla/5.0 AppleWebKit/537.36 (KHTML, like Gecko; compatible; bingbot/2.0; +http://www.bing.com/bingbot.htm) Chrome/116.0.1938.76 Safari/537.36"
136.144.43.145 - - [13/Mar/2026:17:42:51 +0300] "POST /wp-login.php HTTP/1.1" 200 10041 "-" "Mozilla/5.0"
66.249.66.32 - - [13/Mar/2026:17:43:24 +0300] "GET /?dypkt/n630181.html HTTP/1.1" 200 24705 "-" "Mozilla/5.0 (Linux; Android 6.0.1; Nexus 5X Build/MMB29P) AppleWebKit/537.36 (KHTML, like Gecko) Chrome/145.0.7632.116 Mobile Safari/537.36 (compatible; GoogleOther)"
40.77.167.11 - - [13/Mar/2026:17:43:43 +0300] "GET /?ffjtb/z2380201.html HTTP/2" 200 24530 "-" "Mozilla/5.0 AppleWebKit/537.36 (KHTML, like Gecko; compatible; bingbot/2.0; +http://www.bing.com/bingbot.htm) Chrome/116.0.1938.76 Safari/537.36"
66.249.66.32 - - [13/Mar/2026:17:43:50 +0300] "GET /?bbfsp/r1407819.html HTTP/1.1" 200 24276 "-" "Mozilla/5.0 (Linux; Android 6.0.1; Nexus 5X Build/MMB29P) AppleWebKit/537.36 (KHTML, like Gecko) Chrome/145.0.7632.116 Mobile Safari/537.36 (compatible; GoogleOther)"
40.77.167.11 - - [13/Mar/2026:17:44:03 +0300] "GET /?hqfcb/r1860505.html HTTP/2" 200 24224 "-" "Mozilla/5.0 AppleWebKit/537.36 (KHTML, like Gecko; compatible; bingbot/2.0; +http://www.bing.com/bingbot.htm) Chrome/116.0.1938.76 Safari/537.36"
66.249.66.32 - - [13/Mar/2026:17:43:54 +0300] "GET /?vgeeu/e2452590.html HTTP/1.1" 200 24212 "-" "Mozilla/5.0 (Linux; Android 6.0.1; Nexus 5X Build/MMB29P) AppleWebKit/537.36 (KHTML, like Gecko) Chrome/145.0.7632.116 Mobile Safari/537.36 (compatible; GoogleOther)"
52.167.144.232 - - [13/Mar/2026:17:46:54 +0300] "GET /?akjdx/q1280834.html HTTP/2" 200 25431 "-" "Mozilla/5.0 AppleWebKit/537.36 (KHTML, like Gecko; compatible; bingbot/2.0; +http://www.bing.com/bingbot.htm) Chrome/116.0.1938.76 Safari/537.36"
157.55.39.58 - - [13/Mar/2026:17:48:02 +0300] "GET /?kqfro/a845084.html HTTP/2" 200 24210 "-" "Mozilla/5.0 AppleWebKit/537.36 (KHTML, like Gecko; compatible; bingbot/2.0; +http://www.bing.com/bingbot.htm) Chrome/116.0.1938.76 Safari/537.36"
52.167.144.195 - - [13/Mar/2026:17:48:04 +0300] "GET /?ezidc/a568288.html HTTP/2" 200 24649 "-" "Mozilla/5.0 AppleWebKit/537.36 (KHTML, like Gecko; compatible; bingbot/2.0; +http://www.bing.com/bingbot.htm) Chrome/116.0.1938.76 Safari/537.36"
66.249.66.14 - - [13/Mar/2026:17:49:27 +0300] "GET /?opjdm/v435917.html HTTP/1.1" 200 24418 "-" "Mozilla/5.0 (Linux; Android 6.0.1; Nexus 5X Build/MMB29P) AppleWebKit/537.36 (KHTML, like Gecko) Chrome/145.0.7632.116 Mobile Safari/537.36 (compatible; GoogleOther)"
20.15.133.175 - - [13/Mar/2026:17:46:59 +0300] "GET /?urmhb/e2587868.html HTTP/2" 200 24449 "-" "Mozilla/5.0 AppleWebKit/537.36 (KHTML, like Gecko; compatible; bingbot/2.0; +http://www.bing.com/bingbot.htm) Chrome/116.0.1938.76 Safari/537.36"
54.184.226.94 - - [13/Mar/2026:17:46:55 +0300] "GET /?rnd=1773413209453 HTTP/1.1" 200 28849 "http://paltutors.co.uk/?rnd=1773413209453" "GoDaddy-UptimeMonitoring"
102.212.247.146 - - [13/Mar/2026:17:47:00 +0300] "POST /wp-cron.php?doing_wp_cron=1773413220.8702139854431152343750 HTTP/1.1" 403 787 "-" "WordPress/6.9.1; https://paltutors.co.uk"
102.212.247.146 - - [13/Mar/2026:17:50:37 +0300] "POST /wp-cron.php?doing_wp_cron=1773413437.1980559825897216796875 HTTP/1.1" 403 787 "-" "WordPress/6.9.1; https://paltutors.co.uk"
35.226.205.165 - - [13/Mar/2026:17:50:32 +0300] "GET /.env HTTP/2" 200 14892 "-" "Mozilla/5.0 (Macintosh; Intel Mac OS X 10_15_7) AppleWebKit/537.36 (KHTML, like Gecko) Chrome/142.0.0.0 Safari/537.36"
66.249.66.34 - - [13/Mar/2026:17:45:28 +0300] "GET /?jthuw/m2121956.html HTTP/1.1" 200 24671 "-" "Mozilla/5.0 (Linux; Android 6.0.1; Nexus 5X Build/MMB29P) AppleWebKit/537.36 (KHTML, like Gecko) Chrome/145.0.7632.116 Mobile Safari/537.36 (compatible; GoogleOther)"
52.167.144.195 - - [13/Mar/2026:17:46:58 +0300] "GET /?xuyaj/s2534946.html HTTP/2" 200 24384 "-" "Mozilla/5.0 AppleWebKit/537.36 (KHTML, like Gecko; compatible; bingbot/2.0; +http://www.bing.com/bingbot.htm) Chrome/116.0.1938.76 Safari/537.36"
52.167.144.232 - - [13/Mar/2026:17:48:07 +0300] "GET /?agvww/m158332.html HTTP/2" 200 25387 "-" "Mozilla/5.0 AppleWebKit/537.36 (KHTML, like Gecko; compatible; bingbot/2.0; +http://www.bing.com/bingbot.htm) Chrome/116.0.1938.76 Safari/537.36"
52.167.144.195 - - [13/Mar/2026:17:50:44 +0300] "GET /?atcoy/x209485.html HTTP/2" 200 24594 "-" "Mozilla/5.0 AppleWebKit/537.36 (KHTML, like Gecko; compatible; bingbot/2.0; +http://www.bing.com/bingbot.htm) Chrome/116.0.1938.76 Safari/537.36"
52.167.144.195 - - [13/Mar/2026:17:52:14 +0300] "GET /?glewk/r973307.html HTTP/2" 200 24501 "-" "Mozilla/5.0 AppleWebKit/537.36 (KHTML, like Gecko; compatible; bingbot/2.0; +http://www.bing.com/bingbot.htm) Chrome/116.0.1938.76 Safari/537.36"
157.55.39.58 - - [13/Mar/2026:17:46:32 +0300] "GET /?rhmep/d1582941.html HTTP/2" 200 24631 "-" "Mozilla/5.0 AppleWebKit/537.36 (KHTML, like Gecko; compatible; bingbot/2.0; +http://www.bing.com/bingbot.htm) Chrome/116.0.1938.76 Safari/537.36"
66.249.66.14 - - [13/Mar/2026:17:47:11 +0300] "GET /?vnqtb/i2157910.html HTTP/1.1" 200 24254 "-" "Mozilla/5.0 (Linux; Android 6.0.1; Nexus 5X Build/MMB29P) AppleWebKit/537.36 (KHTML, like Gecko) Chrome/145.0.7632.116 Mobile Safari/537.36 (compatible; GoogleOther)"
66.249.66.194 - - [13/Mar/2026:17:48:17 +0300] "GET /?pjhqg/s1094104.html HTTP/1.1" 200 25321 "-" "Mozilla/5.0 (Linux; Android 6.0.1; Nexus 5X Build/MMB29P) AppleWebKit/537.36 (KHTML, like Gecko) Chrome/145.0.7632.116 Mobile Safari/537.36 (compatible; GoogleOther)"
66.249.66.33 - - [13/Mar/2026:17:47:27 +0300] "GET /?ybbcb/h1587963.html HTTP/1.1" 200 24949 "-" "Mozilla/5.0 (Linux; Android 6.0.1; Nexus 5X Build/MMB29P) AppleWebKit/537.36 (KHTML, like Gecko) Chrome/145.0.7632.116 Mobile Safari/537.36 (compatible; GoogleOther)"
52.167.144.232 - - [13/Mar/2026:17:48:24 +0300] "GET /?xxlvp/u94432.html HTTP/2" 200 25200 "-" "Mozilla/5.0 AppleWebKit/537.36 (KHTML, like Gecko; compatible; bingbot/2.0; +http://www.bing.com/bingbot.htm) Chrome/116.0.1938.76 Safari/537.36"
66.249.66.32 - - [13/Mar/2026:17:49:22 +0300] "GET /?klqkd/f1306745.html HTTP/1.1" 200 25188 "-" "Mozilla/5.0 (Linux; Android 6.0.1; Nexus 5X Build/MMB29P) AppleWebKit/537.36 (KHTML, like Gecko) Chrome/145.0.7632.116 Mobile Safari/537.36 (compatible; GoogleOther)"
66.249.66.15 - - [13/Mar/2026:17:50:56 +0300] "GET /?frzed/v1377897.html HTTP/1.1" 200 24275 "-" "Mozilla/5.0 (Linux; Android 6.0.1; Nexus 5X Build/MMB29P) AppleWebKit/537.36 (KHTML, like Gecko) Chrome/145.0.7632.116 Mobile Safari/537.36 (compatible; GoogleOther)"
157.55.39.58 - - [13/Mar/2026:17:51:53 +0300] "GET /?zdvij/s2920292.html HTTP/2" 200 24640 "-" "Mozilla/5.0 AppleWebKit/537.36 (KHTML, like Gecko; compatible; bingbot/2.0; +http://www.bing.com/bingbot.htm) Chrome/116.0.1938.76 Safari/537.36"
66.249.66.196 - - [13/Mar/2026:17:51:26 +0300] "GET /?shzjf/s856100.html HTTP/1.1" 200 25439 "-" "Mozilla/5.0 (Linux; Android 6.0.1; Nexus 5X Build/MMB29P) AppleWebKit/537.36 (KHTML, like Gecko) Chrome/145.0.7632.116 Mobile Safari/537.36 (compatible; GoogleOther)"
66.249.66.14 - - [13/Mar/2026:17:45:32 +0300] "GET /?wyzvt/l1131121.html HTTP/1.1" 200 24638 "-" "Mozilla/5.0 (Linux; Android 6.0.1; Nexus 5X Build/MMB29P) AppleWebKit/537.36 (KHTML, like Gecko) Chrome/145.0.7632.116 Mobile Safari/537.36 (compatible; GoogleOther)"
102.212.247.146 - - [13/Mar/2026:17:47:03 +0300] "POST /wp-cron.php?doing_wp_cron=1773413223.6042909622192382812500 HTTP/1.1" 403 787 "-" "WordPress/6.9.1; https://paltutors.co.uk"
54.184.226.94 - - [13/Mar/2026:17:47:00 +0300] "GET /?rnd=1773413213958 HTTP/1.1" 200 198 "http://www.paltutors.co.uk/?rnd=1773413213958" "GoDaddy-UptimeMonitoring"
66.249.66.14 - - [13/Mar/2026:17:48:27 +0300] "GET /?dmfsn/a344298.html HTTP/1.1" 200 24516 "-" "Mozilla/5.0 (Linux; Android 6.0.1; Nexus 5X Build/MMB29P) AppleWebKit/537.36 (KHTML, like Gecko) Chrome/145.0.7632.116 Mobile Safari/537.36 (compatible; GoogleOther)"
157.55.39.58 - - [13/Mar/2026:17:48:33 +0300] "GET /?wtmlm/n931521.html HTTP/2" 200 25674 "-" "Mozilla/5.0 AppleWebKit/537.36 (KHTML, like Gecko; compatible; bingbot/2.0; +http://www.bing.com/bingbot.htm) Chrome/116.0.1938.76 Safari/537.36"
66.249.66.168 - - [13/Mar/2026:17:49:57 +0300] "GET /?hqmsp/n709949.html HTTP/1.1" 200 25725 "-" "Mozilla/5.0 (Linux; Android 6.0.1; Nexus 5X Build/MMB29P) AppleWebKit/537.36 (KHTML, like Gecko) Chrome/145.0.7632.116 Mobile Safari/537.36 (compatible; GoogleOther)"
66.249.66.32 - - [13/Mar/2026:17:45:58 +0300] "GET /?aaxnu/q320810.html HTTP/1.1" 200 24543 "-" "Mozilla/5.0 (Linux; Android 6.0.1; Nexus 5X Build/MMB29P) AppleWebKit/537.36 (KHTML, like Gecko) Chrome/145.0.7632.116 Mobile Safari/537.36 (compatible; GoogleOther)"
20.15.133.175 - - [13/Mar/2026:17:46:39 +0300] "GET /?dgnqg/s700178.html HTTP/2" 200 24596 "-" "Mozilla/5.0 AppleWebKit/537.36 (KHTML, like Gecko; compatible; bingbot/2.0; +http://www.bing.com/bingbot.htm) Chrome/116.0.1938.76 Safari/537.36"
66.249.66.33 - - [13/Mar/2026:17:46:40 +0300] "GET /?fbvee/e1509102.html HTTP/1.1" 200 24374 "-" "Mozilla/5.0 (Linux; Android 6.0.1; Nexus 5X Build/MMB29P) AppleWebKit/537.36 (KHTML, like Gecko) Chrome/145.0.7632.116 Mobile Safari/537.36 (compatible; GoogleOther)"
66.249.66.77 - - [13/Mar/2026:17:46:58 +0300] "GET /?kulot/g113736.html HTTP/1.1" 200 24947 "-" "Mozilla/5.0 (Linux; Android 6.0.1; Nexus 5X Build/MMB29P) AppleWebKit/537.36 (KHTML, like Gecko) Chrome/145.0.7632.116 Mobile Safari/537.36 (compatible; GoogleOther)"
20.15.133.174 - - [13/Mar/2026:17:47:38 +0300] "GET /?vmewr/t2649035.html HTTP/2" 200 24162 "-" "Mozilla/5.0 AppleWebKit/537.36 (KHTML, like Gecko; compatible; bingbot/2.0; +http://www.bing.com/bingbot.htm) Chrome/116.0.1938.76 Safari/537.36"
52.167.144.195 - - [13/Mar/2026:17:49:33 +0300] "GET /?givzj/k3021268.html HTTP/2" 200 24207 "-" "Mozilla/5.0 AppleWebKit/537.36 (KHTML, like Gecko; compatible; bingbot/2.0; +http://www.bing.com/bingbot.htm) Chrome/116.0.1938.76 Safari/537.36"
52.167.144.195 - - [13/Mar/2026:17:49:54 +0300] "GET /?giset/p1736301.html HTTP/2" 200 24504 "-" "Mozilla/5.0 AppleWebKit/537.36 (KHTML, like Gecko; compatible; bingbot/2.0; +http://www.bing.com/bingbot.htm) Chrome/116.0.1938.76 Safari/537.36"
52.167.144.195 - - [13/Mar/2026:17:46:36 +0300] "GET /?eemts/f568657.html HTTP/2" 200 24522 "-" "Mozilla/5.0 AppleWebKit/537.36 (KHTML, like Gecko; compatible; bingbot/2.0; +http://www.bing.com/bingbot.htm) Chrome/116.0.1938.76 Safari/537.36"
20.15.133.174 - - [13/Mar/2026:17:47:08 +0300] "GET /?dcwaq/s1692962.html HTTP/2" 200 24345 "-" "Mozilla/5.0 AppleWebKit/537.36 (KHTML, like Gecko; compatible; bingbot/2.0; +http://www.bing.com/bingbot.htm) Chrome/116.0.1938.76 Safari/537.36"
66.249.66.15 - - [13/Mar/2026:17:50:28 +0300] "GET /?yxqit/x1514503.html HTTP/1.1" 200 24173 "-" "Mozilla/5.0 (Linux; Android 6.0.1; Nexus 5X Build/MMB29P) AppleWebKit/537.36 (KHTML, like Gecko) Chrome/145.0.7632.116 Mobile Safari/537.36 (compatible; GoogleOther)"
66.249.66.1 - - [13/Mar/2026:17:51:01 +0300] "GET /?tnpzh/p197153.html HTTP/1.1" 200 24318 "-" "Mozilla/5.0 (Linux; Android 6.0.1; Nexus 5X Build/MMB29P) AppleWebKit/537.36 (KHTML, like Gecko) Chrome/145.0.7632.116 Mobile Safari/537.36 (compatible; GoogleOther)"
185.198.240.195 - - [13/Mar/2026:17:52:34 +0300] "POST /wp-login.php HTTP/1.1" 200 10088 "-" "Mozilla/5.0"
66.249.66.169 - - [13/Mar/2026:17:54:56 +0300] "GET /?kutzs/m986172.html HTTP/1.1" 200 24336 "-" "Mozilla/5.0 (Linux; Android 6.0.1; Nexus 5X Build/MMB29P) AppleWebKit/537.36 (KHTML, like Gecko) Chrome/145.0.7632.116 Mobile Safari/537.36 (compatible; GoogleOther)"
3.22.242.147 - - [13/Mar/2026:17:55:17 +0300] "GET / HTTP/1.1" 200 490933 "-" "Mozilla/5.0 (Windows NT 10.0; Win64; x64) AppleWebKit/537.36 (KHTML, like Gecko) Chrome/80.0.3987.149 Safari/537.36"
3.22.242.147 - - [13/Mar/2026:17:55:22 +0300] "GET //wp-includes/wlwmanifest.xml HTTP/1.1" 200 142161 "-" "Mozilla/5.0 (Windows NT 10.0; Win64; x64) AppleWebKit/537.36 (KHTML, like Gecko) Chrome/80.0.3987.149 Safari/537.36"
3.22.242.147 - - [13/Mar/2026:17:55:22 +0300] "GET //xmlrpc.php?rsd HTTP/1.1" 403 787 "-" "Mozilla/5.0 (Windows NT 10.0; Win64; x64) AppleWebKit/537.36 (KHTML, like Gecko) Chrome/80.0.3987.149 Safari/537.36"
3.22.242.147 - - [13/Mar/2026:17:55:22 +0300] "GET / HTTP/1.1" 200 490933 "-" "Mozilla/5.0 (Windows NT 10.0; Win64; x64) AppleWebKit/537.36 (KHTML, like Gecko) Chrome/80.0.3987.149 Safari/537.36"
3.22.242.147 - - [13/Mar/2026:17:55:27 +0300] "GET //?author=1 HTTP/1.1" 200 937 "-" "Mozilla/5.0 (Windows NT 10.0; Win64; x64) AppleWebKit/537.36 (KHTML, like Gecko) Chrome/80.0.3987.149 Safari/537.36"
3.22.242.147 - - [13/Mar/2026:17:55:29 +0300] "GET //?author=2 HTTP/1.1" 200 937 "-" "Mozilla/5.0 (Windows NT 10.0; Win64; x64) AppleWebKit/537.36 (KHTML, like Gecko) Chrome/80.0.3987.149 Safari/537.36"
3.22.242.147 - - [13/Mar/2026:17:55:31 +0300] "GET //wp-json/wp/v2/users/ HTTP/1.1" 200 4100 "-" "Mozilla/5.0 (Windows NT 10.0; Win64; x64) AppleWebKit/537.36 (KHTML, like Gecko) Chrome/80.0.3987.149 Safari/537.36"
3.22.242.147 - - [13/Mar/2026:17:55:34 +0300] "POST //xmlrpc.php HTTP/1.1" 403 787 "-" "Mozilla/5.0 (Windows NT 10.0; Win64; x64) AppleWebKit/537.36 (KHTML, like Gecko) Chrome/80.0.3987.149 Safari/537.36"
66.249.66.15 - - [13/Mar/2026:17:55:57 +0300] "GET /robots.txt HTTP/1.1" 200 70 "-" "Mozilla/5.0 (compatible; Googlebot/2.1; +http://www.google.com/bot.html)"
4.204.200.32 - - [13/Mar/2026:17:56:43 +0300] "GET /wp-content/plugins/hellopress/wp_filemanager.php HTTP/1.1" 200 74782 "-" "-"
4.204.200.32 - - [13/Mar/2026:17:56:47 +0300] "GET /z.php HTTP/1.1" 200 60830 "-" "-"
4.204.200.32 - - [13/Mar/2026:17:56:50 +0300] "GET /lala.php HTTP/1.1" 200 60852 "-" "-"
4.204.200.32 - - [13/Mar/2026:17:56:54 +0300] "GET /byp.php HTTP/1.1" 200 60846 "-" "-"
4.204.200.32 - - [13/Mar/2026:17:56:57 +0300] "GET /file.php HTTP/1.1" 200 60852 "-" "-"
4.204.200.32 - - [13/Mar/2026:17:57:00 +0300] "GET /8.php HTTP/1.1" 200 60830 "-" "-"
4.204.200.32 - - [13/Mar/2026:17:57:04 +0300] "GET /wp-content/uploads/index.php HTTP/1.1" 200 481 "-" "-"
4.204.200.32 - - [13/Mar/2026:17:57:07 +0300] "GET /edit.php HTTP/1.1" 200 60852 "-" "-"
4.204.200.32 - - [13/Mar/2026:17:57:11 +0300] "GET /byp8.php HTTP/1.1" 200 60852 "-" "-"
4.204.200.32 - - [13/Mar/2026:17:57:14 +0300] "GET /Ov-Simple1.php HTTP/1.1" 200 60896 "-" "-"
4.204.200.32 - - [13/Mar/2026:17:57:17 +0300] "GET /path.php HTTP/1.1" 200 60852 "-" "-"
4.204.200.32 - - [13/Mar/2026:17:57:21 +0300] "GET /revealability.php HTTP/1.1" 200 60918 "-" "-"
4.204.200.32 - - [13/Mar/2026:17:57:24 +0300] "GET /wp-includes/admin.php HTTP/1.1" 200 60956 "-" "-"
4.204.200.32 - - [13/Mar/2026:17:57:27 +0300] "GET /t.php HTTP/1.1" 200 60830 "-" "-"
4.204.200.32 - - [13/Mar/2026:17:57:30 +0300] "GET /wp-admin/css/index.php HTTP/1.1" 200 481 "-" "-"
4.204.200.32 - - [13/Mar/2026:17:57:33 +0300] "GET /333.php HTTP/1.1" 200 60846 "-" "-"
4.204.200.32 - - [13/Mar/2026:17:57:37 +0300] "GET /wp-content/admin.php HTTP/1.1" 200 60950 "-" "-"
4.204.200.32 - - [13/Mar/2026:17:57:40 +0300] "GET /ms.php HTTP/1.1" 200 60840 "-" "-"
4.204.200.32 - - [13/Mar/2026:17:57:43 +0300] "GET /wp-content/languages/plugins/index.php HTTP/1.1" 200 481 "-" "-"
4.204.200.32 - - [13/Mar/2026:17:57:45 +0300] "GET /wp-access.php HTTP/1.1" 200 60890 "-" "-"
4.204.200.32 - - [13/Mar/2026:17:57:52 +0300] "GET /kaza.php HTTP/1.1" 200 60852 "-" "-"
4.204.200.32 - - [13/Mar/2026:17:57:55 +0300] "GET /randkeyword.PhP7 HTTP/1.1" 200 60912 "-" "-"
4.204.200.32 - - [13/Mar/2026:17:58:00 +0300] "GET /file2.php HTTP/1.1" 200 60862 "-" "-"
4.204.200.32 - - [13/Mar/2026:17:58:04 +0300] "GET /environment.php HTTP/1.1" 200 60906 "-" "-"
66.249.66.14 - - [13/Mar/2026:17:58:08 +0300] "GET /?wncga/j2262171.html HTTP/1.1" 200 25397 "-" "Mozilla/5.0 (Linux; Android 6.0.1; Nexus 5X Build/MMB29P) AppleWebKit/537.36 (KHTML, like Gecko) Chrome/145.0.7632.116 Mobile Safari/537.36 (compatible; GoogleOther)"
4.204.200.32 - - [13/Mar/2026:17:58:07 +0300] "GET /wp-admin/css/colors/blue/file.php HTTP/1.1" 200 74678 "-" "-"
4.204.200.32 - - [13/Mar/2026:17:58:11 +0300] "GET /ah25.php HTTP/1.1" 200 60852 "-" "-"
4.204.200.32 - - [13/Mar/2026:17:58:14 +0300] "GET /bolt.php HTTP/1.1" 200 60852 "-" "-"
4.204.200.32 - - [13/Mar/2026:17:58:17 +0300] "GET /install.php HTTP/1.1" 200 60874 "-" "-"
4.204.200.32 - - [13/Mar/2026:17:58:20 +0300] "GET /cgi-bin/index.php HTTP/1.1" 404 796 "-" "-"
4.204.200.32 - - [13/Mar/2026:17:58:20 +0300] "GET /wp-admin/maint/index.php HTTP/1.1" 200 481 "-" "-"
4.204.200.32 - - [13/Mar/2026:17:58:23 +0300] "GET /666.php HTTP/1.1" 200 60846 "-" "-"
4.204.200.32 - - [13/Mar/2026:17:58:26 +0300] "GET /test.php HTTP/1.1" 200 60852 "-" "-"
4.204.200.32 - - [13/Mar/2026:17:58:29 +0300] "GET /sys.php HTTP/1.1" 200 60846 "-" "-"
4.204.200.32 - - [13/Mar/2026:17:58:33 +0300] "GET /1.php HTTP/1.1" 200 60830 "-" "-"
4.204.200.32 - - [13/Mar/2026:17:58:36 +0300] "GET /mamzi.php HTTP/1.1" 200 60862 "-" "-"
4.204.200.32 - - [13/Mar/2026:17:58:40 +0300] "GET /wp-feed.php HTTP/1.1" 200 481 "-" "-"
4.204.200.32 - - [13/Mar/2026:17:58:42 +0300] "GET /class.1.php HTTP/1.1" 200 60874 "-" "-"
4.204.200.32 - - [13/Mar/2026:17:58:49 +0300] "GET /xml.php HTTP/1.1" 200 60846 "-" "-"
4.204.200.32 - - [13/Mar/2026:17:58:52 +0300] "GET /as.php HTTP/1.1" 200 60840 "-" "-"
4.204.200.32 - - [13/Mar/2026:17:58:55 +0300] "GET /fun.php HTTP/1.1" 200 60846 "-" "-"
4.204.200.32 - - [13/Mar/2026:17:58:58 +0300] "GET /index.php HTTP/1.1" 200 481 "-" "-"
4.204.200.32 - - [13/Mar/2026:17:59:00 +0300] "GET /ee.php HTTP/1.1" 200 60840 "-" "-"
4.204.200.32 - - [13/Mar/2026:17:59:03 +0300] "GET /ccou.php HTTP/1.1" 200 60852 "-" "-"
4.204.200.32 - - [13/Mar/2026:17:59:06 +0300] "GET /sid3.php HTTP/1.1" 200 60852 "-" "-"
4.204.200.32 - - [13/Mar/2026:17:59:09 +0300] "GET /404.php HTTP/1.1" 200 60846 "-" "-"
4.204.200.32 - - [13/Mar/2026:17:59:14 +0300] "GET /packed.php HTTP/1.1" 200 60868 "-" "-"
4.204.200.32 - - [13/Mar/2026:17:59:17 +0300] "GET /file88.php HTTP/1.1" 200 60868 "-" "-"
4.204.200.32 - - [13/Mar/2026:17:59:20 +0300] "GET /ex.php HTTP/1.1" 200 60840 "-" "-"
4.204.200.32 - - [13/Mar/2026:17:59:24 +0300] "GET /yellow.php HTTP/1.1" 200 60868 "-" "-"
4.204.200.32 - - [13/Mar/2026:17:59:27 +0300] "GET /166.php HTTP/1.1" 200 60846 "-" "-"
4.204.200.32 - - [13/Mar/2026:17:59:30 +0300] "GET /wp-admin/user/index.php HTTP/1.1" 302 0 "-" "-"
4.204.200.32 - - [13/Mar/2026:17:59:33 +0300] "GET /wp-login.php?redirect_to=https%3A%2F%2Fpaltutors.co.uk%2Fwp-admin%2Fuser%2Findex.php&reauth=1 HTTP/1.1" 200 9794 "-" "-"
4.204.200.32 - - [13/Mar/2026:17:59:36 +0300] "GET /domains.php HTTP/1.1" 200 60874 "-" "-"
4.204.200.32 - - [13/Mar/2026:17:59:39 +0300] "GET /autoload_classmap.php HTTP/1.1" 200 60950 "-" "-"
4.204.200.32 - - [13/Mar/2026:17:59:42 +0300] "GET /kj.php HTTP/1.1" 200 60840 "-" "-"
4.204.200.32 - - [13/Mar/2026:17:59:47 +0300] "GET /txets.php HTTP/1.1" 200 60862 "-" "-"
4.204.200.32 - - [13/Mar/2026:17:59:51 +0300] "GET /222.php HTTP/1.1" 200 60846 "-" "-"
4.204.200.32 - - [13/Mar/2026:17:59:54 +0300] "GET /amax.php HTTP/1.1" 200 60852 "-" "-"
4.204.200.32 - - [13/Mar/2026:17:59:58 +0300] "GET /s.php HTTP/1.1" 200 60830 "-" "-"
4.204.200.32 - - [13/Mar/2026:18:00:00 +0300] "GET /wp-includes/customize/index.php HTTP/1.1" 200 481 "-" "-"
102.212.247.146 - - [13/Mar/2026:17:52:36 +0300] "POST /wp-cron.php?doing_wp_cron=1773413556.9204869270324707031250 HTTP/1.1" 403 787 "-" "WordPress/6.9.1; https://paltutors.co.uk"
66.249.66.168 - - [13/Mar/2026:17:54:18 +0300] "GET /?vjpve/e835234.html HTTP/1.1" 200 24304 "-" "Mozilla/5.0 (Linux; Android 6.0.1; Nexus 5X Build/MMB29P) AppleWebKit/537.36 (KHTML, like Gecko) Chrome/145.0.7632.116 Mobile Safari/537.36 (compatible; GoogleOther)"
52.167.144.232 - - [13/Mar/2026:17:55:55 +0300] "GET /?mqvmf/a959380.html HTTP/2" 200 24600 "-" "Mozilla/5.0 AppleWebKit/537.36 (KHTML, like Gecko; compatible; bingbot/2.0; +http://www.bing.com/bingbot.htm) Chrome/116.0.1938.76 Safari/537.36"
66.249.66.33 - - [13/Mar/2026:17:55:57 +0300] "GET /?ptkga/b1334561.html HTTP/1.1" 200 25811 "-" "Mozilla/5.0 (Linux; Android 6.0.1; Nexus 5X Build/MMB29P) AppleWebKit/537.36 (KHTML, like Gecko) Chrome/145.0.7632.116 Mobile Safari/537.36 (compatible; GoogleOther)"
66.249.66.78 - - [13/Mar/2026:17:57:55 +0300] "GET /?xytzq/t1621645.html HTTP/1.1" 200 24696 "-" "Mozilla/5.0 (Linux; Android 6.0.1; Nexus 5X Build/MMB29P) AppleWebKit/537.36 (KHTML, like Gecko) Chrome/145.0.7632.116 Mobile Safari/537.36 (compatible; GoogleOther)"
66.249.66.14 - - [13/Mar/2026:17:59:24 +0300] "GET /?sgmwd/s2862286.html HTTP/1.1" 200 24148 "-" "Mozilla/5.0 (Linux; Android 6.0.1; Nexus 5X Build/MMB29P) AppleWebKit/537.36 (KHTML, like Gecko) Chrome/145.0.7632.116 Mobile Safari/537.36 (compatible; GoogleOther)"
102.212.247.146 - - [13/Mar/2026:18:01:01 +0300] "POST /wp-cron.php?doing_wp_cron=1773414061.3772389888763427734375 HTTP/1.1" 403 787 "-" "WordPress/6.9.1; https://paltutors.co.uk"
3.0.176.233 - - [13/Mar/2026:18:03:21 +0300] "GET / HTTP/1.1" 200 198 "-" "Mozilla/5.0 (Macintosh; Intel Mac OS X 10_15_7) AppleWebKit/537.36 (KHTML, like Gecko) Chrome/131.0.0.0 Safari/537.36"
3.0.176.233 - - [13/Mar/2026:18:03:31 +0300] "POST / HTTP/1.1" 200 71913 "-" "Mozilla/5.0 (Macintosh; Intel Mac OS X 10_15_7) AppleWebKit/537.36 (KHTML, like Gecko) Chrome/131.0.0.0 Safari/537.36"
3.0.176.233 - - [13/Mar/2026:18:03:43 +0300] "POST / HTTP/1.1" 200 71912 "-" "Mozilla/5.0 (Macintosh; Intel Mac OS X 10_15_7) AppleWebKit/537.36 (KHTML, like Gecko) Chrome/131.0.0.0 Safari/537.36"
52.167.144.195 - - [13/Mar/2026:18:04:06 +0300] "GET /?dnyve/q2772428.html HTTP/2" 200 24109 "-" "Mozilla/5.0 AppleWebKit/537.36 (KHTML, like Gecko; compatible; bingbot/2.0; +http://www.bing.com/bingbot.htm) Chrome/116.0.1938.76 Safari/537.36"
52.167.144.195 - - [13/Mar/2026:18:04:06 +0300] "GET /?jqpgt/p1271213.html HTTP/2" 200 24917 "-" "Mozilla/5.0 AppleWebKit/537.36 (KHTML, like Gecko; compatible; bingbot/2.0; +http://www.bing.com/bingbot.htm) Chrome/116.0.1938.76 Safari/537.36"
3.0.176.233 - - [13/Mar/2026:18:03:56 +0300] "POST / HTTP/1.1" 200 71905 "-" "Mozilla/5.0 (Macintosh; Intel Mac OS X 10_15_7) AppleWebKit/537.36 (KHTML, like Gecko) Chrome/131.0.0.0 Safari/537.36"
207.46.13.151 - - [13/Mar/2026:18:06:14 +0300] "GET /?ochvn/m723208.html HTTP/2" 200 24521 "-" "Mozilla/5.0 AppleWebKit/537.36 (KHTML, like Gecko; compatible; bingbot/2.0; +http://www.bing.com/bingbot.htm) Chrome/116.0.1938.76 Safari/537.36"
52.167.144.195 - - [13/Mar/2026:18:06:26 +0300] "GET /?bxked/n1709857.html HTTP/2" 200 25310 "-" "Mozilla/5.0 AppleWebKit/537.36 (KHTML, like Gecko; compatible; bingbot/2.0; +http://www.bing.com/bingbot.htm) Chrome/116.0.1938.76 Safari/537.36"
52.167.144.195 - - [13/Mar/2026:18:06:36 +0300] "GET /?xyzsc/t429207.html HTTP/2" 200 24520 "-" "Mozilla/5.0 AppleWebKit/537.36 (KHTML, like Gecko; compatible; bingbot/2.0; +http://www.bing.com/bingbot.htm) Chrome/116.0.1938.76 Safari/537.36"
40.77.167.78 - - [13/Mar/2026:18:06:49 +0300] "GET /?mgsnn/q573400.html HTTP/2" 200 25275 "-" "Mozilla/5.0 AppleWebKit/537.36 (KHTML, like Gecko; compatible; bingbot/2.0; +http://www.bing.com/bingbot.htm) Chrome/116.0.1938.76 Safari/537.36"
102.212.247.146 - - [13/Mar/2026:17:55:21 +0300] "POST /wp-cron.php?doing_wp_cron=1773413721.3403539657592773437500 HTTP/1.1" 403 787 "-" "WordPress/6.9.1; https://paltutors.co.uk"
66.249.66.168 - - [13/Mar/2026:17:56:55 +0300] "GET /?sahnb/q2379958.html HTTP/1.1" 200 24483 "-" "Mozilla/5.0 (Linux; Android 6.0.1; Nexus 5X Build/MMB29P) AppleWebKit/537.36 (KHTML, like Gecko) Chrome/145.0.7632.116 Mobile Safari/537.36 (compatible; GoogleOther)"
102.212.247.146 - - [13/Mar/2026:17:57:52 +0300] "POST /wp-cron.php?doing_wp_cron=1773413872.1039509773254394531250 HTTP/1.1" 403 787 "-" "WordPress/6.9.1; https://paltutors.co.uk"
66.249.66.194 - - [13/Mar/2026:17:58:41 +0300] "GET /?bbtwf/k1528296.html HTTP/1.1" 200 24354 "-" "Mozilla/5.0 (Linux; Android 6.0.1; Nexus 5X Build/MMB29P) AppleWebKit/537.36 (KHTML, like Gecko) Chrome/145.0.7632.116 Mobile Safari/537.36 (compatible; GoogleOther)"
66.249.66.195 - - [13/Mar/2026:17:59:46 +0300] "GET /?yehtr/t453049.html HTTP/1.1" 200 24413 "-" "Mozilla/5.0 (Linux; Android 6.0.1; Nexus 5X Build/MMB29P) AppleWebKit/537.36 (KHTML, like Gecko) Chrome/145.0.7632.116 Mobile Safari/537.36 (compatible; GoogleOther)"
102.212.247.146 - - [13/Mar/2026:17:59:54 +0300] "POST /wp-cron.php?doing_wp_cron=1773413994.6722640991210937500000 HTTP/1.1" 403 787 "-" "WordPress/6.9.1; https://paltutors.co.uk"
66.249.66.32 - - [13/Mar/2026:17:59:55 +0300] "GET /?raudi/o2167042.html HTTP/1.1" 200 24657 "-" "Mozilla/5.0 (Linux; Android 6.0.1; Nexus 5X Build/MMB29P) AppleWebKit/537.36 (KHTML, like Gecko) Chrome/145.0.7632.116 Mobile Safari/537.36 (compatible; Googlebot/2.1; +http://www.google.com/bot.html)"
