141.98.11.181 - - [14/Mar/2026:00:27:35 +0300] "POST /wp-login.php HTTP/1.1" 200 0 "https://paltutors.co.uk/wp-login.php" "Mozilla/5.0 (X11; Linux x86_64) AppleWebKit/537.36 (KHTML, like Gecko) Chrome/93.0.4577.63 Safari/537.36"
57.141.18.115 - - [14/Mar/2026:00:27:49 +0300] "GET /?aksru/x2102883.html HTTP/2" 200 0 "-" "meta-externalagent/1.1 (+https://developers.facebook.com/docs/sharing/webmasters/crawler)"
66.249.66.194 - - [14/Mar/2026:00:29:05 +0300] "GET /?cpria/u191100.html HTTP/1.1" 200 24231 "-" "Mozilla/5.0 (Linux; Android 6.0.1; Nexus 5X Build/MMB29P) AppleWebKit/537.36 (KHTML, like Gecko) Chrome/145.0.7632.116 Mobile Safari/537.36 (compatible; GoogleOther)"
57.141.18.65 - - [14/Mar/2026:00:28:53 +0300] "GET /?qkrhd/k1027198.html HTTP/2" 200 0 "-" "meta-externalagent/1.1 (+https://developers.facebook.com/docs/sharing/webmasters/crawler)"
57.141.18.108 - - [14/Mar/2026:00:29:14 +0300] "GET /?eqmyn/n2363185.html HTTP/2" 200 0 "-" "meta-externalagent/1.1 (+https://developers.facebook.com/docs/sharing/webmasters/crawler)"
57.141.18.13 - - [14/Mar/2026:00:29:56 +0300] "GET /?citod/x2421721.html HTTP/2" 200 0 "-" "meta-externalagent/1.1 (+https://developers.facebook.com/docs/sharing/webmasters/crawler)"
141.98.11.181 - - [14/Mar/2026:00:30:17 +0300] "POST /wp-login.php HTTP/1.1" 200 0 "https://paltutors.co.uk/wp-login.php" "Mozilla/5.0 (Windows NT 10.0; Win64; x64; rv:91.0) Gecko/20100101 Firefox/91.0"
57.141.18.91 - - [14/Mar/2026:00:30:28 +0300] "GET /?hibhf/c437874.html HTTP/2" 200 0 "-" "meta-externalagent/1.1 (+https://developers.facebook.com/docs/sharing/webmasters/crawler)"
66.249.66.194 - - [14/Mar/2026:00:31:00 +0300] "GET /?wmgqr/b709885.html HTTP/1.1" 200 24491 "-" "Mozilla/5.0 (Linux; Android 6.0.1; Nexus 5X Build/MMB29P) AppleWebKit/537.36 (KHTML, like Gecko) Chrome/145.0.7632.116 Mobile Safari/537.36 (compatible; GoogleOther)"
102.212.247.146 - - [14/Mar/2026:00:31:24 +0300] "POST /wp-cron.php?doing_wp_cron=1773437483.8109729290008544921875 HTTP/1.1" 403 787 "-" "WordPress/6.9.1; https://paltutors.co.uk"
66.249.66.195 - - [14/Mar/2026:00:32:08 +0300] "GET /?fokxx/r1004533.html HTTP/1.1" 200 24043 "-" "Mozilla/5.0 (Linux; Android 6.0.1; Nexus 5X Build/MMB29P) AppleWebKit/537.36 (KHTML, like Gecko) Chrome/145.0.7632.116 Mobile Safari/537.36 (compatible; GoogleOther)"
57.141.18.15 - - [14/Mar/2026:00:32:02 +0300] "GET /?thojv/o1374432.html HTTP/2" 200 0 "-" "meta-externalagent/1.1 (+https://developers.facebook.com/docs/sharing/webmasters/crawler)"
57.141.18.80 - - [14/Mar/2026:00:32:44 +0300] "GET /?okkoe/x1133057.html HTTP/2" 200 0 "-" "meta-externalagent/1.1 (+https://developers.facebook.com/docs/sharing/webmasters/crawler)"
141.98.11.181 - - [14/Mar/2026:00:22:50 +0300] "POST /wp-login.php HTTP/1.1" 200 0 "https://paltutors.co.uk/wp-login.php" "Mozilla/5.0 (Windows NT 10.0; Win64; x64) AppleWebKit/605.1.15 (KHTML, like Gecko) Version/14.1.1 Safari/605.1.15"
141.98.11.181 - - [14/Mar/2026:00:26:34 +0300] "POST /wp-login.php HTTP/1.1" 200 0 "https://paltutors.co.uk/wp-login.php" "Mozilla/5.0 (Macintosh; Intel Mac OS X 10_15_7) AppleWebKit/605.1.15 (KHTML, like Gecko) Version/14.1.2 Safari/605.1.15"
66.249.66.195 - - [14/Mar/2026:00:27:08 +0300] "GET /?gbkbx/s860104.html HTTP/1.1" 200 24165 "-" "Mozilla/5.0 (Linux; Android 6.0.1; Nexus 5X Build/MMB29P) AppleWebKit/537.36 (KHTML, like Gecko) Chrome/145.0.7632.116 Mobile Safari/537.36 (compatible; GoogleOther)"
57.141.18.87 - - [14/Mar/2026:00:27:35 +0300] "GET /?yncih/m321742.html HTTP/2" 200 481 "-" "meta-externalagent/1.1 (+https://developers.facebook.com/docs/sharing/webmasters/crawler)"
57.141.18.86 - - [14/Mar/2026:00:28:31 +0300] "GET /?qedwi/v376481.html HTTP/2" 200 0 "-" "meta-externalagent/1.1 (+https://developers.facebook.com/docs/sharing/webmasters/crawler)"
102.212.247.146 - - [14/Mar/2026:00:30:46 +0300] "POST /wp-cron.php?doing_wp_cron=1773437446.0171270370483398437500 HTTP/1.1" 403 787 "-" "WordPress/6.9.1; https://paltutors.co.uk"
102.212.247.146 - - [14/Mar/2026:00:31:08 +0300] "POST /wp-cron.php?doing_wp_cron=1773437467.1252470016479492187500 HTTP/1.1" 403 787 "-" "WordPress/6.9.1; https://paltutors.co.uk"
57.141.18.102 - - [14/Mar/2026:00:30:49 +0300] "GET /?xczzk/h1253629.html HTTP/2" 200 0 "-" "meta-externalagent/1.1 (+https://developers.facebook.com/docs/sharing/webmasters/crawler)"
57.141.18.122 - - [14/Mar/2026:00:31:10 +0300] "GET /?wstro/w2870714.html HTTP/2" 200 0 "-" "meta-externalagent/1.1 (+https://developers.facebook.com/docs/sharing/webmasters/crawler)"
57.141.18.114 - - [14/Mar/2026:00:31:30 +0300] "GET /?ogqby/r750097.html HTTP/2" 200 0 "-" "meta-externalagent/1.1 (+https://developers.facebook.com/docs/sharing/webmasters/crawler)"
141.98.11.181 - - [14/Mar/2026:00:31:39 +0300] "POST /wp-login.php HTTP/1.1" 200 0 "https://paltutors.co.uk/wp-login.php" "Mozilla/5.0 (Windows NT 10.0; Win64; x64) AppleWebKit/605.1.15 (KHTML, like Gecko) Version/14.0.3 Safari/605.1.15"
141.98.11.181 - - [14/Mar/2026:00:32:40 +0300] "POST /wp-login.php HTTP/1.1" 200 0 "https://paltutors.co.uk/wp-login.php" "Mozilla/5.0 (Macintosh; Intel Mac OS X 10_15_7) AppleWebKit/537.36 (KHTML, like Gecko) Chrome/92.0.4515.131 Safari/537.36"
66.249.66.194 - - [14/Mar/2026:00:33:01 +0300] "GET /?coseh/z2170745.html HTTP/1.1" 200 25749 "-" "Mozilla/5.0 (Linux; Android 6.0.1; Nexus 5X Build/MMB29P) AppleWebKit/537.36 (KHTML, like Gecko) Chrome/145.0.7632.116 Mobile Safari/537.36 (compatible; Googlebot/2.1; +http://www.google.com/bot.html)"
57.141.18.81 - - [14/Mar/2026:00:33:06 +0300] "GET /?kwvyx/t351831.html HTTP/2" 200 0 "-" "meta-externalagent/1.1 (+https://developers.facebook.com/docs/sharing/webmasters/crawler)"
66.249.66.194 - - [14/Mar/2026:00:23:52 +0300] "GET /?ouykh/k1028862.html HTTP/1.1" 200 24478 "-" "Mozilla/5.0 (Linux; Android 6.0.1; Nexus 5X Build/MMB29P) AppleWebKit/537.36 (KHTML, like Gecko) Chrome/145.0.7632.116 Mobile Safari/537.36 (compatible; GoogleOther)"
141.98.11.181 - - [14/Mar/2026:00:23:51 +0300] "POST /wp-login.php HTTP/1.1" 200 0 "https://paltutors.co.uk/wp-login.php" "Mozilla/5.0 (Windows NT 6.1; Win64; x64) AppleWebKit/537.36 (KHTML, like Gecko) Chrome/93.0.4577.63 Safari/537.36"
102.212.247.146 - - [14/Mar/2026:00:24:28 +0300] "POST /wp-cron.php?doing_wp_cron=1773437068.2276270389556884765625 HTTP/1.1" 403 787 "-" "WordPress/6.9.1; https://paltutors.co.uk"
66.249.66.168 - - [14/Mar/2026:00:24:37 +0300] "GET /?vvjgk/k2292384.html HTTP/1.1" 200 24457 "-" "Mozilla/5.0 (Linux; Android 6.0.1; Nexus 5X Build/MMB29P) AppleWebKit/537.36 (KHTML, like Gecko) Chrome/145.0.7632.116 Mobile Safari/537.36 (compatible; GoogleOther)"
141.98.11.181 - - [14/Mar/2026:00:24:32 +0300] "POST /wp-login.php HTTP/1.1" 200 0 "https://paltutors.co.uk/wp-login.php" "Mozilla/5.0 (Windows NT 10.0; Win64; x64) AppleWebKit/537.36 (KHTML, like Gecko) Chrome/93.0.4577.63 Safari/537.36"
57.141.18.82 - - [14/Mar/2026:00:26:46 +0300] "GET /?imwbd/h2951975.html HTTP/2" 200 481 "-" "meta-externalagent/1.1 (+https://developers.facebook.com/docs/sharing/webmasters/crawler)"
57.141.18.53 - - [14/Mar/2026:00:27:20 +0300] "GET /?cjcpu/h2097771.html HTTP/2" 200 481 "-" "meta-externalagent/1.1 (+https://developers.facebook.com/docs/sharing/webmasters/crawler)"
66.249.66.194 - - [14/Mar/2026:00:29:41 +0300] "GET /?wqnvj/g1632968.html HTTP/1.1" 200 25549 "-" "Mozilla/5.0 (Linux; Android 6.0.1; Nexus 5X Build/MMB29P) AppleWebKit/537.36 (KHTML, like Gecko) Chrome/145.0.7632.116 Mobile Safari/537.36 (compatible; GoogleOther)"
141.98.11.181 - - [14/Mar/2026:00:29:37 +0300] "POST /wp-login.php HTTP/1.1" 200 0 "https://paltutors.co.uk/wp-login.php" "Mozilla/5.0 (Windows NT 10.0; Win64; x64) AppleWebKit/605.1.15 (KHTML, like Gecko) Version/14.0.3 Safari/605.1.15"
57.141.18.24 - - [14/Mar/2026:00:30:59 +0300] "GET /?tchjw/h230789.html HTTP/2" 200 0 "-" "meta-externalagent/1.1 (+https://developers.facebook.com/docs/sharing/webmasters/crawler)"
66.249.66.194 - - [14/Mar/2026:00:32:34 +0300] "GET /?lqxtx/e1757896.html HTTP/1.1" 200 24820 "-" "Mozilla/5.0 (Linux; Android 6.0.1; Nexus 5X Build/MMB29P) AppleWebKit/537.36 (KHTML, like Gecko) Chrome/145.0.7632.116 Mobile Safari/537.36 (compatible; GoogleOther)"
57.141.18.75 - - [14/Mar/2026:00:33:37 +0300] "GET /?kvhgg/c891730.html HTTP/2" 200 0 "-" "meta-externalagent/1.1 (+https://developers.facebook.com/docs/sharing/webmasters/crawler)"
102.212.247.146 - - [14/Mar/2026:00:34:09 +0300] "POST /wp-cron.php?doing_wp_cron=1773437649.6638948917388916015625 HTTP/1.1" 403 787 "-" "WordPress/6.9.1; https://paltutors.co.uk"
66.249.66.195 - - [14/Mar/2026:00:34:18 +0300] "GET /?guslm/v2166867.html HTTP/1.1" 200 24692 "-" "Mozilla/5.0 (Linux; Android 6.0.1; Nexus 5X Build/MMB29P) AppleWebKit/537.36 (KHTML, like Gecko) Chrome/145.0.7632.116 Mobile Safari/537.36 (compatible; GoogleOther)"
66.249.66.195 - - [14/Mar/2026:00:33:52 +0300] "GET /?vmcld/r3113211.html HTTP/1.1" 200 25318 "-" "Mozilla/5.0 (Linux; Android 6.0.1; Nexus 5X Build/MMB29P) AppleWebKit/537.36 (KHTML, like Gecko) Chrome/145.0.7632.116 Mobile Safari/537.36 (compatible; GoogleOther)"
141.98.11.181 - - [14/Mar/2026:00:33:41 +0300] "POST /wp-login.php HTTP/1.1" 200 0 "https://paltutors.co.uk/wp-login.php" "Mozilla/5.0 (X11; Linux x86_64) AppleWebKit/537.36 (KHTML, like Gecko) Chrome/94.0.4606.71 Safari/537.36"
57.141.18.117 - - [14/Mar/2026:00:33:48 +0300] "GET /?orahc/w981190.html HTTP/2" 200 0 "-" "meta-externalagent/1.1 (+https://developers.facebook.com/docs/sharing/webmasters/crawler)"
141.98.11.181 - - [14/Mar/2026:00:23:11 +0300] "POST /wp-login.php HTTP/1.1" 200 0 "https://paltutors.co.uk/wp-login.php" "Mozilla/5.0 (Macintosh; Intel Mac OS X 10_15_7; rv:91.0) Gecko/20100101 Firefox/91.0"
57.141.18.36 - - [14/Mar/2026:00:24:09 +0300] "GET /?zbjwq/u2723630.html HTTP/2" 200 481 "-" "meta-externalagent/1.1 (+https://developers.facebook.com/docs/sharing/webmasters/crawler)"
66.249.66.168 - - [14/Mar/2026:00:24:39 +0300] "GET /?emwoj/q2584526.html HTTP/1.1" 200 24841 "-" "Mozilla/5.0 (Linux; Android 6.0.1; Nexus 5X Build/MMB29P) AppleWebKit/537.36 (KHTML, like Gecko) Chrome/145.0.7632.116 Mobile Safari/537.36 (compatible; Googlebot/2.1; +http://www.google.com/bot.html)"
66.249.66.195 - - [14/Mar/2026:00:25:36 +0300] "GET /?cqkjs/k481744.html HTTP/1.1" 200 23955 "-" "Mozilla/5.0 (Linux; Android 6.0.1; Nexus 5X Build/MMB29P) AppleWebKit/537.36 (KHTML, like Gecko) Chrome/145.0.7632.116 Mobile Safari/537.36 (compatible; GoogleOther)"
141.98.11.181 - - [14/Mar/2026:00:25:33 +0300] "POST /wp-login.php HTTP/1.1" 200 0 "https://paltutors.co.uk/wp-login.php" "Mozilla/5.0 (X11; Linux x86_64; rv:90.0) Gecko/20100101 Firefox/90.0.1"
185.177.72.38 - - [14/Mar/2026:00:28:06 +0300] "GET / HTTP/1.1" 200 0 "-" "curl/8.7.1"
57.141.18.102 - - [14/Mar/2026:00:28:21 +0300] "GET /?bjmjg/n873255.html HTTP/2" 200 0 "-" "meta-externalagent/1.1 (+https://developers.facebook.com/docs/sharing/webmasters/crawler)"
102.212.247.146 - - [14/Mar/2026:00:29:30 +0300] "POST /wp-cron.php?doing_wp_cron=1773437369.7268159389495849609375 HTTP/1.1" 403 787 "-" "WordPress/6.9.1; https://paltutors.co.uk"
57.141.18.16 - - [14/Mar/2026:00:29:24 +0300] "GET /?qdmmc/r2148481.html HTTP/2" 200 0 "-" "meta-externalagent/1.1 (+https://developers.facebook.com/docs/sharing/webmasters/crawler)"
66.249.66.194 - - [14/Mar/2026:00:29:57 +0300] "GET /?cnsov/e1862572.html HTTP/1.1" 200 24351 "-" "Mozilla/5.0 (Linux; Android 6.0.1; Nexus 5X Build/MMB29P) AppleWebKit/537.36 (KHTML, like Gecko) Chrome/145.0.7632.116 Mobile Safari/537.36 (compatible; GoogleOther)"
57.141.18.15 - - [14/Mar/2026:00:29:35 +0300] "GET /?jtbvw/l1637029.html HTTP/2" 200 0 "-" "meta-externalagent/1.1 (+https://developers.facebook.com/docs/sharing/webmasters/crawler)"
141.98.11.181 - - [14/Mar/2026:00:32:19 +0300] "POST /wp-login.php HTTP/1.1" 200 0 "https://paltutors.co.uk/wp-login.php" "Mozilla/5.0 (Windows NT 6.1; Win64; x64) AppleWebKit/537.36 (KHTML, like Gecko) Chrome/90.0.4430.212 Safari/537.36"
57.141.18.80 - - [14/Mar/2026:00:32:23 +0300] "GET /?wqejg/q749706.html HTTP/2" 200 0 "-" "meta-externalagent/1.1 (+https://developers.facebook.com/docs/sharing/webmasters/crawler)"
57.141.18.79 - - [14/Mar/2026:00:32:34 +0300] "GET /?npbsn/a2002838.html HTTP/2" 200 0 "-" "meta-externalagent/1.1 (+https://developers.facebook.com/docs/sharing/webmasters/crawler)"
57.141.18.31 - - [14/Mar/2026:00:33:26 +0300] "GET /?txutv/e1854590.html HTTP/2" 200 0 "-" "meta-externalagent/1.1 (+https://developers.facebook.com/docs/sharing/webmasters/crawler)"
102.212.247.146 - - [14/Mar/2026:00:34:01 +0300] "POST /wp-cron.php?doing_wp_cron=1773437641.1213319301605224609375 HTTP/1.1" 403 787 "-" "WordPress/6.9.1; https://paltutors.co.uk"
66.249.66.196 - - [14/Mar/2026:00:32:11 +0300] "GET /?mjaso/r1619641.html HTTP/1.1" 200 24406 "-" "Mozilla/5.0 (Linux; Android 6.0.1; Nexus 5X Build/MMB29P) AppleWebKit/537.36 (KHTML, like Gecko) Chrome/145.0.7632.116 Mobile Safari/537.36 (compatible; GoogleOther)"
102.212.247.146 - - [14/Mar/2026:00:32:26 +0300] "POST /wp-cron.php?doing_wp_cron=1773437545.8206269741058349609375 HTTP/1.1" 403 787 "-" "WordPress/6.9.1; https://paltutors.co.uk"
57.141.18.112 - - [14/Mar/2026:00:32:13 +0300] "GET /?yucts/t2805373.html HTTP/2" 200 0 "-" "meta-externalagent/1.1 (+https://developers.facebook.com/docs/sharing/webmasters/crawler)"
66.249.66.194 - - [14/Mar/2026:00:33:00 +0300] "GET /?ecdmc/r2389267.html HTTP/1.1" 200 24457 "-" "Mozilla/5.0 (Linux; Android 6.0.1; Nexus 5X Build/MMB29P) AppleWebKit/537.36 (KHTML, like Gecko) Chrome/145.0.7632.116 Mobile Safari/537.36 (compatible; GoogleOther)"
102.212.247.146 - - [14/Mar/2026:00:33:17 +0300] "POST /wp-cron.php?doing_wp_cron=1773437596.5110569000244140625000 HTTP/1.1" 403 787 "-" "WordPress/6.9.1; https://paltutors.co.uk"
57.141.18.43 - - [14/Mar/2026:00:32:55 +0300] "GET /?bgjfu/o159270.html HTTP/2" 200 0 "-" "meta-externalagent/1.1 (+https://developers.facebook.com/docs/sharing/webmasters/crawler)"
66.249.66.196 - - [14/Mar/2026:00:33:26 +0300] "GET /?qygxp/f2878263.html HTTP/1.1" 200 24291 "-" "Mozilla/5.0 (Linux; Android 6.0.1; Nexus 5X Build/MMB29P) AppleWebKit/537.36 (KHTML, like Gecko) Chrome/145.0.7632.116 Mobile Safari/537.36 (compatible; GoogleOther)"
102.212.247.146 - - [14/Mar/2026:00:33:28 +0300] "POST /wp-cron.php?doing_wp_cron=1773437608.2070410251617431640625 HTTP/1.1" 403 787 "-" "WordPress/6.9.1; https://paltutors.co.uk"
66.249.66.196 - - [14/Mar/2026:00:33:28 +0300] "GET /?seshs/d461327.html HTTP/1.1" 200 24709 "-" "Mozilla/5.0 (Linux; Android 6.0.1; Nexus 5X Build/MMB29P) AppleWebKit/537.36 (KHTML, like Gecko) Chrome/145.0.7632.116 Mobile Safari/537.36 (compatible; GoogleOther)"
57.141.18.114 - - [14/Mar/2026:00:33:16 +0300] "GET /?vueop/o214390.html HTTP/2" 200 0 "-" "meta-externalagent/1.1 (+https://developers.facebook.com/docs/sharing/webmasters/crawler)"
141.98.11.181 - - [14/Mar/2026:00:31:59 +0300] "POST /wp-login.php HTTP/1.1" 200 0 "https://paltutors.co.uk/wp-login.php" "Mozilla/5.0 (Windows NT 6.1; Win64; x64) AppleWebKit/537.36 (KHTML, like Gecko) Chrome/93.0.4577.63 Safari/537.36"
141.98.11.181 - - [14/Mar/2026:00:24:12 +0300] "POST /wp-login.php HTTP/1.1" 200 0 "https://paltutors.co.uk/wp-login.php" "Mozilla/5.0 (X11; Linux x86_64) AppleWebKit/537.36 (KHTML, like Gecko) Chrome/91.0.4472.124 Safari/537.36"
66.249.66.194 - - [14/Mar/2026:00:25:53 +0300] "GET /?brcia/m130668.html HTTP/1.1" 200 25547 "-" "Mozilla/5.0 (Linux; Android 6.0.1; Nexus 5X Build/MMB29P) AppleWebKit/537.36 (KHTML, like Gecko) Chrome/145.0.7632.116 Mobile Safari/537.36 (compatible; GoogleOther)"
141.98.11.181 - - [14/Mar/2026:00:25:53 +0300] "POST /wp-login.php HTTP/1.1" 200 0 "https://paltutors.co.uk/wp-login.php" "Mozilla/5.0 (Windows NT 6.1; Win64; x64; rv:92.0) Gecko/20100101 Firefox/92.0"
102.212.247.146 - - [14/Mar/2026:00:26:39 +0300] "POST /wp-cron.php?doing_wp_cron=1773437199.3278799057006835937500 HTTP/1.1" 403 787 "-" "WordPress/6.9.1; https://paltutors.co.uk"
141.98.11.181 - - [14/Mar/2026:00:24:52 +0300] "POST /wp-login.php HTTP/1.1" 200 0 "https://paltutors.co.uk/wp-login.php" "Mozilla/5.0 (X11; Linux x86_64) AppleWebKit/537.36 (KHTML, like Gecko) Chrome/93.0.4577.63 Safari/537.36"
141.98.11.181 - - [14/Mar/2026:00:28:56 +0300] "POST /wp-login.php HTTP/1.1" 200 0 "https://paltutors.co.uk/wp-login.php" "Mozilla/5.0 (Windows NT 10.0; Win64; x64) AppleWebKit/605.1.15 (KHTML, like Gecko) Version/14.1.2 Safari/605.1.15"
66.249.66.195 - - [14/Mar/2026:00:30:49 +0300] "GET /?zraqd/x419461.html HTTP/1.1" 200 24771 "-" "Mozilla/5.0 (Linux; Android 6.0.1; Nexus 5X Build/MMB29P) AppleWebKit/537.36 (KHTML, like Gecko) Chrome/145.0.7632.116 Mobile Safari/537.36 (compatible; GoogleOther)"
57.141.18.78 - - [14/Mar/2026:00:30:38 +0300] "GET /?kmijt/f1403465.html HTTP/2" 200 0 "-" "meta-externalagent/1.1 (+https://developers.facebook.com/docs/sharing/webmasters/crawler)"
66.249.66.195 - - [14/Mar/2026:00:31:16 +0300] "GET /?aviry/s2071340.html HTTP/1.1" 200 24819 "-" "Mozilla/5.0 (Linux; Android 6.0.1; Nexus 5X Build/MMB29P) AppleWebKit/537.36 (KHTML, like Gecko) Chrome/145.0.7632.116 Mobile Safari/537.36 (compatible; GoogleOther)"
102.212.247.146 - - [14/Mar/2026:00:33:05 +0300] "POST /wp-cron.php?doing_wp_cron=1773437584.7080159187316894531250 HTTP/1.1" 403 787 "-" "WordPress/6.9.1; https://paltutors.co.uk"
102.212.247.146 - - [14/Mar/2026:00:33:48 +0300] "POST /wp-cron.php?doing_wp_cron=1773437627.7139770984649658203125 HTTP/1.1" 403 787 "-" "WordPress/6.9.1; https://paltutors.co.uk"
66.249.66.196 - - [14/Mar/2026:00:24:18 +0300] "GET /?qllzx/j2314405.html HTTP/1.1" 200 24374 "-" "Mozilla/5.0 (Linux; Android 6.0.1; Nexus 5X Build/MMB29P) AppleWebKit/537.36 (KHTML, like Gecko) Chrome/145.0.7632.116 Mobile Safari/537.36 (compatible; GoogleOther)"
66.249.66.196 - - [14/Mar/2026:00:25:10 +0300] "GET /?iwwcf/x2169261.html HTTP/1.1" 200 24597 "-" "Mozilla/5.0 (Linux; Android 6.0.1; Nexus 5X Build/MMB29P) AppleWebKit/537.36 (KHTML, like Gecko) Chrome/145.0.7632.116 Mobile Safari/537.36 (compatible; GoogleOther)"
102.212.247.146 - - [14/Mar/2026:00:25:29 +0300] "POST /wp-cron.php?doing_wp_cron=1773437129.8082060813903808593750 HTTP/1.1" 403 787 "-" "WordPress/6.9.1; https://paltutors.co.uk"
57.141.18.2 - - [14/Mar/2026:00:27:04 +0300] "GET /?bjhww/u1553734.html HTTP/2" 200 481 "-" "meta-externalagent/1.1 (+https://developers.facebook.com/docs/sharing/webmasters/crawler)"
102.212.247.146 - - [14/Mar/2026:00:27:53 +0300] "POST /wp-cron.php?doing_wp_cron=1773437273.1260120868682861328125 HTTP/1.1" 403 787 "-" "WordPress/6.9.1; https://paltutors.co.uk"
66.249.66.194 - - [14/Mar/2026:00:28:13 +0300] "GET /?zrvee/h581113.html HTTP/1.1" 200 25105 "-" "Mozilla/5.0 (Linux; Android 6.0.1; Nexus 5X Build/MMB29P) AppleWebKit/537.36 (KHTML, like Gecko) Chrome/145.0.7632.116 Mobile Safari/537.36 (compatible; GoogleOther)"
141.98.11.181 - - [14/Mar/2026:00:27:55 +0300] "POST /wp-login.php HTTP/1.1" 200 0 "https://paltutors.co.uk/wp-login.php" "Mozilla/5.0 (X11; Linux x86_64) AppleWebKit/537.36 (KHTML, like Gecko) Chrome/92.0.4515.131 Safari/537.36"
57.141.18.115 - - [14/Mar/2026:00:28:42 +0300] "GET /?gebkt/d90619.html HTTP/2" 200 0 "-" "meta-externalagent/1.1 (+https://developers.facebook.com/docs/sharing/webmasters/crawler)"
141.98.11.181 - - [14/Mar/2026:00:29:17 +0300] "POST /wp-login.php HTTP/1.1" 200 0 "https://paltutors.co.uk/wp-login.php" "Mozilla/5.0 (X11; Linux x86_64; rv:91.0) Gecko/20100101 Firefox/91.0"
102.212.247.146 - - [14/Mar/2026:00:29:43 +0300] "POST /wp-cron.php?doing_wp_cron=1773437383.3248450756072998046875 HTTP/1.1" 403 787 "-" "WordPress/6.9.1; https://paltutors.co.uk"
66.249.66.195 - - [14/Mar/2026:00:31:42 +0300] "GET /?wwwok/o2194550.html HTTP/1.1" 200 24319 "-" "Mozilla/5.0 (Linux; Android 6.0.1; Nexus 5X Build/MMB29P) AppleWebKit/537.36 (KHTML, like Gecko) Chrome/145.0.7632.116 Mobile Safari/537.36 (compatible; GoogleOther)"
141.98.11.181 - - [14/Mar/2026:00:29:57 +0300] "POST /wp-login.php HTTP/1.1" 200 0 "https://paltutors.co.uk/wp-login.php" "Mozilla/5.0 (Windows NT 10.0; Win64; x64; rv:92.0) Gecko/20100101 Firefox/92.0"
102.212.247.146 - - [14/Mar/2026:00:32:31 +0300] "POST /wp-cron.php?doing_wp_cron=1773437551.1084830760955810546875 HTTP/1.1" 403 787 "-" "WordPress/6.9.1; https://paltutors.co.uk"
102.212.247.146 - - [14/Mar/2026:00:33:35 +0300] "POST /wp-cron.php?doing_wp_cron=1773437614.4089460372924804687500 HTTP/1.1" 403 787 "-" "WordPress/6.9.1; https://paltutors.co.uk"
141.98.11.181 - - [14/Mar/2026:00:33:20 +0300] "POST /wp-login.php HTTP/1.1" 200 0 "https://paltutors.co.uk/wp-login.php" "Mozilla/5.0 (Windows NT 6.1; Win64; x64) AppleWebKit/537.36 (KHTML, like Gecko) Chrome/94.0.4606.71 Safari/537.36"
141.98.11.181 - - [14/Mar/2026:00:35:02 +0300] "POST /wp-login.php HTTP/1.1" 200 0 "https://paltutors.co.uk/wp-login.php" "Mozilla/5.0 (X11; Linux x86_64) AppleWebKit/537.36 (KHTML, like Gecko) Chrome/94.0.4606.71 Safari/537.36"
66.249.66.195 - - [14/Mar/2026:00:35:37 +0300] "GET /?amdzo/x2886029.html HTTP/1.1" 200 24872 "-" "Mozilla/5.0 (Linux; Android 6.0.1; Nexus 5X Build/MMB29P) AppleWebKit/537.36 (KHTML, like Gecko) Chrome/145.0.7632.116 Mobile Safari/537.36 (compatible; GoogleOther)"
141.98.11.181 - - [14/Mar/2026:00:35:22 +0300] "POST /wp-login.php HTTP/1.1" 200 0 "https://paltutors.co.uk/wp-login.php" "Mozilla/5.0 (Windows NT 10.0; Win64; x64; rv:93.0) Gecko/20100101 Firefox/93.0"
66.249.66.194 - - [14/Mar/2026:00:35:58 +0300] "GET /?vxfcx/y1058516.html HTTP/1.1" 200 25335 "-" "Mozilla/5.0 (Linux; Android 6.0.1; Nexus 5X Build/MMB29P) AppleWebKit/537.36 (KHTML, like Gecko) Chrome/145.0.7632.116 Mobile Safari/537.36 (compatible; GoogleOther)"
66.249.66.194 - - [14/Mar/2026:00:36:02 +0300] "GET /?wwjdm/q2404320.html HTTP/1.1" 200 24291 "-" "Mozilla/5.0 (Linux; Android 6.0.1; Nexus 5X Build/MMB29P) AppleWebKit/537.36 (KHTML, like Gecko) Chrome/145.0.7632.116 Mobile Safari/537.36 (compatible; GoogleOther)"
66.249.66.194 - - [14/Mar/2026:00:36:07 +0300] "GET /?fnbza/f308267.html HTTP/1.1" 200 24618 "-" "Mozilla/5.0 (Linux; Android 6.0.1; Nexus 5X Build/MMB29P) AppleWebKit/537.36 (KHTML, like Gecko) Chrome/145.0.7632.116 Mobile Safari/537.36 (compatible; GoogleOther)"
57.141.18.23 - - [14/Mar/2026:00:35:44 +0300] "GET /?wgimv/m2554934.html HTTP/2" 200 0 "-" "meta-externalagent/1.1 (+https://developers.facebook.com/docs/sharing/webmasters/crawler)"
57.141.18.124 - - [14/Mar/2026:00:36:25 +0300] "GET /?sshfi/a500662.html HTTP/2" 200 0 "-" "meta-externalagent/1.1 (+https://developers.facebook.com/docs/sharing/webmasters/crawler)"
66.249.66.196 - - [14/Mar/2026:00:37:19 +0300] "GET /?fnbza/f308267.html HTTP/1.1" 200 24617 "-" "Mozilla/5.0 (Linux; Android 6.0.1; Nexus 5X Build/MMB29P) AppleWebKit/537.36 (KHTML, like Gecko) Chrome/145.0.7632.116 Mobile Safari/537.36 (compatible; Googlebot/2.1; +http://www.google.com/bot.html)"
141.98.11.181 - - [14/Mar/2026:00:37:05 +0300] "POST /wp-login.php HTTP/1.1" 200 0 "https://paltutors.co.uk/wp-login.php" "Mozilla/5.0 (Windows NT 10.0; Win64; x64) AppleWebKit/537.36 (KHTML, like Gecko) Chrome/90.0.4430.212 Safari/537.36"
102.212.247.146 - - [14/Mar/2026:00:38:17 +0300] "POST /wp-cron.php?doing_wp_cron=1773437896.7190759181976318359375 HTTP/1.1" 403 787 "-" "WordPress/6.9.1; https://paltutors.co.uk"
102.212.247.146 - - [14/Mar/2026:00:38:33 +0300] "POST /wp-cron.php?doing_wp_cron=1773437912.5149960517883300781250 HTTP/1.1" 403 787 "-" "WordPress/6.9.1; https://paltutors.co.uk"
15.204.34.10 - - [14/Mar/2026:00:38:37 +0300] "GET /?check_plugin HTTP/2" 200 0 "-" "Mozilla/5.0 (Windows NT 10.0; Win64; x64) AppleWebKit/537.36 (KHTML, like Gecko) Chrome/127.0.0.0 Safari/537.36"
102.212.247.146 - - [14/Mar/2026:00:39:06 +0300] "POST /wp-cron.php?doing_wp_cron=1773437944.8170421123504638671875 HTTP/1.1" 403 787 "-" "WordPress/6.9.1; https://paltutors.co.uk"
57.141.18.71 - - [14/Mar/2026:00:38:43 +0300] "GET /?anmfu/v2575743.html HTTP/2" 200 0 "-" "meta-externalagent/1.1 (+https://developers.facebook.com/docs/sharing/webmasters/crawler)"
102.212.247.146 - - [14/Mar/2026:00:39:36 +0300] "POST /wp-cron.php?doing_wp_cron=1773437976.7131199836730957031250 HTTP/1.1" 403 787 "-" "WordPress/6.9.1; https://paltutors.co.uk"
141.98.11.181 - - [14/Mar/2026:00:39:49 +0300] "POST /wp-login.php HTTP/1.1" 200 0 "https://paltutors.co.uk/wp-login.php" "Mozilla/5.0 (Macintosh; Intel Mac OS X 10_15_7) AppleWebKit/605.1.15 (KHTML, like Gecko) Version/14.0.3 Safari/605.1.15"
57.141.18.124 - - [14/Mar/2026:00:40:17 +0300] "GET /?dghnh/l2488529.html HTTP/2" 200 0 "-" "meta-externalagent/1.1 (+https://developers.facebook.com/docs/sharing/webmasters/crawler)"
102.212.247.146 - - [14/Mar/2026:00:34:21 +0300] "POST /wp-cron.php?doing_wp_cron=1773437660.4466450214385986328125 HTTP/1.1" 403 787 "-" "WordPress/6.9.1; https://paltutors.co.uk"
141.98.11.181 - - [14/Mar/2026:00:34:01 +0300] "POST /wp-login.php HTTP/1.1" 200 0 "https://paltutors.co.uk/wp-login.php" "Mozilla/5.0 (Macintosh; Intel Mac OS X 10_15_7) AppleWebKit/537.36 (KHTML, like Gecko) Chrome/92.0.4515.131 Safari/537.36"
66.249.66.196 - - [14/Mar/2026:00:35:10 +0300] "GET /?vlpzh/j2240045.html HTTP/1.1" 200 25607 "-" "Mozilla/5.0 (Linux; Android 6.0.1; Nexus 5X Build/MMB29P) AppleWebKit/537.36 (KHTML, like Gecko) Chrome/145.0.7632.116 Mobile Safari/537.36 (compatible; GoogleOther)"
57.141.18.99 - - [14/Mar/2026:00:36:04 +0300] "GET /?ymizq/f1035929.html HTTP/2" 200 0 "-" "meta-externalagent/1.1 (+https://developers.facebook.com/docs/sharing/webmasters/crawler)"
57.141.18.99 - - [14/Mar/2026:00:36:57 +0300] "GET /?mdbyo/i897482.html HTTP/2" 200 0 "-" "meta-externalagent/1.1 (+https://developers.facebook.com/docs/sharing/webmasters/crawler)"
102.212.247.146 - - [14/Mar/2026:00:37:43 +0300] "POST /wp-cron.php?doing_wp_cron=1773437862.0400168895721435546875 HTTP/1.1" 403 787 "-" "WordPress/6.9.1; https://paltutors.co.uk"
141.98.11.181 - - [14/Mar/2026:00:37:26 +0300] "POST /wp-login.php HTTP/1.1" 200 0 "https://paltutors.co.uk/wp-login.php" "Mozilla/5.0 (X11; Linux x86_64; rv:93.0) Gecko/20100101 Firefox/93.0"
102.212.247.146 - - [14/Mar/2026:00:38:07 +0300] "POST /wp-cron.php?doing_wp_cron=1773437886.4122419357299804687500 HTTP/1.1" 403 787 "-" "WordPress/6.9.1; https://paltutors.co.uk"
57.141.18.68 - - [14/Mar/2026:00:38:11 +0300] "GET /?uckrf/s1789526.html HTTP/2" 200 0 "-" "meta-externalagent/1.1 (+https://developers.facebook.com/docs/sharing/webmasters/crawler)"
102.212.247.146 - - [14/Mar/2026:00:39:24 +0300] "POST /wp-cron.php?doing_wp_cron=1773437963.2435019016265869140625 HTTP/1.1" 403 787 "-" "WordPress/6.9.1; https://paltutors.co.uk"
141.98.11.181 - - [14/Mar/2026:00:39:09 +0300] "POST /wp-login.php HTTP/1.1" 200 0 "https://paltutors.co.uk/wp-login.php" "Mozilla/5.0 (Windows NT 6.1; Win64; x64) AppleWebKit/537.36 (KHTML, like Gecko) Chrome/92.0.4515.131 Safari/537.36"
57.141.18.112 - - [14/Mar/2026:00:39:35 +0300] "GET /?efdxe/b2992061.html HTTP/2" 200 0 "-" "meta-externalagent/1.1 (+https://developers.facebook.com/docs/sharing/webmasters/crawler)"
57.141.18.110 - - [14/Mar/2026:00:40:38 +0300] "GET /?dhqjg/u3077802.html HTTP/2" 200 0 "-" "meta-externalagent/1.1 (+https://developers.facebook.com/docs/sharing/webmasters/crawler)"
57.141.18.112 - - [14/Mar/2026:00:40:59 +0300] "GET /?htwio/s1159728.html HTTP/2" 200 0 "-" "meta-externalagent/1.1 (+https://developers.facebook.com/docs/sharing/webmasters/crawler)"
141.98.11.181 - - [14/Mar/2026:00:41:11 +0300] "POST /wp-login.php HTTP/1.1" 200 0 "https://paltutors.co.uk/wp-login.php" "Mozilla/5.0 (Macintosh; Intel Mac OS X 10_15_7) AppleWebKit/605.1.15 (KHTML, like Gecko) Version/14.1.2 Safari/605.1.15"
57.141.18.59 - - [14/Mar/2026:00:41:41 +0300] "GET /?weknd/x901371.html HTTP/2" 200 0 "-" "meta-externalagent/1.1 (+https://developers.facebook.com/docs/sharing/webmasters/crawler)"
57.141.18.15 - - [14/Mar/2026:00:41:52 +0300] "GET /?pcyzg/f2205123.html HTTP/2" 200 0 "-" "meta-externalagent/1.1 (+https://developers.facebook.com/docs/sharing/webmasters/crawler)"
102.212.247.146 - - [14/Mar/2026:00:42:42 +0300] "POST /wp-cron.php?doing_wp_cron=1773438162.2326700687408447265625 HTTP/1.1" 403 787 "-" "WordPress/6.9.1; https://paltutors.co.uk"
57.141.18.102 - - [14/Mar/2026:00:42:24 +0300] "GET /?bxkrp/m3005852.html HTTP/2" 200 0 "-" "meta-externalagent/1.1 (+https://developers.facebook.com/docs/sharing/webmasters/crawler)"
141.98.11.181 - - [14/Mar/2026:00:42:34 +0300] "POST /wp-login.php HTTP/1.1" 200 0 "https://paltutors.co.uk/wp-login.php" "Mozilla/5.0 (Macintosh; Intel Mac OS X 10_15_7) AppleWebKit/605.1.15 (KHTML, like Gecko) Version/14.1.1 Safari/605.1.15"
102.212.247.146 - - [14/Mar/2026:00:35:14 +0300] "POST /wp-cron.php?doing_wp_cron=1773437713.4221909046173095703125 HTTP/1.1" 403 787 "-" "WordPress/6.9.1; https://paltutors.co.uk"
57.141.18.123 - - [14/Mar/2026:00:34:51 +0300] "GET /?mcbuv/k2484810.html HTTP/2" 200 0 "-" "meta-externalagent/1.1 (+https://developers.facebook.com/docs/sharing/webmasters/crawler)"
66.249.66.195 - - [14/Mar/2026:00:36:12 +0300] "GET /?vlpwl/t2458559.html HTTP/1.1" 200 24205 "-" "Mozilla/5.0 (Linux; Android 6.0.1; Nexus 5X Build/MMB29P) AppleWebKit/537.36 (KHTML, like Gecko) Chrome/145.0.7632.116 Mobile Safari/537.36 (compatible; GoogleOther)"
141.98.11.181 - - [14/Mar/2026:00:36:03 +0300] "POST /wp-login.php HTTP/1.1" 200 0 "https://paltutors.co.uk/wp-login.php" "Mozilla/5.0 (Macintosh; Intel Mac OS X 10_15_7) AppleWebKit/605.1.15 (KHTML, like Gecko) Version/14.1.1 Safari/605.1.15"
141.98.11.181 - - [14/Mar/2026:00:36:23 +0300] "POST /wp-login.php HTTP/1.1" 200 0 "https://paltutors.co.uk/wp-login.php" "Mozilla/5.0 (X11; Linux x86_64) AppleWebKit/537.36 (KHTML, like Gecko) Chrome/91.0.4472.124 Safari/537.36"
57.141.18.95 - - [14/Mar/2026:00:36:36 +0300] "GET /?dammn/l448049.html HTTP/2" 200 0 "-" "meta-externalagent/1.1 (+https://developers.facebook.com/docs/sharing/webmasters/crawler)"
57.141.18.92 - - [14/Mar/2026:00:38:00 +0300] "GET /?jofqq/w3081470.html HTTP/2" 200 0 "-" "meta-externalagent/1.1 (+https://developers.facebook.com/docs/sharing/webmasters/crawler)"
57.141.18.73 - - [14/Mar/2026:00:38:32 +0300] "GET /?ncffa/u2645786.html HTTP/2" 200 0 "-" "meta-externalagent/1.1 (+https://developers.facebook.com/docs/sharing/webmasters/crawler)"
57.141.18.52 - - [14/Mar/2026:00:39:04 +0300] "GET /?sdqqa/p2473193.html HTTP/2" 200 0 "-" "meta-externalagent/1.1 (+https://developers.facebook.com/docs/sharing/webmasters/crawler)"
57.141.18.81 - - [14/Mar/2026:00:39:45 +0300] "GET /?htept/b1422987.html HTTP/2" 200 0 "-" "meta-externalagent/1.1 (+https://developers.facebook.com/docs/sharing/webmasters/crawler)"
141.98.11.181 - - [14/Mar/2026:00:40:10 +0300] "POST /wp-login.php HTTP/1.1" 200 0 "https://paltutors.co.uk/wp-login.php" "Mozilla/5.0 (Macintosh; Intel Mac OS X 10_15_7) AppleWebKit/537.36 (KHTML, like Gecko) Chrome/93.0.4577.63 Safari/537.36"
57.141.18.70 - - [14/Mar/2026:00:40:06 +0300] "GET /?dpsil/j156665.html HTTP/2" 200 0 "-" "meta-externalagent/1.1 (+https://developers.facebook.com/docs/sharing/webmasters/crawler)"
57.141.18.120 - - [14/Mar/2026:00:40:28 +0300] "GET /?zspcv/f2357821.html HTTP/2" 200 0 "-" "meta-externalagent/1.1 (+https://developers.facebook.com/docs/sharing/webmasters/crawler)"
102.212.247.146 - - [14/Mar/2026:00:41:02 +0300] "POST /wp-cron.php?doing_wp_cron=1773438061.8349840641021728515625 HTTP/1.1" 403 787 "-" "WordPress/6.9.1; https://paltutors.co.uk"
141.98.11.181 - - [14/Mar/2026:00:40:50 +0300] "POST /wp-login.php HTTP/1.1" 200 0 "https://paltutors.co.uk/wp-login.php" "Mozilla/5.0 (Windows NT 10.0; Win64; x64) AppleWebKit/605.1.15 (KHTML, like Gecko) Version/14.1 Safari/605.1.15"
141.98.11.181 - - [14/Mar/2026:00:42:13 +0300] "POST /wp-login.php HTTP/1.1" 200 0 "https://paltutors.co.uk/wp-login.php" "Mozilla/5.0 (Windows NT 10.0; Win64; x64) AppleWebKit/605.1.15 (KHTML, like Gecko) Version/14.1.2 Safari/605.1.15"
57.141.18.34 - - [14/Mar/2026:00:43:06 +0300] "GET /?yvcaa/n606521.html HTTP/2" 200 0 "-" "meta-externalagent/1.1 (+https://developers.facebook.com/docs/sharing/webmasters/crawler)"
141.98.11.181 - - [14/Mar/2026:00:43:55 +0300] "POST /wp-login.php HTTP/1.1" 200 0 "https://paltutors.co.uk/wp-login.php" "Mozilla/5.0 (Macintosh; Intel Mac OS X 10_15_7) AppleWebKit/537.36 (KHTML, like Gecko) Chrome/91.0.4472.124 Safari/537.36"
102.212.247.146 - - [14/Mar/2026:00:44:59 +0300] "POST /wp-cron.php?doing_wp_cron=1773438298.4265561103820800781250 HTTP/1.1" 403 787 "-" "WordPress/6.9.1; https://paltutors.co.uk"
57.141.18.93 - - [14/Mar/2026:00:33:58 +0300] "GET /?lrdst/z2501309.html HTTP/2" 200 0 "-" "meta-externalagent/1.1 (+https://developers.facebook.com/docs/sharing/webmasters/crawler)"
141.98.11.181 - - [14/Mar/2026:00:34:42 +0300] "POST /wp-login.php HTTP/1.1" 200 0 "https://paltutors.co.uk/wp-login.php" "Mozilla/5.0 (X11; Linux x86_64) AppleWebKit/537.36 (KHTML, like Gecko) Chrome/94.0.4606.71 Safari/537.36"
57.141.18.51 - - [14/Mar/2026:00:35:12 +0300] "GET /?teund/p2361965.html HTTP/2" 200 0 "-" "meta-externalagent/1.1 (+https://developers.facebook.com/docs/sharing/webmasters/crawler)"
102.212.247.146 - - [14/Mar/2026:00:37:07 +0300] "POST /wp-cron.php?doing_wp_cron=1773437826.8151650428771972656250 HTTP/1.1" 403 787 "-" "WordPress/6.9.1; https://paltutors.co.uk"
66.249.66.14 - - [14/Mar/2026:00:37:48 +0300] "GET /?pyxtr/d1669443.html HTTP/1.1" 200 25300 "-" "Mozilla/5.0 (Linux; Android 6.0.1; Nexus 5X Build/MMB29P) AppleWebKit/537.36 (KHTML, like Gecko) Chrome/145.0.7632.116 Mobile Safari/537.36 (compatible; Googlebot/2.1; +http://www.google.com/bot.html)"
57.141.18.17 - - [14/Mar/2026:00:37:39 +0300] "GET /?bpesq/y1073206.html HTTP/2" 200 0 "-" "meta-externalagent/1.1 (+https://developers.facebook.com/docs/sharing/webmasters/crawler)"
57.141.18.61 - - [14/Mar/2026:00:37:50 +0300] "GET /?wyuxh/j2883389.html HTTP/2" 200 0 "-" "meta-externalagent/1.1 (+https://developers.facebook.com/docs/sharing/webmasters/crawler)"
141.98.11.181 - - [14/Mar/2026:00:38:27 +0300] "POST /wp-login.php HTTP/1.1" 200 0 "https://paltutors.co.uk/wp-login.php" "Mozilla/5.0 (X11; Linux x86_64) AppleWebKit/537.36 (KHTML, like Gecko) Chrome/93.0.4577.63 Safari/537.36"
102.212.247.146 - - [14/Mar/2026:00:39:46 +0300] "POST /wp-cron.php?doing_wp_cron=1773437986.4181549549102783203125 HTTP/1.1" 403 787 "-" "WordPress/6.9.1; https://paltutors.co.uk"
141.98.11.181 - - [14/Mar/2026:00:39:29 +0300] "POST /wp-login.php HTTP/1.1" 200 0 "https://paltutors.co.uk/wp-login.php" "Mozilla/5.0 (Windows NT 10.0; Win64; x64) AppleWebKit/537.36 (KHTML, like Gecko) Chrome/94.0.4606.71 Safari/537.36"
141.98.11.181 - - [14/Mar/2026:00:40:30 +0300] "POST /wp-login.php HTTP/1.1" 200 0 "https://paltutors.co.uk/wp-login.php" "Mozilla/5.0 (Macintosh; Intel Mac OS X 10_15_7) AppleWebKit/537.36 (KHTML, like Gecko) Chrome/90.0.4430.212 Safari/537.36"
102.212.247.146 - - [14/Mar/2026:00:40:58 +0300] "POST /wp-cron.php?doing_wp_cron=1773438057.2250509262084960937500 HTTP/1.1" 403 787 "-" "WordPress/6.9.1; https://paltutors.co.uk"
23.132.132.4 - - [14/Mar/2026:00:40:08 +0300] "HEAD / HTTP/1.1" 200 0 "-" "Mozilla/5.0 (X11; Linux x86_64) AppleWebKit/537.36 (KHTML, like Gecko) Chrome/121.0.0.0 Safari/537.36"
57.141.18.94 - - [14/Mar/2026:00:40:49 +0300] "GET /?bmrwb/b1542457.html HTTP/2" 200 0 "-" "meta-externalagent/1.1 (+https://developers.facebook.com/docs/sharing/webmasters/crawler)"
102.212.247.146 - - [14/Mar/2026:00:41:30 +0300] "POST /wp-cron.php?doing_wp_cron=1773438089.3186450004577636718750 HTTP/1.1" 403 787 "-" "WordPress/6.9.1; https://paltutors.co.uk"
141.98.11.181 - - [14/Mar/2026:00:41:52 +0300] "POST /wp-login.php HTTP/1.1" 200 0 "https://paltutors.co.uk/wp-login.php" "Mozilla/5.0 (X11; Linux x86_64; rv:90.0) Gecko/20100101 Firefox/90.0.1"
57.141.18.34 - - [14/Mar/2026:00:43:16 +0300] "GET /?unuaw/t1016391.html HTTP/2" 200 0 "-" "meta-externalagent/1.1 (+https://developers.facebook.com/docs/sharing/webmasters/crawler)"
102.212.247.146 - - [14/Mar/2026:00:44:02 +0300] "POST /wp-cron.php?doing_wp_cron=1773438242.0147430896759033203125 HTTP/1.1" 403 787 "-" "WordPress/6.9.1; https://paltutors.co.uk"
57.141.18.38 - - [14/Mar/2026:00:43:58 +0300] "GET /?vgdeh/f2723329.html HTTP/2" 200 0 "-" "meta-externalagent/1.1 (+https://developers.facebook.com/docs/sharing/webmasters/crawler)"
57.141.18.82 - - [14/Mar/2026:00:45:01 +0300] "GET /?tooay/l798321.html HTTP/2" 200 0 "-" "meta-externalagent/1.1 (+https://developers.facebook.com/docs/sharing/webmasters/crawler)"
141.98.11.181 - - [14/Mar/2026:00:35:43 +0300] "POST /wp-login.php HTTP/1.1" 200 0 "https://paltutors.co.uk/wp-login.php" "Mozilla/5.0 (X11; Linux x86_64) AppleWebKit/537.36 (KHTML, like Gecko) Chrome/92.0.4515.131 Safari/537.36"
57.141.18.67 - - [14/Mar/2026:00:35:54 +0300] "GET /?cprcv/p1730633.html HTTP/2" 200 0 "-" "meta-externalagent/1.1 (+https://developers.facebook.com/docs/sharing/webmasters/crawler)"
57.141.18.123 - - [14/Mar/2026:00:36:15 +0300] "GET /?mqptk/j2644345.html HTTP/2" 200 0 "-" "meta-externalagent/1.1 (+https://developers.facebook.com/docs/sharing/webmasters/crawler)"
66.249.66.194 - - [14/Mar/2026:00:36:58 +0300] "GET /?vlpwl/t2458559.html HTTP/1.1" 200 24205 "-" "Mozilla/5.0 (Linux; Android 6.0.1; Nexus 5X Build/MMB29P) AppleWebKit/537.36 (KHTML, like Gecko) Chrome/145.0.7632.116 Mobile Safari/537.36 (compatible; Googlebot/2.1; +http://www.google.com/bot.html)"
66.249.66.194 - - [14/Mar/2026:00:37:00 +0300] "GET /?tkazz/a667634.html HTTP/1.1" 200 24524 "-" "Mozilla/5.0 (Linux; Android 6.0.1; Nexus 5X Build/MMB29P) AppleWebKit/537.36 (KHTML, like Gecko) Chrome/145.0.7632.116 Mobile Safari/537.36 (compatible; GoogleOther)"
141.98.11.181 - - [14/Mar/2026:00:36:43 +0300] "POST /wp-login.php HTTP/1.1" 200 0 "https://paltutors.co.uk/wp-login.php" "Mozilla/5.0 (Windows NT 6.1; Win64; x64) AppleWebKit/537.36 (KHTML, like Gecko) Chrome/91.0.4472.124 Safari/537.36"
57.141.18.79 - - [14/Mar/2026:00:36:47 +0300] "GET /?fpvzn/w380148.html HTTP/2" 200 0 "-" "meta-externalagent/1.1 (+https://developers.facebook.com/docs/sharing/webmasters/crawler)"
102.212.247.146 - - [14/Mar/2026:00:37:21 +0300] "POST /wp-cron.php?doing_wp_cron=1773437840.2071449756622314453125 HTTP/1.1" 403 787 "-" "WordPress/6.9.1; https://paltutors.co.uk"
141.98.11.181 - - [14/Mar/2026:00:38:48 +0300] "POST /wp-login.php HTTP/1.1" 200 0 "https://paltutors.co.uk/wp-login.php" "Mozilla/5.0 (Windows NT 10.0; Win64; x64; rv:89.0) Gecko/20100101 Firefox/89.0.2"
102.212.247.146 - - [14/Mar/2026:00:39:47 +0300] "POST /wp-cron.php?doing_wp_cron=1773437987.3689570426940917968750 HTTP/1.1" 403 787 "-" "WordPress/6.9.1; https://paltutors.co.uk"
57.141.18.120 - - [14/Mar/2026:00:41:10 +0300] "GET /?uioef/w2882102.html HTTP/2" 200 0 "-" "meta-externalagent/1.1 (+https://developers.facebook.com/docs/sharing/webmasters/crawler)"
102.212.247.146 - - [14/Mar/2026:00:41:37 +0300] "POST /wp-cron.php?doing_wp_cron=1773438097.0137500762939453125000 HTTP/1.1" 403 787 "-" "WordPress/6.9.1; https://paltutors.co.uk"
57.141.18.1 - - [14/Mar/2026:00:41:20 +0300] "GET /?eqovw/b1589127.html HTTP/2" 200 0 "-" "meta-externalagent/1.1 (+https://developers.facebook.com/docs/sharing/webmasters/crawler)"
141.98.11.181 - - [14/Mar/2026:00:41:31 +0300] "POST /wp-login.php HTTP/1.1" 200 0 "https://paltutors.co.uk/wp-login.php" "Mozilla/5.0 (Macintosh; Intel Mac OS X 10_15_7) AppleWebKit/605.1.15 (KHTML, like Gecko) Version/14.1.1 Safari/605.1.15"
57.141.18.53 - - [14/Mar/2026:00:41:31 +0300] "GET /?lzmew/m1480250.html HTTP/2" 200 0 "-" "meta-externalagent/1.1 (+https://developers.facebook.com/docs/sharing/webmasters/crawler)"
102.212.247.146 - - [14/Mar/2026:00:42:52 +0300] "POST /wp-cron.php?doing_wp_cron=1773438172.3159310817718505859375 HTTP/1.1" 403 787 "-" "WordPress/6.9.1; https://paltutors.co.uk"
57.141.18.7 - - [14/Mar/2026:00:42:55 +0300] "GET /?efnvb/r757325.html HTTP/2" 200 0 "-" "meta-externalagent/1.1 (+https://developers.facebook.com/docs/sharing/webmasters/crawler)"
57.141.18.77 - - [14/Mar/2026:00:43:37 +0300] "GET /?gvuwo/c1618274.html HTTP/2" 200 0 "-" "meta-externalagent/1.1 (+https://developers.facebook.com/docs/sharing/webmasters/crawler)"
57.141.18.65 - - [14/Mar/2026:00:44:08 +0300] "GET /?xrqww/d1501561.html HTTP/2" 200 0 "-" "meta-externalagent/1.1 (+https://developers.facebook.com/docs/sharing/webmasters/crawler)"
57.141.18.65 - - [14/Mar/2026:00:45:33 +0300] "GET /?wcukc/o876012.html HTTP/2" 200 0 "-" "meta-externalagent/1.1 (+https://developers.facebook.com/docs/sharing/webmasters/crawler)"
66.249.66.195 - - [14/Mar/2026:00:34:42 +0300] "GET /?xzryy/m739614.html HTTP/1.1" 200 24198 "-" "Mozilla/5.0 (Linux; Android 6.0.1; Nexus 5X Build/MMB29P) AppleWebKit/537.36 (KHTML, like Gecko) Chrome/145.0.7632.116 Mobile Safari/537.36 (compatible; GoogleOther)"
57.141.18.49 - - [14/Mar/2026:00:34:19 +0300] "GET /?tmwdf/v2172821.html HTTP/2" 200 0 "-" "meta-externalagent/1.1 (+https://developers.facebook.com/docs/sharing/webmasters/crawler)"
66.249.66.195 - - [14/Mar/2026:00:34:44 +0300] "GET /?bhdwd/n319221.html HTTP/1.1" 200 24339 "-" "Mozilla/5.0 (Linux; Android 6.0.1; Nexus 5X Build/MMB29P) AppleWebKit/537.36 (KHTML, like Gecko) Chrome/145.0.7632.116 Mobile Safari/537.36 (compatible; GoogleOther)"
57.141.18.35 - - [14/Mar/2026:00:35:01 +0300] "GET /?ioaiq/e2042570.html HTTP/2" 200 0 "-" "meta-externalagent/1.1 (+https://developers.facebook.com/docs/sharing/webmasters/crawler)"
102.212.247.146 - - [14/Mar/2026:00:35:50 +0300] "POST /wp-cron.php?doing_wp_cron=1773437750.4144508838653564453125 HTTP/1.1" 403 787 "-" "WordPress/6.9.1; https://paltutors.co.uk"
102.212.247.146 - - [14/Mar/2026:00:36:43 +0300] "POST /wp-cron.php?doing_wp_cron=1773437802.1071970462799072265625 HTTP/1.1" 403 787 "-" "WordPress/6.9.1; https://paltutors.co.uk"
141.98.11.181 - - [14/Mar/2026:00:38:07 +0300] "POST /wp-login.php HTTP/1.1" 200 0 "https://paltutors.co.uk/wp-login.php" "Mozilla/5.0 (Windows NT 10.0; Win64; x64) AppleWebKit/605.1.15 (KHTML, like Gecko) Version/14.0.3 Safari/605.1.15"
102.212.247.146 - - [14/Mar/2026:00:38:45 +0300] "POST /wp-cron.php?doing_wp_cron=1773437925.0167870521545410156250 HTTP/1.1" 403 787 "-" "WordPress/6.9.1; https://paltutors.co.uk"
15.204.34.10 - - [14/Mar/2026:00:38:35 +0300] "GET /blog-verify HTTP/2" 200 0 "-" "Mozilla/5.0 (Windows NT 10.0; Win64; x64) AppleWebKit/537.36 (KHTML, like Gecko) Chrome/127.0.0.0 Safari/537.36"
57.141.18.68 - - [14/Mar/2026:00:39:14 +0300] "GET /?gpdhg/z844329.html HTTP/2" 200 0 "-" "meta-externalagent/1.1 (+https://developers.facebook.com/docs/sharing/webmasters/crawler)"
23.132.132.4 - - [14/Mar/2026:00:40:11 +0300] "HEAD / HTTP/1.1" 200 0 "http://www.paltutors.co.uk" "Mozilla/5.0 (X11; Linux i686; rv:1.9.5.20) Gecko/ Firefox/3.6.4"
57.141.18.99 - - [14/Mar/2026:00:42:13 +0300] "GET /?knjgb/h2350153.html HTTP/2" 200 0 "-" "meta-externalagent/1.1 (+https://developers.facebook.com/docs/sharing/webmasters/crawler)"
57.141.18.82 - - [14/Mar/2026:00:42:34 +0300] "GET /?oodfs/j2750477.html HTTP/2" 200 0 "-" "meta-externalagent/1.1 (+https://developers.facebook.com/docs/sharing/webmasters/crawler)"
102.212.247.146 - - [14/Mar/2026:00:43:10 +0300] "POST /wp-cron.php?doing_wp_cron=1773438190.4181070327758789062500 HTTP/1.1" 403 787 "-" "WordPress/6.9.1; https://paltutors.co.uk"
102.212.247.146 - - [14/Mar/2026:00:44:17 +0300] "POST /wp-cron.php?doing_wp_cron=1773438256.8155860900878906250000 HTTP/1.1" 403 787 "-" "WordPress/6.9.1; https://paltutors.co.uk"
102.212.247.146 - - [14/Mar/2026:00:44:35 +0300] "POST /wp-cron.php?doing_wp_cron=1773438275.1270470619201660156250 HTTP/1.1" 403 787 "-" "WordPress/6.9.1; https://paltutors.co.uk"
57.141.18.16 - - [14/Mar/2026:00:44:30 +0300] "GET /?ibtyk/v2815697.html HTTP/2" 200 0 "-" "meta-externalagent/1.1 (+https://developers.facebook.com/docs/sharing/webmasters/crawler)"
57.141.18.66 - - [14/Mar/2026:00:44:40 +0300] "GET /?qqxks/o2447582.html HTTP/2" 200 0 "-" "meta-externalagent/1.1 (+https://developers.facebook.com/docs/sharing/webmasters/crawler)"
57.141.18.14 - - [14/Mar/2026:00:45:54 +0300] "GET /?elkmp/n806799.html HTTP/2" 200 0 "-" "meta-externalagent/1.1 (+https://developers.facebook.com/docs/sharing/webmasters/crawler)"
102.212.247.146 - - [14/Mar/2026:00:46:41 +0300] "POST /wp-cron.php?doing_wp_cron=1773438401.1097750663757324218750 HTTP/1.1" 403 787 "-" "WordPress/6.9.1; https://paltutors.co.uk"
57.141.18.13 - - [14/Mar/2026:00:46:26 +0300] "GET /?hclxf/b2951475.html HTTP/2" 200 0 "-" "meta-externalagent/1.1 (+https://developers.facebook.com/docs/sharing/webmasters/crawler)"
57.141.18.38 - - [14/Mar/2026:00:34:09 +0300] "GET /?bcnml/z652969.html HTTP/2" 200 0 "-" "meta-externalagent/1.1 (+https://developers.facebook.com/docs/sharing/webmasters/crawler)"
57.141.18.124 - - [14/Mar/2026:00:34:29 +0300] "GET /?bqjse/d662853.html HTTP/2" 200 0 "-" "meta-externalagent/1.1 (+https://developers.facebook.com/docs/sharing/webmasters/crawler)"
102.212.247.146 - - [14/Mar/2026:00:35:02 +0300] "POST /wp-cron.php?doing_wp_cron=1773437702.3113300800323486328125 HTTP/1.1" 403 787 "-" "WordPress/6.9.1; https://paltutors.co.uk"
102.212.247.146 - - [14/Mar/2026:00:35:37 +0300] "POST /wp-cron.php?doing_wp_cron=1773437736.0141088962554931640625 HTTP/1.1" 403 787 "-" "WordPress/6.9.1; https://paltutors.co.uk"
102.212.247.146 - - [14/Mar/2026:00:35:43 +0300] "POST /wp-cron.php?doing_wp_cron=1773437742.5164299011230468750000 HTTP/1.1" 403 787 "-" "WordPress/6.9.1; https://paltutors.co.uk"
57.141.18.48 - - [14/Mar/2026:00:35:23 +0300] "GET /?yfvnp/h174967.html HTTP/2" 200 0 "-" "meta-externalagent/1.1 (+https://developers.facebook.com/docs/sharing/webmasters/crawler)"
57.141.18.67 - - [14/Mar/2026:00:35:33 +0300] "GET /?zwbom/l914151.html HTTP/2" 200 0 "-" "meta-externalagent/1.1 (+https://developers.facebook.com/docs/sharing/webmasters/crawler)"
102.212.247.146 - - [14/Mar/2026:00:36:51 +0300] "POST /wp-cron.php?doing_wp_cron=1773437810.8203999996185302734375 HTTP/1.1" 403 787 "-" "WordPress/6.9.1; https://paltutors.co.uk"
102.212.247.146 - - [14/Mar/2026:00:37:49 +0300] "POST /wp-cron.php?doing_wp_cron=1773437868.9545350074768066406250 HTTP/1.1" 403 787 "-" "WordPress/6.9.1; https://paltutors.co.uk"
57.141.18.123 - - [14/Mar/2026:00:37:29 +0300] "GET /?nqcdq/m853390.html HTTP/2" 200 0 "-" "meta-externalagent/1.1 (+https://developers.facebook.com/docs/sharing/webmasters/crawler)"
102.212.247.146 - - [14/Mar/2026:00:37:59 +0300] "POST /wp-cron.php?doing_wp_cron=1773437878.7395260334014892578125 HTTP/1.1" 403 787 "-" "WordPress/6.9.1; https://paltutors.co.uk"
102.212.247.146 - - [14/Mar/2026:00:38:30 +0300] "POST /wp-cron.php?doing_wp_cron=1773437909.2133519649505615234375 HTTP/1.1" 403 787 "-" "WordPress/6.9.1; https://paltutors.co.uk"
102.212.247.146 - - [14/Mar/2026:00:38:58 +0300] "POST /wp-cron.php?doing_wp_cron=1773437937.4125909805297851562500 HTTP/1.1" 403 787 "-" "WordPress/6.9.1; https://paltutors.co.uk"
102.212.247.146 - - [14/Mar/2026:00:39:33 +0300] "POST /wp-cron.php?doing_wp_cron=1773437972.9618051052093505859375 HTTP/1.1" 403 787 "-" "WordPress/6.9.1; https://paltutors.co.uk"
102.212.247.146 - - [14/Mar/2026:00:41:18 +0300] "POST /wp-cron.php?doing_wp_cron=1773438077.6086559295654296875000 HTTP/1.1" 403 787 "-" "WordPress/6.9.1; https://paltutors.co.uk"
57.141.18.90 - - [14/Mar/2026:00:42:45 +0300] "GET /?wrwva/s365194.html HTTP/2" 200 0 "-" "meta-externalagent/1.1 (+https://developers.facebook.com/docs/sharing/webmasters/crawler)"
102.212.247.146 - - [14/Mar/2026:00:43:26 +0300] "POST /wp-cron.php?doing_wp_cron=1773438205.8540420532226562500000 HTTP/1.1" 403 787 "-" "WordPress/6.9.1; https://paltutors.co.uk"
172.188.179.151 - - [14/Mar/2026:00:43:11 +0300] "GET /?scihp/g1999724.html HTTP/1.1" 200 0 "-" "Mozilla/5.0 (Windows NT 10.0; Win64; x64) AppleWebKit/537.36 (KHTML, like Gecko) Chrome/131.0.0.0 Safari/537.36 Edg/131.0.0.0"
57.141.18.86 - - [14/Mar/2026:00:43:27 +0300] "GET /?ghikn/p1797089.html HTTP/2" 200 0 "-" "meta-externalagent/1.1 (+https://developers.facebook.com/docs/sharing/webmasters/crawler)"
102.212.247.146 - - [14/Mar/2026:00:45:25 +0300] "POST /wp-cron.php?doing_wp_cron=1773438324.5150198936462402343750 HTTP/1.1" 403 787 "-" "WordPress/6.9.1; https://paltutors.co.uk"
57.141.18.69 - - [14/Mar/2026:00:45:12 +0300] "GET /?msvjn/h274651.html HTTP/2" 200 0 "-" "meta-externalagent/1.1 (+https://developers.facebook.com/docs/sharing/webmasters/crawler)"
57.141.18.123 - - [14/Mar/2026:00:45:22 +0300] "GET /?wtcrf/p2266467.html HTTP/2" 200 0 "-" "meta-externalagent/1.1 (+https://developers.facebook.com/docs/sharing/webmasters/crawler)"
141.98.11.181 - - [14/Mar/2026:00:34:21 +0300] "POST /wp-login.php HTTP/1.1" 200 0 "https://paltutors.co.uk/wp-login.php" "Mozilla/5.0 (Windows NT 10.0; Win64; x64) AppleWebKit/605.1.15 (KHTML, like Gecko) Version/14.0.3 Safari/605.1.15"
57.141.18.57 - - [14/Mar/2026:00:34:40 +0300] "GET /?zsist/r293043.html HTTP/2" 200 0 "-" "meta-externalagent/1.1 (+https://developers.facebook.com/docs/sharing/webmasters/crawler)"
102.212.247.146 - - [14/Mar/2026:00:35:22 +0300] "POST /wp-cron.php?doing_wp_cron=1773437721.5071599483489990234375 HTTP/1.1" 403 787 "-" "WordPress/6.9.1; https://paltutors.co.uk"
102.212.247.146 - - [14/Mar/2026:00:36:29 +0300] "POST /wp-cron.php?doing_wp_cron=1773437788.9079930782318115234375 HTTP/1.1" 403 787 "-" "WordPress/6.9.1; https://paltutors.co.uk"
57.141.18.124 - - [14/Mar/2026:00:37:08 +0300] "GET /?edyuo/t2672461.html HTTP/2" 200 0 "-" "meta-externalagent/1.1 (+https://developers.facebook.com/docs/sharing/webmasters/crawler)"
57.141.18.17 - - [14/Mar/2026:00:37:18 +0300] "GET /?zgije/f2803227.html HTTP/2" 200 0 "-" "meta-externalagent/1.1 (+https://developers.facebook.com/docs/sharing/webmasters/crawler)"
