57.141.20.39 - - [13/Mar/2026:20:00:31 +0300] "GET /?ethfm/u269178.html HTTP/2" 200 0 "-" "meta-externalagent/1.1 (+https://developers.facebook.com/docs/sharing/webmasters/crawler)"
66.249.66.169 - - [13/Mar/2026:20:02:07 +0300] "GET /?yjlmc/x574811.html HTTP/1.1" 200 1396 "-" "Mozilla/5.0 (Linux; Android 6.0.1; Nexus 5X Build/MMB29P) AppleWebKit/537.36 (KHTML, like Gecko) Chrome/145.0.7632.116 Mobile Safari/537.36 (compatible; GoogleOther)"
40.77.167.79 - - [13/Mar/2026:20:03:07 +0300] "GET /?psmrb/b94465.html HTTP/2" 200 1396 "-" "Mozilla/5.0 AppleWebKit/537.36 (KHTML, like Gecko; compatible; bingbot/2.0; +http://www.bing.com/bingbot.htm) Chrome/116.0.1938.76 Safari/537.36"
102.212.247.146 - - [13/Mar/2026:20:04:29 +0300] "POST /wp-cron.php?doing_wp_cron=1773421468.7093040943145751953125 HTTP/1.1" 403 787 "-" "WordPress/6.9.1; https://paltutors.co.uk"
40.77.167.79 - - [13/Mar/2026:20:04:56 +0300] "GET /?frezf/r757741.html HTTP/2" 200 24307 "-" "Mozilla/5.0 AppleWebKit/537.36 (KHTML, like Gecko; compatible; bingbot/2.0; +http://www.bing.com/bingbot.htm) Chrome/116.0.1938.76 Safari/537.36"
40.77.167.79 - - [13/Mar/2026:20:05:07 +0300] "GET /?dptsu/d2929741.html HTTP/2" 200 24683 "-" "Mozilla/5.0 AppleWebKit/537.36 (KHTML, like Gecko; compatible; bingbot/2.0; +http://www.bing.com/bingbot.htm) Chrome/116.0.1938.76 Safari/537.36"
57.141.20.2 - - [13/Mar/2026:20:04:53 +0300] "GET /?ijhzu/i1706342.html HTTP/2" 200 0 "-" "meta-externalagent/1.1 (+https://developers.facebook.com/docs/sharing/webmasters/crawler)"
57.141.20.54 - - [13/Mar/2026:20:06:10 +0300] "GET /?dumzh/w612744.html HTTP/2" 200 0 "-" "meta-externalagent/1.1 (+https://developers.facebook.com/docs/sharing/webmasters/crawler)"
57.141.20.35 - - [13/Mar/2026:20:07:17 +0300] "GET /?trtuf/d2652113.html HTTP/2" 503 807 "-" "meta-externalagent/1.1 (+https://developers.facebook.com/docs/sharing/webmasters/crawler)"
102.212.247.146 - - [13/Mar/2026:20:08:51 +0300] "POST /wp-cron.php?doing_wp_cron=1773421729.9066588878631591796875 HTTP/1.1" 403 787 "-" "WordPress/6.9.1; https://paltutors.co.uk"
57.141.20.5 - - [13/Mar/2026:20:09:30 +0300] "GET /?exdoa/x959689.html HTTP/2" 200 3463 "-" "meta-externalagent/1.1 (+https://developers.facebook.com/docs/sharing/webmasters/crawler)"
57.141.20.20 - - [13/Mar/2026:20:09:09 +0300] "GET /?gwele/e1014036.html HTTP/2" 200 0 "-" "meta-externalagent/1.1 (+https://developers.facebook.com/docs/sharing/webmasters/crawler)"
57.141.20.56 - - [13/Mar/2026:20:09:34 +0300] "GET /?iujec/q151602.html HTTP/2" 200 3463 "-" "meta-externalagent/1.1 (+https://developers.facebook.com/docs/sharing/webmasters/crawler)"
57.141.20.55 - - [13/Mar/2026:20:09:18 +0300] "GET /?pktmv/f1939299.html HTTP/2" 200 0 "-" "meta-externalagent/1.1 (+https://developers.facebook.com/docs/sharing/webmasters/crawler)"
66.249.66.14 - - [13/Mar/2026:20:09:46 +0300] "GET /?quhcj/f1400397.html HTTP/1.1" 503 807 "-" "Mozilla/5.0 (Linux; Android 6.0.1; Nexus 5X Build/MMB29P) AppleWebKit/537.36 (KHTML, like Gecko) Chrome/145.0.7632.116 Mobile Safari/537.36 (compatible; GoogleOther)"
57.141.20.23 - - [13/Mar/2026:20:09:55 +0300] "GET /?hkfjg/e2652062.html HTTP/2" 200 3463 "-" "meta-externalagent/1.1 (+https://developers.facebook.com/docs/sharing/webmasters/crawler)"
57.141.20.37 - - [13/Mar/2026:20:11:38 +0300] "GET /?ovaou/o1344142.html HTTP/2" 200 0 "-" "meta-externalagent/1.1 (+https://developers.facebook.com/docs/sharing/webmasters/crawler)"
57.141.20.19 - - [13/Mar/2026:20:11:41 +0300] "GET /?upfhv/g2145974.html HTTP/2" 200 0 "-" "meta-externalagent/1.1 (+https://developers.facebook.com/docs/sharing/webmasters/crawler)"
40.77.167.55 - - [13/Mar/2026:20:12:07 +0300] "GET /?urafh/l2116261.html HTTP/2" 200 1396 "-" "Mozilla/5.0 AppleWebKit/537.36 (KHTML, like Gecko; compatible; bingbot/2.0; +http://www.bing.com/bingbot.htm) Chrome/116.0.1938.76 Safari/537.36"
57.141.20.36 - - [13/Mar/2026:20:05:54 +0300] "GET /?sitemap-266.xml HTTP/2" 200 141977 "-" "meta-externalagent/1.1 (+https://developers.facebook.com/docs/sharing/webmasters/crawler)"
57.141.20.18 - - [13/Mar/2026:20:05:49 +0300] "GET /?erjlc/i997166.html HTTP/2" 200 0 "-" "meta-externalagent/1.1 (+https://developers.facebook.com/docs/sharing/webmasters/crawler)"
57.141.20.11 - - [13/Mar/2026:20:07:06 +0300] "GET /?gcjug/j1354901.html HTTP/2" 503 807 "-" "meta-externalagent/1.1 (+https://developers.facebook.com/docs/sharing/webmasters/crawler)"
57.141.20.2 - - [13/Mar/2026:20:08:06 +0300] "GET /?tvylr/p1930001.html HTTP/2" 503 807 "-" "meta-externalagent/1.1 (+https://developers.facebook.com/docs/sharing/webmasters/crawler)"
57.141.20.56 - - [13/Mar/2026:20:07:44 +0300] "GET /?xcvbm/j3020487.html HTTP/2" 200 0 "-" "meta-externalagent/1.1 (+https://developers.facebook.com/docs/sharing/webmasters/crawler)"
66.249.66.77 - - [13/Mar/2026:20:08:50 +0300] "GET /?oejkp/q1767320.html HTTP/1.1" 200 24340 "-" "Mozilla/5.0 (Linux; Android 6.0.1; Nexus 5X Build/MMB29P) AppleWebKit/537.36 (KHTML, like Gecko) Chrome/145.0.7632.116 Mobile Safari/537.36 (compatible; Googlebot/2.1; +http://www.google.com/bot.html)"
57.141.20.29 - - [13/Mar/2026:20:08:43 +0300] "GET /?uxnaw/i930710.html HTTP/2" 200 0 "-" "meta-externalagent/1.1 (+https://developers.facebook.com/docs/sharing/webmasters/crawler)"
207.46.13.150 - - [13/Mar/2026:20:09:57 +0300] "GET /?ghcpa/c1000020.html HTTP/2" 503 807 "-" "Mozilla/5.0 AppleWebKit/537.36 (KHTML, like Gecko; compatible; bingbot/2.0; +http://www.bing.com/bingbot.htm) Chrome/116.0.1938.76 Safari/537.36"
57.141.20.7 - - [13/Mar/2026:20:09:55 +0300] "GET /?thvwf/m354970.html HTTP/2" 200 3463 "-" "meta-externalagent/1.1 (+https://developers.facebook.com/docs/sharing/webmasters/crawler)"
20.15.133.184 - - [13/Mar/2026:20:10:51 +0300] "GET /?feaxe/u1369654.html HTTP/2" 200 1396 "-" "Mozilla/5.0 AppleWebKit/537.36 (KHTML, like Gecko; compatible; bingbot/2.0; +http://www.bing.com/bingbot.htm) Chrome/116.0.1938.76 Safari/537.36"
20.15.133.184 - - [13/Mar/2026:20:10:54 +0300] "GET /?imiti/w1194208.html HTTP/2" 200 1396 "-" "Mozilla/5.0 AppleWebKit/537.36 (KHTML, like Gecko; compatible; bingbot/2.0; +http://www.bing.com/bingbot.htm) Chrome/116.0.1938.76 Safari/537.36"
57.141.20.47 - - [13/Mar/2026:20:10:56 +0300] "GET /?wneim/u2823314.html HTTP/2" 200 3463 "-" "meta-externalagent/1.1 (+https://developers.facebook.com/docs/sharing/webmasters/crawler)"
57.141.20.2 - - [13/Mar/2026:20:11:00 +0300] "GET /?pjncz/w1410216.html HTTP/2" 200 3463 "-" "meta-externalagent/1.1 (+https://developers.facebook.com/docs/sharing/webmasters/crawler)"
57.141.20.54 - - [13/Mar/2026:20:11:00 +0300] "GET /?edmyo/v1807313.html HTTP/2" 200 0 "-" "meta-externalagent/1.1 (+https://developers.facebook.com/docs/sharing/webmasters/crawler)"
57.141.20.24 - - [13/Mar/2026:20:11:32 +0300] "GET /?jumge/t583517.html HTTP/2" 200 3463 "-" "meta-externalagent/1.1 (+https://developers.facebook.com/docs/sharing/webmasters/crawler)"
57.141.20.4 - - [13/Mar/2026:20:11:19 +0300] "GET /?pcxny/m2576774.html HTTP/2" 200 0 "-" "meta-externalagent/1.1 (+https://developers.facebook.com/docs/sharing/webmasters/crawler)"
57.141.20.45 - - [13/Mar/2026:20:12:10 +0300] "GET /?elmro/f603965.html HTTP/2" 200 3463 "-" "meta-externalagent/1.1 (+https://developers.facebook.com/docs/sharing/webmasters/crawler)"
40.77.167.76 - - [13/Mar/2026:20:12:18 +0300] "GET /?vzlsl/u495248.html HTTP/2" 503 807 "-" "Mozilla/5.0 AppleWebKit/537.36 (KHTML, like Gecko; compatible; bingbot/2.0; +http://www.bing.com/bingbot.htm) Chrome/116.0.1938.76 Safari/537.36"
20.15.133.184 - - [13/Mar/2026:20:12:32 +0300] "GET /?ddlbi/x1559847.html HTTP/2" 503 807 "-" "Mozilla/5.0 AppleWebKit/537.36 (KHTML, like Gecko; compatible; bingbot/2.0; +http://www.bing.com/bingbot.htm) Chrome/116.0.1938.76 Safari/537.36"
57.141.20.1 - - [13/Mar/2026:20:12:32 +0300] "GET /?sdeju/n141329.html HTTP/2" 503 807 "-" "meta-externalagent/1.1 (+https://developers.facebook.com/docs/sharing/webmasters/crawler)"
57.141.20.39 - - [13/Mar/2026:20:12:31 +0300] "GET /?tzjov/c1154616.html HTTP/2" 200 3463 "-" "meta-externalagent/1.1 (+https://developers.facebook.com/docs/sharing/webmasters/crawler)"
57.141.20.23 - - [13/Mar/2026:20:12:57 +0300] "GET /?qhhmt/j2252057.html HTTP/2" 200 3463 "-" "meta-externalagent/1.1 (+https://developers.facebook.com/docs/sharing/webmasters/crawler)"
57.141.20.6 - - [13/Mar/2026:20:13:24 +0300] "GET /?yngzk/n2912825.html HTTP/2" 503 807 "-" "meta-externalagent/1.1 (+https://developers.facebook.com/docs/sharing/webmasters/crawler)"
57.141.20.48 - - [13/Mar/2026:20:13:29 +0300] "GET /?xkvew/r110757.html HTTP/2" 200 3463 "-" "meta-externalagent/1.1 (+https://developers.facebook.com/docs/sharing/webmasters/crawler)"
57.141.20.18 - - [13/Mar/2026:20:13:34 +0300] "GET /?zrtlk/v2595529.html HTTP/2" 200 3463 "-" "meta-externalagent/1.1 (+https://developers.facebook.com/docs/sharing/webmasters/crawler)"
57.141.20.45 - - [13/Mar/2026:20:13:35 +0300] "GET /?zsovk/q2207318.html HTTP/2" 200 0 "-" "meta-externalagent/1.1 (+https://developers.facebook.com/docs/sharing/webmasters/crawler)"
66.249.66.194 - - [13/Mar/2026:20:11:08 +0300] "GET /?ckplj/a2079408.html HTTP/1.1" 200 1396 "-" "Mozilla/5.0 (Linux; Android 6.0.1; Nexus 5X Build/MMB29P) AppleWebKit/537.36 (KHTML, like Gecko) Chrome/145.0.7632.116 Mobile Safari/537.36 (compatible; GoogleOther)"
57.141.20.57 - - [13/Mar/2026:20:11:47 +0300] "GET /?hugje/m188830.html HTTP/2" 200 3463 "-" "meta-externalagent/1.1 (+https://developers.facebook.com/docs/sharing/webmasters/crawler)"
57.141.20.22 - - [13/Mar/2026:20:11:53 +0300] "GET /?olqxt/m1990058.html HTTP/2" 200 3463 "-" "meta-externalagent/1.1 (+https://developers.facebook.com/docs/sharing/webmasters/crawler)"
57.141.20.3 - - [13/Mar/2026:20:12:07 +0300] "GET /?dwqqn/k1326250.html HTTP/2" 200 3463 "-" "meta-externalagent/1.1 (+https://developers.facebook.com/docs/sharing/webmasters/crawler)"
57.141.20.33 - - [13/Mar/2026:20:12:18 +0300] "GET /?ozwki/a113262.html HTTP/2" 503 807 "-" "meta-externalagent/1.1 (+https://developers.facebook.com/docs/sharing/webmasters/crawler)"
57.141.20.10 - - [13/Mar/2026:20:12:38 +0300] "GET /?vkbwr/z593741.html HTTP/2" 503 807 "-" "meta-externalagent/1.1 (+https://developers.facebook.com/docs/sharing/webmasters/crawler)"
57.141.20.47 - - [13/Mar/2026:20:12:39 +0300] "GET /?qphxp/b2482097.html HTTP/2" 200 3463 "-" "meta-externalagent/1.1 (+https://developers.facebook.com/docs/sharing/webmasters/crawler)"
57.141.20.51 - - [13/Mar/2026:20:13:29 +0300] "GET /?axbul/t642745.html HTTP/2" 503 807 "-" "meta-externalagent/1.1 (+https://developers.facebook.com/docs/sharing/webmasters/crawler)"
57.141.20.35 - - [13/Mar/2026:20:13:19 +0300] "GET /?jhkrb/o2314670.html HTTP/2" 200 0 "-" "meta-externalagent/1.1 (+https://developers.facebook.com/docs/sharing/webmasters/crawler)"
57.141.20.29 - - [13/Mar/2026:20:13:46 +0300] "GET /?ypqva/a1361652.html HTTP/2" 200 3463 "-" "meta-externalagent/1.1 (+https://developers.facebook.com/docs/sharing/webmasters/crawler)"
57.141.20.30 - - [13/Mar/2026:20:10:02 +0300] "GET /?dxdft/n2894833.html HTTP/2" 200 3463 "-" "meta-externalagent/1.1 (+https://developers.facebook.com/docs/sharing/webmasters/crawler)"
57.141.20.49 - - [13/Mar/2026:20:10:11 +0300] "GET /?nnmij/k2617670.html HTTP/2" 503 807 "-" "meta-externalagent/1.1 (+https://developers.facebook.com/docs/sharing/webmasters/crawler)"
57.141.20.14 - - [13/Mar/2026:20:10:42 +0300] "GET /?fyzcb/a1869926.html HTTP/2" 200 3463 "-" "meta-externalagent/1.1 (+https://developers.facebook.com/docs/sharing/webmasters/crawler)"
40.77.167.55 - - [13/Mar/2026:20:10:47 +0300] "GET /?ruzwq/s2443374.html HTTP/2" 200 1396 "-" "Mozilla/5.0 AppleWebKit/537.36 (KHTML, like Gecko; compatible; bingbot/2.0; +http://www.bing.com/bingbot.htm) Chrome/116.0.1938.76 Safari/537.36"
57.141.20.21 - - [13/Mar/2026:20:10:53 +0300] "GET /?wfyya/j2246519.html HTTP/2" 200 3463 "-" "meta-externalagent/1.1 (+https://developers.facebook.com/docs/sharing/webmasters/crawler)"
57.141.20.46 - - [13/Mar/2026:20:11:15 +0300] "GET /?qthxl/l82541.html HTTP/2" 200 3463 "-" "meta-externalagent/1.1 (+https://developers.facebook.com/docs/sharing/webmasters/crawler)"
57.141.20.3 - - [13/Mar/2026:20:11:25 +0300] "GET /?xmptq/z2713105.html HTTP/2" 200 3463 "-" "meta-externalagent/1.1 (+https://developers.facebook.com/docs/sharing/webmasters/crawler)"
40.77.167.55 - - [13/Mar/2026:20:10:51 +0300] "GET /?lpfrh/m3021686.html HTTP/2" 200 0 "-" "Mozilla/5.0 AppleWebKit/537.36 (KHTML, like Gecko; compatible; bingbot/2.0; +http://www.bing.com/bingbot.htm) Chrome/116.0.1938.76 Safari/537.36"
57.141.20.17 - - [13/Mar/2026:20:11:22 +0300] "GET /?tnvya/s1658148.html HTTP/2" 200 0 "-" "meta-externalagent/1.1 (+https://developers.facebook.com/docs/sharing/webmasters/crawler)"
57.141.20.41 - - [13/Mar/2026:20:11:29 +0300] "GET /?ehkkn/d2378931.html HTTP/2" 200 0 "-" "meta-externalagent/1.1 (+https://developers.facebook.com/docs/sharing/webmasters/crawler)"
57.141.20.22 - - [13/Mar/2026:20:11:59 +0300] "GET /?hdmrx/k2684178.html HTTP/2" 200 0 "-" "meta-externalagent/1.1 (+https://developers.facebook.com/docs/sharing/webmasters/crawler)"
57.141.20.5 - - [13/Mar/2026:20:13:08 +0300] "GET /?thxdi/i2038622.html HTTP/2" 200 3463 "-" "meta-externalagent/1.1 (+https://developers.facebook.com/docs/sharing/webmasters/crawler)"
66.249.66.168 - - [13/Mar/2026:20:11:19 +0300] "GET /?azdoj/h1682811.html HTTP/1.1" 500 384 "-" "Mozilla/5.0 (Linux; Android 6.0.1; Nexus 5X Build/MMB29P) AppleWebKit/537.36 (KHTML, like Gecko) Chrome/145.0.7632.116 Mobile Safari/537.36 (compatible; GoogleOther)"
66.249.66.168 - - [13/Mar/2026:20:06:14 +0300] "GET /?sxsgm/o1573280.html HTTP/1.1" 200 24370 "-" "Mozilla/5.0 (Linux; Android 6.0.1; Nexus 5X Build/MMB29P) AppleWebKit/537.36 (KHTML, like Gecko) Chrome/145.0.7632.116 Mobile Safari/537.36 (compatible; GoogleOther)"
57.141.20.44 - - [13/Mar/2026:20:06:25 +0300] "GET /?jdayp/x3066495.html HTTP/2" 200 0 "-" "meta-externalagent/1.1 (+https://developers.facebook.com/docs/sharing/webmasters/crawler)"
40.77.167.79 - - [13/Mar/2026:20:07:47 +0300] "GET /?bouyt/m1216246.html HTTP/2" 503 807 "-" "Mozilla/5.0 AppleWebKit/537.36 (KHTML, like Gecko; compatible; bingbot/2.0; +http://www.bing.com/bingbot.htm) Chrome/116.0.1938.76 Safari/537.36"
102.212.247.146 - - [13/Mar/2026:20:08:53 +0300] "POST /wp-cron.php?doing_wp_cron=1773421731.6115210056304931640625 HTTP/1.1" 403 787 "-" "WordPress/6.9.1; https://paltutors.co.uk"
40.77.167.55 - - [13/Mar/2026:20:09:47 +0300] "GET /?qcuio/b2410519.html HTTP/2" 503 807 "-" "Mozilla/5.0 AppleWebKit/537.36 (KHTML, like Gecko; compatible; bingbot/2.0; +http://www.bing.com/bingbot.htm) Chrome/116.0.1938.76 Safari/537.36"
57.141.20.40 - - [13/Mar/2026:20:09:51 +0300] "GET /?vdgxx/x2376065.html HTTP/2" 503 807 "-" "meta-externalagent/1.1 (+https://developers.facebook.com/docs/sharing/webmasters/crawler)"
57.141.20.44 - - [13/Mar/2026:20:10:05 +0300] "GET /?dujmf/p267483.html HTTP/2" 200 3463 "-" "meta-externalagent/1.1 (+https://developers.facebook.com/docs/sharing/webmasters/crawler)"
57.141.20.44 - - [13/Mar/2026:20:09:45 +0300] "GET /?kcecr/t2669653.html HTTP/2" 200 0 "-" "meta-externalagent/1.1 (+https://developers.facebook.com/docs/sharing/webmasters/crawler)"
57.141.20.45 - - [13/Mar/2026:20:10:15 +0300] "GET /?zwmgk/l2388845.html HTTP/2" 503 807 "-" "meta-externalagent/1.1 (+https://developers.facebook.com/docs/sharing/webmasters/crawler)"
57.141.20.49 - - [13/Mar/2026:20:10:22 +0300] "GET /?gdgei/e518554.html HTTP/2" 200 3463 "-" "meta-externalagent/1.1 (+https://developers.facebook.com/docs/sharing/webmasters/crawler)"
57.141.20.19 - - [13/Mar/2026:20:11:56 +0300] "GET /?wlhso/i182274.html HTTP/2" 200 3463 "-" "meta-externalagent/1.1 (+https://developers.facebook.com/docs/sharing/webmasters/crawler)"
57.141.20.2 - - [13/Mar/2026:20:12:18 +0300] "GET /?mrvhb/t2739827.html HTTP/2" 503 807 "-" "meta-externalagent/1.1 (+https://developers.facebook.com/docs/sharing/webmasters/crawler)"
57.141.20.58 - - [13/Mar/2026:20:12:45 +0300] "GET /?clnhh/f3058417.html HTTP/2" 200 3463 "-" "meta-externalagent/1.1 (+https://developers.facebook.com/docs/sharing/webmasters/crawler)"
57.141.20.57 - - [13/Mar/2026:20:13:03 +0300] "GET /?mkvqw/c1485362.html HTTP/2" 200 0 "-" "meta-externalagent/1.1 (+https://developers.facebook.com/docs/sharing/webmasters/crawler)"
57.141.20.7 - - [13/Mar/2026:20:09:41 +0300] "GET /?dyyny/j1910521.html HTTP/2" 200 3463 "-" "meta-externalagent/1.1 (+https://developers.facebook.com/docs/sharing/webmasters/crawler)"
57.141.20.38 - - [13/Mar/2026:20:10:15 +0300] "GET /?hohoh/l1284963.html HTTP/2" 200 3463 "-" "meta-externalagent/1.1 (+https://developers.facebook.com/docs/sharing/webmasters/crawler)"
57.141.20.41 - - [13/Mar/2026:20:10:23 +0300] "GET /?tdzaf/d2046651.html HTTP/2" 503 807 "-" "meta-externalagent/1.1 (+https://developers.facebook.com/docs/sharing/webmasters/crawler)"
57.141.20.25 - - [13/Mar/2026:20:10:38 +0300] "GET /?wtljj/m2510370.html HTTP/2" 200 0 "-" "meta-externalagent/1.1 (+https://developers.facebook.com/docs/sharing/webmasters/crawler)"
57.141.20.23 - - [13/Mar/2026:20:12:04 +0300] "GET /?kesny/e2571332.html HTTP/2" 200 3463 "-" "meta-externalagent/1.1 (+https://developers.facebook.com/docs/sharing/webmasters/crawler)"
57.141.20.20 - - [13/Mar/2026:20:11:44 +0300] "GET /?ccmzu/j755679.html HTTP/2" 200 0 "-" "meta-externalagent/1.1 (+https://developers.facebook.com/docs/sharing/webmasters/crawler)"
57.141.20.55 - - [13/Mar/2026:20:12:12 +0300] "GET /?lmhdz/l499269.html HTTP/2" 503 807 "-" "meta-externalagent/1.1 (+https://developers.facebook.com/docs/sharing/webmasters/crawler)"
57.141.20.54 - - [13/Mar/2026:20:12:15 +0300] "GET /?gbkqh/n181005.html HTTP/2" 503 807 "-" "meta-externalagent/1.1 (+https://developers.facebook.com/docs/sharing/webmasters/crawler)"
57.141.20.44 - - [13/Mar/2026:20:12:26 +0300] "GET /?wgpti/p1967415.html HTTP/2" 503 807 "-" "meta-externalagent/1.1 (+https://developers.facebook.com/docs/sharing/webmasters/crawler)"
57.141.20.10 - - [13/Mar/2026:20:12:51 +0300] "GET /?gehbf/x1567049.html HTTP/2" 200 3463 "-" "meta-externalagent/1.1 (+https://developers.facebook.com/docs/sharing/webmasters/crawler)"
57.141.20.13 - - [13/Mar/2026:20:13:13 +0300] "GET /?bduhw/s1195894.html HTTP/2" 200 3463 "-" "meta-externalagent/1.1 (+https://developers.facebook.com/docs/sharing/webmasters/crawler)"
207.46.13.150 - - [13/Mar/2026:20:12:57 +0300] "GET /?xyymj/n174037.html HTTP/2" 200 0 "-" "Mozilla/5.0 AppleWebKit/537.36 (KHTML, like Gecko; compatible; bingbot/2.0; +http://www.bing.com/bingbot.htm) Chrome/116.0.1938.76 Safari/537.36"
51.161.65.58 - - [13/Mar/2026:20:08:35 +0300] "GET /modern-slavery-statement/ HTTP/2" 200 7 "-" "Mozilla/5.0 (compatible; AhrefsBot/7.0; +http://ahrefs.com/robot/)"
207.46.13.150 - - [13/Mar/2026:20:08:47 +0300] "GET /?oagau/b2422349.html HTTP/2" 200 25248 "-" "Mozilla/5.0 AppleWebKit/537.36 (KHTML, like Gecko; compatible; bingbot/2.0; +http://www.bing.com/bingbot.htm) Chrome/116.0.1938.76 Safari/537.36"
207.46.13.150 - - [13/Mar/2026:20:08:57 +0300] "GET /?iczte/s2093128.html HTTP/2" 200 24688 "-" "Mozilla/5.0 AppleWebKit/537.36 (KHTML, like Gecko; compatible; bingbot/2.0; +http://www.bing.com/bingbot.htm) Chrome/116.0.1938.76 Safari/537.36"
57.141.20.27 - - [13/Mar/2026:20:09:22 +0300] "GET /?aptud/e2275166.html HTTP/2" 200 3463 "-" "meta-externalagent/1.1 (+https://developers.facebook.com/docs/sharing/webmasters/crawler)"
66.249.66.14 - - [13/Mar/2026:20:09:30 +0300] "GET /?rfnel/d368247.html HTTP/1.1" 200 1396 "-" "Mozilla/5.0 (Linux; Android 6.0.1; Nexus 5X Build/MMB29P) AppleWebKit/537.36 (KHTML, like Gecko) Chrome/145.0.7632.116 Mobile Safari/537.36 (compatible; GoogleOther)"
57.141.20.52 - - [13/Mar/2026:20:09:48 +0300] "GET /?tlftd/n1263853.html HTTP/2" 200 3463 "-" "meta-externalagent/1.1 (+https://developers.facebook.com/docs/sharing/webmasters/crawler)"
66.249.66.14 - - [13/Mar/2026:20:10:00 +0300] "GET /?zncaa/j1059541.html HTTP/1.1" 200 1396 "-" "Mozilla/5.0 (Linux; Android 6.0.1; Nexus 5X Build/MMB29P) AppleWebKit/537.36 (KHTML, like Gecko) Chrome/145.0.7632.116 Mobile Safari/537.36 (compatible; GoogleOther)"
57.141.20.35 - - [13/Mar/2026:20:10:19 +0300] "GET /?qtyfp/y674470.html HTTP/2" 503 807 "-" "meta-externalagent/1.1 (+https://developers.facebook.com/docs/sharing/webmasters/crawler)"
57.141.20.2 - - [13/Mar/2026:20:09:58 +0300] "GET /?bkzrl/q1366764.html HTTP/2" 200 0 "-" "meta-externalagent/1.1 (+https://developers.facebook.com/docs/sharing/webmasters/crawler)"
57.141.20.27 - - [13/Mar/2026:20:10:17 +0300] "GET /?dmgio/r2299385.html HTTP/2" 200 3463 "-" "meta-externalagent/1.1 (+https://developers.facebook.com/docs/sharing/webmasters/crawler)"
40.77.167.55 - - [13/Mar/2026:20:10:17 +0300] "GET /?idauk/t166529.html HTTP/2" 200 1396 "-" "Mozilla/5.0 AppleWebKit/537.36 (KHTML, like Gecko; compatible; bingbot/2.0; +http://www.bing.com/bingbot.htm) Chrome/116.0.1938.76 Safari/537.36"
57.141.20.44 - - [13/Mar/2026:20:10:26 +0300] "GET /?nkgup/z2622677.html HTTP/2" 200 3463 "-" "meta-externalagent/1.1 (+https://developers.facebook.com/docs/sharing/webmasters/crawler)"
57.141.20.58 - - [13/Mar/2026:20:10:53 +0300] "GET /?uccag/u2247050.html HTTP/2" 503 807 "-" "meta-externalagent/1.1 (+https://developers.facebook.com/docs/sharing/webmasters/crawler)"
57.141.20.33 - - [13/Mar/2026:20:11:08 +0300] "GET /?tkvlw/o878950.html HTTP/2" 200 3463 "-" "meta-externalagent/1.1 (+https://developers.facebook.com/docs/sharing/webmasters/crawler)"
57.141.20.36 - - [13/Mar/2026:20:12:22 +0300] "GET /?imfol/m1348872.html HTTP/2" 503 807 "-" "meta-externalagent/1.1 (+https://developers.facebook.com/docs/sharing/webmasters/crawler)"
57.141.20.6 - - [13/Mar/2026:20:12:25 +0300] "GET /?gtyqr/q835116.html HTTP/2" 503 807 "-" "meta-externalagent/1.1 (+https://developers.facebook.com/docs/sharing/webmasters/crawler)"
57.141.20.48 - - [13/Mar/2026:20:13:40 +0300] "GET /?msnwt/u2125526.html HTTP/2" 200 0 "-" "meta-externalagent/1.1 (+https://developers.facebook.com/docs/sharing/webmasters/crawler)"
20.15.133.163 - - [13/Mar/2026:20:12:36 +0300] "GET /?iznee/q1689242.html HTTP/2" 200 0 "-" "Mozilla/5.0 AppleWebKit/537.36 (KHTML, like Gecko; compatible; bingbot/2.0; +http://www.bing.com/bingbot.htm) Chrome/116.0.1938.76 Safari/537.36"
57.141.20.3 - - [13/Mar/2026:20:03:47 +0300] "GET /?ffkfe/p550389.html HTTP/2" 200 0 "-" "meta-externalagent/1.1 (+https://developers.facebook.com/docs/sharing/webmasters/crawler)"
57.141.20.25 - - [13/Mar/2026:20:04:50 +0300] "GET /?wswxn/v2309919.html HTTP/2" 200 0 "-" "meta-externalagent/1.1 (+https://developers.facebook.com/docs/sharing/webmasters/crawler)"
57.141.20.24 - - [13/Mar/2026:20:08:22 +0300] "GET /?ojogn/q273178.html HTTP/2" 200 0 "-" "meta-externalagent/1.1 (+https://developers.facebook.com/docs/sharing/webmasters/crawler)"
57.141.20.11 - - [13/Mar/2026:20:08:26 +0300] "GET /?bpzep/p1531265.html HTTP/2" 200 0 "-" "meta-externalagent/1.1 (+https://developers.facebook.com/docs/sharing/webmasters/crawler)"
57.141.20.8 - - [13/Mar/2026:20:08:39 +0300] "GET /?ubpzn/v2728441.html HTTP/2" 200 0 "-" "meta-externalagent/1.1 (+https://developers.facebook.com/docs/sharing/webmasters/crawler)"
66.249.66.34 - - [13/Mar/2026:20:09:12 +0300] "GET /?ebehc/s1999554.html HTTP/1.1" 200 24499 "-" "Mozilla/5.0 (Linux; Android 6.0.1; Nexus 5X Build/MMB29P) AppleWebKit/537.36 (KHTML, like Gecko) Chrome/145.0.7632.116 Mobile Safari/537.36 (compatible; GoogleOther)"
57.141.20.17 - - [13/Mar/2026:20:10:08 +0300] "GET /?cyoxd/n506837.html HTTP/2" 200 3463 "-" "meta-externalagent/1.1 (+https://developers.facebook.com/docs/sharing/webmasters/crawler)"
57.141.20.13 - - [13/Mar/2026:20:10:27 +0300] "GET /?gvshp/v2442831.html HTTP/2" 200 3463 "-" "meta-externalagent/1.1 (+https://developers.facebook.com/docs/sharing/webmasters/crawler)"
57.141.20.35 - - [13/Mar/2026:20:10:30 +0300] "GET /?tbfia/l2588213.html HTTP/2" 200 3463 "-" "meta-externalagent/1.1 (+https://developers.facebook.com/docs/sharing/webmasters/crawler)"
57.141.20.33 - - [13/Mar/2026:20:10:49 +0300] "GET /?cvllf/i2326286.html HTTP/2" 503 807 "-" "meta-externalagent/1.1 (+https://developers.facebook.com/docs/sharing/webmasters/crawler)"
57.141.20.11 - - [13/Mar/2026:20:10:34 +0300] "GET /?jihuy/p699447.html HTTP/2" 200 0 "-" "meta-externalagent/1.1 (+https://developers.facebook.com/docs/sharing/webmasters/crawler)"
57.141.20.51 - - [13/Mar/2026:20:11:12 +0300] "GET /?upbqe/g455766.html HTTP/2" 200 3463 "-" "meta-externalagent/1.1 (+https://developers.facebook.com/docs/sharing/webmasters/crawler)"
57.141.20.28 - - [13/Mar/2026:20:11:50 +0300] "GET /?fufex/h1561937.html HTTP/2" 200 3463 "-" "meta-externalagent/1.1 (+https://developers.facebook.com/docs/sharing/webmasters/crawler)"
57.141.20.14 - - [13/Mar/2026:20:11:35 +0300] "GET /?eqlfo/o1007390.html HTTP/2" 200 0 "-" "meta-externalagent/1.1 (+https://developers.facebook.com/docs/sharing/webmasters/crawler)"
57.141.20.24 - - [13/Mar/2026:20:12:21 +0300] "GET /?dijyl/g90258.html HTTP/2" 503 807 "-" "meta-externalagent/1.1 (+https://developers.facebook.com/docs/sharing/webmasters/crawler)"
57.141.20.58 - - [13/Mar/2026:20:12:02 +0300] "GET /?znmyt/f2333849.html HTTP/2" 200 0 "-" "meta-externalagent/1.1 (+https://developers.facebook.com/docs/sharing/webmasters/crawler)"
20.15.133.184 - - [13/Mar/2026:20:12:51 +0300] "GET /?ddlbi/x1559847.html HTTP/2" 200 0 "-" "Mozilla/5.0 AppleWebKit/537.36 (KHTML, like Gecko; compatible; bingbot/2.0; +http://www.bing.com/bingbot.htm) Chrome/116.0.1938.76 Safari/537.36"
57.141.20.13 - - [13/Mar/2026:20:14:01 +0300] "GET /?uneqb/z2549773.html HTTP/2" 200 3463 "-" "meta-externalagent/1.1 (+https://developers.facebook.com/docs/sharing/webmasters/crawler)"
66.249.66.196 - - [13/Mar/2026:20:14:30 +0300] "GET /?eiybo/l513387.html HTTP/1.1" 200 1396 "-" "Mozilla/5.0 (Linux; Android 6.0.1; Nexus 5X Build/MMB29P) AppleWebKit/537.36 (KHTML, like Gecko) Chrome/145.0.7632.116 Mobile Safari/537.36 (compatible; Googlebot/2.1; +http://www.google.com/bot.html)"
57.141.20.10 - - [13/Mar/2026:20:14:38 +0300] "GET /?xfbwn/h496613.html HTTP/2" 200 3463 "-" "meta-externalagent/1.1 (+https://developers.facebook.com/docs/sharing/webmasters/crawler)"
57.141.20.40 - - [13/Mar/2026:20:14:43 +0300] "GET /?ybmxd/o3034350.html HTTP/2" 200 3463 "-" "meta-externalagent/1.1 (+https://developers.facebook.com/docs/sharing/webmasters/crawler)"
57.141.20.0 - - [13/Mar/2026:20:14:48 +0300] "GET /?nirvz/e2685290.html HTTP/2" 200 3463 "-" "meta-externalagent/1.1 (+https://developers.facebook.com/docs/sharing/webmasters/crawler)"
57.141.20.5 - - [13/Mar/2026:20:14:58 +0300] "GET /?pckrb/d252573.html HTTP/2" 200 3463 "-" "meta-externalagent/1.1 (+https://developers.facebook.com/docs/sharing/webmasters/crawler)"
57.141.20.36 - - [13/Mar/2026:20:14:58 +0300] "GET /?pzikd/z2468081.html HTTP/2" 200 3463 "-" "meta-externalagent/1.1 (+https://developers.facebook.com/docs/sharing/webmasters/crawler)"
57.141.20.8 - - [13/Mar/2026:20:15:37 +0300] "GET /?klwvv/g3109586.html HTTP/2" 503 807 "-" "meta-externalagent/1.1 (+https://developers.facebook.com/docs/sharing/webmasters/crawler)"
66.249.66.160 - - [13/Mar/2026:20:14:24 +0300] "GET /?zekre/r274011.html HTTP/1.1" 500 384 "-" "Mozilla/5.0 (Linux; Android 6.0.1; Nexus 5X Build/MMB29P) AppleWebKit/537.36 (KHTML, like Gecko) Chrome/145.0.7632.116 Mobile Safari/537.36 (compatible; GoogleOther)"
57.141.20.30 - - [13/Mar/2026:20:16:51 +0300] "GET /?pmuqy/w2084630.html HTTP/2" 200 3463 "-" "meta-externalagent/1.1 (+https://developers.facebook.com/docs/sharing/webmasters/crawler)"
57.141.20.6 - - [13/Mar/2026:20:16:33 +0300] "GET /?oiksp/l1012925.html HTTP/2" 200 0 "-" "meta-externalagent/1.1 (+https://developers.facebook.com/docs/sharing/webmasters/crawler)"
57.141.20.14 - - [13/Mar/2026:20:16:45 +0300] "GET /?gmzhs/x2169339.html HTTP/2" 200 0 "-" "meta-externalagent/1.1 (+https://developers.facebook.com/docs/sharing/webmasters/crawler)"
57.141.20.2 - - [13/Mar/2026:20:18:23 +0300] "GET /?itlov/n964801.html HTTP/2" 200 0 "-" "meta-externalagent/1.1 (+https://developers.facebook.com/docs/sharing/webmasters/crawler)"
102.212.247.146 - - [13/Mar/2026:20:19:04 +0300] "POST /wp-cron.php?doing_wp_cron=1773422342.4283170700073242187500 HTTP/1.1" 403 787 "-" "WordPress/6.9.1; https://paltutors.co.uk"
57.141.20.22 - - [13/Mar/2026:20:19:25 +0300] "GET /?fueib/n1172307.html HTTP/2" 200 0 "-" "meta-externalagent/1.1 (+https://developers.facebook.com/docs/sharing/webmasters/crawler)"
66.249.66.194 - - [13/Mar/2026:20:17:55 +0300] "GET /?fbqav/h131079.html HTTP/1.1" 500 384 "-" "Mozilla/5.0 (Linux; Android 6.0.1; Nexus 5X Build/MMB29P) AppleWebKit/537.36 (KHTML, like Gecko) Chrome/145.0.7632.116 Mobile Safari/537.36 (compatible; GoogleOther)"
66.249.66.64 - - [13/Mar/2026:20:19:56 +0300] "GET /?oathg/n2433047.html HTTP/1.1" 200 24664 "-" "Mozilla/5.0 (Linux; Android 6.0.1; Nexus 5X Build/MMB29P) AppleWebKit/537.36 (KHTML, like Gecko) Chrome/145.0.7632.116 Mobile Safari/537.36 (compatible; GoogleOther)"
102.212.247.146 - - [13/Mar/2026:20:20:23 +0300] "POST /wp-cron.php?doing_wp_cron=1773422421.6165580749511718750000 HTTP/1.1" 403 787 "-" "WordPress/6.9.1; https://paltutors.co.uk"
57.141.20.56 - - [13/Mar/2026:20:20:17 +0300] "GET /?txydh/x1637691.html HTTP/2" 200 3463 "-" "meta-externalagent/1.1 (+https://developers.facebook.com/docs/sharing/webmasters/crawler)"
102.212.247.146 - - [13/Mar/2026:20:20:33 +0300] "POST /wp-cron.php?doing_wp_cron=1773422431.8094549179077148437500 HTTP/1.1" 403 787 "-" "WordPress/6.9.1; https://paltutors.co.uk"
57.141.20.47 - - [13/Mar/2026:20:14:27 +0300] "GET /?uskbf/q550338.html HTTP/2" 200 3463 "-" "meta-externalagent/1.1 (+https://developers.facebook.com/docs/sharing/webmasters/crawler)"
57.141.20.38 - - [13/Mar/2026:20:14:11 +0300] "GET /?ckfaa/v576759.html HTTP/2" 200 0 "-" "meta-externalagent/1.1 (+https://developers.facebook.com/docs/sharing/webmasters/crawler)"
57.141.20.30 - - [13/Mar/2026:20:15:08 +0300] "GET /?pfdph/b2493641.html HTTP/2" 200 0 "-" "meta-externalagent/1.1 (+https://developers.facebook.com/docs/sharing/webmasters/crawler)"
57.141.20.44 - - [13/Mar/2026:20:15:42 +0300] "GET /?ehhyd/y2508926.html HTTP/2" 200 3463 "-" "meta-externalagent/1.1 (+https://developers.facebook.com/docs/sharing/webmasters/crawler)"
57.141.20.8 - - [13/Mar/2026:20:16:13 +0300] "GET /?sxdqu/s830386.html HTTP/2" 200 0 "-" "meta-externalagent/1.1 (+https://developers.facebook.com/docs/sharing/webmasters/crawler)"
157.55.39.53 - - [13/Mar/2026:20:16:07 +0300] "GET /?kvykt/t199835.html HTTP/2" 200 0 "-" "Mozilla/5.0 AppleWebKit/537.36 (KHTML, like Gecko; compatible; bingbot/2.0; +http://www.bing.com/bingbot.htm) Chrome/116.0.1938.76 Safari/537.36"
57.141.20.40 - - [13/Mar/2026:20:16:57 +0300] "GET /?fqymz/d2899945.html HTTP/2" 200 3463 "-" "meta-externalagent/1.1 (+https://developers.facebook.com/docs/sharing/webmasters/crawler)"
57.141.20.54 - - [13/Mar/2026:20:17:14 +0300] "GET /?beczt/v1964197.html HTTP/2" 503 807 "-" "meta-externalagent/1.1 (+https://developers.facebook.com/docs/sharing/webmasters/crawler)"
57.141.20.27 - - [13/Mar/2026:20:17:29 +0300] "GET /?jdgty/d696081.html HTTP/2" 503 807 "-" "meta-externalagent/1.1 (+https://developers.facebook.com/docs/sharing/webmasters/crawler)"
57.141.20.4 - - [13/Mar/2026:20:17:37 +0300] "GET /?wvcin/z578505.html HTTP/2" 200 0 "-" "meta-externalagent/1.1 (+https://developers.facebook.com/docs/sharing/webmasters/crawler)"
40.77.167.55 - - [13/Mar/2026:20:18:48 +0300] "GET /?ybebe/g820754.html HTTP/2" 200 24523 "-" "Mozilla/5.0 AppleWebKit/537.36 (KHTML, like Gecko; compatible; bingbot/2.0; +http://www.bing.com/bingbot.htm) Chrome/116.0.1938.76 Safari/537.36"
57.141.20.14 - - [13/Mar/2026:20:18:33 +0300] "GET /?cgayx/b1888179.html HTTP/2" 200 0 "-" "meta-externalagent/1.1 (+https://developers.facebook.com/docs/sharing/webmasters/crawler)"
57.141.20.54 - - [13/Mar/2026:20:19:15 +0300] "GET /?lbnju/t2059121.html HTTP/2" 200 0 "-" "meta-externalagent/1.1 (+https://developers.facebook.com/docs/sharing/webmasters/crawler)"
57.141.20.36 - - [13/Mar/2026:20:19:35 +0300] "GET /?shpky/j2046241.html HTTP/2" 200 0 "-" "meta-externalagent/1.1 (+https://developers.facebook.com/docs/sharing/webmasters/crawler)"
57.141.20.8 - - [13/Mar/2026:20:19:56 +0300] "GET /?zenyb/y837672.html HTTP/2" 200 0 "-" "meta-externalagent/1.1 (+https://developers.facebook.com/docs/sharing/webmasters/crawler)"
40.77.167.49 - - [13/Mar/2026:20:20:28 +0300] "GET /?nqoxj/h165659.html HTTP/2" 200 24631 "-" "Mozilla/5.0 AppleWebKit/537.36 (KHTML, like Gecko; compatible; bingbot/2.0; +http://www.bing.com/bingbot.htm) Chrome/116.0.1938.76 Safari/537.36"
40.77.167.49 - - [13/Mar/2026:20:20:31 +0300] "GET /?ekfny/z3102663.html HTTP/2" 200 24082 "-" "Mozilla/5.0 AppleWebKit/537.36 (KHTML, like Gecko; compatible; bingbot/2.0; +http://www.bing.com/bingbot.htm) Chrome/116.0.1938.76 Safari/537.36"
40.77.167.49 - - [13/Mar/2026:20:20:42 +0300] "GET /?nkqcq/l1868273.html HTTP/2" 200 24711 "-" "Mozilla/5.0 AppleWebKit/537.36 (KHTML, like Gecko; compatible; bingbot/2.0; +http://www.bing.com/bingbot.htm) Chrome/116.0.1938.76 Safari/537.36"
57.141.20.50 - - [13/Mar/2026:20:20:27 +0300] "GET /?xrqbs/f2466761.html HTTP/2" 200 0 "-" "meta-externalagent/1.1 (+https://developers.facebook.com/docs/sharing/webmasters/crawler)"
66.249.66.32 - - [13/Mar/2026:20:21:36 +0300] "GET /?pjlke/i346100.html HTTP/1.1" 200 24674 "-" "Mozilla/5.0 (Linux; Android 6.0.1; Nexus 5X Build/MMB29P) AppleWebKit/537.36 (KHTML, like Gecko) Chrome/145.0.7632.116 Mobile Safari/537.36 (compatible; GoogleOther)"
57.141.20.19 - - [13/Mar/2026:20:15:03 +0300] "GET /?zuuak/t118325.html HTTP/2" 200 3463 "-" "meta-externalagent/1.1 (+https://developers.facebook.com/docs/sharing/webmasters/crawler)"
57.141.20.35 - - [13/Mar/2026:20:15:13 +0300] "GET /?nagrc/a2301890.html HTTP/2" 200 0 "-" "meta-externalagent/1.1 (+https://developers.facebook.com/docs/sharing/webmasters/crawler)"
57.141.20.31 - - [13/Mar/2026:20:15:21 +0300] "GET /?qslwm/g1438332.html HTTP/2" 200 0 "-" "meta-externalagent/1.1 (+https://developers.facebook.com/docs/sharing/webmasters/crawler)"
57.141.20.5 - - [13/Mar/2026:20:15:48 +0300] "GET /?agrij/x2757719.html HTTP/2" 200 3463 "-" "meta-externalagent/1.1 (+https://developers.facebook.com/docs/sharing/webmasters/crawler)"
57.141.20.51 - - [13/Mar/2026:20:16:23 +0300] "GET /?vizyu/w1077936.html HTTP/2" 503 807 "-" "meta-externalagent/1.1 (+https://developers.facebook.com/docs/sharing/webmasters/crawler)"
57.141.20.27 - - [13/Mar/2026:20:16:27 +0300] "GET /?wrgot/c722652.html HTTP/2" 200 0 "-" "meta-externalagent/1.1 (+https://developers.facebook.com/docs/sharing/webmasters/crawler)"
57.141.20.14 - - [13/Mar/2026:20:16:40 +0300] "GET /?ythdb/o812494.html HTTP/2" 200 0 "-" "meta-externalagent/1.1 (+https://developers.facebook.com/docs/sharing/webmasters/crawler)"
57.141.20.38 - - [13/Mar/2026:20:17:08 +0300] "GET /?nyftg/r691779.html HTTP/2" 503 807 "-" "meta-externalagent/1.1 (+https://developers.facebook.com/docs/sharing/webmasters/crawler)"
66.249.66.169 - - [13/Mar/2026:20:17:15 +0300] "GET /?ihxai/x1961547.html HTTP/1.1" 503 807 "-" "Mozilla/5.0 (Linux; Android 6.0.1; Nexus 5X Build/MMB29P) AppleWebKit/537.36 (KHTML, like Gecko) Chrome/145.0.7632.116 Mobile Safari/537.36 (compatible; GoogleOther)"
57.141.20.18 - - [13/Mar/2026:20:17:39 +0300] "GET /?pkenw/r1727151.html HTTP/2" 503 807 "-" "meta-externalagent/1.1 (+https://developers.facebook.com/docs/sharing/webmasters/crawler)"
102.212.247.146 - - [13/Mar/2026:20:18:57 +0300] "POST /wp-cron.php?doing_wp_cron=1773422336.5292100906372070312500 HTTP/1.1" 403 787 "-" "WordPress/6.9.1; https://paltutors.co.uk"
57.141.20.18 - - [13/Mar/2026:20:20:07 +0300] "GET /?fiipm/x1026145.html HTTP/2" 200 0 "-" "meta-externalagent/1.1 (+https://developers.facebook.com/docs/sharing/webmasters/crawler)"
102.212.247.146 - - [13/Mar/2026:20:21:01 +0300] "POST /wp-cron.php?doing_wp_cron=1773422460.3150980472564697265625 HTTP/1.1" 403 787 "-" "WordPress/6.9.1; https://paltutors.co.uk"
57.141.20.3 - - [13/Mar/2026:20:20:47 +0300] "GET /?uvnro/b1084493.html HTTP/2" 200 0 "-" "meta-externalagent/1.1 (+https://developers.facebook.com/docs/sharing/webmasters/crawler)"
57.141.20.18 - - [13/Mar/2026:20:21:05 +0300] "GET /?hijlw/e1313088.html HTTP/2" 200 0 "-" "meta-externalagent/1.1 (+https://developers.facebook.com/docs/sharing/webmasters/crawler)"
66.249.66.194 - - [13/Mar/2026:20:21:54 +0300] "GET /?ooiaa/u3104010.html HTTP/1.1" 200 24358 "-" "Mozilla/5.0 (Linux; Android 6.0.1; Nexus 5X Build/MMB29P) AppleWebKit/537.36 (KHTML, like Gecko) Chrome/145.0.7632.116 Mobile Safari/537.36 (compatible; GoogleOther)"
57.141.20.20 - - [13/Mar/2026:20:21:34 +0300] "GET /?hbupq/b1987863.html HTTP/2" 200 0 "-" "meta-externalagent/1.1 (+https://developers.facebook.com/docs/sharing/webmasters/crawler)"
57.141.20.26 - - [13/Mar/2026:20:22:31 +0300] "GET /?rwgzb/g308580.html HTTP/2" 200 0 "-" "meta-externalagent/1.1 (+https://developers.facebook.com/docs/sharing/webmasters/crawler)"
57.141.20.57 - - [13/Mar/2026:20:23:26 +0300] "GET /?tnrox/p1630949.html HTTP/2" 200 3463 "-" "meta-externalagent/1.1 (+https://developers.facebook.com/docs/sharing/webmasters/crawler)"
157.55.39.53 - - [13/Mar/2026:20:23:48 +0300] "GET /?gkzqc/z2790065.html HTTP/2" 200 24457 "-" "Mozilla/5.0 AppleWebKit/537.36 (KHTML, like Gecko; compatible; bingbot/2.0; +http://www.bing.com/bingbot.htm) Chrome/116.0.1938.76 Safari/537.36"
207.46.13.150 - - [13/Mar/2026:20:15:47 +0300] "GET /?athiq/c3019180.html HTTP/2" 200 1396 "-" "Mozilla/5.0 AppleWebKit/537.36 (KHTML, like Gecko; compatible; bingbot/2.0; +http://www.bing.com/bingbot.htm) Chrome/116.0.1938.76 Safari/537.36"
57.141.20.56 - - [13/Mar/2026:20:15:53 +0300] "GET /?nacbu/w812112.html HTTP/2" 200 3463 "-" "meta-externalagent/1.1 (+https://developers.facebook.com/docs/sharing/webmasters/crawler)"
57.141.20.53 - - [13/Mar/2026:20:15:42 +0300] "GET /?lfbaz/s2520594.html HTTP/2" 200 0 "-" "meta-externalagent/1.1 (+https://developers.facebook.com/docs/sharing/webmasters/crawler)"
57.141.20.29 - - [13/Mar/2026:20:17:29 +0300] "GET /?kxdhg/m654022.html HTTP/2" 503 807 "-" "meta-externalagent/1.1 (+https://developers.facebook.com/docs/sharing/webmasters/crawler)"
57.141.20.44 - - [13/Mar/2026:20:18:12 +0300] "GET /?xhkbx/g2630120.html HTTP/2" 200 0 "-" "meta-externalagent/1.1 (+https://developers.facebook.com/docs/sharing/webmasters/crawler)"
35.162.140.124 - - [13/Mar/2026:20:16:56 +0300] "GET /?rnd=1773422209826 HTTP/1.1" 500 384 "http://paltutors.co.uk/?rnd=1773422209826" "GoDaddy-UptimeMonitoring"
57.141.20.24 - - [13/Mar/2026:20:19:04 +0300] "GET /?ualrt/h696891.html HTTP/2" 200 0 "-" "meta-externalagent/1.1 (+https://developers.facebook.com/docs/sharing/webmasters/crawler)"
57.141.20.34 - - [13/Mar/2026:20:19:46 +0300] "GET /?huuyo/w2834600.html HTTP/2" 200 0 "-" "meta-externalagent/1.1 (+https://developers.facebook.com/docs/sharing/webmasters/crawler)"
66.249.66.195 - - [13/Mar/2026:20:20:54 +0300] "GET /?otshc/d2942793.html HTTP/1.1" 200 24549 "-" "Mozilla/5.0 (Linux; Android 6.0.1; Nexus 5X Build/MMB29P) AppleWebKit/537.36 (KHTML, like Gecko) Chrome/145.0.7632.116 Mobile Safari/537.36 (compatible; GoogleOther)"
57.141.20.55 - - [13/Mar/2026:20:21:24 +0300] "GET /?lwzst/o1882706.html HTTP/2" 200 0 "-" "meta-externalagent/1.1 (+https://developers.facebook.com/docs/sharing/webmasters/crawler)"
57.141.20.18 - - [13/Mar/2026:20:21:52 +0300] "GET /?tfpig/v178023.html HTTP/2" 200 0 "-" "meta-externalagent/1.1 (+https://developers.facebook.com/docs/sharing/webmasters/crawler)"
57.141.20.17 - - [13/Mar/2026:20:22:02 +0300] "GET /?fnutw/l2733553.html HTTP/2" 200 0 "-" "meta-externalagent/1.1 (+https://developers.facebook.com/docs/sharing/webmasters/crawler)"
57.141.20.55 - - [13/Mar/2026:20:22:30 +0300] "GET /?sovek/y1700066.html HTTP/2" 503 807 "-" "meta-externalagent/1.1 (+https://developers.facebook.com/docs/sharing/webmasters/crawler)"
57.141.20.17 - - [13/Mar/2026:20:22:41 +0300] "GET /?ccawq/y2594336.html HTTP/2" 503 807 "-" "meta-externalagent/1.1 (+https://developers.facebook.com/docs/sharing/webmasters/crawler)"
51.89.43.80 - - [13/Mar/2026:20:22:32 +0300] "GET /assets/images/accesson.php HTTP/2" 200 0 "-" "Mozilla/5.0 (Windows NT 10.0; Win64; x64) AppleWebKit/537.36 (KHTML, like Gecko) Chrome/127.0.0.0 Safari/537.36"
57.141.20.11 - - [13/Mar/2026:20:22:54 +0300] "GET /?argtg/n1039395.html HTTP/2" 200 3463 "-" "meta-externalagent/1.1 (+https://developers.facebook.com/docs/sharing/webmasters/crawler)"
40.77.167.254 - - [13/Mar/2026:20:23:29 +0300] "GET /?yyxrt/s1538730.html HTTP/2" 503 807 "-" "Mozilla/5.0 AppleWebKit/537.36 (KHTML, like Gecko; compatible; bingbot/2.0; +http://www.bing.com/bingbot.htm) Chrome/116.0.1938.76 Safari/537.36"
57.141.20.18 - - [13/Mar/2026:20:23:16 +0300] "GET /?lfack/l780329.html HTTP/2" 200 0 "-" "meta-externalagent/1.1 (+https://developers.facebook.com/docs/sharing/webmasters/crawler)"
57.141.20.48 - - [13/Mar/2026:20:24:13 +0300] "GET /?dxmht/e1477694.html HTTP/2" 503 807 "-" "meta-externalagent/1.1 (+https://developers.facebook.com/docs/sharing/webmasters/crawler)"
40.77.167.49 - - [13/Mar/2026:20:24:22 +0300] "GET /?atalg/p3029099.html HTTP/2" 503 807 "-" "Mozilla/5.0 AppleWebKit/537.36 (KHTML, like Gecko; compatible; bingbot/2.0; +http://www.bing.com/bingbot.htm) Chrome/116.0.1938.76 Safari/537.36"
66.249.66.77 - - [13/Mar/2026:20:13:58 +0300] "GET /robots.txt HTTP/1.1" 200 70 "-" "Mozilla/5.0 (compatible; Googlebot/2.1; +http://www.google.com/bot.html)"
57.141.20.6 - - [13/Mar/2026:20:13:51 +0300] "GET /?uzpbd/t1099929.html HTTP/2" 200 0 "-" "meta-externalagent/1.1 (+https://developers.facebook.com/docs/sharing/webmasters/crawler)"
57.141.20.47 - - [13/Mar/2026:20:14:06 +0300] "GET /?shjfu/h215553.html HTTP/2" 200 0 "-" "meta-externalagent/1.1 (+https://developers.facebook.com/docs/sharing/webmasters/crawler)"
57.141.20.43 - - [13/Mar/2026:20:15:27 +0300] "GET /?aqsgh/y605076.html HTTP/2" 200 3463 "-" "meta-externalagent/1.1 (+https://developers.facebook.com/docs/sharing/webmasters/crawler)"
102.212.247.146 - - [13/Mar/2026:20:15:44 +0300] "POST /wp-cron.php?doing_wp_cron=1773422144.1384279727935791015625 HTTP/1.1" 403 787 "-" "WordPress/6.9.1; https://paltutors.co.uk"
57.141.20.15 - - [13/Mar/2026:20:16:07 +0300] "GET /?zlmir/k2695514.html HTTP/2" 200 3463 "-" "meta-externalagent/1.1 (+https://developers.facebook.com/docs/sharing/webmasters/crawler)"
57.141.20.38 - - [13/Mar/2026:20:16:07 +0300] "GET /?krvrj/b553755.html HTTP/2" 200 0 "-" "meta-externalagent/1.1 (+https://developers.facebook.com/docs/sharing/webmasters/crawler)"
66.249.66.77 - - [13/Mar/2026:20:16:52 +0300] "GET /?jnbzy/v1210717.html HTTP/1.1" 200 24501 "-" "Mozilla/5.0 (Linux; Android 6.0.1; Nexus 5X Build/MMB29P) AppleWebKit/537.36 (KHTML, like Gecko) Chrome/145.0.7632.116 Mobile Safari/537.36 (compatible; GoogleOther)"
57.141.20.52 - - [13/Mar/2026:20:16:34 +0300] "GET /?cqsry/t584427.html HTTP/2" 200 0 "-" "meta-externalagent/1.1 (+https://developers.facebook.com/docs/sharing/webmasters/crawler)"
57.141.20.53 - - [13/Mar/2026:20:17:49 +0300] "GET /?kmjvz/o2148530.html HTTP/2" 503 807 "-" "meta-externalagent/1.1 (+https://developers.facebook.com/docs/sharing/webmasters/crawler)"
57.141.20.58 - - [13/Mar/2026:20:18:01 +0300] "GET /?uliyl/f2570631.html HTTP/2" 200 3463 "-" "meta-externalagent/1.1 (+https://developers.facebook.com/docs/sharing/webmasters/crawler)"
57.141.20.24 - - [13/Mar/2026:20:18:43 +0300] "GET /?qhrsv/a1328424.html HTTP/2" 200 0 "-" "meta-externalagent/1.1 (+https://developers.facebook.com/docs/sharing/webmasters/crawler)"
102.212.247.146 - - [13/Mar/2026:20:20:41 +0300] "POST /wp-cron.php?doing_wp_cron=1773422439.9206910133361816406250 HTTP/1.1" 403 787 "-" "WordPress/6.9.1; https://paltutors.co.uk"
102.212.247.146 - - [13/Mar/2026:20:21:40 +0300] "POST /wp-cron.php?doing_wp_cron=1773422498.9192180633544921875000 HTTP/1.1" 403 787 "-" "WordPress/6.9.1; https://paltutors.co.uk"
66.249.66.15 - - [13/Mar/2026:20:22:23 +0300] "GET /?lxcso/b981403.html HTTP/1.1" 503 807 "-" "Mozilla/5.0 (Linux; Android 6.0.1; Nexus 5X Build/MMB29P) AppleWebKit/537.36 (KHTML, like Gecko) Chrome/145.0.7632.116 Mobile Safari/537.36 (compatible; GoogleOther)"
57.141.20.18 - - [13/Mar/2026:20:22:11 +0300] "GET /?ghftk/y242506.html HTTP/2" 200 0 "-" "meta-externalagent/1.1 (+https://developers.facebook.com/docs/sharing/webmasters/crawler)"
157.55.39.53 - - [13/Mar/2026:20:22:48 +0300] "GET /?htvub/u3090698.html HTTP/2" 200 0 "-" "Mozilla/5.0 AppleWebKit/537.36 (KHTML, like Gecko; compatible; bingbot/2.0; +http://www.bing.com/bingbot.htm) Chrome/116.0.1938.76 Safari/537.36"
157.55.39.53 - - [13/Mar/2026:20:24:18 +0300] "GET /?gtjaa/q1710328.html HTTP/2" 503 807 "-" "Mozilla/5.0 AppleWebKit/537.36 (KHTML, like Gecko; compatible; bingbot/2.0; +http://www.bing.com/bingbot.htm) Chrome/116.0.1938.76 Safari/537.36"
57.141.20.6 - - [13/Mar/2026:20:24:03 +0300] "GET /?uiwrz/f970383.html HTTP/2" 200 0 "-" "meta-externalagent/1.1 (+https://developers.facebook.com/docs/sharing/webmasters/crawler)"
57.141.20.13 - - [13/Mar/2026:20:24:22 +0300] "GET /?vnegm/p583617.html HTTP/2" 200 0 "-" "meta-externalagent/1.1 (+https://developers.facebook.com/docs/sharing/webmasters/crawler)"
57.141.20.35 - - [13/Mar/2026:20:25:55 +0300] "GET /?hhigb/z3025599.html HTTP/2" 503 807 "-" "meta-externalagent/1.1 (+https://developers.facebook.com/docs/sharing/webmasters/crawler)"
57.141.20.46 - - [13/Mar/2026:20:14:26 +0300] "GET /?dgxpm/x1571235.html HTTP/2" 200 3463 "-" "meta-externalagent/1.1 (+https://developers.facebook.com/docs/sharing/webmasters/crawler)"
57.141.20.43 - - [13/Mar/2026:20:14:20 +0300] "GET /?rhhho/z627879.html HTTP/2" 200 0 "-" "meta-externalagent/1.1 (+https://developers.facebook.com/docs/sharing/webmasters/crawler)"
207.46.13.150 - - [13/Mar/2026:20:14:07 +0300] "GET /?ydbtn/t299441.html HTTP/2" 200 0 "-" "Mozilla/5.0 AppleWebKit/537.36 (KHTML, like Gecko; compatible; bingbot/2.0; +http://www.bing.com/bingbot.htm) Chrome/116.0.1938.76 Safari/537.36"
57.141.20.36 - - [13/Mar/2026:20:15:22 +0300] "GET /?enokv/j3049529.html HTTP/2" 200 0 "-" "meta-externalagent/1.1 (+https://developers.facebook.com/docs/sharing/webmasters/crawler)"
57.141.20.7 - - [13/Mar/2026:20:16:18 +0300] "GET /?eoqzp/l2401273.html HTTP/2" 200 3463 "-" "meta-externalagent/1.1 (+https://developers.facebook.com/docs/sharing/webmasters/crawler)"
57.141.20.58 - - [13/Mar/2026:20:17:07 +0300] "GET /?bsqsn/t1549157.html HTTP/2" 200 3463 "-" "meta-externalagent/1.1 (+https://developers.facebook.com/docs/sharing/webmasters/crawler)"
157.55.39.53 - - [13/Mar/2026:20:17:07 +0300] "GET /?lezsg/o2016918.html HTTP/2" 200 1396 "-" "Mozilla/5.0 AppleWebKit/537.36 (KHTML, like Gecko; compatible; bingbot/2.0; +http://www.bing.com/bingbot.htm) Chrome/116.0.1938.76 Safari/537.36"
157.55.39.53 - - [13/Mar/2026:20:17:13 +0300] "GET /?ourtx/j2655421.html HTTP/2" 200 1396 "-" "Mozilla/5.0 AppleWebKit/537.36 (KHTML, like Gecko; compatible; bingbot/2.0; +http://www.bing.com/bingbot.htm) Chrome/116.0.1938.76 Safari/537.36"
57.141.20.23 - - [13/Mar/2026:20:17:22 +0300] "GET /?dajoy/z1043697.html HTTP/2" 503 807 "-" "meta-externalagent/1.1 (+https://developers.facebook.com/docs/sharing/webmasters/crawler)"
44.242.243.80 - - [13/Mar/2026:20:17:31 +0300] "GET /?rnd=1773422245166 HTTP/2" 503 807 "http://www.paltutors.co.uk/?rnd=1773422245166" "GoDaddy-UptimeMonitoring"
3.218.31.131 - - [13/Mar/2026:20:17:33 +0300] "GET /?rnd=1773422246924 HTTP/2" 503 807 "http://www.paltutors.co.uk/?rnd=1773422246924" "GoDaddy-UptimeMonitoring"
66.249.66.15 - - [13/Mar/2026:20:17:37 +0300] "GET /?spbeg/v1554463.html HTTP/1.1" 503 807 "-" "Mozilla/5.0 (Linux; Android 6.0.1; Nexus 5X Build/MMB29P) AppleWebKit/537.36 (KHTML, like Gecko) Chrome/145.0.7632.116 Mobile Safari/537.36 (compatible; GoogleOther)"
66.249.66.168 - - [13/Mar/2026:20:17:39 +0300] "GET /robots.txt HTTP/1.1" 200 70 "-" "Mozilla/5.0 (compatible; Googlebot/2.1; +http://www.google.com/bot.html)"
57.141.20.17 - - [13/Mar/2026:20:17:48 +0300] "GET /?tmgsi/x1999013.html HTTP/2" 200 0 "-" "meta-externalagent/1.1 (+https://developers.facebook.com/docs/sharing/webmasters/crawler)"
57.141.20.7 - - [13/Mar/2026:20:17:59 +0300] "GET /?tsubk/x2630345.html HTTP/2" 200 0 "-" "meta-externalagent/1.1 (+https://developers.facebook.com/docs/sharing/webmasters/crawler)"
57.141.20.25 - - [13/Mar/2026:20:20:37 +0300] "GET /?cmgcx/g2278886.html HTTP/2" 200 0 "-" "meta-externalagent/1.1 (+https://developers.facebook.com/docs/sharing/webmasters/crawler)"
57.141.20.17 - - [13/Mar/2026:20:20:56 +0300] "GET /?lewvx/q966494.html HTTP/2" 200 0 "-" "meta-externalagent/1.1 (+https://developers.facebook.com/docs/sharing/webmasters/crawler)"
157.55.39.53 - - [13/Mar/2026:20:21:48 +0300] "GET /?maiss/a2495200.html HTTP/2" 200 24493 "-" "Mozilla/5.0 AppleWebKit/537.36 (KHTML, like Gecko; compatible; bingbot/2.0; +http://www.bing.com/bingbot.htm) Chrome/116.0.1938.76 Safari/537.36"
57.141.20.57 - - [13/Mar/2026:20:24:55 +0300] "GET /?fmbhq/r2477953.html HTTP/2" 200 0 "-" "meta-externalagent/1.1 (+https://developers.facebook.com/docs/sharing/webmasters/crawler)"
40.77.167.254 - - [13/Mar/2026:20:26:10 +0300] "GET /?asnpy/l149387.html HTTP/2" 503 807 "-" "Mozilla/5.0 AppleWebKit/537.36 (KHTML, like Gecko; compatible; bingbot/2.0; +http://www.bing.com/bingbot.htm) Chrome/116.0.1938.76 Safari/537.36"
57.141.20.40 - - [13/Mar/2026:20:14:16 +0300] "GET /?iihlb/h1128855.html HTTP/2" 503 807 "-" "meta-externalagent/1.1 (+https://developers.facebook.com/docs/sharing/webmasters/crawler)"
57.141.20.31 - - [13/Mar/2026:20:13:56 +0300] "GET /?mmlxk/x2126387.html HTTP/2" 200 0 "-" "meta-externalagent/1.1 (+https://developers.facebook.com/docs/sharing/webmasters/crawler)"
