20.212.60.43 - - [13/Mar/2026:18:08:58 +0300] "GET /wp-content/admin.php HTTP/1.1" 404 15460 "-" "Mozilla/5.0 (Windows NT 10.0; Win64; x64) AppleWebKit/537.36 (KHTML, like Gecko) Chrome/120.0.0.0 Safari/537.36"
20.212.60.43 - - [13/Mar/2026:18:09:01 +0300] "GET /wp-content/content.php HTTP/1.1" 404 15458 "-" "Mozilla/5.0 (Windows NT 10.0; Win64; x64) AppleWebKit/537.36 (KHTML, like Gecko) Chrome/120.0.0.0 Safari/537.36"
20.212.60.43 - - [13/Mar/2026:18:09:04 +0300] "GET /wp-content/index.php HTTP/1.1" 200 0 "-" "Mozilla/5.0 (Windows NT 10.0; Win64; x64) AppleWebKit/537.36 (KHTML, like Gecko) Chrome/120.0.0.0 Safari/537.36"
20.212.60.43 - - [13/Mar/2026:18:09:04 +0300] "GET /wp-content/plugins/Ultimate_VC_Addons/assets/alfa-rex.php7 HTTP/1.1" 404 15482 "-" "Mozilla/5.0 (Windows NT 10.0; Win64; x64) AppleWebKit/537.36 (KHTML, like Gecko) Chrome/120.0.0.0 Safari/537.36"
20.212.60.43 - - [13/Mar/2026:18:09:08 +0300] "GET /wp-content/plugins/about.php HTTP/1.1" 404 15482 "-" "Mozilla/5.0 (Windows NT 10.0; Win64; x64) AppleWebKit/537.36 (KHTML, like Gecko) Chrome/120.0.0.0 Safari/537.36"
20.212.60.43 - - [13/Mar/2026:18:09:10 +0300] "GET /wp-content/plugins/admin.php HTTP/1.1" 404 15482 "-" "Mozilla/5.0 (Windows NT 10.0; Win64; x64) AppleWebKit/537.36 (KHTML, like Gecko) Chrome/120.0.0.0 Safari/537.36"
20.212.60.43 - - [13/Mar/2026:18:09:12 +0300] "GET /wp-content/plugins/classic-editor/wp-login.php HTTP/1.1" 404 15482 "-" "Mozilla/5.0 (Windows NT 10.0; Win64; x64) AppleWebKit/537.36 (KHTML, like Gecko) Chrome/120.0.0.0 Safari/537.36"
20.212.60.43 - - [13/Mar/2026:18:09:15 +0300] "GET /wp-content/plugins/yanierin/akc.php HTTP/1.1" 404 15482 "-" "Mozilla/5.0 (Windows NT 10.0; Win64; x64) AppleWebKit/537.36 (KHTML, like Gecko) Chrome/120.0.0.0 Safari/537.36"
20.212.60.43 - - [13/Mar/2026:18:09:17 +0300] "GET /wp-content/themes/about.php HTTP/1.1" 404 15482 "-" "Mozilla/5.0 (Windows NT 10.0; Win64; x64) AppleWebKit/537.36 (KHTML, like Gecko) Chrome/120.0.0.0 Safari/537.36"
20.212.60.43 - - [13/Mar/2026:18:09:20 +0300] "GET /wp-content/themes/admin.php HTTP/1.1" 404 15482 "-" "Mozilla/5.0 (Windows NT 10.0; Win64; x64) AppleWebKit/537.36 (KHTML, like Gecko) Chrome/120.0.0.0 Safari/537.36"
20.212.60.43 - - [13/Mar/2026:18:09:22 +0300] "GET /wp-content/upgrade/index.php HTTP/1.1" 301 0 "-" "Mozilla/5.0 (Windows NT 10.0; Win64; x64) AppleWebKit/537.36 (KHTML, like Gecko) Chrome/120.0.0.0 Safari/537.36"
20.212.60.43 - - [13/Mar/2026:18:09:24 +0300] "GET /wp-content/uploads/ HTTP/1.1" 200 1606 "-" "Mozilla/5.0 (Windows NT 10.0; Win64; x64) AppleWebKit/537.36 (KHTML, like Gecko) Chrome/120.0.0.0 Safari/537.36"
20.212.60.43 - - [13/Mar/2026:18:09:24 +0300] "GET /wp-content/uploads/2025/ HTTP/1.1" 404 15482 "-" "Mozilla/5.0 (Windows NT 10.0; Win64; x64) AppleWebKit/537.36 (KHTML, like Gecko) Chrome/120.0.0.0 Safari/537.36"
85.208.96.206 - - [13/Mar/2026:17:53:11 +0300] "GET /?s=1697052791 HTTP/1.1" 200 18063 "-" "Mozilla/5.0 (compatible; SemrushBot/7~bl; +http://www.semrush.com/bot.html)"
85.208.96.205 - - [13/Mar/2026:17:54:36 +0300] "GET /?s=1697047905 HTTP/1.1" 200 18064 "-" "Mozilla/5.0 (compatible; SemrushBot/7~bl; +http://www.semrush.com/bot.html)"
185.191.171.4 - - [13/Mar/2026:17:56:28 +0300] "GET /?s=1697038138 HTTP/1.1" 200 18063 "-" "Mozilla/5.0 (compatible; SemrushBot/7~bl; +http://www.semrush.com/bot.html)"
85.208.96.207 - - [13/Mar/2026:17:56:32 +0300] "GET /?s=1697025138 HTTP/1.1" 200 18063 "-" "Mozilla/5.0 (compatible; SemrushBot/7~bl; +http://www.semrush.com/bot.html)"
102.212.247.146 - - [13/Mar/2026:17:59:12 +0300] "POST /wp-cron.php?doing_wp_cron=1773413952.0393369197845458984375 HTTP/1.1" 200 0 "-" "WordPress/6.9.4; https://rafikisprings.co.uk"
66.249.73.160 - - [13/Mar/2026:17:59:38 +0300] "GET /?r=358771832 HTTP/1.1" 200 17351 "-" "Mozilla/5.0 (Linux; Android 6.0.1; Nexus 5X Build/MMB29P) AppleWebKit/537.36 (KHTML, like Gecko) Chrome/145.0.7632.116 Mobile Safari/537.36 (compatible; GoogleOther)"
102.212.247.146 - - [13/Mar/2026:17:59:55 +0300] "POST /wp-cron.php?doing_wp_cron=1773413995.1703059673309326171875 HTTP/1.1" 200 0 "-" "WordPress/6.9.4; https://rafikisprings.co.uk"
85.208.96.199 - - [13/Mar/2026:17:59:52 +0300] "GET /?y=2948244362 HTTP/1.1" 200 20242 "-" "Mozilla/5.0 (compatible; SemrushBot/7~bl; +http://www.semrush.com/bot.html)"
185.191.171.16 - - [13/Mar/2026:18:00:17 +0300] "GET /?s=1697058063 HTTP/1.1" 200 18063 "-" "Mozilla/5.0 (compatible; SemrushBot/7~bl; +http://www.semrush.com/bot.html)"
185.191.171.11 - - [13/Mar/2026:18:00:39 +0300] "GET /?s=1697090312 HTTP/1.1" 200 18063 "-" "Mozilla/5.0 (compatible; SemrushBot/7~bl; +http://www.semrush.com/bot.html)"
102.212.247.146 - - [13/Mar/2026:18:02:09 +0300] "POST /wp-cron.php?doing_wp_cron=1773414129.4499769210815429687500 HTTP/1.1" 200 0 "-" "WordPress/6.9.4; https://rafikisprings.co.uk"
85.208.96.205 - - [13/Mar/2026:18:03:27 +0300] "GET /?s=1697052446 HTTP/1.1" 200 18063 "-" "Mozilla/5.0 (compatible; SemrushBot/7~bl; +http://www.semrush.com/bot.html)"
66.249.73.161 - - [13/Mar/2026:18:05:01 +0300] "GET /?r=3666356 HTTP/1.1" 200 16523 "-" "Mozilla/5.0 (Linux; Android 6.0.1; Nexus 5X Build/MMB29P) AppleWebKit/537.36 (KHTML, like Gecko) Chrome/145.0.7632.116 Mobile Safari/537.36 (compatible; GoogleOther)"
85.208.96.209 - - [13/Mar/2026:18:06:30 +0300] "GET /?s=1697040872 HTTP/1.1" 200 18062 "-" "Mozilla/5.0 (compatible; SemrushBot/7~bl; +http://www.semrush.com/bot.html)"
85.208.96.201 - - [13/Mar/2026:18:06:39 +0300] "GET /?y=2948225443 HTTP/1.1" 200 20243 "-" "Mozilla/5.0 (compatible; SemrushBot/7~bl; +http://www.semrush.com/bot.html)"
104.234.53.71 - - [13/Mar/2026:18:07:06 +0300] "POST /wp-login.php HTTP/1.1" 200 9849 "-" "Mozilla/5.0"
66.249.73.172 - - [13/Mar/2026:18:07:17 +0300] "GET /?r=4058156 HTTP/1.1" 200 16591 "-" "Mozilla/5.0 (Linux; Android 6.0.1; Nexus 5X Build/MMB29P) AppleWebKit/537.36 (KHTML, like Gecko) Chrome/145.0.7632.116 Mobile Safari/537.36 (compatible; GoogleOther)"
66.249.73.161 - - [13/Mar/2026:18:08:09 +0300] "GET /?r=1591058 HTTP/1.1" 200 16640 "-" "Mozilla/5.0 (Linux; Android 6.0.1; Nexus 5X Build/MMB29P) AppleWebKit/537.36 (KHTML, like Gecko) Chrome/145.0.7632.116 Mobile Safari/537.36 (compatible; GoogleOther)"
102.212.247.146 - - [13/Mar/2026:18:08:54 +0300] "POST /wp-cron.php?doing_wp_cron=1773414534.2388811111450195312500 HTTP/1.1" 200 0 "-" "WordPress/6.9.4; https://rafikisprings.co.uk"
185.191.171.10 - - [13/Mar/2026:18:08:59 +0300] "GET /?y=2948291287 HTTP/1.1" 200 20243 "-" "Mozilla/5.0 (compatible; SemrushBot/7~bl; +http://www.semrush.com/bot.html)"
149.154.161.234 - - [13/Mar/2026:18:09:47 +0300] "GET /wp-includes/Requests/src/Cookie/ HTTP/2" 200 1074 "-" "TelegramBot (like TwitterBot)"
102.212.247.146 - - [13/Mar/2026:18:09:58 +0300] "POST /wp-cron.php?doing_wp_cron=1773414598.2462799549102783203125 HTTP/1.1" 200 0 "-" "WordPress/6.9.4; https://rafikisprings.co.uk"
185.191.171.8 - - [13/Mar/2026:17:52:29 +0300] "GET /?l=403115047 HTTP/1.1" 200 20242 "-" "Mozilla/5.0 (compatible; SemrushBot/7~bl; +http://www.semrush.com/bot.html)"
185.191.171.10 - - [13/Mar/2026:17:52:48 +0300] "GET /?s=1697037506 HTTP/1.1" 200 18063 "-" "Mozilla/5.0 (compatible; SemrushBot/7~bl; +http://www.semrush.com/bot.html)"
185.191.171.7 - - [13/Mar/2026:17:53:27 +0300] "GET /?s=1697045731 HTTP/1.1" 200 18063 "-" "Mozilla/5.0 (compatible; SemrushBot/7~bl; +http://www.semrush.com/bot.html)"
185.191.171.1 - - [13/Mar/2026:17:56:42 +0300] "GET /?y=2948285761 HTTP/1.1" 200 20242 "-" "Mozilla/5.0 (compatible; SemrushBot/7~bl; +http://www.semrush.com/bot.html)"
66.249.73.160 - - [13/Mar/2026:17:56:58 +0300] "GET /?r=179355632 HTTP/1.1" 200 19083 "-" "Mozilla/5.0 (Linux; Android 6.0.1; Nexus 5X Build/MMB29P) AppleWebKit/537.36 (KHTML, like Gecko) Chrome/145.0.7632.116 Mobile Safari/537.36 (compatible; GoogleOther)"
66.249.73.172 - - [13/Mar/2026:17:58:21 +0300] "GET /?r=238424632 HTTP/1.1" 200 18403 "-" "Mozilla/5.0 (Linux; Android 6.0.1; Nexus 5X Build/MMB29P) AppleWebKit/537.36 (KHTML, like Gecko) Chrome/145.0.7632.116 Mobile Safari/537.36 (compatible; GoogleOther)"
85.208.96.202 - - [13/Mar/2026:17:58:35 +0300] "GET /?y=2948222404 HTTP/1.1" 200 20241 "-" "Mozilla/5.0 (compatible; SemrushBot/7~bl; +http://www.semrush.com/bot.html)"
185.191.171.14 - - [13/Mar/2026:17:59:09 +0300] "GET /?s=1697071258 HTTP/1.1" 200 18063 "-" "Mozilla/5.0 (compatible; SemrushBot/7~bl; +http://www.semrush.com/bot.html)"
185.191.171.16 - - [13/Mar/2026:17:59:20 +0300] "GET /?s=1697037819 HTTP/1.1" 200 18057 "-" "Mozilla/5.0 (compatible; SemrushBot/7~bl; +http://www.semrush.com/bot.html)"
66.249.73.160 - - [13/Mar/2026:18:00:15 +0300] "GET /?r=55643732 HTTP/1.1" 200 17114 "-" "Mozilla/5.0 (Linux; Android 6.0.1; Nexus 5X Build/MMB29P) AppleWebKit/537.36 (KHTML, like Gecko) Chrome/145.0.7632.116 Mobile Safari/537.36 (compatible; GoogleOther)"
185.191.171.10 - - [13/Mar/2026:18:00:52 +0300] "GET /?s=1697086118 HTTP/1.1" 200 18063 "-" "Mozilla/5.0 (compatible; SemrushBot/7~bl; +http://www.semrush.com/bot.html)"
185.191.171.11 - - [13/Mar/2026:18:00:56 +0300] "GET /?s=1697058924 HTTP/1.1" 200 18064 "-" "Mozilla/5.0 (compatible; SemrushBot/7~bl; +http://www.semrush.com/bot.html)"
185.191.171.5 - - [13/Mar/2026:18:02:11 +0300] "GET /?s=1697091173 HTTP/1.1" 200 18063 "-" "Mozilla/5.0 (compatible; SemrushBot/7~bl; +http://www.semrush.com/bot.html)"
66.249.73.172 - - [13/Mar/2026:18:02:53 +0300] "GET /?r=6416857 HTTP/1.1" 200 16844 "-" "Mozilla/5.0 (Linux; Android 6.0.1; Nexus 5X Build/MMB29P) AppleWebKit/537.36 (KHTML, like Gecko) Chrome/145.0.7632.116 Mobile Safari/537.36 (compatible; GoogleOther)"
85.208.96.211 - - [13/Mar/2026:18:03:18 +0300] "GET /?s=1697054964 HTTP/1.1" 200 18064 "-" "Mozilla/5.0 (compatible; SemrushBot/7~bl; +http://www.semrush.com/bot.html)"
85.208.96.197 - - [13/Mar/2026:18:05:42 +0300] "GET /?s=1697025838 HTTP/1.1" 200 18063 "-" "Mozilla/5.0 (compatible; SemrushBot/7~bl; +http://www.semrush.com/bot.html)"
102.212.247.146 - - [13/Mar/2026:18:06:19 +0300] "POST /wp-cron.php?doing_wp_cron=1773414379.3145630359649658203125 HTTP/1.1" 200 0 "-" "WordPress/6.9.4; https://rafikisprings.co.uk"
102.212.247.146 - - [13/Mar/2026:18:06:52 +0300] "POST /wp-cron.php?doing_wp_cron=1773414412.2251420021057128906250 HTTP/1.1" 200 0 "-" "WordPress/6.9.4; https://rafikisprings.co.uk"
66.249.73.172 - - [13/Mar/2026:18:07:27 +0300] "GET /item.php?shop/counterexample/weidner38563238027.html HTTP/1.1" 200 17544 "-" "Mozilla/5.0 (Linux; Android 6.0.1; Nexus 5X Build/MMB29P) AppleWebKit/537.36 (KHTML, like Gecko) Chrome/145.0.7632.116 Mobile Safari/537.36 (compatible; Googlebot/2.1; +http://www.google.com/bot.html)"
85.208.96.204 - - [13/Mar/2026:18:09:44 +0300] "GET /?y=2948297227 HTTP/1.1" 200 20242 "-" "Mozilla/5.0 (compatible; SemrushBot/7~bl; +http://www.semrush.com/bot.html)"
85.208.96.210 - - [13/Mar/2026:17:54:40 +0300] "GET /?s=1697035081 HTTP/1.1" 200 18063 "-" "Mozilla/5.0 (compatible; SemrushBot/7~bl; +http://www.semrush.com/bot.html)"
66.249.73.172 - - [13/Mar/2026:17:55:31 +0300] "GET /?r=2161554 HTTP/1.1" 200 18537 "-" "Mozilla/5.0 (Linux; Android 6.0.1; Nexus 5X Build/MMB29P) AppleWebKit/537.36 (KHTML, like Gecko) Chrome/145.0.7632.116 Mobile Safari/537.36 (compatible; GoogleOther)"
85.208.96.199 - - [13/Mar/2026:17:56:05 +0300] "GET /?d=279274976 HTTP/1.1" 200 20243 "-" "Mozilla/5.0 (compatible; SemrushBot/7~bl; +http://www.semrush.com/bot.html)"
51.89.129.236 - - [13/Mar/2026:17:56:12 +0300] "GET /?f=84791289983 HTTP/2" 200 17224 "-" "Mozilla/5.0 (compatible; AhrefsBot/7.0; +http://ahrefs.com/robot/)"
102.212.247.146 - - [13/Mar/2026:17:57:01 +0300] "POST /wp-cron.php?doing_wp_cron=1773413821.1478490829467773437500 HTTP/1.1" 200 0 "-" "WordPress/6.9.4; https://rafikisprings.co.uk"
185.191.171.11 - - [13/Mar/2026:17:57:04 +0300] "GET /?v=7198946609 HTTP/1.1" 200 20242 "-" "Mozilla/5.0 (compatible; SemrushBot/7~bl; +http://www.semrush.com/bot.html)"
66.249.73.160 - - [13/Mar/2026:17:57:21 +0300] "GET /_next/static/media/cardIcon.d4fcae04.svg HTTP/1.1" 200 18909 "https://rafikisprings.co.uk/?r=179355632" "Mozilla/5.0 (Linux; Android 6.0.1; Nexus 5X Build/MMB29P) AppleWebKit/537.36 (KHTML, like Gecko) Chrome/145.0.7632.116 Mobile Safari/537.36 (compatible; GoogleOther)"
85.208.96.210 - - [13/Mar/2026:17:57:33 +0300] "GET /?s=1697041931 HTTP/1.1" 200 18063 "-" "Mozilla/5.0 (compatible; SemrushBot/7~bl; +http://www.semrush.com/bot.html)"
85.208.96.207 - - [13/Mar/2026:17:58:05 +0300] "GET /?s=1697035171 HTTP/1.1" 200 18063 "-" "Mozilla/5.0 (compatible; SemrushBot/7~bl; +http://www.semrush.com/bot.html)"
85.208.96.198 - - [13/Mar/2026:18:00:33 +0300] "GET /?s=1697094442 HTTP/1.1" 200 18064 "-" "Mozilla/5.0 (compatible; SemrushBot/7~bl; +http://www.semrush.com/bot.html)"
66.249.73.172 - - [13/Mar/2026:18:00:40 +0300] "GET /?m=394546903 HTTP/1.1" 200 18266 "-" "Mozilla/5.0 (Linux; Android 6.0.1; Nexus 5X Build/MMB29P) AppleWebKit/537.36 (KHTML, like Gecko) Chrome/145.0.7632.116 Mobile Safari/537.36 (compatible; Googlebot/2.1; +http://www.google.com/bot.html)"
185.191.171.10 - - [13/Mar/2026:18:02:23 +0300] "GET /?v=7198963544 HTTP/1.1" 200 20243 "-" "Mozilla/5.0 (compatible; SemrushBot/7~bl; +http://www.semrush.com/bot.html)"
102.212.247.146 - - [13/Mar/2026:18:04:17 +0300] "POST /wp-cron.php?doing_wp_cron=1773414257.8209049701690673828125 HTTP/1.1" 200 0 "-" "WordPress/6.9.4; https://rafikisprings.co.uk"
85.208.96.196 - - [13/Mar/2026:18:05:04 +0300] "GET /?a=349442627 HTTP/1.1" 200 20242 "-" "Mozilla/5.0 (compatible; SemrushBot/7~bl; +http://www.semrush.com/bot.html)"
85.208.96.197 - - [13/Mar/2026:18:05:16 +0300] "GET /?s=1697097618 HTTP/1.1" 200 18064 "-" "Mozilla/5.0 (compatible; SemrushBot/7~bl; +http://www.semrush.com/bot.html)"
40.77.167.7 - - [13/Mar/2026:18:05:29 +0300] "GET /?f=84791270302 HTTP/2" 200 19040 "-" "Mozilla/5.0 AppleWebKit/537.36 (KHTML, like Gecko; compatible; bingbot/2.0; +http://www.bing.com/bingbot.htm) Chrome/116.0.1938.76 Safari/537.36"
66.249.73.160 - - [13/Mar/2026:18:06:29 +0300] "GET /?r=9597356 HTTP/1.1" 200 16547 "-" "Mozilla/5.0 (Linux; Android 6.0.1; Nexus 5X Build/MMB29P) AppleWebKit/537.36 (KHTML, like Gecko) Chrome/145.0.7632.116 Mobile Safari/537.36 (compatible; GoogleOther)"
85.208.96.203 - - [13/Mar/2026:18:09:18 +0300] "GET /?s=1697073621 HTTP/1.1" 200 18063 "-" "Mozilla/5.0 (compatible; SemrushBot/7~bl; +http://www.semrush.com/bot.html)"
66.249.73.172 - - [13/Mar/2026:18:10:50 +0300] "GET /?r=173494332 HTTP/1.1" 200 17404 "-" "Mozilla/5.0 (Linux; Android 6.0.1; Nexus 5X Build/MMB29P) AppleWebKit/537.36 (KHTML, like Gecko) Chrome/145.0.7632.116 Mobile Safari/537.36 (compatible; GoogleOther)"
102.212.247.146 - - [13/Mar/2026:18:10:53 +0300] "POST /wp-cron.php?doing_wp_cron=1773414653.2247509956359863281250 HTTP/1.1" 200 0 "-" "WordPress/6.9.4; https://rafikisprings.co.uk"
66.249.73.161 - - [13/Mar/2026:17:56:26 +0300] "GET /?r=401245432 HTTP/1.1" 200 17483 "-" "Mozilla/5.0 (Linux; Android 6.0.1; Nexus 5X Build/MMB29P) AppleWebKit/537.36 (KHTML, like Gecko) Chrome/145.0.7632.116 Mobile Safari/537.36 (compatible; GoogleOther)"
52.167.144.175 - - [13/Mar/2026:17:57:04 +0300] "GET /?y=2948256487 HTTP/2" 200 18544 "-" "Mozilla/5.0 AppleWebKit/537.36 (KHTML, like Gecko; compatible; bingbot/2.0; +http://www.bing.com/bingbot.htm) Chrome/116.0.1938.76 Safari/537.36"
52.167.144.175 - - [13/Mar/2026:17:57:34 +0300] "GET /?r=8046144667 HTTP/2" 200 17224 "-" "Mozilla/5.0 AppleWebKit/537.36 (KHTML, like Gecko; compatible; bingbot/2.0; +http://www.bing.com/bingbot.htm) Chrome/116.0.1938.76 Safari/537.36"
85.208.96.199 - - [13/Mar/2026:17:58:43 +0300] "GET /?v=7198923783 HTTP/1.1" 200 20243 "-" "Mozilla/5.0 (compatible; SemrushBot/7~bl; +http://www.semrush.com/bot.html)"
85.208.96.209 - - [13/Mar/2026:18:00:14 +0300] "GET /?s=1697045789 HTTP/1.1" 200 18064 "-" "Mozilla/5.0 (compatible; SemrushBot/7~bl; +http://www.semrush.com/bot.html)"
85.208.96.211 - - [13/Mar/2026:18:01:11 +0300] "GET /?s=1697065355 HTTP/1.1" 200 18064 "-" "Mozilla/5.0 (compatible; SemrushBot/7~bl; +http://www.semrush.com/bot.html)"
85.208.96.196 - - [13/Mar/2026:18:01:36 +0300] "GET /?s=1697013047 HTTP/1.1" 200 18063 "-" "Mozilla/5.0 (compatible; SemrushBot/7~bl; +http://www.semrush.com/bot.html)"
185.191.171.18 - - [13/Mar/2026:18:02:08 +0300] "GET /?s=1697014541 HTTP/1.1" 200 18063 "-" "Mozilla/5.0 (compatible; SemrushBot/7~bl; +http://www.semrush.com/bot.html)"
66.249.73.161 - - [13/Mar/2026:18:02:43 +0300] "GET /?r=385850232 HTTP/1.1" 200 7 "-" "Mozilla/5.0 (Linux; Android 6.0.1; Nexus 5X Build/MMB29P) AppleWebKit/537.36 (KHTML, like Gecko) Chrome/145.0.7632.116 Mobile Safari/537.36 (compatible; GoogleOther)"
52.167.144.186 - - [13/Mar/2026:18:04:34 +0300] "GET /?y=29482110783 HTTP/2" 200 17683 "-" "Mozilla/5.0 AppleWebKit/537.36 (KHTML, like Gecko; compatible; bingbot/2.0; +http://www.bing.com/bingbot.htm) Chrome/116.0.1938.76 Safari/537.36"
102.212.247.146 - - [13/Mar/2026:18:05:02 +0300] "POST /wp-cron.php?doing_wp_cron=1773414302.5188629627227783203125 HTTP/1.1" 200 0 "-" "WordPress/6.9.4; https://rafikisprings.co.uk"
85.208.96.207 - - [13/Mar/2026:18:05:22 +0300] "GET /?s=1697023814 HTTP/1.1" 200 18063 "-" "Mozilla/5.0 (compatible; SemrushBot/7~bl; +http://www.semrush.com/bot.html)"
52.167.144.19 - - [13/Mar/2026:18:05:45 +0300] "GET /?y=294822688 HTTP/2" 200 18468 "-" "Mozilla/5.0 AppleWebKit/537.36 (KHTML, like Gecko; compatible; bingbot/2.0; +http://www.bing.com/bingbot.htm) Chrome/116.0.1938.76 Safari/537.36"
185.191.171.10 - - [13/Mar/2026:18:06:14 +0300] "GET /?y=2948281089 HTTP/1.1" 200 20242 "-" "Mozilla/5.0 (compatible; SemrushBot/7~bl; +http://www.semrush.com/bot.html)"
66.249.73.172 - - [13/Mar/2026:18:06:34 +0300] "GET /?r=161457932 HTTP/1.1" 200 18526 "-" "Mozilla/5.0 (Linux; Android 6.0.1; Nexus 5X Build/MMB29P) AppleWebKit/537.36 (KHTML, like Gecko) Chrome/145.0.7632.116 Mobile Safari/537.36 (compatible; GoogleOther)"
185.191.171.14 - - [13/Mar/2026:18:07:03 +0300] "GET /?s=1697032655 HTTP/1.1" 200 18063 "-" "Mozilla/5.0 (compatible; SemrushBot/7~bl; +http://www.semrush.com/bot.html)"
85.208.96.205 - - [13/Mar/2026:18:08:50 +0300] "GET /?s=1697038573 HTTP/1.1" 200 18064 "-" "Mozilla/5.0 (compatible; SemrushBot/7~bl; +http://www.semrush.com/bot.html)"
85.208.96.198 - - [13/Mar/2026:18:08:55 +0300] "GET /?s=1697043296 HTTP/1.1" 200 18064 "-" "Mozilla/5.0 (compatible; SemrushBot/7~bl; +http://www.semrush.com/bot.html)"
52.167.144.19 - - [13/Mar/2026:18:12:07 +0300] "GET /?y=29482116552 HTTP/2" 200 17688 "-" "Mozilla/5.0 AppleWebKit/537.36 (KHTML, like Gecko; compatible; bingbot/2.0; +http://www.bing.com/bingbot.htm) Chrome/116.0.1938.76 Safari/537.36"
185.191.171.16 - - [13/Mar/2026:18:12:29 +0300] "GET /?s=1697086639 HTTP/1.1" 200 18064 "-" "Mozilla/5.0 (compatible; SemrushBot/7~bl; +http://www.semrush.com/bot.html)"
20.212.60.43 - - [13/Mar/2026:18:09:26 +0300] "GET /wp-content/uploads/admin.php HTTP/1.1" 404 15482 "-" "Mozilla/5.0 (Windows NT 10.0; Win64; x64) AppleWebKit/537.36 (KHTML, like Gecko) Chrome/120.0.0.0 Safari/537.36"
20.212.60.43 - - [13/Mar/2026:18:09:28 +0300] "GET /wp-fclass.php HTTP/1.1" 404 15460 "-" "Mozilla/5.0 (Windows NT 10.0; Win64; x64) AppleWebKit/537.36 (KHTML, like Gecko) Chrome/120.0.0.0 Safari/537.36"
20.212.60.43 - - [13/Mar/2026:18:09:30 +0300] "GET /wp-includes/ID3/ HTTP/1.1" 200 1342 "-" "Mozilla/5.0 (Windows NT 10.0; Win64; x64) AppleWebKit/537.36 (KHTML, like Gecko) Chrome/120.0.0.0 Safari/537.36"
20.212.60.43 - - [13/Mar/2026:18:09:31 +0300] "GET /wp-includes/PHPMailer/ HTTP/1.1" 200 1135 "-" "Mozilla/5.0 (Windows NT 10.0; Win64; x64) AppleWebKit/537.36 (KHTML, like Gecko) Chrome/120.0.0.0 Safari/537.36"
20.212.60.43 - - [13/Mar/2026:18:09:31 +0300] "GET /wp-includes/Requests/about.php HTTP/1.1" 404 15482 "-" "Mozilla/5.0 (Windows NT 10.0; Win64; x64) AppleWebKit/537.36 (KHTML, like Gecko) Chrome/120.0.0.0 Safari/537.36"
20.212.60.43 - - [13/Mar/2026:18:09:37 +0300] "GET /wp-includes/Requests/alfa-rex.php HTTP/1.1" 404 15482 "-" "Mozilla/5.0 (Windows NT 10.0; Win64; x64) AppleWebKit/537.36 (KHTML, like Gecko) Chrome/120.0.0.0 Safari/537.36"
20.212.60.43 - - [13/Mar/2026:18:09:41 +0300] "GET /wp-includes/Requests/src/Cookie/ HTTP/1.1" 200 1074 "-" "Mozilla/5.0 (Windows NT 10.0; Win64; x64) AppleWebKit/537.36 (KHTML, like Gecko) Chrome/120.0.0.0 Safari/537.36"
85.208.96.197 - - [13/Mar/2026:18:10:30 +0300] "GET /?s=1697085738 HTTP/1.1" 200 18057 "-" "Mozilla/5.0 (compatible; SemrushBot/7~bl; +http://www.semrush.com/bot.html)"
85.208.96.206 - - [13/Mar/2026:18:12:19 +0300] "GET /?v=7198924881 HTTP/1.1" 200 20243 "-" "Mozilla/5.0 (compatible; SemrushBot/7~bl; +http://www.semrush.com/bot.html)"
102.212.247.146 - - [13/Mar/2026:18:12:49 +0300] "POST /wp-cron.php?doing_wp_cron=1773414769.8777279853820800781250 HTTP/1.1" 200 0 "-" "WordPress/6.9.4; https://rafikisprings.co.uk"
66.249.73.161 - - [13/Mar/2026:18:13:38 +0300] "GET /?r=477840132 HTTP/1.1" 200 18593 "-" "Mozilla/5.0 (Linux; Android 6.0.1; Nexus 5X Build/MMB29P) AppleWebKit/537.36 (KHTML, like Gecko) Chrome/145.0.7632.116 Mobile Safari/537.36 (compatible; GoogleOther)"
40.77.167.7 - - [13/Mar/2026:18:04:26 +0300] "GET /?a=349443371 HTTP/2" 200 19120 "-" "Mozilla/5.0 AppleWebKit/537.36 (KHTML, like Gecko; compatible; bingbot/2.0; +http://www.bing.com/bingbot.htm) Chrome/116.0.1938.76 Safari/537.36"
85.208.96.206 - - [13/Mar/2026:18:04:24 +0300] "GET /?s=1697067816 HTTP/1.1" 200 18063 "-" "Mozilla/5.0 (compatible; SemrushBot/7~bl; +http://www.semrush.com/bot.html)"
66.249.73.172 - - [13/Mar/2026:18:05:33 +0300] "GET /?r=324064632 HTTP/1.1" 200 18534 "-" "Mozilla/5.0 (Linux; Android 6.0.1; Nexus 5X Build/MMB29P) AppleWebKit/537.36 (KHTML, like Gecko) Chrome/145.0.7632.116 Mobile Safari/537.36 (compatible; GoogleOther)"
52.167.144.19 - - [13/Mar/2026:18:07:05 +0300] "GET /?a=349447702 HTTP/2" 200 18488 "-" "Mozilla/5.0 AppleWebKit/537.36 (KHTML, like Gecko; compatible; bingbot/2.0; +http://www.bing.com/bingbot.htm) Chrome/116.0.1938.76 Safari/537.36"
85.208.96.205 - - [13/Mar/2026:18:07:12 +0300] "GET /?s=1697056142 HTTP/1.1" 200 18063 "-" "Mozilla/5.0 (compatible; SemrushBot/7~bl; +http://www.semrush.com/bot.html)"
40.77.167.7 - - [13/Mar/2026:18:08:17 +0300] "GET /?f=8479151018 HTTP/2" 200 18202 "-" "Mozilla/5.0 AppleWebKit/537.36 (KHTML, like Gecko; compatible; bingbot/2.0; +http://www.bing.com/bingbot.htm) Chrome/116.0.1938.76 Safari/537.36"
102.212.247.146 - - [13/Mar/2026:18:08:51 +0300] "POST /wp-cron.php?doing_wp_cron=1773414531.0674650669097900390625 HTTP/1.1" 200 0 "-" "WordPress/6.9.4; https://rafikisprings.co.uk"
85.208.96.209 - - [13/Mar/2026:18:09:31 +0300] "GET /?s=1697050914 HTTP/1.1" 200 18063 "-" "Mozilla/5.0 (compatible; SemrushBot/7~bl; +http://www.semrush.com/bot.html)"
185.191.171.10 - - [13/Mar/2026:18:10:23 +0300] "GET /?s=1697064189 HTTP/1.1" 200 18064 "-" "Mozilla/5.0 (compatible; SemrushBot/7~bl; +http://www.semrush.com/bot.html)"
52.167.144.19 - - [13/Mar/2026:18:10:43 +0300] "GET /?f=8479113048 HTTP/2" 200 19044 "-" "Mozilla/5.0 AppleWebKit/537.36 (KHTML, like Gecko; compatible; bingbot/2.0; +http://www.bing.com/bingbot.htm) Chrome/116.0.1938.76 Safari/537.36"
185.191.171.13 - - [13/Mar/2026:18:11:08 +0300] "GET /?r=8046199893 HTTP/1.1" 200 20242 "-" "Mozilla/5.0 (compatible; SemrushBot/7~bl; +http://www.semrush.com/bot.html)"
185.191.171.9 - - [13/Mar/2026:18:11:33 +0300] "GET /?s=1697026880 HTTP/1.1" 200 18063 "-" "Mozilla/5.0 (compatible; SemrushBot/7~bl; +http://www.semrush.com/bot.html)"
66.249.73.172 - - [13/Mar/2026:18:12:19 +0300] "GET /?r=1179732 HTTP/1.1" 200 18274 "-" "Mozilla/5.0 (Linux; Android 6.0.1; Nexus 5X Build/MMB29P) AppleWebKit/537.36 (KHTML, like Gecko) Chrome/145.0.7632.116 Mobile Safari/537.36 (compatible; GoogleOther)"
85.208.96.204 - - [13/Mar/2026:18:13:06 +0300] "GET /?s=1697074997 HTTP/1.1" 200 18058 "-" "Mozilla/5.0 (compatible; SemrushBot/7~bl; +http://www.semrush.com/bot.html)"
185.191.171.16 - - [13/Mar/2026:18:10:00 +0300] "GET /?s=1697039578 HTTP/1.1" 200 18064 "-" "Mozilla/5.0 (compatible; SemrushBot/7~bl; +http://www.semrush.com/bot.html)"
40.77.167.7 - - [13/Mar/2026:18:10:48 +0300] "GET /?y=29482168554 HTTP/2" 200 18672 "-" "Mozilla/5.0 AppleWebKit/537.36 (KHTML, like Gecko; compatible; bingbot/2.0; +http://www.bing.com/bingbot.htm) Chrome/116.0.1938.76 Safari/537.36"
40.77.167.7 - - [13/Mar/2026:18:10:50 +0300] "GET /?v=71989278574 HTTP/2" 200 18694 "-" "Mozilla/5.0 AppleWebKit/537.36 (KHTML, like Gecko; compatible; bingbot/2.0; +http://www.bing.com/bingbot.htm) Chrome/116.0.1938.76 Safari/537.36"
40.77.167.7 - - [13/Mar/2026:18:10:50 +0300] "GET /?m=39454125022 HTTP/2" 200 18655 "-" "Mozilla/5.0 AppleWebKit/537.36 (KHTML, like Gecko; compatible; bingbot/2.0; +http://www.bing.com/bingbot.htm) Chrome/116.0.1938.76 Safari/537.36"
66.249.73.160 - - [13/Mar/2026:18:11:01 +0300] "GET /?ucais/q2628104.html HTTP/1.1" 200 18269 "-" "Mozilla/5.0 (Linux; Android 6.0.1; Nexus 5X Build/MMB29P) AppleWebKit/537.36 (KHTML, like Gecko) Chrome/145.0.7632.116 Mobile Safari/537.36 (compatible; Googlebot/2.1; +http://www.google.com/bot.html)"
66.249.73.172 - - [13/Mar/2026:18:11:08 +0300] "GET /general/Feline69-Porn HTTP/1.1" 200 18244 "-" "Mozilla/5.0 (Linux; Android 6.0.1; Nexus 5X Build/MMB29P) AppleWebKit/537.36 (KHTML, like Gecko) Chrome/145.0.7632.116 Mobile Safari/537.36 (compatible; GoogleOther)"
66.249.73.172 - - [13/Mar/2026:18:12:35 +0300] "GET /?r=834432 HTTP/1.1" 200 18534 "-" "Mozilla/5.0 (Linux; Android 6.0.1; Nexus 5X Build/MMB29P) AppleWebKit/537.36 (KHTML, like Gecko) Chrome/145.0.7632.116 Mobile Safari/537.36 (compatible; GoogleOther)"
85.208.96.193 - - [13/Mar/2026:18:13:09 +0300] "GET /?s=1697063351 HTTP/1.1" 200 18063 "-" "Mozilla/5.0 (compatible; SemrushBot/7~bl; +http://www.semrush.com/bot.html)"
85.208.96.212 - - [13/Mar/2026:18:10:13 +0300] "GET /?y=2948261982 HTTP/1.1" 200 20242 "-" "Mozilla/5.0 (compatible; SemrushBot/7~bl; +http://www.semrush.com/bot.html)"
85.208.96.198 - - [13/Mar/2026:18:10:45 +0300] "GET /?s=1697061187 HTTP/1.1" 200 18063 "-" "Mozilla/5.0 (compatible; SemrushBot/7~bl; +http://www.semrush.com/bot.html)"
85.208.96.204 - - [13/Mar/2026:18:12:05 +0300] "GET /?s=1697051435 HTTP/1.1" 200 18063 "-" "Mozilla/5.0 (compatible; SemrushBot/7~bl; +http://www.semrush.com/bot.html)"
104.234.53.53 - - [13/Mar/2026:18:12:55 +0300] "POST /wp-login.php HTTP/1.1" 200 9849 "-" "Mozilla/5.0"
104.234.53.64 - - [13/Mar/2026:18:12:55 +0300] "POST /wp-login.php HTTP/1.1" 200 9853 "-" "Mozilla/5.0"
85.208.96.199 - - [13/Mar/2026:18:13:12 +0300] "GET /?s=1697080146 HTTP/1.1" 200 18057 "-" "Mozilla/5.0 (compatible; SemrushBot/7~bl; +http://www.semrush.com/bot.html)"
66.249.73.160 - - [13/Mar/2026:18:12:12 +0300] "GET /?r=107316454 HTTP/1.1" 200 16951 "-" "Mozilla/5.0 (Linux; Android 6.0.1; Nexus 5X Build/MMB29P) AppleWebKit/537.36 (KHTML, like Gecko) Chrome/145.0.7632.116 Mobile Safari/537.36 (compatible; GoogleOther)"
185.191.171.5 - - [13/Mar/2026:17:53:05 +0300] "GET /?d=2792725 HTTP/1.1" 200 20242 "-" "Mozilla/5.0 (compatible; SemrushBot/7~bl; +http://www.semrush.com/bot.html)"
85.208.96.198 - - [13/Mar/2026:17:54:44 +0300] "GET /?s=1697068822 HTTP/1.1" 200 18063 "-" "Mozilla/5.0 (compatible; SemrushBot/7~bl; +http://www.semrush.com/bot.html)"
66.249.73.172 - - [13/Mar/2026:17:54:45 +0300] "GET /?r=34512132 HTTP/1.1" 200 17359 "-" "Mozilla/5.0 (Linux; Android 6.0.1; Nexus 5X Build/MMB29P) AppleWebKit/537.36 (KHTML, like Gecko) Chrome/145.0.7632.116 Mobile Safari/537.36 (compatible; GoogleOther)"
185.191.171.10 - - [13/Mar/2026:17:56:02 +0300] "GET /?s=1697069285 HTTP/1.1" 200 18064 "-" "Mozilla/5.0 (compatible; SemrushBot/7~bl; +http://www.semrush.com/bot.html)"
185.191.171.16 - - [13/Mar/2026:17:57:08 +0300] "GET /?s=1697074828 HTTP/1.1" 200 18063 "-" "Mozilla/5.0 (compatible; SemrushBot/7~bl; +http://www.semrush.com/bot.html)"
185.191.171.19 - - [13/Mar/2026:17:57:11 +0300] "GET /?r=804613676 HTTP/1.1" 200 20242 "-" "Mozilla/5.0 (compatible; SemrushBot/7~bl; +http://www.semrush.com/bot.html)"
66.249.73.172 - - [13/Mar/2026:17:58:01 +0300] "GET /?r=429943132 HTTP/1.1" 200 18949 "-" "Mozilla/5.0 (Linux; Android 6.0.1; Nexus 5X Build/MMB29P) AppleWebKit/537.36 (KHTML, like Gecko) Chrome/145.0.7632.116 Mobile Safari/537.36 (compatible; GoogleOther)"
185.191.171.1 - - [13/Mar/2026:17:58:32 +0300] "GET /?s=1697090760 HTTP/1.1" 200 18063 "-" "Mozilla/5.0 (compatible; SemrushBot/7~bl; +http://www.semrush.com/bot.html)"
185.191.171.12 - - [13/Mar/2026:17:58:39 +0300] "GET /?y=2948248227 HTTP/1.1" 200 20242 "-" "Mozilla/5.0 (compatible; SemrushBot/7~bl; +http://www.semrush.com/bot.html)"
66.249.73.160 - - [13/Mar/2026:18:00:30 +0300] "GET /?r=338729332 HTTP/1.1" 200 17985 "-" "Mozilla/5.0 (Linux; Android 6.0.1; Nexus 5X Build/MMB29P) AppleWebKit/537.36 (KHTML, like Gecko) Chrome/145.0.7632.116 Mobile Safari/537.36 (compatible; GoogleOther)"
85.208.96.198 - - [13/Mar/2026:18:00:30 +0300] "GET /?s=1697045624 HTTP/1.1" 200 18063 "-" "Mozilla/5.0 (compatible; SemrushBot/7~bl; +http://www.semrush.com/bot.html)"
85.208.96.209 - - [13/Mar/2026:18:01:08 +0300] "GET /?s=1697096334 HTTP/1.1" 200 18064 "-" "Mozilla/5.0 (compatible; SemrushBot/7~bl; +http://www.semrush.com/bot.html)"
85.208.96.202 - - [13/Mar/2026:18:05:07 +0300] "GET /robots.txt HTTP/1.1" 200 114 "-" "Mozilla/5.0 (compatible; SemrushBot/7~bl; +http://www.semrush.com/bot.html)"
85.208.96.196 - - [13/Mar/2026:18:06:24 +0300] "GET /?r=8046197288 HTTP/1.1" 200 20242 "-" "Mozilla/5.0 (compatible; SemrushBot/7~bl; +http://www.semrush.com/bot.html)"
66.249.73.172 - - [13/Mar/2026:18:07:22 +0300] "GET /?r=458094632 HTTP/1.1" 200 18350 "-" "Mozilla/5.0 (Linux; Android 6.0.1; Nexus 5X Build/MMB29P) AppleWebKit/537.36 (KHTML, like Gecko) Chrome/145.0.7632.116 Mobile Safari/537.36 (compatible; GoogleOther)"
66.249.73.172 - - [13/Mar/2026:18:07:54 +0300] "GET /?r=1169932 HTTP/1.1" 200 18253 "-" "Mozilla/5.0 (Linux; Android 6.0.1; Nexus 5X Build/MMB29P) AppleWebKit/537.36 (KHTML, like Gecko) Chrome/145.0.7632.116 Mobile Safari/537.36 (compatible; GoogleOther)"
52.167.144.19 - - [13/Mar/2026:18:08:25 +0300] "GET /?y=29482141843 HTTP/2" 200 18068 "-" "Mozilla/5.0 AppleWebKit/537.36 (KHTML, like Gecko; compatible; bingbot/2.0; +http://www.bing.com/bingbot.htm) Chrome/116.0.1938.76 Safari/537.36"
85.208.96.211 - - [13/Mar/2026:18:08:35 +0300] "GET /?s=1697083064 HTTP/1.1" 200 18057 "-" "Mozilla/5.0 (compatible; SemrushBot/7~bl; +http://www.semrush.com/bot.html)"
185.191.171.2 - - [13/Mar/2026:18:09:04 +0300] "GET /?y=2948212665 HTTP/1.1" 200 20218 "-" "Mozilla/5.0 (compatible; SemrushBot/7~bl; +http://www.semrush.com/bot.html)"
185.191.171.16 - - [13/Mar/2026:18:09:52 +0300] "GET /?s=1697065178 HTTP/1.1" 200 18063 "-" "Mozilla/5.0 (compatible; SemrushBot/7~bl; +http://www.semrush.com/bot.html)"
85.208.96.212 - - [13/Mar/2026:18:06:57 +0300] "GET /?s=1697050613 HTTP/1.1" 200 18063 "-" "Mozilla/5.0 (compatible; SemrushBot/7~bl; +http://www.semrush.com/bot.html)"
66.249.73.172 - - [13/Mar/2026:18:07:34 +0300] "GET /?r=5174957 HTTP/1.1" 200 16596 "-" "Mozilla/5.0 (Linux; Android 6.0.1; Nexus 5X Build/MMB29P) AppleWebKit/537.36 (KHTML, like Gecko) Chrome/145.0.7632.116 Mobile Safari/537.36 (compatible; GoogleOther)"
102.212.247.146 - - [13/Mar/2026:18:07:50 +0300] "POST /wp-cron.php?doing_wp_cron=1773414470.4636750221252441406250 HTTP/1.1" 200 0 "-" "WordPress/6.9.4; https://rafikisprings.co.uk"
185.191.171.12 - - [13/Mar/2026:18:07:49 +0300] "GET /?s=1697028008 HTTP/1.1" 200 18063 "-" "Mozilla/5.0 (compatible; SemrushBot/7~bl; +http://www.semrush.com/bot.html)"
185.191.171.17 - - [13/Mar/2026:18:08:17 +0300] "GET /?s=1697067391 HTTP/1.1" 200 18064 "-" "Mozilla/5.0 (compatible; SemrushBot/7~bl; +http://www.semrush.com/bot.html)"
52.167.144.19 - - [13/Mar/2026:18:10:15 +0300] "GET /?f=84791100195 HTTP/2" 200 18723 "-" "Mozilla/5.0 AppleWebKit/537.36 (KHTML, like Gecko; compatible; bingbot/2.0; +http://www.bing.com/bingbot.htm) Chrome/116.0.1938.76 Safari/537.36"
85.208.96.197 - - [13/Mar/2026:18:10:51 +0300] "GET /?s=1697089752 HTTP/1.1" 200 18064 "-" "Mozilla/5.0 (compatible; SemrushBot/7~bl; +http://www.semrush.com/bot.html)"
40.77.167.7 - - [13/Mar/2026:18:11:06 +0300] "GET /?v=7198955242 HTTP/2" 200 19193 "-" "Mozilla/5.0 AppleWebKit/537.36 (KHTML, like Gecko; compatible; bingbot/2.0; +http://www.bing.com/bingbot.htm) Chrome/116.0.1938.76 Safari/537.36"
40.77.167.7 - - [13/Mar/2026:18:11:07 +0300] "GET /?d=27927288330 HTTP/2" 200 18538 "-" "Mozilla/5.0 AppleWebKit/537.36 (KHTML, like Gecko; compatible; bingbot/2.0; +http://www.bing.com/bingbot.htm) Chrome/116.0.1938.76 Safari/537.36"
102.212.247.146 - - [13/Mar/2026:18:12:07 +0300] "POST /wp-cron.php?doing_wp_cron=1773414727.3151640892028808593750 HTTP/1.1" 200 0 "-" "WordPress/6.9.4; https://rafikisprings.co.uk"
66.249.73.172 - - [13/Mar/2026:18:12:45 +0300] "GET /?r=7073857 HTTP/1.1" 200 16425 "-" "Mozilla/5.0 (Linux; Android 6.0.1; Nexus 5X Build/MMB29P) AppleWebKit/537.36 (KHTML, like Gecko) Chrome/145.0.7632.116 Mobile Safari/537.36 (compatible; GoogleOther)"
40.77.167.13 - - [13/Mar/2026:18:12:46 +0300] "GET /?l=40311261787 HTTP/2" 200 18405 "-" "Mozilla/5.0 AppleWebKit/537.36 (KHTML, like Gecko; compatible; bingbot/2.0; +http://www.bing.com/bingbot.htm) Chrome/116.0.1938.76 Safari/537.36"
85.208.96.196 - - [13/Mar/2026:18:13:27 +0300] "GET /?s=1697086206 HTTP/1.1" 200 18063 "-" "Mozilla/5.0 (compatible; SemrushBot/7~bl; +http://www.semrush.com/bot.html)"
85.208.96.196 - - [13/Mar/2026:18:12:48 +0300] "GET /?s=1697019841 HTTP/1.1" 200 18063 "-" "Mozilla/5.0 (compatible; SemrushBot/7~bl; +http://www.semrush.com/bot.html)"
185.191.171.16 - - [13/Mar/2026:18:12:53 +0300] "GET /?v=7198967303 HTTP/1.1" 200 20244 "-" "Mozilla/5.0 (compatible; SemrushBot/7~bl; +http://www.semrush.com/bot.html)"
185.191.171.1 - - [13/Mar/2026:18:14:29 +0300] "GET /?a=3494415278 HTTP/1.1" 200 20243 "-" "Mozilla/5.0 (compatible; SemrushBot/7~bl; +http://www.semrush.com/bot.html)"
40.77.167.13 - - [13/Mar/2026:18:15:15 +0300] "GET /?m=39454388942 HTTP/2" 200 18784 "-" "Mozilla/5.0 AppleWebKit/537.36 (KHTML, like Gecko; compatible; bingbot/2.0; +http://www.bing.com/bingbot.htm) Chrome/116.0.1938.76 Safari/537.36"
185.191.171.14 - - [13/Mar/2026:18:16:26 +0300] "GET /?v=7198964121 HTTP/1.1" 200 20241 "-" "Mozilla/5.0 (compatible; SemrushBot/7~bl; +http://www.semrush.com/bot.html)"
40.77.167.7 - - [13/Mar/2026:18:17:14 +0300] "GET /?r=36339228749 HTTP/2" 200 17224 "-" "Mozilla/5.0 AppleWebKit/537.36 (KHTML, like Gecko; compatible; bingbot/2.0; +http://www.bing.com/bingbot.htm) Chrome/116.0.1938.76 Safari/537.36"
185.191.171.4 - - [13/Mar/2026:18:21:26 +0300] "GET /robots.txt HTTP/1.1" 200 114 "-" "Mozilla/5.0 (compatible; SemrushBot/7~bl; +http://www.semrush.com/bot.html)"
85.208.96.209 - - [13/Mar/2026:18:22:51 +0300] "GET /?y=2948239725 HTTP/1.1" 200 20241 "-" "Mozilla/5.0 (compatible; SemrushBot/7~bl; +http://www.semrush.com/bot.html)"
104.234.53.49 - - [13/Mar/2026:18:24:38 +0300] "POST /wp-login.php HTTP/1.1" 200 9849 "-" "Mozilla/5.0"
66.249.73.161 - - [13/Mar/2026:18:25:18 +0300] "GET /hiroshi.php?l=40311230996 HTTP/1.1" 200 18539 "-" "Mozilla/5.0 (Linux; Android 6.0.1; Nexus 5X Build/MMB29P) AppleWebKit/537.36 (KHTML, like Gecko) Chrome/145.0.7632.116 Mobile Safari/537.36 (compatible; Googlebot/2.1; +http://www.google.com/bot.html)"
40.77.167.13 - - [13/Mar/2026:18:24:58 +0300] "GET /?r=80461111237 HTTP/2" 200 17224 "-" "Mozilla/5.0 AppleWebKit/537.36 (KHTML, like Gecko; compatible; bingbot/2.0; +http://www.bing.com/bingbot.htm) Chrome/116.0.1938.76 Safari/537.36"
66.249.73.172 - - [13/Mar/2026:18:25:44 +0300] "GET /hiroshi.php?d=27927265157 HTTP/1.1" 200 18401 "-" "Mozilla/5.0 (Linux; Android 6.0.1; Nexus 5X Build/MMB29P) AppleWebKit/537.36 (KHTML, like Gecko) Chrome/145.0.7632.116 Mobile Safari/537.36 (compatible; Googlebot/2.1; +http://www.google.com/bot.html)"
185.191.171.2 - - [13/Mar/2026:18:26:35 +0300] "GET /?s=1697063587 HTTP/1.1" 503 807 "-" "Mozilla/5.0 (compatible; SemrushBot/7~bl; +http://www.semrush.com/bot.html)"
185.191.171.10 - - [13/Mar/2026:18:27:36 +0300] "GET /?s=1697068478 HTTP/1.1" 503 807 "-" "Mozilla/5.0 (compatible; SemrushBot/7~bl; +http://www.semrush.com/bot.html)"
66.249.73.172 - - [13/Mar/2026:18:29:45 +0300] "GET /item.php?shop/labmicenet/homesick5842068887.html HTTP/1.1" 200 18958 "-" "Mozilla/5.0 (Linux; Android 6.0.1; Nexus 5X Build/MMB29P) AppleWebKit/537.36 (KHTML, like Gecko) Chrome/145.0.7632.116 Mobile Safari/537.36 (compatible; Googlebot/2.1; +http://www.google.com/bot.html)"
66.249.73.172 - - [13/Mar/2026:18:29:48 +0300] "GET /?l=40311196664 HTTP/1.1" 200 18205 "-" "Mozilla/5.0 (Linux; Android 6.0.1; Nexus 5X Build/MMB29P) AppleWebKit/537.36 (KHTML, like Gecko) Chrome/145.0.7632.116 Mobile Safari/537.36 (compatible; Googlebot/2.1; +http://www.google.com/bot.html)"
66.249.73.172 - - [13/Mar/2026:18:29:50 +0300] "GET /hiroshi.php?v=71989175312 HTTP/1.1" 200 18596 "-" "Mozilla/5.0 (Linux; Android 6.0.1; Nexus 5X Build/MMB29P) AppleWebKit/537.36 (KHTML, like Gecko) Chrome/145.0.7632.116 Mobile Safari/537.36 (compatible; Googlebot/2.1; +http://www.google.com/bot.html)"
66.249.73.172 - - [13/Mar/2026:18:29:54 +0300] "GET /item.php?v=7198980557 HTTP/1.1" 200 17722 "-" "Mozilla/5.0 (Linux; Android 6.0.1; Nexus 5X Build/MMB29P) AppleWebKit/537.36 (KHTML, like Gecko) Chrome/145.0.7632.116 Mobile Safari/537.36 (compatible; Googlebot/2.1; +http://www.google.com/bot.html)"
66.249.73.172 - - [13/Mar/2026:18:29:58 +0300] "GET /item.php?m=39454303193 HTTP/1.1" 200 18700 "-" "Mozilla/5.0 (Linux; Android 6.0.1; Nexus 5X Build/MMB29P) AppleWebKit/537.36 (KHTML, like Gecko) Chrome/145.0.7632.116 Mobile Safari/537.36 (compatible; Googlebot/2.1; +http://www.google.com/bot.html)"
185.191.171.1 - - [13/Mar/2026:18:14:13 +0300] "GET /?y=2948283616 HTTP/1.1" 200 20243 "-" "Mozilla/5.0 (compatible; SemrushBot/7~bl; +http://www.semrush.com/bot.html)"
102.212.247.146 - - [13/Mar/2026:18:15:13 +0300] "POST /wp-cron.php?doing_wp_cron=1773414913.6296629905700683593750 HTTP/1.1" 200 0 "-" "WordPress/6.9.4; https://rafikisprings.co.uk"
102.212.247.146 - - [13/Mar/2026:18:16:59 +0300] "POST /wp-cron.php?doing_wp_cron=1773415019.3081181049346923828125 HTTP/1.1" 200 0 "-" "WordPress/6.9.4; https://rafikisprings.co.uk"
85.208.96.194 - - [13/Mar/2026:18:17:20 +0300] "GET /?s=1697079630 HTTP/1.1" 200 18064 "-" "Mozilla/5.0 (compatible; SemrushBot/7~bl; +http://www.semrush.com/bot.html)"
85.208.96.204 - - [13/Mar/2026:18:18:06 +0300] "GET /?s=1697048945 HTTP/1.1" 200 18064 "-" "Mozilla/5.0 (compatible; SemrushBot/7~bl; +http://www.semrush.com/bot.html)"
102.212.247.146 - - [13/Mar/2026:18:20:00 +0300] "POST /wp-cron.php?doing_wp_cron=1773415200.6121819019317626953125 HTTP/1.1" 200 0 "-" "WordPress/6.9.4; https://rafikisprings.co.uk"
102.212.247.146 - - [13/Mar/2026:18:20:56 +0300] "POST /wp-cron.php?doing_wp_cron=1773415256.3240439891815185546875 HTTP/1.1" 200 0 "-" "WordPress/6.9.4; https://rafikisprings.co.uk"
185.191.171.14 - - [13/Mar/2026:18:21:05 +0300] "GET /?y=2948219345 HTTP/1.1" 200 20244 "-" "Mozilla/5.0 (compatible; SemrushBot/7~bl; +http://www.semrush.com/bot.html)"
185.191.171.13 - - [13/Mar/2026:18:21:43 +0300] "GET /?s=1697090153 HTTP/1.1" 200 18063 "-" "Mozilla/5.0 (compatible; SemrushBot/7~bl; +http://www.semrush.com/bot.html)"
102.212.247.146 - - [13/Mar/2026:18:24:16 +0300] "POST /wp-cron.php?doing_wp_cron=1773415455.8311259746551513671875 HTTP/1.1" 200 0 "-" "WordPress/6.9.4; https://rafikisprings.co.uk"
40.77.167.13 - - [13/Mar/2026:18:24:37 +0300] "GET /item.php?a=3494478968 HTTP/2" 200 17882 "-" "Mozilla/5.0 AppleWebKit/537.36 (KHTML, like Gecko; compatible; bingbot/2.0; +http://www.bing.com/bingbot.htm) Chrome/116.0.1938.76 Safari/537.36"
52.167.144.225 - - [13/Mar/2026:18:24:25 +0300] "GET /?r=80461126181 HTTP/2" 200 17225 "-" "Mozilla/5.0 AppleWebKit/537.36 (KHTML, like Gecko; compatible; bingbot/2.0; +http://www.bing.com/bingbot.htm) Chrome/116.0.1938.76 Safari/537.36"
85.208.96.199 - - [13/Mar/2026:18:26:50 +0300] "GET /?s=1697084216 HTTP/1.1" 503 807 "-" "Mozilla/5.0 (compatible; SemrushBot/7~bl; +http://www.semrush.com/bot.html)"
40.77.167.13 - - [13/Mar/2026:18:27:37 +0300] "GET /?l=4031118534 HTTP/2" 503 807 "-" "Mozilla/5.0 AppleWebKit/537.36 (KHTML, like Gecko; compatible; bingbot/2.0; +http://www.bing.com/bingbot.htm) Chrome/116.0.1938.76 Safari/537.36"
40.77.167.13 - - [13/Mar/2026:18:27:39 +0300] "GET /?y=29482149268 HTTP/2" 503 807 "-" "Mozilla/5.0 AppleWebKit/537.36 (KHTML, like Gecko; compatible; bingbot/2.0; +http://www.bing.com/bingbot.htm) Chrome/116.0.1938.76 Safari/537.36"
40.77.167.13 - - [13/Mar/2026:18:27:45 +0300] "GET /?m=39454250669 HTTP/2" 503 807 "-" "Mozilla/5.0 AppleWebKit/537.36 (KHTML, like Gecko; compatible; bingbot/2.0; +http://www.bing.com/bingbot.htm) Chrome/116.0.1938.76 Safari/537.36"
52.167.144.225 - - [13/Mar/2026:18:27:26 +0300] "GET /?v=71989259566 HTTP/2" 200 0 "-" "Mozilla/5.0 AppleWebKit/537.36 (KHTML, like Gecko; compatible; bingbot/2.0; +http://www.bing.com/bingbot.htm) Chrome/116.0.1938.76 Safari/537.36"
52.167.144.140 - - [13/Mar/2026:18:28:49 +0300] "GET /?y=2948272339 HTTP/2" 200 19170 "-" "Mozilla/5.0 AppleWebKit/537.36 (KHTML, like Gecko; compatible; bingbot/2.0; +http://www.bing.com/bingbot.htm) Chrome/116.0.1938.76 Safari/537.36"
52.167.144.140 - - [13/Mar/2026:18:30:12 +0300] "GET /?l=40311115073 HTTP/2" 200 18337 "-" "Mozilla/5.0 AppleWebKit/537.36 (KHTML, like Gecko; compatible; bingbot/2.0; +http://www.bing.com/bingbot.htm) Chrome/116.0.1938.76 Safari/537.36"
52.167.144.140 - - [13/Mar/2026:18:30:14 +0300] "GET /?r=36339150342 HTTP/2" 200 0 "-" "Mozilla/5.0 AppleWebKit/537.36 (KHTML, like Gecko; compatible; bingbot/2.0; +http://www.bing.com/bingbot.htm) Chrome/116.0.1938.76 Safari/537.36"
40.77.167.13 - - [13/Mar/2026:18:14:05 +0300] "GET /?v=7198992912 HTTP/2" 200 18988 "-" "Mozilla/5.0 AppleWebKit/537.36 (KHTML, like Gecko; compatible; bingbot/2.0; +http://www.bing.com/bingbot.htm) Chrome/116.0.1938.76 Safari/537.36"
85.208.96.193 - - [13/Mar/2026:18:14:46 +0300] "GET /?s=1697040786 HTTP/1.1" 200 18063 "-" "Mozilla/5.0 (compatible; SemrushBot/7~bl; +http://www.semrush.com/bot.html)"
185.191.171.12 - - [13/Mar/2026:18:15:15 +0300] "GET /?s=1697029745 HTTP/1.1" 200 18064 "-" "Mozilla/5.0 (compatible; SemrushBot/7~bl; +http://www.semrush.com/bot.html)"
85.208.96.196 - - [13/Mar/2026:18:15:54 +0300] "GET /?s=1697048700 HTTP/1.1" 200 18063 "-" "Mozilla/5.0 (compatible; SemrushBot/7~bl; +http://www.semrush.com/bot.html)"
185.191.171.13 - - [13/Mar/2026:18:17:15 +0300] "GET /?v=7198914035 HTTP/1.1" 200 20242 "-" "Mozilla/5.0 (compatible; SemrushBot/7~bl; +http://www.semrush.com/bot.html)"
104.234.53.89 - - [13/Mar/2026:18:18:46 +0300] "POST /wp-login.php HTTP/1.1" 200 9853 "-" "Mozilla/5.0"
185.191.171.12 - - [13/Mar/2026:18:21:37 +0300] "GET /?v=719891188 HTTP/1.1" 200 20242 "-" "Mozilla/5.0 (compatible; SemrushBot/7~bl; +http://www.semrush.com/bot.html)"
102.212.247.146 - - [13/Mar/2026:18:22:29 +0300] "POST /wp-cron.php?doing_wp_cron=1773415349.8303570747375488281250 HTTP/1.1" 200 0 "-" "WordPress/6.9.4; https://rafikisprings.co.uk"
102.212.247.146 - - [13/Mar/2026:18:22:50 +0300] "POST /wp-cron.php?doing_wp_cron=1773415370.3141729831695556640625 HTTP/1.1" 200 0 "-" "WordPress/6.9.4; https://rafikisprings.co.uk"
66.249.73.172 - - [13/Mar/2026:18:22:57 +0300] "GET /?r=1939157 HTTP/1.1" 200 16424 "-" "Mozilla/5.0 (Linux; Android 6.0.1; Nexus 5X Build/MMB29P) AppleWebKit/537.36 (KHTML, like Gecko) Chrome/145.0.7632.116 Mobile Safari/537.36 (compatible; GoogleOther)"
104.234.53.61 - - [13/Mar/2026:18:24:38 +0300] "POST /wp-login.php HTTP/1.1" 200 9853 "-" "Mozilla/5.0"
66.249.73.160 - - [13/Mar/2026:18:25:40 +0300] "GET /item.php?shop/econpapers/kongo69235167439.html HTTP/1.1" 200 18340 "-" "Mozilla/5.0 (Linux; Android 6.0.1; Nexus 5X Build/MMB29P) AppleWebKit/537.36 (KHTML, like Gecko) Chrome/145.0.7632.116 Mobile Safari/537.36 (compatible; Googlebot/2.1; +http://www.google.com/bot.html)"
66.249.73.161 - - [13/Mar/2026:18:26:17 +0300] "GET /discover/msrachelramsey-Porn HTTP/1.1" 200 46 "-" "Mozilla/5.0 (Linux; Android 6.0.1; Nexus 5X Build/MMB29P) AppleWebKit/537.36 (KHTML, like Gecko) Chrome/145.0.7632.116 Mobile Safari/537.36 (compatible; GoogleOther)"
52.167.144.140 - - [13/Mar/2026:18:29:29 +0300] "GET /?y=29482105131 HTTP/2" 200 17833 "-" "Mozilla/5.0 AppleWebKit/537.36 (KHTML, like Gecko; compatible; bingbot/2.0; +http://www.bing.com/bingbot.htm) Chrome/116.0.1938.76 Safari/537.36"
104.234.53.51 - - [13/Mar/2026:18:30:34 +0300] "POST /wp-login.php HTTP/1.1" 200 0 "-" "Mozilla/5.0"
102.212.247.146 - - [13/Mar/2026:18:32:01 +0300] "POST /wp-cron.php?doing_wp_cron=1773415920.7126400470733642578125 HTTP/1.1" 200 0 "-" "WordPress/6.9.4; https://rafikisprings.co.uk"
52.167.144.140 - - [13/Mar/2026:18:32:49 +0300] "GET /?y=2948288759 HTTP/2" 200 19722 "-" "Mozilla/5.0 AppleWebKit/537.36 (KHTML, like Gecko; compatible; bingbot/2.0; +http://www.bing.com/bingbot.htm) Chrome/116.0.1938.76 Safari/537.36"
52.167.144.140 - - [13/Mar/2026:18:32:59 +0300] "GET /?m=39454208070 HTTP/2" 200 18537 "-" "Mozilla/5.0 AppleWebKit/537.36 (KHTML, like Gecko; compatible; bingbot/2.0; +http://www.bing.com/bingbot.htm) Chrome/116.0.1938.76 Safari/537.36"
134.199.226.3 - - [13/Mar/2026:18:32:59 +0300] "GET / HTTP/1.1" 301 0 "-" "Mozilla/5.0 (X11; Linux x86_64; rv:142.0) Gecko/20100101 Firefox/142.0"
185.191.171.14 - - [13/Mar/2026:18:33:33 +0300] "GET /?y=2948288675 HTTP/1.1" 200 0 "-" "Mozilla/5.0 (compatible; SemrushBot/7~bl; +http://www.semrush.com/bot.html)"
52.167.144.202 - - [13/Mar/2026:18:35:47 +0300] "GET /?l=4031124785 HTTP/2" 200 18940 "-" "Mozilla/5.0 AppleWebKit/537.36 (KHTML, like Gecko; compatible; bingbot/2.0; +http://www.bing.com/bingbot.htm) Chrome/116.0.1938.76 Safari/537.36"
85.208.96.207 - - [13/Mar/2026:18:13:41 +0300] "GET /?s=1697086411 HTTP/1.1" 200 18063 "-" "Mozilla/5.0 (compatible; SemrushBot/7~bl; +http://www.semrush.com/bot.html)"
102.212.247.146 - - [13/Mar/2026:18:14:05 +0300] "POST /wp-cron.php?doing_wp_cron=1773414845.6738400459289550781250 HTTP/1.1" 200 0 "-" "WordPress/6.9.4; https://rafikisprings.co.uk"
85.208.96.204 - - [13/Mar/2026:18:18:38 +0300] "GET /?v=7198941205 HTTP/1.1" 200 20242 "-" "Mozilla/5.0 (compatible; SemrushBot/7~bl; +http://www.semrush.com/bot.html)"
104.234.53.57 - - [13/Mar/2026:18:18:46 +0300] "POST /wp-login.php HTTP/1.1" 200 9849 "-" "Mozilla/5.0"
102.212.247.146 - - [13/Mar/2026:18:19:09 +0300] "POST /wp-cron.php?doing_wp_cron=1773415149.5399711132049560546875 HTTP/1.1" 200 0 "-" "WordPress/6.9.4; https://rafikisprings.co.uk"
85.208.96.207 - - [13/Mar/2026:18:19:07 +0300] "GET /?r=804614814 HTTP/1.1" 200 20241 "-" "Mozilla/5.0 (compatible; SemrushBot/7~bl; +http://www.semrush.com/bot.html)"
85.208.96.201 - - [13/Mar/2026:18:19:32 +0300] "GET /?d=279273097 HTTP/1.1" 200 20241 "-" "Mozilla/5.0 (compatible; SemrushBot/7~bl; +http://www.semrush.com/bot.html)"
185.191.171.10 - - [13/Mar/2026:18:20:03 +0300] "GET /?v=7198922529 HTTP/1.1" 200 20242 "-" "Mozilla/5.0 (compatible; SemrushBot/7~bl; +http://www.semrush.com/bot.html)"
66.249.73.172 - - [13/Mar/2026:18:20:20 +0300] "GET /?r=220602832 HTTP/1.1" 200 18704 "-" "Mozilla/5.0 (Linux; Android 6.0.1; Nexus 5X Build/MMB29P) AppleWebKit/537.36 (KHTML, like Gecko) Chrome/145.0.7632.116 Mobile Safari/537.36 (compatible; GoogleOther)"
185.191.171.10 - - [13/Mar/2026:18:20:35 +0300] "GET /?s=1697076748 HTTP/1.1" 200 18064 "-" "Mozilla/5.0 (compatible; SemrushBot/7~bl; +http://www.semrush.com/bot.html)"
185.191.171.6 - - [13/Mar/2026:18:20:59 +0300] "GET /?s=1697012133 HTTP/1.1" 200 18063 "-" "Mozilla/5.0 (compatible; SemrushBot/7~bl; +http://www.semrush.com/bot.html)"
185.191.171.9 - - [13/Mar/2026:18:21:28 +0300] "GET /?s=1697078642 HTTP/1.1" 200 18063 "-" "Mozilla/5.0 (compatible; SemrushBot/7~bl; +http://www.semrush.com/bot.html)"
185.191.171.9 - - [13/Mar/2026:18:21:32 +0300] "GET /?y=2948289123 HTTP/1.1" 200 20242 "-" "Mozilla/5.0 (compatible; SemrushBot/7~bl; +http://www.semrush.com/bot.html)"
102.212.247.146 - - [13/Mar/2026:18:25:02 +0300] "POST /wp-cron.php?doing_wp_cron=1773415501.8393681049346923828125 HTTP/1.1" 200 0 "-" "WordPress/6.9.4; https://rafikisprings.co.uk"
66.249.73.160 - - [13/Mar/2026:18:25:21 +0300] "GET /?s=16970209893 HTTP/1.1" 200 17924 "-" "Mozilla/5.0 (Linux; Android 6.0.1; Nexus 5X Build/MMB29P) AppleWebKit/537.36 (KHTML, like Gecko) Chrome/145.0.7632.116 Mobile Safari/537.36 (compatible; Googlebot/2.1; +http://www.google.com/bot.html)"
85.208.96.211 - - [13/Mar/2026:18:27:01 +0300] "GET /?s=1697033741 HTTP/1.1" 503 807 "-" "Mozilla/5.0 (compatible; SemrushBot/7~bl; +http://www.semrush.com/bot.html)"
52.167.144.140 - - [13/Mar/2026:18:28:09 +0300] "GET /?v=7198965727 HTTP/2" 200 18435 "-" "Mozilla/5.0 AppleWebKit/537.36 (KHTML, like Gecko; compatible; bingbot/2.0; +http://www.bing.com/bingbot.htm) Chrome/116.0.1938.76 Safari/537.36"
40.77.167.13 - - [13/Mar/2026:18:28:59 +0300] "GET /?y=29482178941 HTTP/2" 200 18436 "-" "Mozilla/5.0 AppleWebKit/537.36 (KHTML, like Gecko; compatible; bingbot/2.0; +http://www.bing.com/bingbot.htm) Chrome/116.0.1938.76 Safari/537.36"
104.234.53.51 - - [13/Mar/2026:18:30:34 +0300] "POST /wp-login.php HTTP/1.1" 200 0 "-" "Mozilla/5.0"
185.191.171.2 - - [13/Mar/2026:18:31:41 +0300] "GET /?y=2948292537 HTTP/1.1" 200 0 "-" "Mozilla/5.0 (compatible; SemrushBot/7~bl; +http://www.semrush.com/bot.html)"
185.191.171.14 - - [13/Mar/2026:18:34:25 +0300] "GET /?y=2948288675 HTTP/1.1" 200 0 "-" "Mozilla/5.0 (compatible; SemrushBot/7~bl; +http://www.semrush.com/bot.html)"
102.212.247.146 - - [13/Mar/2026:18:37:02 +0300] "POST /wp-cron.php?doing_wp_cron=1773416220.5422348976135253906250 HTTP/1.1" 200 0 "-" "WordPress/6.9.4; https://rafikisprings.co.uk"
