85.208.96.195 - - [13/Mar/2026:15:39:08 +0300] "GET /?v=7198933882 HTTP/1.1" 200 20243 "-" "Mozilla/5.0 (compatible; SemrushBot/7~bl; +http://www.semrush.com/bot.html)"
185.191.171.14 - - [13/Mar/2026:15:39:27 +0300] "GET /?v=7198951388 HTTP/1.1" 200 20243 "-" "Mozilla/5.0 (compatible; SemrushBot/7~bl; +http://www.semrush.com/bot.html)"
185.191.171.15 - - [13/Mar/2026:15:39:34 +0300] "GET /?s=1697032820 HTTP/1.1" 200 18063 "-" "Mozilla/5.0 (compatible; SemrushBot/7~bl; +http://www.semrush.com/bot.html)"
40.77.167.247 - - [13/Mar/2026:15:40:31 +0300] "GET /?a=349448267 HTTP/2" 200 18652 "-" "Mozilla/5.0 AppleWebKit/537.36 (KHTML, like Gecko; compatible; bingbot/2.0; +http://www.bing.com/bingbot.htm) Chrome/116.0.1938.76 Safari/537.36"
40.77.167.247 - - [13/Mar/2026:15:41:12 +0300] "GET /?r=80461193464 HTTP/2" 200 17223 "-" "Mozilla/5.0 AppleWebKit/537.36 (KHTML, like Gecko; compatible; bingbot/2.0; +http://www.bing.com/bingbot.htm) Chrome/116.0.1938.76 Safari/537.36"
185.191.171.18 - - [13/Mar/2026:15:41:19 +0300] "GET /?y=2948221645 HTTP/1.1" 200 20243 "-" "Mozilla/5.0 (compatible; SemrushBot/7~bl; +http://www.semrush.com/bot.html)"
52.167.144.167 - - [13/Mar/2026:15:41:34 +0300] "GET /hiroshi.php?f=84791185463 HTTP/2" 200 18508 "-" "Mozilla/5.0 AppleWebKit/537.36 (KHTML, like Gecko; compatible; bingbot/2.0; +http://www.bing.com/bingbot.htm) Chrome/116.0.1938.76 Safari/537.36"
52.167.144.167 - - [13/Mar/2026:15:41:35 +0300] "GET /?v=71989315384 HTTP/2" 200 18452 "-" "Mozilla/5.0 AppleWebKit/537.36 (KHTML, like Gecko; compatible; bingbot/2.0; +http://www.bing.com/bingbot.htm) Chrome/116.0.1938.76 Safari/537.36"
40.77.167.247 - - [13/Mar/2026:15:42:22 +0300] "GET /?r=8046140405 HTTP/2" 200 17224 "-" "Mozilla/5.0 AppleWebKit/537.36 (KHTML, like Gecko; compatible; bingbot/2.0; +http://www.bing.com/bingbot.htm) Chrome/116.0.1938.76 Safari/537.36"
40.77.167.247 - - [13/Mar/2026:15:42:24 +0300] "GET /?a=34944167842 HTTP/2" 200 18195 "-" "Mozilla/5.0 AppleWebKit/537.36 (KHTML, like Gecko; compatible; bingbot/2.0; +http://www.bing.com/bingbot.htm) Chrome/116.0.1938.76 Safari/537.36"
85.208.96.204 - - [13/Mar/2026:15:42:52 +0300] "GET /?s=1697050419 HTTP/1.1" 200 18063 "-" "Mozilla/5.0 (compatible; SemrushBot/7~bl; +http://www.semrush.com/bot.html)"
185.191.171.14 - - [13/Mar/2026:15:30:56 +0300] "GET /?v=7198958351 HTTP/1.1" 200 20243 "-" "Mozilla/5.0 (compatible; SemrushBot/7~bl; +http://www.semrush.com/bot.html)"
85.208.96.202 - - [13/Mar/2026:15:31:23 +0300] "GET /?s=1697041089 HTTP/1.1" 200 18063 "-" "Mozilla/5.0 (compatible; SemrushBot/7~bl; +http://www.semrush.com/bot.html)"
85.208.96.204 - - [13/Mar/2026:15:31:35 +0300] "GET /?y=2948254247 HTTP/1.1" 200 20244 "-" "Mozilla/5.0 (compatible; SemrushBot/7~bl; +http://www.semrush.com/bot.html)"
85.208.96.201 - - [13/Mar/2026:15:31:45 +0300] "GET /?s=1697021487 HTTP/1.1" 200 18063 "-" "Mozilla/5.0 (compatible; SemrushBot/7~bl; +http://www.semrush.com/bot.html)"
85.208.96.210 - - [13/Mar/2026:15:33:54 +0300] "GET /?v=7198924130 HTTP/1.1" 200 20243 "-" "Mozilla/5.0 (compatible; SemrushBot/7~bl; +http://www.semrush.com/bot.html)"
85.208.96.196 - - [13/Mar/2026:15:34:15 +0300] "GET /?s=1697024588 HTTP/1.1" 200 18063 "-" "Mozilla/5.0 (compatible; SemrushBot/7~bl; +http://www.semrush.com/bot.html)"
85.208.96.210 - - [13/Mar/2026:15:35:08 +0300] "GET /?v=7198953269 HTTP/1.1" 200 20243 "-" "Mozilla/5.0 (compatible; SemrushBot/7~bl; +http://www.semrush.com/bot.html)"
85.208.96.198 - - [13/Mar/2026:15:35:18 +0300] "GET /?y=2948290989 HTTP/1.1" 200 20243 "-" "Mozilla/5.0 (compatible; SemrushBot/7~bl; +http://www.semrush.com/bot.html)"
85.208.96.210 - - [13/Mar/2026:15:35:57 +0300] "GET /?s=1697018282 HTTP/1.1" 200 18063 "-" "Mozilla/5.0 (compatible; SemrushBot/7~bl; +http://www.semrush.com/bot.html)"
85.208.96.195 - - [13/Mar/2026:15:36:10 +0300] "GET /?y=294823827 HTTP/1.1" 200 20243 "-" "Mozilla/5.0 (compatible; SemrushBot/7~bl; +http://www.semrush.com/bot.html)"
185.191.171.10 - - [13/Mar/2026:15:37:56 +0300] "GET /?s=1697075075 HTTP/1.1" 200 18063 "-" "Mozilla/5.0 (compatible; SemrushBot/7~bl; +http://www.semrush.com/bot.html)"
85.208.96.199 - - [13/Mar/2026:15:39:50 +0300] "GET /?s=1697019083 HTTP/1.1" 200 18063 "-" "Mozilla/5.0 (compatible; SemrushBot/7~bl; +http://www.semrush.com/bot.html)"
40.77.167.136 - - [13/Mar/2026:15:41:16 +0300] "GET /?d=27927167056 HTTP/2" 200 18355 "-" "Mozilla/5.0 AppleWebKit/537.36 (KHTML, like Gecko; compatible; bingbot/2.0; +http://www.bing.com/bingbot.htm) Chrome/116.0.1938.76 Safari/537.36"
40.77.167.136 - - [13/Mar/2026:15:41:17 +0300] "GET /?v=71989346517 HTTP/2" 200 17965 "-" "Mozilla/5.0 AppleWebKit/537.36 (KHTML, like Gecko; compatible; bingbot/2.0; +http://www.bing.com/bingbot.htm) Chrome/116.0.1938.76 Safari/537.36"
185.191.171.7 - - [13/Mar/2026:15:41:36 +0300] "GET /?s=1697048662 HTTP/1.1" 200 18063 "-" "Mozilla/5.0 (compatible; SemrushBot/7~bl; +http://www.semrush.com/bot.html)"
185.191.171.17 - - [13/Mar/2026:15:41:56 +0300] "GET /?s=1697082702 HTTP/1.1" 200 18063 "-" "Mozilla/5.0 (compatible; SemrushBot/7~bl; +http://www.semrush.com/bot.html)"
185.191.171.11 - - [13/Mar/2026:15:43:48 +0300] "GET /?s=1697071254 HTTP/1.1" 200 18063 "-" "Mozilla/5.0 (compatible; SemrushBot/7~bl; +http://www.semrush.com/bot.html)"
52.167.144.167 - - [13/Mar/2026:15:45:08 +0300] "GET /hiroshi.php?l=40311186 HTTP/2" 200 17785 "-" "Mozilla/5.0 AppleWebKit/537.36 (KHTML, like Gecko; compatible; bingbot/2.0; +http://www.bing.com/bingbot.htm) Chrome/116.0.1938.76 Safari/537.36"
52.167.144.167 - - [13/Mar/2026:15:45:25 +0300] "GET /?a=3494464517 HTTP/2" 200 18932 "-" "Mozilla/5.0 AppleWebKit/537.36 (KHTML, like Gecko; compatible; bingbot/2.0; +http://www.bing.com/bingbot.htm) Chrome/116.0.1938.76 Safari/537.36"
40.77.167.136 - - [13/Mar/2026:15:46:12 +0300] "GET /?d=27927169346 HTTP/2" 200 18277 "-" "Mozilla/5.0 AppleWebKit/537.36 (KHTML, like Gecko; compatible; bingbot/2.0; +http://www.bing.com/bingbot.htm) Chrome/116.0.1938.76 Safari/537.36"
52.167.144.167 - - [13/Mar/2026:15:46:43 +0300] "GET /?v=7198960262 HTTP/2" 200 18581 "-" "Mozilla/5.0 AppleWebKit/537.36 (KHTML, like Gecko; compatible; bingbot/2.0; +http://www.bing.com/bingbot.htm) Chrome/116.0.1938.76 Safari/537.36"
85.208.96.198 - - [13/Mar/2026:15:34:50 +0300] "GET /?s=1697025345 HTTP/1.1" 200 18063 "-" "Mozilla/5.0 (compatible; SemrushBot/7~bl; +http://www.semrush.com/bot.html)"
66.249.73.172 - - [13/Mar/2026:15:35:13 +0300] "GET /_next/static/media/greyArrowDownIcon.80ce865c.svg HTTP/1.1" 200 17616 "https://rafikisprings.co.uk/?r=427419732" "Mozilla/5.0 (Linux; Android 6.0.1; Nexus 5X Build/MMB29P) AppleWebKit/537.36 (KHTML, like Gecko) Chrome/145.0.7632.116 Mobile Safari/537.36 (compatible; GoogleOther)"
185.191.171.14 - - [13/Mar/2026:15:35:21 +0300] "GET /?s=1697045957 HTTP/1.1" 200 18064 "-" "Mozilla/5.0 (compatible; SemrushBot/7~bl; +http://www.semrush.com/bot.html)"
185.191.171.15 - - [13/Mar/2026:15:35:39 +0300] "GET /?l=403112077 HTTP/1.1" 200 20243 "-" "Mozilla/5.0 (compatible; SemrushBot/7~bl; +http://www.semrush.com/bot.html)"
185.191.171.5 - - [13/Mar/2026:15:36:52 +0300] "GET /?s=1697025169 HTTP/1.1" 200 18063 "-" "Mozilla/5.0 (compatible; SemrushBot/7~bl; +http://www.semrush.com/bot.html)"
185.191.171.14 - - [13/Mar/2026:15:37:04 +0300] "GET /?s=1697044028 HTTP/1.1" 200 18063 "-" "Mozilla/5.0 (compatible; SemrushBot/7~bl; +http://www.semrush.com/bot.html)"
85.208.96.207 - - [13/Mar/2026:15:37:33 +0300] "GET /?s=1697048728 HTTP/1.1" 200 18063 "-" "Mozilla/5.0 (compatible; SemrushBot/7~bl; +http://www.semrush.com/bot.html)"
102.212.247.146 - - [13/Mar/2026:15:37:57 +0300] "POST /wp-cron.php?doing_wp_cron=1773405477.9239571094512939453125 HTTP/1.1" 200 0 "-" "WordPress/6.9.4; https://rafikisprings.co.uk"
85.208.96.207 - - [13/Mar/2026:15:38:06 +0300] "GET /?s=1697030445 HTTP/1.1" 200 18063 "-" "Mozilla/5.0 (compatible; SemrushBot/7~bl; +http://www.semrush.com/bot.html)"
85.208.96.212 - - [13/Mar/2026:15:39:20 +0300] "GET /?s=1697043459 HTTP/1.1" 200 18064 "-" "Mozilla/5.0 (compatible; SemrushBot/7~bl; +http://www.semrush.com/bot.html)"
40.77.167.247 - - [13/Mar/2026:15:42:00 +0300] "GET /?r=3633919747 HTTP/2" 200 17224 "-" "Mozilla/5.0 AppleWebKit/537.36 (KHTML, like Gecko; compatible; bingbot/2.0; +http://www.bing.com/bingbot.htm) Chrome/116.0.1938.76 Safari/537.36"
85.208.96.207 - - [13/Mar/2026:15:43:08 +0300] "GET /?s=1697058625 HTTP/1.1" 200 18063 "-" "Mozilla/5.0 (compatible; SemrushBot/7~bl; +http://www.semrush.com/bot.html)"
185.191.171.2 - - [13/Mar/2026:15:43:12 +0300] "GET /?s=1697043901 HTTP/1.1" 200 18063 "-" "Mozilla/5.0 (compatible; SemrushBot/7~bl; +http://www.semrush.com/bot.html)"
185.191.171.13 - - [13/Mar/2026:15:43:22 +0300] "GET /?s=1697056349 HTTP/1.1" 200 18064 "-" "Mozilla/5.0 (compatible; SemrushBot/7~bl; +http://www.semrush.com/bot.html)"
85.208.96.206 - - [13/Mar/2026:15:43:37 +0300] "GET /?s=1697040208 HTTP/1.1" 200 18062 "-" "Mozilla/5.0 (compatible; SemrushBot/7~bl; +http://www.semrush.com/bot.html)"
185.191.171.5 - - [13/Mar/2026:15:45:43 +0300] "GET /?s=1697092327 HTTP/1.1" 200 18063 "-" "Mozilla/5.0 (compatible; SemrushBot/7~bl; +http://www.semrush.com/bot.html)"
85.208.96.210 - - [13/Mar/2026:15:48:18 +0300] "GET /?v=719893679 HTTP/1.1" 200 20243 "-" "Mozilla/5.0 (compatible; SemrushBot/7~bl; +http://www.semrush.com/bot.html)"
102.212.247.146 - - [13/Mar/2026:15:48:56 +0300] "POST /wp-cron.php?doing_wp_cron=1773406136.0340650081634521484375 HTTP/1.1" 200 0 "-" "WordPress/6.9.4; https://rafikisprings.co.uk"
85.208.96.194 - - [13/Mar/2026:15:49:24 +0300] "GET /?y=2948232930 HTTP/1.1" 200 20244 "-" "Mozilla/5.0 (compatible; SemrushBot/7~bl; +http://www.semrush.com/bot.html)"
85.208.96.195 - - [13/Mar/2026:15:49:29 +0300] "GET /?y=2948273119 HTTP/1.1" 200 20244 "-" "Mozilla/5.0 (compatible; SemrushBot/7~bl; +http://www.semrush.com/bot.html)"
85.208.96.212 - - [13/Mar/2026:15:49:49 +0300] "GET /?s=1697025502 HTTP/1.1" 200 18063 "-" "Mozilla/5.0 (compatible; SemrushBot/7~bl; +http://www.semrush.com/bot.html)"
85.208.96.201 - - [13/Mar/2026:15:51:24 +0300] "GET /?s=1697088275 HTTP/1.1" 200 18063 "-" "Mozilla/5.0 (compatible; SemrushBot/7~bl; +http://www.semrush.com/bot.html)"
85.208.96.203 - - [13/Mar/2026:15:31:16 +0300] "GET /?s=1697031038 HTTP/1.1" 200 18063 "-" "Mozilla/5.0 (compatible; SemrushBot/7~bl; +http://www.semrush.com/bot.html)"
102.212.247.146 - - [13/Mar/2026:15:33:56 +0300] "POST /wp-cron.php?doing_wp_cron=1773405236.4307229518890380859375 HTTP/1.1" 200 0 "-" "WordPress/6.9.4; https://rafikisprings.co.uk"
185.191.171.9 - - [13/Mar/2026:15:35:25 +0300] "GET /?s=169705812 HTTP/1.1" 200 18061 "-" "Mozilla/5.0 (compatible; SemrushBot/7~bl; +http://www.semrush.com/bot.html)"
85.208.96.193 - - [13/Mar/2026:15:36:07 +0300] "GET /?y=2948266880 HTTP/1.1" 200 20243 "-" "Mozilla/5.0 (compatible; SemrushBot/7~bl; +http://www.semrush.com/bot.html)"
66.249.73.172 - - [13/Mar/2026:15:36:54 +0300] "GET /?r=387062532 HTTP/1.1" 200 18598 "-" "Mozilla/5.0 (Linux; Android 6.0.1; Nexus 5X Build/MMB29P) AppleWebKit/537.36 (KHTML, like Gecko) Chrome/145.0.7632.116 Mobile Safari/537.36 (compatible; GoogleOther)"
185.191.171.18 - - [13/Mar/2026:15:38:39 +0300] "GET /?s=1697031095 HTTP/1.1" 200 18063 "-" "Mozilla/5.0 (compatible; SemrushBot/7~bl; +http://www.semrush.com/bot.html)"
102.212.247.146 - - [13/Mar/2026:15:38:52 +0300] "POST /wp-cron.php?doing_wp_cron=1773405532.4155230522155761718750 HTTP/1.1" 200 0 "-" "WordPress/6.9.4; https://rafikisprings.co.uk"
85.208.96.205 - - [13/Mar/2026:15:41:40 +0300] "GET /?s=1697057312 HTTP/1.1" 200 18063 "-" "Mozilla/5.0 (compatible; SemrushBot/7~bl; +http://www.semrush.com/bot.html)"
40.77.167.136 - - [13/Mar/2026:15:42:27 +0300] "GET /?r=3633999911 HTTP/2" 200 19961 "-" "Mozilla/5.0 AppleWebKit/537.36 (KHTML, like Gecko; compatible; bingbot/2.0; +http://www.bing.com/bingbot.htm) Chrome/116.0.1938.76 Safari/537.36"
102.212.247.146 - - [13/Mar/2026:15:42:53 +0300] "POST /wp-cron.php?doing_wp_cron=1773405773.3310039043426513671875 HTTP/1.1" 200 0 "-" "WordPress/6.9.4; https://rafikisprings.co.uk"
185.191.171.15 - - [13/Mar/2026:15:44:09 +0300] "GET /?s=1697021924 HTTP/1.1" 200 18063 "-" "Mozilla/5.0 (compatible; SemrushBot/7~bl; +http://www.semrush.com/bot.html)"
40.77.167.247 - - [13/Mar/2026:15:44:41 +0300] "GET /?y=29482215095 HTTP/2" 200 18744 "-" "Mozilla/5.0 AppleWebKit/537.36 (KHTML, like Gecko; compatible; bingbot/2.0; +http://www.bing.com/bingbot.htm) Chrome/116.0.1938.76 Safari/537.36"
40.77.167.247 - - [13/Mar/2026:15:44:51 +0300] "GET /?m=39454301578 HTTP/2" 200 18843 "-" "Mozilla/5.0 AppleWebKit/537.36 (KHTML, like Gecko; compatible; bingbot/2.0; +http://www.bing.com/bingbot.htm) Chrome/116.0.1938.76 Safari/537.36"
40.77.167.136 - - [13/Mar/2026:15:45:03 +0300] "GET /?r=36339190060 HTTP/2" 200 17224 "-" "Mozilla/5.0 AppleWebKit/537.36 (KHTML, like Gecko; compatible; bingbot/2.0; +http://www.bing.com/bingbot.htm) Chrome/116.0.1938.76 Safari/537.36"
40.77.167.136 - - [13/Mar/2026:15:45:06 +0300] "GET /?y=2948275036 HTTP/2" 200 18877 "-" "Mozilla/5.0 AppleWebKit/537.36 (KHTML, like Gecko; compatible; bingbot/2.0; +http://www.bing.com/bingbot.htm) Chrome/116.0.1938.76 Safari/537.36"
85.208.96.197 - - [13/Mar/2026:15:45:07 +0300] "GET /?s=1697033332 HTTP/1.1" 200 18063 "-" "Mozilla/5.0 (compatible; SemrushBot/7~bl; +http://www.semrush.com/bot.html)"
185.191.171.11 - - [13/Mar/2026:15:47:12 +0300] "GET /?y=2948292244 HTTP/1.1" 200 20243 "-" "Mozilla/5.0 (compatible; SemrushBot/7~bl; +http://www.semrush.com/bot.html)"
104.234.53.74 - - [13/Mar/2026:15:47:33 +0300] "POST /wp-login.php HTTP/1.1" 200 9853 "-" "Mozilla/5.0"
102.212.247.146 - - [13/Mar/2026:15:49:50 +0300] "POST /wp-cron.php?doing_wp_cron=1773406190.8075160980224609375000 HTTP/1.1" 200 0 "-" "WordPress/6.9.4; https://rafikisprings.co.uk"
85.208.96.212 - - [13/Mar/2026:15:49:56 +0300] "GET /?y=294828597 HTTP/1.1" 200 20243 "-" "Mozilla/5.0 (compatible; SemrushBot/7~bl; +http://www.semrush.com/bot.html)"
185.191.171.6 - - [13/Mar/2026:15:51:49 +0300] "GET /?s=1697044645 HTTP/1.1" 200 18064 "-" "Mozilla/5.0 (compatible; SemrushBot/7~bl; +http://www.semrush.com/bot.html)"
85.208.96.193 - - [13/Mar/2026:15:30:50 +0300] "GET /?y=2948213278 HTTP/1.1" 200 20244 "-" "Mozilla/5.0 (compatible; SemrushBot/7~bl; +http://www.semrush.com/bot.html)"
102.212.247.146 - - [13/Mar/2026:15:32:08 +0300] "POST /wp-cron.php?doing_wp_cron=1773405128.4084310531616210937500 HTTP/1.1" 200 0 "-" "WordPress/6.9.4; https://rafikisprings.co.uk"
102.212.247.146 - - [13/Mar/2026:15:32:56 +0300] "POST /wp-cron.php?doing_wp_cron=1773405176.9553270339965820312500 HTTP/1.1" 200 0 "-" "WordPress/6.9.4; https://rafikisprings.co.uk"
85.208.96.206 - - [13/Mar/2026:15:33:11 +0300] "GET /?s=1697071617 HTTP/1.1" 200 18063 "-" "Mozilla/5.0 (compatible; SemrushBot/7~bl; +http://www.semrush.com/bot.html)"
66.249.73.160 - - [13/Mar/2026:15:35:07 +0300] "GET /?r=427419732 HTTP/1.1" 200 19457 "-" "Mozilla/5.0 (Linux; Android 6.0.1; Nexus 5X Build/MMB29P) AppleWebKit/537.36 (KHTML, like Gecko) Chrome/145.0.7632.116 Mobile Safari/537.36 (compatible; GoogleOther)"
66.249.73.161 - - [13/Mar/2026:15:36:12 +0300] "GET /?r=8701456 HTTP/1.1" 200 16592 "-" "Mozilla/5.0 (Linux; Android 6.0.1; Nexus 5X Build/MMB29P) AppleWebKit/537.36 (KHTML, like Gecko) Chrome/145.0.7632.116 Mobile Safari/537.36 (compatible; GoogleOther)"
198.244.240.143 - - [13/Mar/2026:15:36:39 +0300] "GET /pw/ HTTP/2" 404 15460 "-" "Mozilla/5.0 (compatible; AhrefsBot/7.0; +http://ahrefs.com/robot/)"
185.191.171.8 - - [13/Mar/2026:15:37:42 +0300] "GET /?y=2948290428 HTTP/1.1" 200 20243 "-" "Mozilla/5.0 (compatible; SemrushBot/7~bl; +http://www.semrush.com/bot.html)"
185.191.171.19 - - [13/Mar/2026:15:40:02 +0300] "GET /?s=1697025556 HTTP/1.1" 200 18063 "-" "Mozilla/5.0 (compatible; SemrushBot/7~bl; +http://www.semrush.com/bot.html)"
52.167.144.167 - - [13/Mar/2026:15:40:36 +0300] "GET /?v=71989124018 HTTP/2" 200 18735 "-" "Mozilla/5.0 AppleWebKit/537.36 (KHTML, like Gecko; compatible; bingbot/2.0; +http://www.bing.com/bingbot.htm) Chrome/116.0.1938.76 Safari/537.36"
52.167.144.167 - - [13/Mar/2026:15:40:37 +0300] "GET /?l=4031153880 HTTP/2" 200 17884 "-" "Mozilla/5.0 AppleWebKit/537.36 (KHTML, like Gecko; compatible; bingbot/2.0; +http://www.bing.com/bingbot.htm) Chrome/116.0.1938.76 Safari/537.36"
185.191.171.13 - - [13/Mar/2026:15:41:24 +0300] "GET /?v=7198917092 HTTP/1.1" 200 20243 "-" "Mozilla/5.0 (compatible; SemrushBot/7~bl; +http://www.semrush.com/bot.html)"
40.77.167.136 - - [13/Mar/2026:15:41:38 +0300] "GET /?y=29482226559 HTTP/2" 200 18634 "-" "Mozilla/5.0 AppleWebKit/537.36 (KHTML, like Gecko; compatible; bingbot/2.0; +http://www.bing.com/bingbot.htm) Chrome/116.0.1938.76 Safari/537.36"
102.212.247.146 - - [13/Mar/2026:15:41:57 +0300] "POST /wp-cron.php?doing_wp_cron=1773405717.4019899368286132812500 HTTP/1.1" 200 0 "-" "WordPress/6.9.4; https://rafikisprings.co.uk"
85.208.96.194 - - [13/Mar/2026:15:47:27 +0300] "GET /?y=2948283467 HTTP/1.1" 200 20243 "-" "Mozilla/5.0 (compatible; SemrushBot/7~bl; +http://www.semrush.com/bot.html)"
52.167.144.167 - - [13/Mar/2026:15:48:03 +0300] "GET /?y=2948247061 HTTP/2" 200 18772 "-" "Mozilla/5.0 AppleWebKit/537.36 (KHTML, like Gecko; compatible; bingbot/2.0; +http://www.bing.com/bingbot.htm) Chrome/116.0.1938.76 Safari/537.36"
51.195.244.132 - - [13/Mar/2026:15:48:54 +0300] "GET /jukyuban/ HTTP/2" 404 15460 "-" "Mozilla/5.0 (compatible; AhrefsBot/7.0; +http://ahrefs.com/robot/)"
102.212.247.146 - - [13/Mar/2026:15:50:59 +0300] "POST /wp-cron.php?doing_wp_cron=1773406259.6655158996582031250000 HTTP/1.1" 200 0 "-" "WordPress/6.9.4; https://rafikisprings.co.uk"
85.208.96.206 - - [13/Mar/2026:15:52:01 +0300] "GET /?s=1697086327 HTTP/1.1" 200 18063 "-" "Mozilla/5.0 (compatible; SemrushBot/7~bl; +http://www.semrush.com/bot.html)"
85.208.96.200 - - [13/Mar/2026:15:54:13 +0300] "GET /?s=1697036521 HTTP/1.1" 200 18063 "-" "Mozilla/5.0 (compatible; SemrushBot/7~bl; +http://www.semrush.com/bot.html)"
185.191.171.12 - - [13/Mar/2026:15:55:15 +0300] "GET /?s=1697032883 HTTP/1.1" 200 18063 "-" "Mozilla/5.0 (compatible; SemrushBot/7~bl; +http://www.semrush.com/bot.html)"
185.191.171.11 - - [13/Mar/2026:15:32:23 +0300] "GET /?s=1697054448 HTTP/1.1" 200 18064 "-" "Mozilla/5.0 (compatible; SemrushBot/7~bl; +http://www.semrush.com/bot.html)"
85.208.96.195 - - [13/Mar/2026:15:32:29 +0300] "GET /?y=2948275719 HTTP/1.1" 200 20242 "-" "Mozilla/5.0 (compatible; SemrushBot/7~bl; +http://www.semrush.com/bot.html)"
85.208.96.210 - - [13/Mar/2026:15:33:29 +0300] "GET /?y=2948253193 HTTP/1.1" 200 20243 "-" "Mozilla/5.0 (compatible; SemrushBot/7~bl; +http://www.semrush.com/bot.html)"
185.191.171.2 - - [13/Mar/2026:15:34:36 +0300] "GET /?s=1697088770 HTTP/1.1" 200 18063 "-" "Mozilla/5.0 (compatible; SemrushBot/7~bl; +http://www.semrush.com/bot.html)"
104.234.53.55 - - [13/Mar/2026:15:35:54 +0300] "POST /wp-login.php HTTP/1.1" 200 9853 "-" "Mozilla/5.0"
102.212.247.146 - - [13/Mar/2026:15:39:52 +0300] "POST /wp-cron.php?doing_wp_cron=1773405592.1008260250091552734375 HTTP/1.1" 200 0 "-" "WordPress/6.9.4; https://rafikisprings.co.uk"
185.191.171.1 - - [13/Mar/2026:15:39:58 +0300] "GET /?s=1697067189 HTTP/1.1" 200 18064 "-" "Mozilla/5.0 (compatible; SemrushBot/7~bl; +http://www.semrush.com/bot.html)"
185.191.171.9 - - [13/Mar/2026:15:40:33 +0300] "GET /?s=1697028420 HTTP/1.1" 200 18063 "-" "Mozilla/5.0 (compatible; SemrushBot/7~bl; +http://www.semrush.com/bot.html)"
104.234.53.93 - - [13/Mar/2026:15:41:43 +0300] "POST /wp-login.php HTTP/1.1" 200 9853 "-" "Mozilla/5.0"
185.191.171.15 - - [13/Mar/2026:15:42:09 +0300] "GET /?s=1697071002 HTTP/1.1" 200 18063 "-" "Mozilla/5.0 (compatible; SemrushBot/7~bl; +http://www.semrush.com/bot.html)"
40.77.167.136 - - [13/Mar/2026:15:44:43 +0300] "GET /item.php?y=29482143767 HTTP/2" 200 18463 "-" "Mozilla/5.0 AppleWebKit/537.36 (KHTML, like Gecko; compatible; bingbot/2.0; +http://www.bing.com/bingbot.htm) Chrome/116.0.1938.76 Safari/537.36"
185.191.171.13 - - [13/Mar/2026:15:45:17 +0300] "GET /?s=1697061179 HTTP/1.1" 200 18063 "-" "Mozilla/5.0 (compatible; SemrushBot/7~bl; +http://www.semrush.com/bot.html)"
102.212.247.146 - - [13/Mar/2026:15:47:55 +0300] "POST /wp-cron.php?doing_wp_cron=1773406075.2071518898010253906250 HTTP/1.1" 200 0 "-" "WordPress/6.9.4; https://rafikisprings.co.uk"
40.77.167.136 - - [13/Mar/2026:15:48:49 +0300] "GET /?r=8046125623 HTTP/2" 200 19401 "-" "Mozilla/5.0 AppleWebKit/537.36 (KHTML, like Gecko; compatible; bingbot/2.0; +http://www.bing.com/bingbot.htm) Chrome/116.0.1938.76 Safari/537.36"
85.208.96.211 - - [13/Mar/2026:15:49:00 +0300] "GET /?y=2948278454 HTTP/1.1" 200 20242 "-" "Mozilla/5.0 (compatible; SemrushBot/7~bl; +http://www.semrush.com/bot.html)"
85.208.96.201 - - [13/Mar/2026:15:50:15 +0300] "GET /?s=1697091683 HTTP/1.1" 200 18064 "-" "Mozilla/5.0 (compatible; SemrushBot/7~bl; +http://www.semrush.com/bot.html)"
185.191.171.16 - - [13/Mar/2026:15:50:58 +0300] "GET /?s=1697017604 HTTP/1.1" 200 18063 "-" "Mozilla/5.0 (compatible; SemrushBot/7~bl; +http://www.semrush.com/bot.html)"
185.191.171.12 - - [13/Mar/2026:15:52:37 +0300] "GET /?r=804615547 HTTP/1.1" 200 20243 "-" "Mozilla/5.0 (compatible; SemrushBot/7~bl; +http://www.semrush.com/bot.html)"
185.191.171.14 - - [13/Mar/2026:15:53:37 +0300] "GET /?y=2948220321 HTTP/1.1" 200 20243 "-" "Mozilla/5.0 (compatible; SemrushBot/7~bl; +http://www.semrush.com/bot.html)"
66.249.73.160 - - [13/Mar/2026:15:55:09 +0300] "GET /hiroshi.php?shop/condescending/vinetta73966217992.html HTTP/1.1" 200 17859 "-" "Mozilla/5.0 (Linux; Android 6.0.1; Nexus 5X Build/MMB29P) AppleWebKit/537.36 (KHTML, like Gecko) Chrome/145.0.7632.116 Mobile Safari/537.36 (compatible; Googlebot/2.1; +http://www.google.com/bot.html)"
66.249.73.160 - - [13/Mar/2026:15:55:10 +0300] "GET /item.php?shop/tories/hibiscus97832243.html HTTP/1.1" 200 19125 "-" "Mozilla/5.0 (Linux; Android 6.0.1; Nexus 5X Build/MMB29P) AppleWebKit/537.36 (KHTML, like Gecko) Chrome/145.0.7632.116 Mobile Safari/537.36 (compatible; Googlebot/2.1; +http://www.google.com/bot.html)"
85.208.96.195 - - [13/Mar/2026:15:56:17 +0300] "GET /?v=7198923222 HTTP/1.1" 200 20244 "-" "Mozilla/5.0 (compatible; SemrushBot/7~bl; +http://www.semrush.com/bot.html)"
185.191.171.12 - - [13/Mar/2026:15:31:12 +0300] "GET /?a=349442802 HTTP/1.1" 200 20243 "-" "Mozilla/5.0 (compatible; SemrushBot/7~bl; +http://www.semrush.com/bot.html)"
85.208.96.209 - - [13/Mar/2026:15:31:33 +0300] "GET /robots.txt HTTP/1.1" 200 114 "-" "Mozilla/5.0 (compatible; SemrushBot/7~bl; +http://www.semrush.com/bot.html)"
85.208.96.212 - - [13/Mar/2026:15:33:19 +0300] "GET /?s=1697055562 HTTP/1.1" 200 18063 "-" "Mozilla/5.0 (compatible; SemrushBot/7~bl; +http://www.semrush.com/bot.html)"
102.212.247.146 - - [13/Mar/2026:15:36:54 +0300] "POST /wp-cron.php?doing_wp_cron=1773405414.5375890731811523437500 HTTP/1.1" 200 0 "-" "WordPress/6.9.4; https://rafikisprings.co.uk"
185.191.171.4 - - [13/Mar/2026:15:38:36 +0300] "GET /?v=7198981171 HTTP/1.1" 200 20244 "-" "Mozilla/5.0 (compatible; SemrushBot/7~bl; +http://www.semrush.com/bot.html)"
40.77.167.42 - - [13/Mar/2026:15:39:52 +0300] "GET /?r=80461216588 HTTP/2" 200 17224 "-" "Mozilla/5.0 AppleWebKit/537.36 (KHTML, like Gecko; compatible; bingbot/2.0; +http://www.bing.com/bingbot.htm) Chrome/116.0.1938.76 Safari/537.36"
185.191.171.9 - - [13/Mar/2026:15:40:18 +0300] "GET /?v=719893238 HTTP/1.1" 200 20243 "-" "Mozilla/5.0 (compatible; SemrushBot/7~bl; +http://www.semrush.com/bot.html)"
104.234.53.74 - - [13/Mar/2026:15:41:43 +0300] "POST /wp-login.php HTTP/1.1" 200 9849 "-" "Mozilla/5.0"
52.167.144.167 - - [13/Mar/2026:15:43:24 +0300] "GET /?y=2948273108 HTTP/2" 200 18435 "-" "Mozilla/5.0 AppleWebKit/537.36 (KHTML, like Gecko; compatible; bingbot/2.0; +http://www.bing.com/bingbot.htm) Chrome/116.0.1938.76 Safari/537.36"
85.208.96.198 - - [13/Mar/2026:15:44:00 +0300] "GET /?v=7198916860 HTTP/1.1" 200 20243 "-" "Mozilla/5.0 (compatible; SemrushBot/7~bl; +http://www.semrush.com/bot.html)"
85.208.96.210 - - [13/Mar/2026:15:45:11 +0300] "GET /?s=1697094429 HTTP/1.1" 200 18064 "-" "Mozilla/5.0 (compatible; SemrushBot/7~bl; +http://www.semrush.com/bot.html)"
85.208.96.194 - - [13/Mar/2026:15:46:53 +0300] "GET /?y=2948277614 HTTP/1.1" 200 20244 "-" "Mozilla/5.0 (compatible; SemrushBot/7~bl; +http://www.semrush.com/bot.html)"
85.208.96.194 - - [13/Mar/2026:15:47:22 +0300] "GET /?s=1697012829 HTTP/1.1" 200 18063 "-" "Mozilla/5.0 (compatible; SemrushBot/7~bl; +http://www.semrush.com/bot.html)"
85.208.96.210 - - [13/Mar/2026:15:47:36 +0300] "GET /?s=1697044103 HTTP/1.1" 200 18063 "-" "Mozilla/5.0 (compatible; SemrushBot/7~bl; +http://www.semrush.com/bot.html)"
85.208.96.207 - - [13/Mar/2026:15:47:56 +0300] "GET /?a=3494411293 HTTP/1.1" 200 20244 "-" "Mozilla/5.0 (compatible; SemrushBot/7~bl; +http://www.semrush.com/bot.html)"
185.191.171.19 - - [13/Mar/2026:15:48:43 +0300] "GET /?s=1697049475 HTTP/1.1" 200 18064 "-" "Mozilla/5.0 (compatible; SemrushBot/7~bl; +http://www.semrush.com/bot.html)"
85.208.96.199 - - [13/Mar/2026:15:51:22 +0300] "GET /?s=1697037665 HTTP/1.1" 200 18064 "-" "Mozilla/5.0 (compatible; SemrushBot/7~bl; +http://www.semrush.com/bot.html)"
185.191.171.18 - - [13/Mar/2026:15:51:46 +0300] "GET /?y=2948285157 HTTP/1.1" 200 20244 "-" "Mozilla/5.0 (compatible; SemrushBot/7~bl; +http://www.semrush.com/bot.html)"
85.208.96.199 - - [13/Mar/2026:15:52:46 +0300] "GET /?s=1697062381 HTTP/1.1" 200 18063 "-" "Mozilla/5.0 (compatible; SemrushBot/7~bl; +http://www.semrush.com/bot.html)"
85.208.96.198 - - [13/Mar/2026:15:54:16 +0300] "GET /?s=1697043328 HTTP/1.1" 200 18063 "-" "Mozilla/5.0 (compatible; SemrushBot/7~bl; +http://www.semrush.com/bot.html)"
66.249.73.172 - - [13/Mar/2026:15:56:06 +0300] "GET /item.php?shop/ashburton/canker58420256953.html HTTP/1.1" 200 18671 "-" "Mozilla/5.0 (Linux; Android 6.0.1; Nexus 5X Build/MMB29P) AppleWebKit/537.36 (KHTML, like Gecko) Chrome/145.0.7632.116 Mobile Safari/537.36 (compatible; Googlebot/2.1; +http://www.google.com/bot.html)"
66.249.73.160 - - [13/Mar/2026:15:56:34 +0300] "GET /?r=36339251112 HTTP/1.1" 200 19003 "-" "Mozilla/5.0 (Linux; Android 6.0.1; Nexus 5X Build/MMB29P) AppleWebKit/537.36 (KHTML, like Gecko) Chrome/145.0.7632.116 Mobile Safari/537.36 (compatible; GoogleOther)"
185.191.171.13 - - [13/Mar/2026:15:43:02 +0300] "GET /?s=1697053866 HTTP/1.1" 200 18064 "-" "Mozilla/5.0 (compatible; SemrushBot/7~bl; +http://www.semrush.com/bot.html)"
185.191.171.1 - - [13/Mar/2026:15:43:31 +0300] "GET /?s=1697059338 HTTP/1.1" 200 18064 "-" "Mozilla/5.0 (compatible; SemrushBot/7~bl; +http://www.semrush.com/bot.html)"
185.191.171.14 - - [13/Mar/2026:15:43:41 +0300] "GET /?s=1697033359 HTTP/1.1" 200 18064 "-" "Mozilla/5.0 (compatible; SemrushBot/7~bl; +http://www.semrush.com/bot.html)"
102.212.247.146 - - [13/Mar/2026:15:43:49 +0300] "POST /wp-cron.php?doing_wp_cron=1773405829.7468779087066650390625 HTTP/1.1" 200 0 "-" "WordPress/6.9.4; https://rafikisprings.co.uk"
85.208.96.205 - - [13/Mar/2026:15:43:52 +0300] "GET /?s=1697072316 HTTP/1.1" 200 18063 "-" "Mozilla/5.0 (compatible; SemrushBot/7~bl; +http://www.semrush.com/bot.html)"
52.167.144.167 - - [13/Mar/2026:15:44:34 +0300] "GET /?y=29482180493 HTTP/2" 200 18474 "-" "Mozilla/5.0 AppleWebKit/537.36 (KHTML, like Gecko; compatible; bingbot/2.0; +http://www.bing.com/bingbot.htm) Chrome/116.0.1938.76 Safari/537.36"
102.212.247.146 - - [13/Mar/2026:15:45:03 +0300] "POST /wp-cron.php?doing_wp_cron=1773405903.5286629199981689453125 HTTP/1.1" 200 0 "-" "WordPress/6.9.4; https://rafikisprings.co.uk"
85.208.96.206 - - [13/Mar/2026:15:46:09 +0300] "GET /?s=1697052380 HTTP/1.1" 200 18063 "-" "Mozilla/5.0 (compatible; SemrushBot/7~bl; +http://www.semrush.com/bot.html)"
102.212.247.146 - - [13/Mar/2026:15:46:54 +0300] "POST /wp-cron.php?doing_wp_cron=1773406014.5047109127044677734375 HTTP/1.1" 200 0 "-" "WordPress/6.9.4; https://rafikisprings.co.uk"
185.191.171.10 - - [13/Mar/2026:15:47:25 +0300] "GET /robots.txt HTTP/1.1" 200 114 "-" "Mozilla/5.0 (compatible; SemrushBot/7~bl; +http://www.semrush.com/bot.html)"
104.234.53.54 - - [13/Mar/2026:15:47:33 +0300] "POST /wp-login.php HTTP/1.1" 200 9849 "-" "Mozilla/5.0"
185.191.171.10 - - [13/Mar/2026:15:47:53 +0300] "GET /?s=1697068506 HTTP/1.1" 200 18063 "-" "Mozilla/5.0 (compatible; SemrushBot/7~bl; +http://www.semrush.com/bot.html)"
185.191.171.10 - - [13/Mar/2026:15:48:11 +0300] "GET /?s=1697033517 HTTP/1.1" 200 18063 "-" "Mozilla/5.0 (compatible; SemrushBot/7~bl; +http://www.semrush.com/bot.html)"
185.191.171.15 - - [13/Mar/2026:15:50:12 +0300] "GET /?s=1697051726 HTTP/1.1" 200 18063 "-" "Mozilla/5.0 (compatible; SemrushBot/7~bl; +http://www.semrush.com/bot.html)"
185.191.171.14 - - [13/Mar/2026:15:50:18 +0300] "GET /?s=1697051199 HTTP/1.1" 200 18064 "-" "Mozilla/5.0 (compatible; SemrushBot/7~bl; +http://www.semrush.com/bot.html)"
85.208.96.212 - - [13/Mar/2026:15:51:17 +0300] "GET /?s=1697047099 HTTP/1.1" 200 18064 "-" "Mozilla/5.0 (compatible; SemrushBot/7~bl; +http://www.semrush.com/bot.html)"
102.212.247.146 - - [13/Mar/2026:15:53:52 +0300] "POST /wp-cron.php?doing_wp_cron=1773406432.1265339851379394531250 HTTP/1.1" 200 0 "-" "WordPress/6.9.4; https://rafikisprings.co.uk"
185.191.171.7 - - [13/Mar/2026:15:53:56 +0300] "GET /?y=2948280182 HTTP/1.1" 200 20243 "-" "Mozilla/5.0 (compatible; SemrushBot/7~bl; +http://www.semrush.com/bot.html)"
85.208.96.196 - - [13/Mar/2026:15:54:38 +0300] "GET /?s=1697076214 HTTP/1.1" 200 18063 "-" "Mozilla/5.0 (compatible; SemrushBot/7~bl; +http://www.semrush.com/bot.html)"
85.208.96.202 - - [13/Mar/2026:15:55:50 +0300] "GET /?s=1697074418 HTTP/1.1" 200 18063 "-" "Mozilla/5.0 (compatible; SemrushBot/7~bl; +http://www.semrush.com/bot.html)"
66.249.73.160 - - [13/Mar/2026:15:56:04 +0300] "GET /hiroshi.php?shop/chorizo/uppoint7236222514.html HTTP/1.1" 200 17983 "-" "Mozilla/5.0 (Linux; Android 6.0.1; Nexus 5X Build/MMB29P) AppleWebKit/537.36 (KHTML, like Gecko) Chrome/145.0.7632.116 Mobile Safari/537.36 (compatible; Googlebot/2.1; +http://www.google.com/bot.html)"
185.191.171.4 - - [13/Mar/2026:15:56:32 +0300] "GET /?s=1697044650 HTTP/1.1" 200 18063 "-" "Mozilla/5.0 (compatible; SemrushBot/7~bl; +http://www.semrush.com/bot.html)"
85.208.96.193 - - [13/Mar/2026:15:32:55 +0300] "GET /?s=1697060919 HTTP/1.1" 200 18064 "-" "Mozilla/5.0 (compatible; SemrushBot/7~bl; +http://www.semrush.com/bot.html)"
185.191.171.15 - - [13/Mar/2026:15:33:40 +0300] "GET /?s=1697089184 HTTP/1.1" 200 18064 "-" "Mozilla/5.0 (compatible; SemrushBot/7~bl; +http://www.semrush.com/bot.html)"
104.234.53.62 - - [13/Mar/2026:15:35:54 +0300] "POST /wp-login.php HTTP/1.1" 200 9849 "-" "Mozilla/5.0"
85.208.96.211 - - [13/Mar/2026:15:39:04 +0300] "GET /?y=2948265824 HTTP/1.1" 200 20243 "-" "Mozilla/5.0 (compatible; SemrushBot/7~bl; +http://www.semrush.com/bot.html)"
40.77.167.247 - - [13/Mar/2026:15:39:59 +0300] "GET /?d=2792767721 HTTP/2" 200 18089 "-" "Mozilla/5.0 AppleWebKit/537.36 (KHTML, like Gecko; compatible; bingbot/2.0; +http://www.bing.com/bingbot.htm) Chrome/116.0.1938.76 Safari/537.36"
102.212.247.146 - - [13/Mar/2026:15:41:14 +0300] "POST /wp-cron.php?doing_wp_cron=1773405674.3427329063415527343750 HTTP/1.1" 200 0 "-" "WordPress/6.9.4; https://rafikisprings.co.uk"
185.191.171.18 - - [13/Mar/2026:15:41:47 +0300] "GET /?s=1697046858 HTTP/1.1" 200 18063 "-" "Mozilla/5.0 (compatible; SemrushBot/7~bl; +http://www.semrush.com/bot.html)"
185.191.171.13 - - [13/Mar/2026:15:45:00 +0300] "GET /?s=1697075894 HTTP/1.1" 200 18064 "-" "Mozilla/5.0 (compatible; SemrushBot/7~bl; +http://www.semrush.com/bot.html)"
102.212.247.146 - - [13/Mar/2026:15:46:04 +0300] "POST /wp-cron.php?doing_wp_cron=1773405964.8680961132049560546875 HTTP/1.1" 200 0 "-" "WordPress/6.9.4; https://rafikisprings.co.uk"
185.191.171.16 - - [13/Mar/2026:15:46:03 +0300] "GET /?s=1697062464 HTTP/1.1" 200 18063 "-" "Mozilla/5.0 (compatible; SemrushBot/7~bl; +http://www.semrush.com/bot.html)"
85.208.96.194 - - [13/Mar/2026:15:46:13 +0300] "GET /?s=1697043202 HTTP/1.1" 200 18063 "-" "Mozilla/5.0 (compatible; SemrushBot/7~bl; +http://www.semrush.com/bot.html)"
85.208.96.208 - - [13/Mar/2026:15:47:07 +0300] "GET /?y=2948213841 HTTP/1.1" 200 20243 "-" "Mozilla/5.0 (compatible; SemrushBot/7~bl; +http://www.semrush.com/bot.html)"
102.212.247.146 - - [13/Mar/2026:15:50:13 +0300] "POST /wp-cron.php?doing_wp_cron=1773406213.5881829261779785156250 HTTP/1.1" 200 0 "-" "WordPress/6.9.4; https://rafikisprings.co.uk"
52.167.144.232 - - [13/Mar/2026:15:52:53 +0300] "GET /?v=71989266388 HTTP/2" 200 18674 "-" "Mozilla/5.0 AppleWebKit/537.36 (KHTML, like Gecko; compatible; bingbot/2.0; +http://www.bing.com/bingbot.htm) Chrome/116.0.1938.76 Safari/537.36"
104.234.53.86 - - [13/Mar/2026:15:53:19 +0300] "POST /wp-login.php HTTP/1.1" 200 9853 "-" "Mozilla/5.0"
185.191.171.8 - - [13/Mar/2026:15:55:04 +0300] "GET /?s=1697028330 HTTP/1.1" 200 18063 "-" "Mozilla/5.0 (compatible; SemrushBot/7~bl; +http://www.semrush.com/bot.html)"
102.212.247.146 - - [13/Mar/2026:15:55:51 +0300] "POST /wp-cron.php?doing_wp_cron=1773406551.6760020256042480468750 HTTP/1.1" 200 0 "-" "WordPress/6.9.4; https://rafikisprings.co.uk"
85.208.96.194 - - [13/Mar/2026:15:57:27 +0300] "GET /?v=7198923607 HTTP/1.1" 200 20243 "-" "Mozilla/5.0 (compatible; SemrushBot/7~bl; +http://www.semrush.com/bot.html)"
102.212.247.146 - - [13/Mar/2026:16:01:08 +0300] "POST /wp-cron.php?doing_wp_cron=1773406868.4463300704956054687500 HTTP/1.1" 200 0 "-" "WordPress/6.9.4; https://rafikisprings.co.uk"
185.191.171.3 - - [13/Mar/2026:16:03:56 +0300] "GET /?a=349443348 HTTP/1.1" 200 20243 "-" "Mozilla/5.0 (compatible; SemrushBot/7~bl; +http://www.semrush.com/bot.html)"
85.208.96.195 - - [13/Mar/2026:16:04:07 +0300] "GET /?s=16970807 HTTP/1.1" 200 18059 "-" "Mozilla/5.0 (compatible; SemrushBot/7~bl; +http://www.semrush.com/bot.html)"
185.191.171.16 - - [13/Mar/2026:16:04:09 +0300] "GET /?s=1697021392 HTTP/1.1" 200 18063 "-" "Mozilla/5.0 (compatible; SemrushBot/7~bl; +http://www.semrush.com/bot.html)"
102.212.247.146 - - [13/Mar/2026:15:51:50 +0300] "POST /wp-cron.php?doing_wp_cron=1773406310.4542100429534912109375 HTTP/1.1" 200 0 "-" "WordPress/6.9.4; https://rafikisprings.co.uk"
85.208.96.204 - - [13/Mar/2026:15:53:00 +0300] "GET /?y=2948286605 HTTP/1.1" 200 20242 "-" "Mozilla/5.0 (compatible; SemrushBot/7~bl; +http://www.semrush.com/bot.html)"
185.191.171.15 - - [13/Mar/2026:15:53:30 +0300] "GET /?s=1697019705 HTTP/1.1" 200 18063 "-" "Mozilla/5.0 (compatible; SemrushBot/7~bl; +http://www.semrush.com/bot.html)"
52.167.144.169 - - [13/Mar/2026:15:53:50 +0300] "GET /?r=36339220190 HTTP/2" 200 17223 "-" "Mozilla/5.0 AppleWebKit/537.36 (KHTML, like Gecko; compatible; bingbot/2.0; +http://www.bing.com/bingbot.htm) Chrome/116.0.1938.76 Safari/537.36"
52.167.144.169 - - [13/Mar/2026:15:53:53 +0300] "GET /?y=2948298197 HTTP/2" 200 18051 "-" "Mozilla/5.0 AppleWebKit/537.36 (KHTML, like Gecko; compatible; bingbot/2.0; +http://www.bing.com/bingbot.htm) Chrome/116.0.1938.76 Safari/537.36"
85.208.96.210 - - [13/Mar/2026:15:55:54 +0300] "GET /?r=804618278 HTTP/1.1" 200 20241 "-" "Mozilla/5.0 (compatible; SemrushBot/7~bl; +http://www.semrush.com/bot.html)"
85.208.96.204 - - [13/Mar/2026:15:56:03 +0300] "GET /?v=7198975808 HTTP/1.1" 200 20243 "-" "Mozilla/5.0 (compatible; SemrushBot/7~bl; +http://www.semrush.com/bot.html)"
85.208.96.204 - - [13/Mar/2026:15:56:57 +0300] "GET /?s=1697036358 HTTP/1.1" 200 18064 "-" "Mozilla/5.0 (compatible; SemrushBot/7~bl; +http://www.semrush.com/bot.html)"
85.208.96.202 - - [13/Mar/2026:15:57:35 +0300] "GET /?s=1697099216 HTTP/1.1" 200 18064 "-" "Mozilla/5.0 (compatible; SemrushBot/7~bl; +http://www.semrush.com/bot.html)"
85.208.96.196 - - [13/Mar/2026:15:58:03 +0300] "GET /?s=1697031404 HTTP/1.1" 200 18063 "-" "Mozilla/5.0 (compatible; SemrushBot/7~bl; +http://www.semrush.com/bot.html)"
66.249.73.160 - - [13/Mar/2026:15:58:10 +0300] "GET /_next/static/media/linkIcon.dbb70f32.svg HTTP/1.1" 200 18509 "https://rafikisprings.co.uk/?r=36339251112" "Mozilla/5.0 (Linux; Android 6.0.1; Nexus 5X Build/MMB29P) AppleWebKit/537.36 (KHTML, like Gecko) Chrome/145.0.7632.116 Mobile Safari/537.36 (compatible; GoogleOther)"
102.212.247.146 - - [13/Mar/2026:15:59:14 +0300] "POST /wp-cron.php?doing_wp_cron=1773406754.0261850357055664062500 HTTP/1.1" 200 0 "-" "WordPress/6.9.4; https://rafikisprings.co.uk"
85.208.96.197 - - [13/Mar/2026:15:59:11 +0300] "GET /?s=169709923 HTTP/1.1" 200 18062 "-" "Mozilla/5.0 (compatible; SemrushBot/7~bl; +http://www.semrush.com/bot.html)"
185.191.171.13 - - [13/Mar/2026:15:59:30 +0300] "GET /?s=1697043166 HTTP/1.1" 200 18063 "-" "Mozilla/5.0 (compatible; SemrushBot/7~bl; +http://www.semrush.com/bot.html)"
185.191.171.1 - - [13/Mar/2026:15:59:50 +0300] "GET /?s=1697068162 HTTP/1.1" 200 18063 "-" "Mozilla/5.0 (compatible; SemrushBot/7~bl; +http://www.semrush.com/bot.html)"
185.191.171.18 - - [13/Mar/2026:16:00:28 +0300] "GET /?v=7198941983 HTTP/1.1" 200 20242 "-" "Mozilla/5.0 (compatible; SemrushBot/7~bl; +http://www.semrush.com/bot.html)"
52.167.144.209 - - [13/Mar/2026:16:02:43 +0300] "GET /?m=39454183560 HTTP/2" 200 17775 "-" "Mozilla/5.0 AppleWebKit/537.36 (KHTML, like Gecko; compatible; bingbot/2.0; +http://www.bing.com/bingbot.htm) Chrome/116.0.1938.76 Safari/537.36"
185.191.171.11 - - [13/Mar/2026:16:04:03 +0300] "GET /?s=1697016244 HTTP/1.1" 200 18063 "-" "Mozilla/5.0 (compatible; SemrushBot/7~bl; +http://www.semrush.com/bot.html)"
185.191.171.9 - - [13/Mar/2026:16:04:14 +0300] "GET /?y=2948212726 HTTP/1.1" 200 20243 "-" "Mozilla/5.0 (compatible; SemrushBot/7~bl; +http://www.semrush.com/bot.html)"
40.77.167.7 - - [13/Mar/2026:16:05:18 +0300] "GET /?v=71989237670 HTTP/2" 200 18282 "-" "Mozilla/5.0 AppleWebKit/537.36 (KHTML, like Gecko; compatible; bingbot/2.0; +http://www.bing.com/bingbot.htm) Chrome/116.0.1938.76 Safari/537.36"
85.208.96.196 - - [13/Mar/2026:16:05:25 +0300] "GET /?s=1697072424 HTTP/1.1" 200 18063 "-" "Mozilla/5.0 (compatible; SemrushBot/7~bl; +http://www.semrush.com/bot.html)"
85.208.96.194 - - [13/Mar/2026:15:48:31 +0300] "GET /?s=1697030143 HTTP/1.1" 200 18063 "-" "Mozilla/5.0 (compatible; SemrushBot/7~bl; +http://www.semrush.com/bot.html)"
52.167.144.169 - - [13/Mar/2026:15:52:20 +0300] "GET /?v=71989235215 HTTP/2" 200 17937 "-" "Mozilla/5.0 AppleWebKit/537.36 (KHTML, like Gecko; compatible; bingbot/2.0; +http://www.bing.com/bingbot.htm) Chrome/116.0.1938.76 Safari/537.36"
185.191.171.17 - - [13/Mar/2026:15:52:27 +0300] "GET /?s=1697027395 HTTP/1.1" 200 18064 "-" "Mozilla/5.0 (compatible; SemrushBot/7~bl; +http://www.semrush.com/bot.html)"
102.212.247.146 - - [13/Mar/2026:15:52:51 +0300] "POST /wp-cron.php?doing_wp_cron=1773406371.4863491058349609375000 HTTP/1.1" 200 0 "-" "WordPress/6.9.4; https://rafikisprings.co.uk"
104.234.53.68 - - [13/Mar/2026:15:53:19 +0300] "POST /wp-login.php HTTP/1.1" 200 9849 "-" "Mozilla/5.0"
40.77.167.126 - - [13/Mar/2026:15:53:25 +0300] "GET /hiroshi.php?r=80461225815 HTTP/2" 404 15460 "-" "Mozilla/5.0 AppleWebKit/537.36 (KHTML, like Gecko; compatible; bingbot/2.0; +http://www.bing.com/bingbot.htm) Chrome/116.0.1938.76 Safari/537.36"
85.208.96.196 - - [13/Mar/2026:15:53:54 +0300] "GET /?y=2948259889 HTTP/1.1" 200 20242 "-" "Mozilla/5.0 (compatible; SemrushBot/7~bl; +http://www.semrush.com/bot.html)"
52.167.144.169 - - [13/Mar/2026:15:56:41 +0300] "GET /?d=27927260271 HTTP/2" 200 19010 "-" "Mozilla/5.0 AppleWebKit/537.36 (KHTML, like Gecko; compatible; bingbot/2.0; +http://www.bing.com/bingbot.htm) Chrome/116.0.1938.76 Safari/537.36"
66.249.73.172 - - [13/Mar/2026:15:56:46 +0300] "GET /?m=39454364164 HTTP/1.1" 200 18854 "-" "Mozilla/5.0 (Linux; Android 6.0.1; Nexus 5X Build/MMB29P) AppleWebKit/537.36 (KHTML, like Gecko) Chrome/145.0.7632.116 Mobile Safari/537.36 (compatible; GoogleOther)"
102.212.247.146 - - [13/Mar/2026:15:57:57 +0300] "POST /wp-cron.php?doing_wp_cron=1773406677.2054901123046875000000 HTTP/1.1" 200 0 "-" "WordPress/6.9.4; https://rafikisprings.co.uk"
185.191.171.13 - - [13/Mar/2026:15:58:17 +0300] "GET /?d=27927116 HTTP/1.1" 200 20242 "-" "Mozilla/5.0 (compatible; SemrushBot/7~bl; +http://www.semrush.com/bot.html)"
85.208.96.199 - - [13/Mar/2026:15:59:34 +0300] "GET /?s=1697060719 HTTP/1.1" 200 18063 "-" "Mozilla/5.0 (compatible; SemrushBot/7~bl; +http://www.semrush.com/bot.html)"
185.191.171.14 - - [13/Mar/2026:16:00:05 +0300] "GET /?y=2948268231 HTTP/1.1" 200 20242 "-" "Mozilla/5.0 (compatible; SemrushBot/7~bl; +http://www.semrush.com/bot.html)"
185.191.171.3 - - [13/Mar/2026:16:00:08 +0300] "GET /?a=349444127 HTTP/1.1" 200 20243 "-" "Mozilla/5.0 (compatible; SemrushBot/7~bl; +http://www.semrush.com/bot.html)"
85.208.96.211 - - [13/Mar/2026:16:00:33 +0300] "GET /?y=2948293324 HTTP/1.1" 200 20242 "-" "Mozilla/5.0 (compatible; SemrushBot/7~bl; +http://www.semrush.com/bot.html)"
185.191.171.3 - - [13/Mar/2026:16:01:54 +0300] "GET /?s=1697023733 HTTP/1.1" 200 18063 "-" "Mozilla/5.0 (compatible; SemrushBot/7~bl; +http://www.semrush.com/bot.html)"
85.208.96.201 - - [13/Mar/2026:16:03:54 +0300] "GET /?s=1697039018 HTTP/1.1" 200 18063 "-" "Mozilla/5.0 (compatible; SemrushBot/7~bl; +http://www.semrush.com/bot.html)"
17.246.15.55 - - [13/Mar/2026:16:06:25 +0300] "GET /invoice/invoice-61/ HTTP/1.1" 200 17911 "-" "Mozilla/5.0 (Macintosh; Intel Mac OS X 10_15_7) AppleWebKit/605.1.15 (KHTML, like Gecko) Version/17.4 Safari/605.1.15 (Applebot/0.1; +http://www.apple.com/go/applebot)"
158.220.116.59 - - [13/Mar/2026:16:07:33 +0300] "POST /xmlrpc.php HTTP/2" 200 0 "-" "Mozilla/5.0 (Macintosh; Intel Mac OS X 13_5) AppleWebKit/605.1.15 (KHTML, like Gecko) Version/17.5 Safari/605.1.15"
185.191.171.4 - - [13/Mar/2026:16:07:58 +0300] "GET /?s=1697015356 HTTP/1.1" 200 18063 "-" "Mozilla/5.0 (compatible; SemrushBot/7~bl; +http://www.semrush.com/bot.html)"
213.209.159.254 - - [13/Mar/2026:16:08:26 +0300] "GET /wp-login.php HTTP/2" 200 2640 "-" "Mozilla/5.0 (Windows NT 10.0; Win64; x64) AppleWebKit/537.36 (KHTML, like Gecko) Chrome/124.0.6367.207 Safari/537.36"
185.191.171.14 - - [13/Mar/2026:15:52:30 +0300] "GET /?s=1697058662 HTTP/1.1" 200 18063 "-" "Mozilla/5.0 (compatible; SemrushBot/7~bl; +http://www.semrush.com/bot.html)"
66.249.73.160 - - [13/Mar/2026:15:52:50 +0300] "GET /?r=69519932 HTTP/1.1" 200 18386 "-" "Mozilla/5.0 (Linux; Android 6.0.1; Nexus 5X Build/MMB29P) AppleWebKit/537.36 (KHTML, like Gecko) Chrome/145.0.7632.116 Mobile Safari/537.36 (compatible; GoogleOther)"
185.191.171.5 - - [13/Mar/2026:15:52:50 +0300] "GET /?a=3494410809 HTTP/1.1" 200 20243 "-" "Mozilla/5.0 (compatible; SemrushBot/7~bl; +http://www.semrush.com/bot.html)"
40.77.167.126 - - [13/Mar/2026:15:53:46 +0300] "GET /?r=3633990951 HTTP/2" 200 17224 "-" "Mozilla/5.0 AppleWebKit/537.36 (KHTML, like Gecko; compatible; bingbot/2.0; +http://www.bing.com/bingbot.htm) Chrome/116.0.1938.76 Safari/537.36"
66.249.73.172 - - [13/Mar/2026:15:55:02 +0300] "GET /?r=8046119956 HTTP/1.1" 200 16206 "-" "Mozilla/5.0 (Linux; Android 6.0.1; Nexus 5X Build/MMB29P) AppleWebKit/537.36 (KHTML, like Gecko) Chrome/145.0.7632.116 Mobile Safari/537.36 (compatible; GoogleOther)"
102.212.247.146 - - [13/Mar/2026:15:55:05 +0300] "POST /wp-cron.php?doing_wp_cron=1773406505.6497540473937988281250 HTTP/1.1" 200 0 "-" "WordPress/6.9.4; https://rafikisprings.co.uk"
85.208.96.204 - - [13/Mar/2026:15:56:00 +0300] "GET /?y=2948285356 HTTP/1.1" 200 20242 "-" "Mozilla/5.0 (compatible; SemrushBot/7~bl; +http://www.semrush.com/bot.html)"
102.212.247.146 - - [13/Mar/2026:15:59:52 +0300] "POST /wp-cron.php?doing_wp_cron=1773406792.0395379066467285156250 HTTP/1.1" 200 0 "-" "WordPress/6.9.4; https://rafikisprings.co.uk"
40.77.167.126 - - [13/Mar/2026:16:02:05 +0300] "GET /?r=80461220943 HTTP/2" 200 17224 "-" "Mozilla/5.0 AppleWebKit/537.36 (KHTML, like Gecko; compatible; bingbot/2.0; +http://www.bing.com/bingbot.htm) Chrome/116.0.1938.76 Safari/537.36"
85.208.96.209 - - [13/Mar/2026:16:02:12 +0300] "GET /?s=1697076794 HTTP/1.1" 200 0 "-" "Mozilla/5.0 (compatible; SemrushBot/7~bl; +http://www.semrush.com/bot.html)"
185.191.171.7 - - [13/Mar/2026:16:03:42 +0300] "GET /?s=1697077988 HTTP/1.1" 200 18064 "-" "Mozilla/5.0 (compatible; SemrushBot/7~bl; +http://www.semrush.com/bot.html)"
85.208.96.195 - - [13/Mar/2026:16:04:17 +0300] "GET /?s=1697052211 HTTP/1.1" 200 18063 "-" "Mozilla/5.0 (compatible; SemrushBot/7~bl; +http://www.semrush.com/bot.html)"
104.234.53.47 - - [13/Mar/2026:16:04:55 +0300] "POST /wp-login.php HTTP/1.1" 200 9853 "-" "Mozilla/5.0"
185.191.171.19 - - [13/Mar/2026:16:06:22 +0300] "GET /?s=1697026644 HTTP/1.1" 200 18063 "-" "Mozilla/5.0 (compatible; SemrushBot/7~bl; +http://www.semrush.com/bot.html)"
85.208.96.208 - - [13/Mar/2026:16:07:07 +0300] "GET /?s=1697025192 HTTP/1.1" 200 18063 "-" "Mozilla/5.0 (compatible; SemrushBot/7~bl; +http://www.semrush.com/bot.html)"
85.208.96.193 - - [13/Mar/2026:16:09:51 +0300] "GET /?s=1697035609 HTTP/1.1" 200 18064 "-" "Mozilla/5.0 (compatible; SemrushBot/7~bl; +http://www.semrush.com/bot.html)"
17.246.19.30 - - [13/Mar/2026:16:10:07 +0300] "GET /wp-content/plugins/contact-form-7/includes/css/styles.css?ver=6.1.5 HTTP/1.1" 200 1030 "https://rafikisprings.co.uk/invoice/invoice-61/" "Mozilla/5.0 (Macintosh; Intel Mac OS X 10_15_7) AppleWebKit/605.1.15 (KHTML, like Gecko) Version/17.4 Safari/605.1.15 (Applebot/0.1; +http://www.apple.com/go/applebot)"
102.212.247.146 - - [13/Mar/2026:16:11:51 +0300] "POST /wp-cron.php?doing_wp_cron=1773407511.6526279449462890625000 HTTP/1.1" 200 0 "-" "WordPress/6.9.4; https://rafikisprings.co.uk"
40.77.167.73 - - [13/Mar/2026:16:12:08 +0300] "GET /?y=2948251888 HTTP/2" 200 18550 "-" "Mozilla/5.0 AppleWebKit/537.36 (KHTML, like Gecko; compatible; bingbot/2.0; +http://www.bing.com/bingbot.htm) Chrome/116.0.1938.76 Safari/537.36"
185.191.171.15 - - [13/Mar/2026:16:12:23 +0300] "GET /?s=1697028773 HTTP/1.1" 200 18063 "-" "Mozilla/5.0 (compatible; SemrushBot/7~bl; +http://www.semrush.com/bot.html)"
52.167.144.209 - - [13/Mar/2026:16:06:31 +0300] "GET /?y=29482269723 HTTP/2" 200 18681 "-" "Mozilla/5.0 AppleWebKit/537.36 (KHTML, like Gecko; compatible; bingbot/2.0; +http://www.bing.com/bingbot.htm) Chrome/116.0.1938.76 Safari/537.36"
102.212.247.146 - - [13/Mar/2026:16:06:52 +0300] "POST /wp-cron.php?doing_wp_cron=1773407212.9256548881530761718750 HTTP/1.1" 200 0 "-" "WordPress/6.9.4; https://rafikisprings.co.uk"
185.191.171.18 - - [13/Mar/2026:16:06:51 +0300] "GET /?v=7198961434 HTTP/1.1" 200 20243 "-" "Mozilla/5.0 (compatible; SemrushBot/7~bl; +http://www.semrush.com/bot.html)"
185.191.171.18 - - [13/Mar/2026:16:08:02 +0300] "GET /?s=1697064688 HTTP/1.1" 200 18064 "-" "Mozilla/5.0 (compatible; SemrushBot/7~bl; +http://www.semrush.com/bot.html)"
185.191.171.17 - - [13/Mar/2026:16:08:15 +0300] "GET /?s=1697082066 HTTP/1.1" 200 18063 "-" "Mozilla/5.0 (compatible; SemrushBot/7~bl; +http://www.semrush.com/bot.html)"
185.191.171.4 - - [13/Mar/2026:16:09:30 +0300] "GET /?v=7198928805 HTTP/1.1" 200 20243 "-" "Mozilla/5.0 (compatible; SemrushBot/7~bl; +http://www.semrush.com/bot.html)"
185.191.171.5 - - [13/Mar/2026:16:10:14 +0300] "GET /?s=1697069547 HTTP/1.1" 200 18064 "-" "Mozilla/5.0 (compatible; SemrushBot/7~bl; +http://www.semrush.com/bot.html)"
185.191.171.5 - - [13/Mar/2026:16:11:42 +0300] "GET /?s=1697032295 HTTP/1.1" 200 18063 "-" "Mozilla/5.0 (compatible; SemrushBot/7~bl; +http://www.semrush.com/bot.html)"
85.208.96.203 - - [13/Mar/2026:16:12:18 +0300] "GET /?s=1697054732 HTTP/1.1" 200 18063 "-" "Mozilla/5.0 (compatible; SemrushBot/7~bl; +http://www.semrush.com/bot.html)"
66.249.73.160 - - [13/Mar/2026:16:04:58 +0300] "GET /_next/static/media/storeLoginIcon.0af75623.svg HTTP/1.1" 200 17763 "https://rafikisprings.co.uk/?m=39454364164" "Mozilla/5.0 (Linux; Android 6.0.1; Nexus 5X Build/MMB29P) AppleWebKit/537.36 (KHTML, like Gecko) Chrome/145.0.7632.116 Mobile Safari/537.36 (compatible; GoogleOther)"
52.167.144.209 - - [13/Mar/2026:16:05:11 +0300] "GET /?r=3633967059 HTTP/2" 200 16744 "-" "Mozilla/5.0 AppleWebKit/537.36 (KHTML, like Gecko; compatible; bingbot/2.0; +http://www.bing.com/bingbot.htm) Chrome/116.0.1938.76 Safari/537.36"
40.77.167.156 - - [13/Mar/2026:16:05:38 +0300] "GET /?y=29482215623 HTTP/2" 200 17995 "-" "Mozilla/5.0 AppleWebKit/537.36 (KHTML, like Gecko; compatible; bingbot/2.0; +http://www.bing.com/bingbot.htm) Chrome/116.0.1938.76 Safari/537.36"
102.212.247.146 - - [13/Mar/2026:16:05:59 +0300] "POST /wp-cron.php?doing_wp_cron=1773407159.1156239509582519531250 HTTP/1.1" 200 0 "-" "WordPress/6.9.4; https://rafikisprings.co.uk"
40.77.167.7 - - [13/Mar/2026:16:05:49 +0300] "GET /?r=3633961346 HTTP/2" 200 17224 "-" "Mozilla/5.0 AppleWebKit/537.36 (KHTML, like Gecko; compatible; bingbot/2.0; +http://www.bing.com/bingbot.htm) Chrome/116.0.1938.76 Safari/537.36"
185.191.171.15 - - [13/Mar/2026:16:06:37 +0300] "GET /?s=1697073214 HTTP/1.1" 200 18063 "-" "Mozilla/5.0 (compatible; SemrushBot/7~bl; +http://www.semrush.com/bot.html)"
85.208.96.210 - - [13/Mar/2026:16:06:59 +0300] "GET /?s=1697015335 HTTP/1.1" 200 18063 "-" "Mozilla/5.0 (compatible; SemrushBot/7~bl; +http://www.semrush.com/bot.html)"
102.212.247.146 - - [13/Mar/2026:16:07:54 +0300] "POST /wp-cron.php?doing_wp_cron=1773407274.6648850440979003906250 HTTP/1.1" 200 0 "-" "WordPress/6.9.4; https://rafikisprings.co.uk"
185.191.171.17 - - [13/Mar/2026:16:08:36 +0300] "GET /?s=1697066087 HTTP/1.1" 200 18063 "-" "Mozilla/5.0 (compatible; SemrushBot/7~bl; +http://www.semrush.com/bot.html)"
185.191.171.16 - - [13/Mar/2026:16:08:44 +0300] "GET /?r=804615859 HTTP/1.1" 200 20242 "-" "Mozilla/5.0 (compatible; SemrushBot/7~bl; +http://www.semrush.com/bot.html)"
85.208.96.205 - - [13/Mar/2026:16:08:54 +0300] "GET /?s=1697074537 HTTP/1.1" 200 18064 "-" "Mozilla/5.0 (compatible; SemrushBot/7~bl; +http://www.semrush.com/bot.html)"
