52.167.144.203 - - [13/Mar/2026:17:23:23 +0300] "GET /?v=71989346512 HTTP/2" 200 18292 "-" "Mozilla/5.0 AppleWebKit/537.36 (KHTML, like Gecko; compatible; bingbot/2.0; +http://www.bing.com/bingbot.htm) Chrome/116.0.1938.76 Safari/537.36"
185.191.171.13 - - [13/Mar/2026:17:26:19 +0300] "GET /?s=1697036090 HTTP/1.1" 200 0 "-" "Mozilla/5.0 (compatible; SemrushBot/7~bl; +http://www.semrush.com/bot.html)"
40.77.167.235 - - [13/Mar/2026:17:27:18 +0300] "GET /?r=80461283595 HTTP/2" 200 0 "-" "Mozilla/5.0 AppleWebKit/537.36 (KHTML, like Gecko; compatible; bingbot/2.0; +http://www.bing.com/bingbot.htm) Chrome/116.0.1938.76 Safari/537.36"
85.208.96.205 - - [13/Mar/2026:17:39:21 +0300] "GET /?y=2948249349 HTTP/1.1" 200 20243 "-" "Mozilla/5.0 (compatible; SemrushBot/7~bl; +http://www.semrush.com/bot.html)"
66.249.73.172 - - [13/Mar/2026:17:41:51 +0300] "GET /?jvmzs/v2446551.html HTTP/1.1" 200 18227 "-" "Mozilla/5.0 (Linux; Android 6.0.1; Nexus 5X Build/MMB29P) AppleWebKit/537.36 (KHTML, like Gecko) Chrome/145.0.7632.116 Mobile Safari/537.36 (compatible; Googlebot/2.1; +http://www.google.com/bot.html)"
102.212.247.146 - - [13/Mar/2026:17:42:03 +0300] "POST /wp-cron.php?doing_wp_cron=1773412923.1080689430236816406250 HTTP/1.1" 200 0 "-" "WordPress/6.9.4; https://rafikisprings.co.uk"
185.191.171.10 - - [13/Mar/2026:17:43:02 +0300] "GET /?v=7198984522 HTTP/1.1" 200 20243 "-" "Mozilla/5.0 (compatible; SemrushBot/7~bl; +http://www.semrush.com/bot.html)"
104.234.53.86 - - [13/Mar/2026:17:43:37 +0300] "POST /wp-login.php HTTP/1.1" 200 9849 "-" "Mozilla/5.0"
85.208.96.203 - - [13/Mar/2026:17:44:34 +0300] "GET /?s=1697046251 HTTP/1.1" 200 18063 "-" "Mozilla/5.0 (compatible; SemrushBot/7~bl; +http://www.semrush.com/bot.html)"
52.167.144.186 - - [13/Mar/2026:17:21:21 +0300] "GET /?v=71989136864 HTTP/2" 200 0 "-" "Mozilla/5.0 AppleWebKit/537.36 (KHTML, like Gecko; compatible; bingbot/2.0; +http://www.bing.com/bingbot.htm) Chrome/116.0.1938.76 Safari/537.36"
185.191.171.6 - - [13/Mar/2026:17:22:47 +0300] "GET /?v=7198942660 HTTP/1.1" 200 0 "-" "Mozilla/5.0 (compatible; SemrushBot/7~bl; +http://www.semrush.com/bot.html)"
40.77.167.235 - - [13/Mar/2026:17:29:25 +0300] "GET /?r=8046163508 HTTP/2" 200 0 "-" "Mozilla/5.0 AppleWebKit/537.36 (KHTML, like Gecko; compatible; bingbot/2.0; +http://www.bing.com/bingbot.htm) Chrome/116.0.1938.76 Safari/537.36"
104.234.53.47 - - [13/Mar/2026:17:32:00 +0300] "POST /wp-login.php HTTP/1.1" 503 807 "-" "Mozilla/5.0"
54.38.147.66 - - [13/Mar/2026:17:32:14 +0300] "GET /contents/event/kansyasai/ HTTP/2" 503 807 "-" "Mozilla/5.0 (compatible; AhrefsBot/7.0; +http://ahrefs.com/robot/)"
40.77.167.76 - - [13/Mar/2026:17:34:00 +0300] "GET /?f=84791943 HTTP/2" 200 18099 "-" "Mozilla/5.0 AppleWebKit/537.36 (KHTML, like Gecko; compatible; bingbot/2.0; +http://www.bing.com/bingbot.htm) Chrome/116.0.1938.76 Safari/537.36"
40.77.167.76 - - [13/Mar/2026:17:34:13 +0300] "GET /?v=71989275480 HTTP/2" 200 0 "-" "Mozilla/5.0 AppleWebKit/537.36 (KHTML, like Gecko; compatible; bingbot/2.0; +http://www.bing.com/bingbot.htm) Chrome/116.0.1938.76 Safari/537.36"
40.77.167.76 - - [13/Mar/2026:17:35:26 +0300] "GET /?y=29482214655 HTTP/2" 503 807 "-" "Mozilla/5.0 AppleWebKit/537.36 (KHTML, like Gecko; compatible; bingbot/2.0; +http://www.bing.com/bingbot.htm) Chrome/116.0.1938.76 Safari/537.36"
40.77.167.76 - - [13/Mar/2026:17:35:27 +0300] "GET /?y=29482150306 HTTP/2" 200 0 "-" "Mozilla/5.0 AppleWebKit/537.36 (KHTML, like Gecko; compatible; bingbot/2.0; +http://www.bing.com/bingbot.htm) Chrome/116.0.1938.76 Safari/537.36"
66.249.73.160 - - [13/Mar/2026:17:35:46 +0300] "GET /hiroshi.php?shop/warrigal/confinable38610303001.html HTTP/1.1" 404 15460 "-" "Mozilla/5.0 (Linux; Android 6.0.1; Nexus 5X Build/MMB29P) AppleWebKit/537.36 (KHTML, like Gecko) Chrome/145.0.7632.116 Mobile Safari/537.36 (compatible; Googlebot/2.1; +http://www.google.com/bot.html)"
104.234.53.74 - - [13/Mar/2026:17:37:50 +0300] "POST /wp-login.php HTTP/1.1" 200 0 "-" "Mozilla/5.0"
102.212.247.146 - - [13/Mar/2026:17:43:51 +0300] "POST /wp-cron.php?doing_wp_cron=1773413031.1832399368286132812500 HTTP/1.1" 200 0 "-" "WordPress/6.9.4; https://rafikisprings.co.uk"
85.208.96.212 - - [13/Mar/2026:17:44:00 +0300] "GET /?s=1697068565 HTTP/1.1" 200 18064 "-" "Mozilla/5.0 (compatible; SemrushBot/7~bl; +http://www.semrush.com/bot.html)"
185.191.171.6 - - [13/Mar/2026:17:44:37 +0300] "GET /?s=1697096451 HTTP/1.1" 200 18064 "-" "Mozilla/5.0 (compatible; SemrushBot/7~bl; +http://www.semrush.com/bot.html)"
185.191.171.11 - - [13/Mar/2026:17:45:05 +0300] "GET /?s=1697024460 HTTP/1.1" 200 18063 "-" "Mozilla/5.0 (compatible; SemrushBot/7~bl; +http://www.semrush.com/bot.html)"
52.167.144.237 - - [13/Mar/2026:17:45:23 +0300] "GET /?f=84791205429 HTTP/2" 200 18145 "-" "Mozilla/5.0 AppleWebKit/537.36 (KHTML, like Gecko; compatible; bingbot/2.0; +http://www.bing.com/bingbot.htm) Chrome/116.0.1938.76 Safari/537.36"
85.208.96.196 - - [13/Mar/2026:17:45:24 +0300] "GET /?s=1697022039 HTTP/1.1" 200 18063 "-" "Mozilla/5.0 (compatible; SemrushBot/7~bl; +http://www.semrush.com/bot.html)"
185.191.171.6 - - [13/Mar/2026:17:23:37 +0300] "GET /?v=7198942660 HTTP/1.1" 200 0 "-" "Mozilla/5.0 (compatible; SemrushBot/7~bl; +http://www.semrush.com/bot.html)"
52.167.144.237 - - [13/Mar/2026:17:26:58 +0300] "GET /?l=4031135002 HTTP/2" 200 18473 "-" "Mozilla/5.0 AppleWebKit/537.36 (KHTML, like Gecko; compatible; bingbot/2.0; +http://www.bing.com/bingbot.htm) Chrome/116.0.1938.76 Safari/537.36"
66.249.73.172 - - [13/Mar/2026:17:28:31 +0300] "GET /?r=80461102458 HTTP/1.1" 200 17075 "-" "Mozilla/5.0 (Linux; Android 6.0.1; Nexus 5X Build/MMB29P) AppleWebKit/537.36 (KHTML, like Gecko) Chrome/145.0.7632.116 Mobile Safari/537.36 (compatible; Googlebot/2.1; +http://www.google.com/bot.html)"
185.191.171.7 - - [13/Mar/2026:17:28:59 +0300] "GET /?y=2948292538 HTTP/1.1" 200 0 "-" "Mozilla/5.0 (compatible; SemrushBot/7~bl; +http://www.semrush.com/bot.html)"
104.234.53.52 - - [13/Mar/2026:17:32:00 +0300] "POST /wp-login.php HTTP/1.1" 503 807 "-" "Mozilla/5.0"
40.77.167.4 - - [13/Mar/2026:17:32:03 +0300] "GET /hiroshi.php?v=7198997704 HTTP/2" 503 807 "-" "Mozilla/5.0 AppleWebKit/537.36 (KHTML, like Gecko; compatible; bingbot/2.0; +http://www.bing.com/bingbot.htm) Chrome/116.0.1938.76 Safari/537.36"
104.234.53.49 - - [13/Mar/2026:17:37:50 +0300] "POST /wp-login.php HTTP/1.1" 200 0 "-" "Mozilla/5.0"
185.191.171.12 - - [13/Mar/2026:17:38:21 +0300] "GET /robots.txt HTTP/1.1" 200 0 "-" "Mozilla/5.0 (compatible; SemrushBot/7~bl; +http://www.semrush.com/bot.html)"
66.249.73.160 - - [13/Mar/2026:17:41:21 +0300] "GET /item.php?shop/raffaello/perch88240245069.html HTTP/1.1" 200 18234 "-" "Mozilla/5.0 (Linux; Android 6.0.1; Nexus 5X Build/MMB29P) AppleWebKit/537.36 (KHTML, like Gecko) Chrome/145.0.7632.116 Mobile Safari/537.36 (compatible; Googlebot/2.1; +http://www.google.com/bot.html)"
85.208.96.199 - - [13/Mar/2026:17:42:26 +0300] "GET /?s=1697054437 HTTP/1.1" 200 18064 "-" "Mozilla/5.0 (compatible; SemrushBot/7~bl; +http://www.semrush.com/bot.html)"
185.191.171.12 - - [13/Mar/2026:17:43:19 +0300] "GET /?y=2948259791 HTTP/1.1" 200 20242 "-" "Mozilla/5.0 (compatible; SemrushBot/7~bl; +http://www.semrush.com/bot.html)"
66.249.73.161 - - [13/Mar/2026:17:44:23 +0300] "GET /item.php?shop/neuron/calli41104185801.html HTTP/1.1" 200 18911 "-" "Mozilla/5.0 (Linux; Android 6.0.1; Nexus 5X Build/MMB29P) AppleWebKit/537.36 (KHTML, like Gecko) Chrome/145.0.7632.116 Mobile Safari/537.36 (compatible; Googlebot/2.1; +http://www.google.com/bot.html)"
185.191.171.2 - - [13/Mar/2026:17:44:54 +0300] "GET /?v=7198980196 HTTP/1.1" 200 20242 "-" "Mozilla/5.0 (compatible; SemrushBot/7~bl; +http://www.semrush.com/bot.html)"
102.212.247.146 - - [13/Mar/2026:17:44:50 +0300] "POST /wp-cron.php?doing_wp_cron=1773413090.2978179454803466796875 HTTP/1.1" 200 0 "-" "WordPress/6.9.4; https://rafikisprings.co.uk"
52.167.144.237 - - [13/Mar/2026:17:44:53 +0300] "GET /?m=39454385738 HTTP/2" 200 18755 "-" "Mozilla/5.0 AppleWebKit/537.36 (KHTML, like Gecko; compatible; bingbot/2.0; +http://www.bing.com/bingbot.htm) Chrome/116.0.1938.76 Safari/537.36"
102.212.247.146 - - [13/Mar/2026:17:25:15 +0300] "POST /wp-cron.php?doing_wp_cron=1773411914.4082798957824707031250 HTTP/1.1" 200 0 "-" "WordPress/6.9.4; https://rafikisprings.co.uk"
52.167.144.186 - - [13/Mar/2026:17:25:49 +0300] "GET /?l=40311244676 HTTP/2" 200 18645 "-" "Mozilla/5.0 AppleWebKit/537.36 (KHTML, like Gecko; compatible; bingbot/2.0; +http://www.bing.com/bingbot.htm) Chrome/116.0.1938.76 Safari/537.36"
52.167.144.186 - - [13/Mar/2026:17:26:18 +0300] "GET /?y=2948282067 HTTP/2" 200 18793 "-" "Mozilla/5.0 AppleWebKit/537.36 (KHTML, like Gecko; compatible; bingbot/2.0; +http://www.bing.com/bingbot.htm) Chrome/116.0.1938.76 Safari/537.36"
104.234.53.58 - - [13/Mar/2026:17:26:11 +0300] "POST /wp-login.php HTTP/1.1" 200 0 "-" "Mozilla/5.0"
185.191.171.7 - - [13/Mar/2026:17:28:09 +0300] "GET /?y=2948292538 HTTP/1.1" 200 0 "-" "Mozilla/5.0 (compatible; SemrushBot/7~bl; +http://www.semrush.com/bot.html)"
40.77.167.126 - - [13/Mar/2026:17:35:17 +0300] "GET /?m=39454251321 HTTP/2" 503 807 "-" "Mozilla/5.0 AppleWebKit/537.36 (KHTML, like Gecko; compatible; bingbot/2.0; +http://www.bing.com/bingbot.htm) Chrome/116.0.1938.76 Safari/537.36"
85.208.96.196 - - [13/Mar/2026:17:34:50 +0300] "GET /?s=1697021982 HTTP/1.1" 200 0 "-" "Mozilla/5.0 (compatible; SemrushBot/7~bl; +http://www.semrush.com/bot.html)"
102.212.247.146 - - [13/Mar/2026:17:38:37 +0300] "POST /wp-cron.php?doing_wp_cron=1773412716.2090420722961425781250 HTTP/1.1" 200 0 "-" "WordPress/6.9.4; https://rafikisprings.co.uk"
66.249.73.172 - - [13/Mar/2026:17:41:27 +0300] "GET /hiroshi.php?shop/vaccinia/muddied80083119265.html HTTP/1.1" 200 18358 "-" "Mozilla/5.0 (Linux; Android 6.0.1; Nexus 5X Build/MMB29P) AppleWebKit/537.36 (KHTML, like Gecko) Chrome/145.0.7632.116 Mobile Safari/537.36 (compatible; Googlebot/2.1; +http://www.google.com/bot.html)"
85.208.96.212 - - [13/Mar/2026:17:43:49 +0300] "GET /?s=1697091640 HTTP/1.1" 200 18063 "-" "Mozilla/5.0 (compatible; SemrushBot/7~bl; +http://www.semrush.com/bot.html)"
85.208.96.193 - - [13/Mar/2026:17:43:55 +0300] "GET /?s=1697039948 HTTP/1.1" 200 18064 "-" "Mozilla/5.0 (compatible; SemrushBot/7~bl; +http://www.semrush.com/bot.html)"
185.191.171.13 - - [13/Mar/2026:17:44:03 +0300] "GET /?s=1697043788 HTTP/1.1" 200 18064 "-" "Mozilla/5.0 (compatible; SemrushBot/7~bl; +http://www.semrush.com/bot.html)"
85.208.96.201 - - [13/Mar/2026:17:44:14 +0300] "GET /?y=2948231973 HTTP/1.1" 200 20242 "-" "Mozilla/5.0 (compatible; SemrushBot/7~bl; +http://www.semrush.com/bot.html)"
40.77.167.20 - - [13/Mar/2026:17:44:18 +0300] "GET /?m=3945486502 HTTP/2" 200 19571 "-" "Mozilla/5.0 AppleWebKit/537.36 (KHTML, like Gecko; compatible; bingbot/2.0; +http://www.bing.com/bingbot.htm) Chrome/116.0.1938.76 Safari/537.36"
52.167.144.206 - - [13/Mar/2026:17:44:24 +0300] "GET /?y=29482136102 HTTP/2" 200 18490 "-" "Mozilla/5.0 AppleWebKit/537.36 (KHTML, like Gecko; compatible; bingbot/2.0; +http://www.bing.com/bingbot.htm) Chrome/116.0.1938.76 Safari/537.36"
52.167.144.206 - - [13/Mar/2026:17:44:25 +0300] "GET /?m=39454388437 HTTP/2" 200 18083 "-" "Mozilla/5.0 AppleWebKit/537.36 (KHTML, like Gecko; compatible; bingbot/2.0; +http://www.bing.com/bingbot.htm) Chrome/116.0.1938.76 Safari/537.36"
85.208.96.200 - - [13/Mar/2026:17:44:28 +0300] "GET /?s=1697026235 HTTP/1.1" 200 18063 "-" "Mozilla/5.0 (compatible; SemrushBot/7~bl; +http://www.semrush.com/bot.html)"
85.208.96.203 - - [13/Mar/2026:17:45:00 +0300] "GET /?r=804615329 HTTP/1.1" 200 20242 "-" "Mozilla/5.0 (compatible; SemrushBot/7~bl; +http://www.semrush.com/bot.html)"
85.208.96.206 - - [13/Mar/2026:17:45:18 +0300] "GET /?v=7198983170 HTTP/1.1" 200 20242 "-" "Mozilla/5.0 (compatible; SemrushBot/7~bl; +http://www.semrush.com/bot.html)"
85.208.96.206 - - [13/Mar/2026:17:45:28 +0300] "GET /?s=1697052764 HTTP/1.1" 200 18063 "-" "Mozilla/5.0 (compatible; SemrushBot/7~bl; +http://www.semrush.com/bot.html)"
102.212.247.146 - - [13/Mar/2026:17:45:49 +0300] "POST /wp-cron.php?doing_wp_cron=1773413149.5111401081085205078125 HTTP/1.1" 200 0 "-" "WordPress/6.9.4; https://rafikisprings.co.uk"
85.208.96.208 - - [13/Mar/2026:17:45:51 +0300] "GET /?s=1697025862 HTTP/1.1" 200 18063 "-" "Mozilla/5.0 (compatible; SemrushBot/7~bl; +http://www.semrush.com/bot.html)"
185.191.171.11 - - [13/Mar/2026:17:45:54 +0300] "GET /?v=7198988685 HTTP/1.1" 200 20244 "-" "Mozilla/5.0 (compatible; SemrushBot/7~bl; +http://www.semrush.com/bot.html)"
85.208.96.211 - - [13/Mar/2026:17:46:26 +0300] "GET /?v=7198949428 HTTP/1.1" 200 20242 "-" "Mozilla/5.0 (compatible; SemrushBot/7~bl; +http://www.semrush.com/bot.html)"
185.191.171.4 - - [13/Mar/2026:17:46:35 +0300] "GET /?y=2948293444 HTTP/1.1" 200 20242 "-" "Mozilla/5.0 (compatible; SemrushBot/7~bl; +http://www.semrush.com/bot.html)"
185.191.171.3 - - [13/Mar/2026:17:46:51 +0300] "GET /?s=1697099359 HTTP/1.1" 200 18064 "-" "Mozilla/5.0 (compatible; SemrushBot/7~bl; +http://www.semrush.com/bot.html)"
102.212.247.146 - - [13/Mar/2026:17:47:33 +0300] "POST /wp-cron.php?doing_wp_cron=1773413253.0991859436035156250000 HTTP/1.1" 200 0 "-" "WordPress/6.9.4; https://rafikisprings.co.uk"
85.208.96.207 - - [13/Mar/2026:17:47:44 +0300] "GET /?s=1697033937 HTTP/1.1" 200 18064 "-" "Mozilla/5.0 (compatible; SemrushBot/7~bl; +http://www.semrush.com/bot.html)"
185.191.171.15 - - [13/Mar/2026:17:47:54 +0300] "GET /?y=2948265345 HTTP/1.1" 200 20242 "-" "Mozilla/5.0 (compatible; SemrushBot/7~bl; +http://www.semrush.com/bot.html)"
185.191.171.13 - - [13/Mar/2026:17:48:05 +0300] "GET /?s=1697088249 HTTP/1.1" 200 18064 "-" "Mozilla/5.0 (compatible; SemrushBot/7~bl; +http://www.semrush.com/bot.html)"
85.208.96.197 - - [13/Mar/2026:17:48:30 +0300] "GET /?s=1697043412 HTTP/1.1" 200 18063 "-" "Mozilla/5.0 (compatible; SemrushBot/7~bl; +http://www.semrush.com/bot.html)"
85.208.96.196 - - [13/Mar/2026:17:48:40 +0300] "GET /?v=7198911538 HTTP/1.1" 200 20242 "-" "Mozilla/5.0 (compatible; SemrushBot/7~bl; +http://www.semrush.com/bot.html)"
85.208.96.202 - - [13/Mar/2026:17:48:58 +0300] "GET /?s=1697027138 HTTP/1.1" 200 18063 "-" "Mozilla/5.0 (compatible; SemrushBot/7~bl; +http://www.semrush.com/bot.html)"
102.212.247.146 - - [13/Mar/2026:17:49:50 +0300] "POST /wp-cron.php?doing_wp_cron=1773413390.0009469985961914062500 HTTP/1.1" 200 0 "-" "WordPress/6.9.4; https://rafikisprings.co.uk"
185.191.171.2 - - [13/Mar/2026:17:50:34 +0300] "GET /?y=2948280210 HTTP/1.1" 200 20242 "-" "Mozilla/5.0 (compatible; SemrushBot/7~bl; +http://www.semrush.com/bot.html)"
85.208.96.207 - - [13/Mar/2026:17:47:02 +0300] "GET /?s=1697075378 HTTP/1.1" 200 18064 "-" "Mozilla/5.0 (compatible; SemrushBot/7~bl; +http://www.semrush.com/bot.html)"
85.208.96.198 - - [13/Mar/2026:17:47:08 +0300] "GET /?s=1697059887 HTTP/1.1" 200 18064 "-" "Mozilla/5.0 (compatible; SemrushBot/7~bl; +http://www.semrush.com/bot.html)"
85.208.96.196 - - [13/Mar/2026:17:47:14 +0300] "GET /?s=1697052421 HTTP/1.1" 200 18063 "-" "Mozilla/5.0 (compatible; SemrushBot/7~bl; +http://www.semrush.com/bot.html)"
102.212.247.146 - - [13/Mar/2026:17:47:49 +0300] "POST /wp-cron.php?doing_wp_cron=1773413269.7458240985870361328125 HTTP/1.1" 200 0 "-" "WordPress/6.9.4; https://rafikisprings.co.uk"
85.208.96.199 - - [13/Mar/2026:17:48:27 +0300] "GET /?s=1697031761 HTTP/1.1" 200 18063 "-" "Mozilla/5.0 (compatible; SemrushBot/7~bl; +http://www.semrush.com/bot.html)"
185.191.171.18 - - [13/Mar/2026:17:49:03 +0300] "GET /?v=7198919285 HTTP/1.1" 200 20242 "-" "Mozilla/5.0 (compatible; SemrushBot/7~bl; +http://www.semrush.com/bot.html)"
85.208.96.212 - - [13/Mar/2026:17:49:29 +0300] "GET /?s=1697031192 HTTP/1.1" 200 18063 "-" "Mozilla/5.0 (compatible; SemrushBot/7~bl; +http://www.semrush.com/bot.html)"
85.208.96.207 - - [13/Mar/2026:17:49:32 +0300] "GET /?y=2948248475 HTTP/1.1" 200 20243 "-" "Mozilla/5.0 (compatible; SemrushBot/7~bl; +http://www.semrush.com/bot.html)"
104.234.53.90 - - [13/Mar/2026:17:49:35 +0300] "POST /wp-login.php HTTP/1.1" 200 9849 "-" "Mozilla/5.0"
185.191.171.8 - - [13/Mar/2026:17:49:51 +0300] "GET /robots.txt HTTP/1.1" 200 114 "-" "Mozilla/5.0 (compatible; SemrushBot/7~bl; +http://www.semrush.com/bot.html)"
85.208.96.204 - - [13/Mar/2026:17:50:55 +0300] "GET /?s=1697056341 HTTP/1.1" 200 18063 "-" "Mozilla/5.0 (compatible; SemrushBot/7~bl; +http://www.semrush.com/bot.html)"
40.77.167.20 - - [13/Mar/2026:17:45:28 +0300] "GET /?y=2948212215 HTTP/2" 200 18510 "-" "Mozilla/5.0 AppleWebKit/537.36 (KHTML, like Gecko; compatible; bingbot/2.0; +http://www.bing.com/bingbot.htm) Chrome/116.0.1938.76 Safari/537.36"
40.77.167.20 - - [13/Mar/2026:17:45:29 +0300] "GET /?y=2948250931 HTTP/2" 200 18783 "-" "Mozilla/5.0 AppleWebKit/537.36 (KHTML, like Gecko; compatible; bingbot/2.0; +http://www.bing.com/bingbot.htm) Chrome/116.0.1938.76 Safari/537.36"
185.191.171.11 - - [13/Mar/2026:17:45:57 +0300] "GET /?s=1697039281 HTTP/1.1" 200 18063 "-" "Mozilla/5.0 (compatible; SemrushBot/7~bl; +http://www.semrush.com/bot.html)"
185.191.171.14 - - [13/Mar/2026:17:46:16 +0300] "GET /?s=1697063632 HTTP/1.1" 200 18063 "-" "Mozilla/5.0 (compatible; SemrushBot/7~bl; +http://www.semrush.com/bot.html)"
185.191.171.4 - - [13/Mar/2026:17:46:19 +0300] "GET /?s=1697046188 HTTP/1.1" 200 18063 "-" "Mozilla/5.0 (compatible; SemrushBot/7~bl; +http://www.semrush.com/bot.html)"
185.191.171.14 - - [13/Mar/2026:17:47:31 +0300] "GET /?y=2948281455 HTTP/1.1" 200 20243 "-" "Mozilla/5.0 (compatible; SemrushBot/7~bl; +http://www.semrush.com/bot.html)"
185.191.171.14 - - [13/Mar/2026:17:48:10 +0300] "GET /?s=1697066298 HTTP/1.1" 200 18064 "-" "Mozilla/5.0 (compatible; SemrushBot/7~bl; +http://www.semrush.com/bot.html)"
85.208.96.204 - - [13/Mar/2026:17:48:43 +0300] "GET /?y=2948228713 HTTP/1.1" 200 20243 "-" "Mozilla/5.0 (compatible; SemrushBot/7~bl; +http://www.semrush.com/bot.html)"
185.191.171.8 - - [13/Mar/2026:17:48:46 +0300] "GET /?s=1697025953 HTTP/1.1" 200 18064 "-" "Mozilla/5.0 (compatible; SemrushBot/7~bl; +http://www.semrush.com/bot.html)"
85.208.96.202 - - [13/Mar/2026:17:49:11 +0300] "GET /?s=1697014299 HTTP/1.1" 200 18064 "-" "Mozilla/5.0 (compatible; SemrushBot/7~bl; +http://www.semrush.com/bot.html)"
185.191.171.8 - - [13/Mar/2026:17:49:22 +0300] "GET /?s=1697038210 HTTP/1.1" 200 18063 "-" "Mozilla/5.0 (compatible; SemrushBot/7~bl; +http://www.semrush.com/bot.html)"
85.208.96.202 - - [13/Mar/2026:17:49:51 +0300] "GET /?s=1697055029 HTTP/1.1" 200 18063 "-" "Mozilla/5.0 (compatible; SemrushBot/7~bl; +http://www.semrush.com/bot.html)"
85.208.96.202 - - [13/Mar/2026:17:50:57 +0300] "GET /?s=1697019040 HTTP/1.1" 200 18063 "-" "Mozilla/5.0 (compatible; SemrushBot/7~bl; +http://www.semrush.com/bot.html)"
66.249.73.161 - - [13/Mar/2026:17:51:29 +0300] "GET /item.php?d=2792792987 HTTP/1.1" 200 18607 "-" "Mozilla/5.0 (Linux; Android 6.0.1; Nexus 5X Build/MMB29P) AppleWebKit/537.36 (KHTML, like Gecko) Chrome/145.0.7632.116 Mobile Safari/537.36 (compatible; Googlebot/2.1; +http://www.google.com/bot.html)"
185.191.171.8 - - [13/Mar/2026:17:52:02 +0300] "GET /?s=1697012218 HTTP/1.1" 200 18063 "-" "Mozilla/5.0 (compatible; SemrushBot/7~bl; +http://www.semrush.com/bot.html)"
185.191.171.1 - - [13/Mar/2026:17:45:47 +0300] "GET /?a=3494412530 HTTP/1.1" 200 20245 "-" "Mozilla/5.0 (compatible; SemrushBot/7~bl; +http://www.semrush.com/bot.html)"
185.191.171.6 - - [13/Mar/2026:17:46:00 +0300] "GET /?f=847911069 HTTP/1.1" 200 20242 "-" "Mozilla/5.0 (compatible; SemrushBot/7~bl; +http://www.semrush.com/bot.html)"
52.167.144.192 - - [13/Mar/2026:17:46:04 +0300] "GET /?y=29482169154 HTTP/2" 200 18169 "-" "Mozilla/5.0 AppleWebKit/537.36 (KHTML, like Gecko; compatible; bingbot/2.0; +http://www.bing.com/bingbot.htm) Chrome/116.0.1938.76 Safari/537.36"
85.208.96.211 - - [13/Mar/2026:17:46:13 +0300] "GET /?s=1697035153 HTTP/1.1" 200 18063 "-" "Mozilla/5.0 (compatible; SemrushBot/7~bl; +http://www.semrush.com/bot.html)"
185.191.171.13 - - [13/Mar/2026:17:46:29 +0300] "GET /?s=1697074758 HTTP/1.1" 200 18064 "-" "Mozilla/5.0 (compatible; SemrushBot/7~bl; +http://www.semrush.com/bot.html)"
85.208.96.194 - - [13/Mar/2026:17:47:16 +0300] "GET /?s=1697069374 HTTP/1.1" 200 18063 "-" "Mozilla/5.0 (compatible; SemrushBot/7~bl; +http://www.semrush.com/bot.html)"
185.191.171.5 - - [13/Mar/2026:17:48:14 +0300] "GET /?s=1697082193 HTTP/1.1" 200 18063 "-" "Mozilla/5.0 (compatible; SemrushBot/7~bl; +http://www.semrush.com/bot.html)"
66.249.73.172 - - [13/Mar/2026:17:48:18 +0300] "GET /discover/laurus0711-Porn HTTP/1.1" 200 17728 "-" "Mozilla/5.0 (Linux; Android 6.0.1; Nexus 5X Build/MMB29P) AppleWebKit/537.36 (KHTML, like Gecko) Chrome/145.0.7632.116 Mobile Safari/537.36 (compatible; Googlebot/2.1; +http://www.google.com/bot.html)"
185.191.171.13 - - [13/Mar/2026:17:48:33 +0300] "GET /?s=1697031958 HTTP/1.1" 200 18064 "-" "Mozilla/5.0 (compatible; SemrushBot/7~bl; +http://www.semrush.com/bot.html)"
85.208.96.207 - - [13/Mar/2026:17:49:08 +0300] "GET /?s=1697076562 HTTP/1.1" 200 18063 "-" "Mozilla/5.0 (compatible; SemrushBot/7~bl; +http://www.semrush.com/bot.html)"
85.208.96.203 - - [13/Mar/2026:17:49:13 +0300] "GET /?v=7198994953 HTTP/1.1" 200 20242 "-" "Mozilla/5.0 (compatible; SemrushBot/7~bl; +http://www.semrush.com/bot.html)"
104.234.53.84 - - [13/Mar/2026:17:49:35 +0300] "POST /wp-login.php HTTP/1.1" 200 9853 "-" "Mozilla/5.0"
85.208.96.207 - - [13/Mar/2026:17:49:58 +0300] "GET /?s=1697077589 HTTP/1.1" 200 18064 "-" "Mozilla/5.0 (compatible; SemrushBot/7~bl; +http://www.semrush.com/bot.html)"
85.208.96.196 - - [13/Mar/2026:17:50:28 +0300] "GET /?s=1697033660 HTTP/1.1" 200 18063 "-" "Mozilla/5.0 (compatible; SemrushBot/7~bl; +http://www.semrush.com/bot.html)"
185.191.171.6 - - [13/Mar/2026:17:50:38 +0300] "GET /?y=2948288115 HTTP/1.1" 200 20242 "-" "Mozilla/5.0 (compatible; SemrushBot/7~bl; +http://www.semrush.com/bot.html)"
85.208.96.199 - - [13/Mar/2026:17:50:44 +0300] "GET /?s=1697048250 HTTP/1.1" 200 18063 "-" "Mozilla/5.0 (compatible; SemrushBot/7~bl; +http://www.semrush.com/bot.html)"
102.212.247.146 - - [13/Mar/2026:17:50:51 +0300] "POST /wp-cron.php?doing_wp_cron=1773413451.0425970554351806640625 HTTP/1.1" 200 0 "-" "WordPress/6.9.4; https://rafikisprings.co.uk"
85.208.96.193 - - [13/Mar/2026:17:50:49 +0300] "GET /?s=1697084211 HTTP/1.1" 200 18063 "-" "Mozilla/5.0 (compatible; SemrushBot/7~bl; +http://www.semrush.com/bot.html)"
102.212.247.146 - - [13/Mar/2026:17:51:54 +0300] "POST /wp-cron.php?doing_wp_cron=1773413514.5568170547485351562500 HTTP/1.1" 200 0 "-" "WordPress/6.9.4; https://rafikisprings.co.uk"
185.191.171.1 - - [13/Mar/2026:17:45:41 +0300] "GET /?y=2948249304 HTTP/1.1" 200 20242 "-" "Mozilla/5.0 (compatible; SemrushBot/7~bl; +http://www.semrush.com/bot.html)"
85.208.96.195 - - [13/Mar/2026:17:46:23 +0300] "GET /?s=1697066093 HTTP/1.1" 200 18064 "-" "Mozilla/5.0 (compatible; SemrushBot/7~bl; +http://www.semrush.com/bot.html)"
185.191.171.18 - - [13/Mar/2026:17:47:34 +0300] "GET /?y=2948292692 HTTP/1.1" 200 20242 "-" "Mozilla/5.0 (compatible; SemrushBot/7~bl; +http://www.semrush.com/bot.html)"
185.191.171.16 - - [13/Mar/2026:17:47:48 +0300] "GET /?s=1697045116 HTTP/1.1" 200 18063 "-" "Mozilla/5.0 (compatible; SemrushBot/7~bl; +http://www.semrush.com/bot.html)"
185.191.171.5 - - [13/Mar/2026:17:48:17 +0300] "GET /?s=1697026319 HTTP/1.1" 200 18063 "-" "Mozilla/5.0 (compatible; SemrushBot/7~bl; +http://www.semrush.com/bot.html)"
85.208.96.199 - - [13/Mar/2026:17:48:50 +0300] "GET /?s=1697013028 HTTP/1.1" 200 18063 "-" "Mozilla/5.0 (compatible; SemrushBot/7~bl; +http://www.semrush.com/bot.html)"
85.208.96.195 - - [13/Mar/2026:17:49:19 +0300] "GET /?s=1697081597 HTTP/1.1" 200 18064 "-" "Mozilla/5.0 (compatible; SemrushBot/7~bl; +http://www.semrush.com/bot.html)"
185.191.171.11 - - [13/Mar/2026:17:49:26 +0300] "GET /?s=1697034661 HTTP/1.1" 200 18063 "-" "Mozilla/5.0 (compatible; SemrushBot/7~bl; +http://www.semrush.com/bot.html)"
85.208.96.205 - - [13/Mar/2026:17:50:08 +0300] "GET /?s=1697040726 HTTP/1.1" 200 18062 "-" "Mozilla/5.0 (compatible; SemrushBot/7~bl; +http://www.semrush.com/bot.html)"
185.191.171.2 - - [13/Mar/2026:17:50:11 +0300] "GET /?s=1697027347 HTTP/1.1" 200 18063 "-" "Mozilla/5.0 (compatible; SemrushBot/7~bl; +http://www.semrush.com/bot.html)"
85.208.96.205 - - [13/Mar/2026:17:50:17 +0300] "GET /?a=3494410904 HTTP/1.1" 200 20242 "-" "Mozilla/5.0 (compatible; SemrushBot/7~bl; +http://www.semrush.com/bot.html)"
85.208.96.205 - - [13/Mar/2026:17:50:52 +0300] "GET /?v=7198950607 HTTP/1.1" 200 20242 "-" "Mozilla/5.0 (compatible; SemrushBot/7~bl; +http://www.semrush.com/bot.html)"
85.208.96.207 - - [13/Mar/2026:17:51:56 +0300] "GET /?s=1697082953 HTTP/1.1" 200 18064 "-" "Mozilla/5.0 (compatible; SemrushBot/7~bl; +http://www.semrush.com/bot.html)"
185.191.171.5 - - [13/Mar/2026:17:52:16 +0300] "GET /?s=1697053534 HTTP/1.1" 200 18064 "-" "Mozilla/5.0 (compatible; SemrushBot/7~bl; +http://www.semrush.com/bot.html)"
185.191.171.11 - - [13/Mar/2026:17:45:33 +0300] "GET /?s=1697027373 HTTP/1.1" 200 18063 "-" "Mozilla/5.0 (compatible; SemrushBot/7~bl; +http://www.semrush.com/bot.html)"
85.208.96.202 - - [13/Mar/2026:17:45:38 +0300] "GET /?s=1697073212 HTTP/1.1" 200 18063 "-" "Mozilla/5.0 (compatible; SemrushBot/7~bl; +http://www.semrush.com/bot.html)"
85.208.96.199 - - [13/Mar/2026:17:45:44 +0300] "GET /?v=7198981608 HTTP/1.1" 200 20242 "-" "Mozilla/5.0 (compatible; SemrushBot/7~bl; +http://www.semrush.com/bot.html)"
85.208.96.198 - - [13/Mar/2026:17:46:07 +0300] "GET /?a=3494415607 HTTP/1.1" 200 20244 "-" "Mozilla/5.0 (compatible; SemrushBot/7~bl; +http://www.semrush.com/bot.html)"
185.191.171.18 - - [13/Mar/2026:17:46:38 +0300] "GET /?v=7198950069 HTTP/1.1" 200 20243 "-" "Mozilla/5.0 (compatible; SemrushBot/7~bl; +http://www.semrush.com/bot.html)"
185.191.171.1 - - [13/Mar/2026:17:46:41 +0300] "GET /?s=1697035326 HTTP/1.1" 200 18063 "-" "Mozilla/5.0 (compatible; SemrushBot/7~bl; +http://www.semrush.com/bot.html)"
85.208.96.201 - - [13/Mar/2026:17:46:45 +0300] "GET /?y=2948223373 HTTP/1.1" 200 20243 "-" "Mozilla/5.0 (compatible; SemrushBot/7~bl; +http://www.semrush.com/bot.html)"
102.212.247.146 - - [13/Mar/2026:17:46:50 +0300] "POST /wp-cron.php?doing_wp_cron=1773413210.2522900104522705078125 HTTP/1.1" 200 0 "-" "WordPress/6.9.4; https://rafikisprings.co.uk"
185.191.171.4 - - [13/Mar/2026:17:46:54 +0300] "GET /?s=1697089744 HTTP/1.1" 200 18064 "-" "Mozilla/5.0 (compatible; SemrushBot/7~bl; +http://www.semrush.com/bot.html)"
85.208.96.198 - - [13/Mar/2026:17:47:19 +0300] "GET /?s=1697017163 HTTP/1.1" 200 18063 "-" "Mozilla/5.0 (compatible; SemrushBot/7~bl; +http://www.semrush.com/bot.html)"
185.191.171.16 - - [13/Mar/2026:17:47:22 +0300] "GET /?v=7198932568 HTTP/1.1" 200 20243 "-" "Mozilla/5.0 (compatible; SemrushBot/7~bl; +http://www.semrush.com/bot.html)"
185.191.171.18 - - [13/Mar/2026:17:47:25 +0300] "GET /?s=1697045330 HTTP/1.1" 200 18063 "-" "Mozilla/5.0 (compatible; SemrushBot/7~bl; +http://www.semrush.com/bot.html)"
85.208.96.199 - - [13/Mar/2026:17:47:51 +0300] "GET /?s=1697045031 HTTP/1.1" 200 18063 "-" "Mozilla/5.0 (compatible; SemrushBot/7~bl; +http://www.semrush.com/bot.html)"
85.208.96.208 - - [13/Mar/2026:17:48:23 +0300] "GET /?y=2948231757 HTTP/1.1" 200 20243 "-" "Mozilla/5.0 (compatible; SemrushBot/7~bl; +http://www.semrush.com/bot.html)"
102.212.247.146 - - [13/Mar/2026:17:48:51 +0300] "POST /wp-cron.php?doing_wp_cron=1773413331.1988499164581298828125 HTTP/1.1" 200 0 "-" "WordPress/6.9.4; https://rafikisprings.co.uk"
85.208.96.203 - - [13/Mar/2026:17:49:16 +0300] "GET /?y=2948278859 HTTP/1.1" 200 20241 "-" "Mozilla/5.0 (compatible; SemrushBot/7~bl; +http://www.semrush.com/bot.html)"
85.208.96.195 - - [13/Mar/2026:17:49:36 +0300] "GET /?a=3494412490 HTTP/1.1" 200 20242 "-" "Mozilla/5.0 (compatible; SemrushBot/7~bl; +http://www.semrush.com/bot.html)"
185.191.171.8 - - [13/Mar/2026:17:49:43 +0300] "GET /?s=1697077647 HTTP/1.1" 200 18064 "-" "Mozilla/5.0 (compatible; SemrushBot/7~bl; +http://www.semrush.com/bot.html)"
185.191.171.9 - - [13/Mar/2026:17:50:14 +0300] "GET /?l=403119528 HTTP/1.1" 200 20243 "-" "Mozilla/5.0 (compatible; SemrushBot/7~bl; +http://www.semrush.com/bot.html)"
85.208.96.199 - - [13/Mar/2026:17:50:31 +0300] "GET /?y=2948278718 HTTP/1.1" 200 20243 "-" "Mozilla/5.0 (compatible; SemrushBot/7~bl; +http://www.semrush.com/bot.html)"
185.191.171.6 - - [13/Mar/2026:17:50:41 +0300] "GET /?s=1697032137 HTTP/1.1" 200 18063 "-" "Mozilla/5.0 (compatible; SemrushBot/7~bl; +http://www.semrush.com/bot.html)"
85.208.96.211 - - [13/Mar/2026:17:46:48 +0300] "GET /?s=1697033752 HTTP/1.1" 200 18062 "-" "Mozilla/5.0 (compatible; SemrushBot/7~bl; +http://www.semrush.com/bot.html)"
85.208.96.199 - - [13/Mar/2026:17:46:58 +0300] "GET /?s=1697044494 HTTP/1.1" 200 18064 "-" "Mozilla/5.0 (compatible; SemrushBot/7~bl; +http://www.semrush.com/bot.html)"
185.191.171.8 - - [13/Mar/2026:17:47:28 +0300] "GET /?r=804611386 HTTP/1.1" 200 20242 "-" "Mozilla/5.0 (compatible; SemrushBot/7~bl; +http://www.semrush.com/bot.html)"
85.208.96.208 - - [13/Mar/2026:17:47:37 +0300] "GET /?s=1697034832 HTTP/1.1" 200 18063 "-" "Mozilla/5.0 (compatible; SemrushBot/7~bl; +http://www.semrush.com/bot.html)"
185.191.171.13 - - [13/Mar/2026:17:47:40 +0300] "GET /?s=1697039650 HTTP/1.1" 200 18064 "-" "Mozilla/5.0 (compatible; SemrushBot/7~bl; +http://www.semrush.com/bot.html)"
85.208.96.196 - - [13/Mar/2026:17:48:52 +0300] "GET /?y=2948267670 HTTP/1.1" 200 20243 "-" "Mozilla/5.0 (compatible; SemrushBot/7~bl; +http://www.semrush.com/bot.html)"
102.212.247.146 - - [13/Mar/2026:17:50:12 +0300] "POST /wp-cron.php?doing_wp_cron=1773413412.8698940277099609375000 HTTP/1.1" 200 0 "-" "WordPress/6.9.4; https://rafikisprings.co.uk"
185.191.171.2 - - [13/Mar/2026:17:50:46 +0300] "GET /?s=1697044888 HTTP/1.1" 200 18064 "-" "Mozilla/5.0 (compatible; SemrushBot/7~bl; +http://www.semrush.com/bot.html)"
185.191.171.9 - - [13/Mar/2026:17:51:03 +0300] "GET /?s=1697032861 HTTP/1.1" 200 18063 "-" "Mozilla/5.0 (compatible; SemrushBot/7~bl; +http://www.semrush.com/bot.html)"
185.191.171.4 - - [13/Mar/2026:17:46:03 +0300] "GET /?s=1697022361 HTTP/1.1" 200 18063 "-" "Mozilla/5.0 (compatible; SemrushBot/7~bl; +http://www.semrush.com/bot.html)"
185.191.171.2 - - [13/Mar/2026:17:46:10 +0300] "GET /?l=403115332 HTTP/1.1" 200 20243 "-" "Mozilla/5.0 (compatible; SemrushBot/7~bl; +http://www.semrush.com/bot.html)"
185.191.171.2 - - [13/Mar/2026:17:46:32 +0300] "GET /?s=1697025703 HTTP/1.1" 200 18063 "-" "Mozilla/5.0 (compatible; SemrushBot/7~bl; +http://www.semrush.com/bot.html)"
185.191.171.8 - - [13/Mar/2026:17:47:05 +0300] "GET /?y=2948229439 HTTP/1.1" 200 20243 "-" "Mozilla/5.0 (compatible; SemrushBot/7~bl; +http://www.semrush.com/bot.html)"
185.191.171.13 - - [13/Mar/2026:17:47:11 +0300] "GET /?s=1697059876 HTTP/1.1" 200 18064 "-" "Mozilla/5.0 (compatible; SemrushBot/7~bl; +http://www.semrush.com/bot.html)"
185.191.171.8 - - [13/Mar/2026:17:48:20 +0300] "GET /?r=363398544 HTTP/1.1" 200 20242 "-" "Mozilla/5.0 (compatible; SemrushBot/7~bl; +http://www.semrush.com/bot.html)"
185.191.171.6 - - [13/Mar/2026:17:48:38 +0300] "GET /?s=1697089091 HTTP/1.1" 200 18064 "-" "Mozilla/5.0 (compatible; SemrushBot/7~bl; +http://www.semrush.com/bot.html)"
185.191.171.8 - - [13/Mar/2026:17:48:55 +0300] "GET /?y=2948271984 HTTP/1.1" 200 20243 "-" "Mozilla/5.0 (compatible; SemrushBot/7~bl; +http://www.semrush.com/bot.html)"
85.208.96.196 - - [13/Mar/2026:17:49:01 +0300] "GET /?s=1697060286 HTTP/1.1" 200 18063 "-" "Mozilla/5.0 (compatible; SemrushBot/7~bl; +http://www.semrush.com/bot.html)"
185.191.171.18 - - [13/Mar/2026:17:49:39 +0300] "GET /?v=7198952765 HTTP/1.1" 200 20242 "-" "Mozilla/5.0 (compatible; SemrushBot/7~bl; +http://www.semrush.com/bot.html)"
85.208.96.193 - - [13/Mar/2026:17:49:47 +0300] "GET /?y=2948251712 HTTP/1.1" 200 20242 "-" "Mozilla/5.0 (compatible; SemrushBot/7~bl; +http://www.semrush.com/bot.html)"
85.208.96.205 - - [13/Mar/2026:17:49:55 +0300] "GET /?s=1697036047 HTTP/1.1" 200 18063 "-" "Mozilla/5.0 (compatible; SemrushBot/7~bl; +http://www.semrush.com/bot.html)"
85.208.96.210 - - [13/Mar/2026:17:50:02 +0300] "GET /?s=1697019511 HTTP/1.1" 200 18063 "-" "Mozilla/5.0 (compatible; SemrushBot/7~bl; +http://www.semrush.com/bot.html)"
85.208.96.205 - - [13/Mar/2026:17:50:20 +0300] "GET /?r=8046199699 HTTP/1.1" 200 20242 "-" "Mozilla/5.0 (compatible; SemrushBot/7~bl; +http://www.semrush.com/bot.html)"
85.208.96.204 - - [13/Mar/2026:17:50:23 +0300] "GET /?s=1697058985 HTTP/1.1" 200 18064 "-" "Mozilla/5.0 (compatible; SemrushBot/7~bl; +http://www.semrush.com/bot.html)"
85.208.96.205 - - [13/Mar/2026:17:50:25 +0300] "GET /?y=2948246940 HTTP/1.1" 200 20243 "-" "Mozilla/5.0 (compatible; SemrushBot/7~bl; +http://www.semrush.com/bot.html)"
85.208.96.206 - - [13/Mar/2026:17:51:53 +0300] "GET /?s=1697041030 HTTP/1.1" 200 18063 "-" "Mozilla/5.0 (compatible; SemrushBot/7~bl; +http://www.semrush.com/bot.html)"
185.191.171.18 - - [13/Mar/2026:17:52:59 +0300] "GET /?s=1697061669 HTTP/1.1" 200 18064 "-" "Mozilla/5.0 (compatible; SemrushBot/7~bl; +http://www.semrush.com/bot.html)"
185.191.171.6 - - [13/Mar/2026:17:53:17 +0300] "GET /?s=1697096671 HTTP/1.1" 200 18064 "-" "Mozilla/5.0 (compatible; SemrushBot/7~bl; +http://www.semrush.com/bot.html)"
102.212.247.146 - - [13/Mar/2026:17:53:50 +0300] "POST /wp-cron.php?doing_wp_cron=1773413630.0825428962707519531250 HTTP/1.1" 200 0 "-" "WordPress/6.9.4; https://rafikisprings.co.uk"
185.191.171.5 - - [13/Mar/2026:17:53:48 +0300] "GET /?v=7198910071 HTTP/1.1" 200 20241 "-" "Mozilla/5.0 (compatible; SemrushBot/7~bl; +http://www.semrush.com/bot.html)"
66.249.73.161 - - [13/Mar/2026:17:54:21 +0300] "GET /hiroshi.php?shop/shuffleboard/coagulose38610366957.html HTTP/1.1" 200 18597 "-" "Mozilla/5.0 (Linux; Android 6.0.1; Nexus 5X Build/MMB29P) AppleWebKit/537.36 (KHTML, like Gecko) Chrome/145.0.7632.116 Mobile Safari/537.36 (compatible; Googlebot/2.1; +http://www.google.com/bot.html)"
102.212.247.146 - - [13/Mar/2026:17:54:54 +0300] "POST /wp-cron.php?doing_wp_cron=1773413694.2042500972747802734375 HTTP/1.1" 200 0 "-" "WordPress/6.9.4; https://rafikisprings.co.uk"
104.234.53.79 - - [13/Mar/2026:17:55:27 +0300] "POST /wp-login.php HTTP/1.1" 200 9849 "-" "Mozilla/5.0"
102.212.247.146 - - [13/Mar/2026:17:56:04 +0300] "POST /wp-cron.php?doing_wp_cron=1773413764.2108340263366699218750 HTTP/1.1" 200 0 "-" "WordPress/6.9.4; https://rafikisprings.co.uk"
185.191.171.16 - - [13/Mar/2026:17:56:59 +0300] "GET /?s=1697031019 HTTP/1.1" 200 18063 "-" "Mozilla/5.0 (compatible; SemrushBot/7~bl; +http://www.semrush.com/bot.html)"
102.212.247.146 - - [13/Mar/2026:17:57:58 +0300] "POST /wp-cron.php?doing_wp_cron=1773413878.1307039260864257812500 HTTP/1.1" 200 0 "-" "WordPress/6.9.4; https://rafikisprings.co.uk"
85.208.96.209 - - [13/Mar/2026:17:57:55 +0300] "GET /?s=1697081721 HTTP/1.1" 200 18063 "-" "Mozilla/5.0 (compatible; SemrushBot/7~bl; +http://www.semrush.com/bot.html)"
66.249.73.172 - - [13/Mar/2026:17:58:31 +0300] "GET /?r=122995732 HTTP/1.1" 200 17693 "-" "Mozilla/5.0 (Linux; Android 6.0.1; Nexus 5X Build/MMB29P) AppleWebKit/537.36 (KHTML, like Gecko) Chrome/145.0.7632.116 Mobile Safari/537.36 (compatible; GoogleOther)"
52.167.144.186 - - [13/Mar/2026:17:58:44 +0300] "GET /?m=3945454888 HTTP/2" 200 18875 "-" "Mozilla/5.0 AppleWebKit/537.36 (KHTML, like Gecko; compatible; bingbot/2.0; +http://www.bing.com/bingbot.htm) Chrome/116.0.1938.76 Safari/537.36"
66.249.73.160 - - [13/Mar/2026:17:59:06 +0300] "GET /?r=6159454 HTTP/1.1" 200 16472 "-" "Mozilla/5.0 (Linux; Android 6.0.1; Nexus 5X Build/MMB29P) AppleWebKit/537.36 (KHTML, like Gecko) Chrome/145.0.7632.116 Mobile Safari/537.36 (compatible; GoogleOther)"
102.212.247.146 - - [13/Mar/2026:18:00:54 +0300] "POST /wp-cron.php?doing_wp_cron=1773414054.5560870170593261718750 HTTP/1.1" 200 0 "-" "WordPress/6.9.4; https://rafikisprings.co.uk"
185.191.171.10 - - [13/Mar/2026:18:01:01 +0300] "GET /?s=1697064860 HTTP/1.1" 200 18063 "-" "Mozilla/5.0 (compatible; SemrushBot/7~bl; +http://www.semrush.com/bot.html)"
104.234.53.90 - - [13/Mar/2026:18:01:13 +0300] "POST /wp-login.php HTTP/1.1" 200 9849 "-" "Mozilla/5.0"
104.234.53.89 - - [13/Mar/2026:18:01:13 +0300] "POST /wp-login.php HTTP/1.1" 200 9853 "-" "Mozilla/5.0"
66.249.73.172 - - [13/Mar/2026:18:01:42 +0300] "GET /?r=201899432 HTTP/1.1" 200 18514 "-" "Mozilla/5.0 (Linux; Android 6.0.1; Nexus 5X Build/MMB29P) AppleWebKit/537.36 (KHTML, like Gecko) Chrome/145.0.7632.116 Mobile Safari/537.36 (compatible; GoogleOther)"
85.208.96.202 - - [13/Mar/2026:18:02:42 +0300] "GET /?y=2948276422 HTTP/1.1" 200 20244 "-" "Mozilla/5.0 (compatible; SemrushBot/7~bl; +http://www.semrush.com/bot.html)"
102.212.247.146 - - [13/Mar/2026:18:03:22 +0300] "POST /wp-cron.php?doing_wp_cron=1773414202.5311429500579833984375 HTTP/1.1" 200 0 "-" "WordPress/6.9.4; https://rafikisprings.co.uk"
185.191.171.15 - - [13/Mar/2026:17:52:51 +0300] "GET /?s=1697080719 HTTP/1.1" 200 18063 "-" "Mozilla/5.0 (compatible; SemrushBot/7~bl; +http://www.semrush.com/bot.html)"
185.191.171.17 - - [13/Mar/2026:17:53:02 +0300] "GET /?y=2948250420 HTTP/1.1" 200 20242 "-" "Mozilla/5.0 (compatible; SemrushBot/7~bl; +http://www.semrush.com/bot.html)"
85.208.96.199 - - [13/Mar/2026:17:54:20 +0300] "GET /?s=1697034744 HTTP/1.1" 200 18064 "-" "Mozilla/5.0 (compatible; SemrushBot/7~bl; +http://www.semrush.com/bot.html)"
85.208.96.198 - - [13/Mar/2026:17:54:52 +0300] "GET /?s=1697012961 HTTP/1.1" 200 18063 "-" "Mozilla/5.0 (compatible; SemrushBot/7~bl; +http://www.semrush.com/bot.html)"
104.234.53.52 - - [13/Mar/2026:17:55:26 +0300] "POST /wp-login.php HTTP/1.1" 200 9853 "-" "Mozilla/5.0"
66.249.73.172 - - [13/Mar/2026:17:55:55 +0300] "GET /?r=368285432 HTTP/1.1" 200 18889 "-" "Mozilla/5.0 (Linux; Android 6.0.1; Nexus 5X Build/MMB29P) AppleWebKit/537.36 (KHTML, like Gecko) Chrome/145.0.7632.116 Mobile Safari/537.36 (compatible; GoogleOther)"
185.191.171.17 - - [13/Mar/2026:17:56:35 +0300] "GET /?s=1697038963 HTTP/1.1" 200 18064 "-" "Mozilla/5.0 (compatible; SemrushBot/7~bl; +http://www.semrush.com/bot.html)"
66.249.73.160 - - [13/Mar/2026:17:57:27 +0300] "GET /_next/static/media/youtubeIcon.41f0f8eb.svg HTTP/1.1" 200 18503 "https://rafikisprings.co.uk/?r=179355632" "Mozilla/5.0 (Linux; Android 6.0.1; Nexus 5X Build/MMB29P) AppleWebKit/537.36 (KHTML, like Gecko) Chrome/145.0.7632.116 Mobile Safari/537.36 (compatible; GoogleOther)"
66.249.73.161 - - [13/Mar/2026:17:58:11 +0300] "GET /?r=95078254 HTTP/1.1" 200 17001 "-" "Mozilla/5.0 (Linux; Android 6.0.1; Nexus 5X Build/MMB29P) AppleWebKit/537.36 (KHTML, like Gecko) Chrome/145.0.7632.116 Mobile Safari/537.36 (compatible; GoogleOther)"
40.77.167.63 - - [13/Mar/2026:17:58:24 +0300] "GET /?y=29482178768 HTTP/2" 200 18878 "-" "Mozilla/5.0 AppleWebKit/537.36 (KHTML, like Gecko; compatible; bingbot/2.0; +http://www.bing.com/bingbot.htm) Chrome/116.0.1938.76 Safari/537.36"
66.249.73.172 - - [13/Mar/2026:18:00:02 +0300] "GET /?r=845532 HTTP/1.1" 200 18447 "-" "Mozilla/5.0 (Linux; Android 6.0.1; Nexus 5X Build/MMB29P) AppleWebKit/537.36 (KHTML, like Gecko) Chrome/145.0.7632.116 Mobile Safari/537.36 (compatible; GoogleOther)"
85.208.96.202 - - [13/Mar/2026:18:02:26 +0300] "GET /?f=84791972 HTTP/1.1" 200 20243 "-" "Mozilla/5.0 (compatible; SemrushBot/7~bl; +http://www.semrush.com/bot.html)"
85.208.96.211 - - [13/Mar/2026:18:02:37 +0300] "GET /?r=3633924416 HTTP/1.1" 200 20242 "-" "Mozilla/5.0 (compatible; SemrushBot/7~bl; +http://www.semrush.com/bot.html)"
66.249.73.161 - - [13/Mar/2026:18:04:04 +0300] "GET /item.php?shop/mehta/militiamen15178264902.html HTTP/1.1" 200 18775 "-" "Mozilla/5.0 (Linux; Android 6.0.1; Nexus 5X Build/MMB29P) AppleWebKit/537.36 (KHTML, like Gecko) Chrome/145.0.7632.116 Mobile Safari/537.36 (compatible; Googlebot/2.1; +http://www.google.com/bot.html)"
85.208.96.204 - - [13/Mar/2026:18:04:14 +0300] "GET /?v=7198955612 HTTP/1.1" 200 20243 "-" "Mozilla/5.0 (compatible; SemrushBot/7~bl; +http://www.semrush.com/bot.html)"
185.191.171.12 - - [13/Mar/2026:18:04:19 +0300] "GET /?s=1697031391 HTTP/1.1" 200 18063 "-" "Mozilla/5.0 (compatible; SemrushBot/7~bl; +http://www.semrush.com/bot.html)"
185.191.171.11 - - [13/Mar/2026:18:04:37 +0300] "GET /?v=7198950615 HTTP/1.1" 200 20245 "-" "Mozilla/5.0 (compatible; SemrushBot/7~bl; +http://www.semrush.com/bot.html)"
185.191.171.13 - - [13/Mar/2026:18:04:59 +0300] "GET /?s=1697045743 HTTP/1.1" 200 18064 "-" "Mozilla/5.0 (compatible; SemrushBot/7~bl; +http://www.semrush.com/bot.html)"
52.167.144.19 - - [13/Mar/2026:18:05:24 +0300] "GET /?r=8046180745 HTTP/2" 200 17225 "-" "Mozilla/5.0 AppleWebKit/537.36 (KHTML, like Gecko; compatible; bingbot/2.0; +http://www.bing.com/bingbot.htm) Chrome/116.0.1938.76 Safari/537.36"
85.208.96.198 - - [13/Mar/2026:18:06:46 +0300] "GET /?s=1697039095 HTTP/1.1" 200 18064 "-" "Mozilla/5.0 (compatible; SemrushBot/7~bl; +http://www.semrush.com/bot.html)"
102.212.247.146 - - [13/Mar/2026:17:52:49 +0300] "POST /wp-cron.php?doing_wp_cron=1773413569.5233919620513916015625 HTTP/1.1" 200 0 "-" "WordPress/6.9.4; https://rafikisprings.co.uk"
185.191.171.14 - - [13/Mar/2026:17:54:04 +0300] "GET /?s=1697032011 HTTP/1.1" 200 18063 "-" "Mozilla/5.0 (compatible; SemrushBot/7~bl; +http://www.semrush.com/bot.html)"
85.208.96.207 - - [13/Mar/2026:17:56:25 +0300] "GET /?s=1697052751 HTTP/1.1" 200 18063 "-" "Mozilla/5.0 (compatible; SemrushBot/7~bl; +http://www.semrush.com/bot.html)"
52.167.144.206 - - [13/Mar/2026:17:58:28 +0300] "GET /?r=80461226549 HTTP/2" 200 17227 "-" "Mozilla/5.0 AppleWebKit/537.36 (KHTML, like Gecko; compatible; bingbot/2.0; +http://www.bing.com/bingbot.htm) Chrome/116.0.1938.76 Safari/537.36"
66.249.73.172 - - [13/Mar/2026:18:00:46 +0300] "GET /?r=378950432 HTTP/1.1" 200 19007 "-" "Mozilla/5.0 (Linux; Android 6.0.1; Nexus 5X Build/MMB29P) AppleWebKit/537.36 (KHTML, like Gecko) Chrome/145.0.7632.116 Mobile Safari/537.36 (compatible; GoogleOther)"
66.249.73.160 - - [13/Mar/2026:18:01:10 +0300] "GET /?r=258273232 HTTP/1.1" 200 18194 "-" "Mozilla/5.0 (Linux; Android 6.0.1; Nexus 5X Build/MMB29P) AppleWebKit/537.36 (KHTML, like Gecko) Chrome/145.0.7632.116 Mobile Safari/537.36 (compatible; GoogleOther)"
66.249.73.160 - - [13/Mar/2026:18:01:25 +0300] "GET /?r=4127356 HTTP/1.1" 200 16463 "-" "Mozilla/5.0 (Linux; Android 6.0.1; Nexus 5X Build/MMB29P) AppleWebKit/537.36 (KHTML, like Gecko) Chrome/145.0.7632.116 Mobile Safari/537.36 (compatible; GoogleOther)"
185.191.171.13 - - [13/Mar/2026:18:04:44 +0300] "GET /?s=1697056745 HTTP/1.1" 200 18064 "-" "Mozilla/5.0 (compatible; SemrushBot/7~bl; +http://www.semrush.com/bot.html)"
85.208.96.202 - - [13/Mar/2026:18:05:09 +0300] "GET /?s=1697020413 HTTP/1.1" 200 18063 "-" "Mozilla/5.0 (compatible; SemrushBot/7~bl; +http://www.semrush.com/bot.html)"
185.191.171.3 - - [13/Mar/2026:18:05:28 +0300] "GET /?s=1697024604 HTTP/1.1" 200 18063 "-" "Mozilla/5.0 (compatible; SemrushBot/7~bl; +http://www.semrush.com/bot.html)"
66.249.73.160 - - [13/Mar/2026:18:06:21 +0300] "GET /?r=4926354 HTTP/1.1" 200 16642 "-" "Mozilla/5.0 (Linux; Android 6.0.1; Nexus 5X Build/MMB29P) AppleWebKit/537.36 (KHTML, like Gecko) Chrome/145.0.7632.116 Mobile Safari/537.36 (compatible; GoogleOther)"
66.249.73.172 - - [13/Mar/2026:18:07:02 +0300] "GET /?r=222967132 HTTP/1.1" 200 18891 "-" "Mozilla/5.0 (Linux; Android 6.0.1; Nexus 5X Build/MMB29P) AppleWebKit/537.36 (KHTML, like Gecko) Chrome/145.0.7632.116 Mobile Safari/537.36 (compatible; GoogleOther)"
104.234.53.92 - - [13/Mar/2026:18:07:06 +0300] "POST /wp-login.php HTTP/1.1" 200 9853 "-" "Mozilla/5.0"
20.212.60.43 - - [13/Mar/2026:18:07:37 +0300] "GET /ioxi-o.php HTTP/1.1" 404 15460 "-" "Mozilla/5.0 (Windows NT 10.0; Win64; x64) AppleWebKit/537.36 (KHTML, like Gecko) Chrome/120.0.0.0 Safari/537.36"
185.191.171.14 - - [13/Mar/2026:18:07:38 +0300] "GET /?y=2948292921 HTTP/1.1" 200 20242 "-" "Mozilla/5.0 (compatible; SemrushBot/7~bl; +http://www.semrush.com/bot.html)"
20.212.60.43 - - [13/Mar/2026:18:07:41 +0300] "GET /0x.php HTTP/1.1" 404 15460 "-" "Mozilla/5.0 (Windows NT 10.0; Win64; x64) AppleWebKit/537.36 (KHTML, like Gecko) Chrome/120.0.0.0 Safari/537.36"
20.212.60.43 - - [13/Mar/2026:18:07:44 +0300] "GET /222.php HTTP/1.1" 404 15460 "-" "Mozilla/5.0 (Windows NT 10.0; Win64; x64) AppleWebKit/537.36 (KHTML, like Gecko) Chrome/120.0.0.0 Safari/537.36"
20.212.60.43 - - [13/Mar/2026:18:07:47 +0300] "GET /aa.php HTTP/1.1" 404 15460 "-" "Mozilla/5.0 (Windows NT 10.0; Win64; x64) AppleWebKit/537.36 (KHTML, like Gecko) Chrome/120.0.0.0 Safari/537.36"
20.212.60.43 - - [13/Mar/2026:18:07:50 +0300] "GET /abcd.php HTTP/1.1" 404 15460 "-" "Mozilla/5.0 (Windows NT 10.0; Win64; x64) AppleWebKit/537.36 (KHTML, like Gecko) Chrome/120.0.0.0 Safari/537.36"
20.212.60.43 - - [13/Mar/2026:18:07:54 +0300] "GET /admin.php HTTP/1.1" 404 15460 "-" "Mozilla/5.0 (Windows NT 10.0; Win64; x64) AppleWebKit/537.36 (KHTML, like Gecko) Chrome/120.0.0.0 Safari/537.36"
20.212.60.43 - - [13/Mar/2026:18:07:56 +0300] "GET /admin/controller/extension/extension/ HTTP/1.1" 404 15482 "-" "Mozilla/5.0 (Windows NT 10.0; Win64; x64) AppleWebKit/537.36 (KHTML, like Gecko) Chrome/120.0.0.0 Safari/537.36"
20.212.60.43 - - [13/Mar/2026:18:07:58 +0300] "GET /adminfuns.php HTTP/1.1" 404 15460 "-" "Mozilla/5.0 (Windows NT 10.0; Win64; x64) AppleWebKit/537.36 (KHTML, like Gecko) Chrome/120.0.0.0 Safari/537.36"
20.212.60.43 - - [13/Mar/2026:18:08:01 +0300] "GET /akc.php HTTP/1.1" 404 15458 "-" "Mozilla/5.0 (Windows NT 10.0; Win64; x64) AppleWebKit/537.36 (KHTML, like Gecko) Chrome/120.0.0.0 Safari/537.36"
20.212.60.43 - - [13/Mar/2026:18:08:04 +0300] "GET /buy.php HTTP/1.1" 404 15458 "-" "Mozilla/5.0 (Windows NT 10.0; Win64; x64) AppleWebKit/537.36 (KHTML, like Gecko) Chrome/120.0.0.0 Safari/537.36"
20.212.60.43 - - [13/Mar/2026:18:08:06 +0300] "GET /cong.php HTTP/1.1" 404 15460 "-" "Mozilla/5.0 (Windows NT 10.0; Win64; x64) AppleWebKit/537.36 (KHTML, like Gecko) Chrome/120.0.0.0 Safari/537.36"
20.212.60.43 - - [13/Mar/2026:18:08:08 +0300] "GET /css/classwithtostring.php HTTP/1.1" 404 796 "-" "Mozilla/5.0 (Windows NT 10.0; Win64; x64) AppleWebKit/537.36 (KHTML, like Gecko) Chrome/120.0.0.0 Safari/537.36"
20.212.60.43 - - [13/Mar/2026:18:08:09 +0300] "GET /db.php HTTP/1.1" 404 15460 "-" "Mozilla/5.0 (Windows NT 10.0; Win64; x64) AppleWebKit/537.36 (KHTML, like Gecko) Chrome/120.0.0.0 Safari/537.36"
20.212.60.43 - - [13/Mar/2026:18:08:11 +0300] "GET /dropdown.php HTTP/1.1" 404 15458 "-" "Mozilla/5.0 (Windows NT 10.0; Win64; x64) AppleWebKit/537.36 (KHTML, like Gecko) Chrome/120.0.0.0 Safari/537.36"
20.212.60.43 - - [13/Mar/2026:18:08:15 +0300] "GET /file.php HTTP/1.1" 404 15460 "-" "Mozilla/5.0 (Windows NT 10.0; Win64; x64) AppleWebKit/537.36 (KHTML, like Gecko) Chrome/120.0.0.0 Safari/537.36"
20.212.60.43 - - [13/Mar/2026:18:08:18 +0300] "GET /goods.php HTTP/1.1" 404 15460 "-" "Mozilla/5.0 (Windows NT 10.0; Win64; x64) AppleWebKit/537.36 (KHTML, like Gecko) Chrome/120.0.0.0 Safari/537.36"
20.212.60.43 - - [13/Mar/2026:18:08:23 +0300] "GET /hplfuns.php HTTP/1.1" 404 15460 "-" "Mozilla/5.0 (Windows NT 10.0; Win64; x64) AppleWebKit/537.36 (KHTML, like Gecko) Chrome/120.0.0.0 Safari/537.36"
20.212.60.43 - - [13/Mar/2026:18:08:26 +0300] "GET /htaccess.php HTTP/1.1" 404 15458 "-" "Mozilla/5.0 (Windows NT 10.0; Win64; x64) AppleWebKit/537.36 (KHTML, like Gecko) Chrome/120.0.0.0 Safari/537.36"
20.212.60.43 - - [13/Mar/2026:18:08:29 +0300] "GET /images/wso.php HTTP/1.1" 404 15460 "-" "Mozilla/5.0 (Windows NT 10.0; Win64; x64) AppleWebKit/537.36 (KHTML, like Gecko) Chrome/120.0.0.0 Safari/537.36"
20.212.60.43 - - [13/Mar/2026:18:08:32 +0300] "GET /index/function.php HTTP/1.1" 404 15460 "-" "Mozilla/5.0 (Windows NT 10.0; Win64; x64) AppleWebKit/537.36 (KHTML, like Gecko) Chrome/120.0.0.0 Safari/537.36"
20.212.60.43 - - [13/Mar/2026:18:08:36 +0300] "GET /info.php HTTP/1.1" 404 15460 "-" "Mozilla/5.0 (Windows NT 10.0; Win64; x64) AppleWebKit/537.36 (KHTML, like Gecko) Chrome/120.0.0.0 Safari/537.36"
20.212.60.43 - - [13/Mar/2026:18:08:39 +0300] "GET /profile.php HTTP/1.1" 404 15460 "-" "Mozilla/5.0 (Windows NT 10.0; Win64; x64) AppleWebKit/537.36 (KHTML, like Gecko) Chrome/120.0.0.0 Safari/537.36"
20.212.60.43 - - [13/Mar/2026:18:08:42 +0300] "GET /sx.php HTTP/1.1" 404 15460 "-" "Mozilla/5.0 (Windows NT 10.0; Win64; x64) AppleWebKit/537.36 (KHTML, like Gecko) Chrome/120.0.0.0 Safari/537.36"
20.212.60.43 - - [13/Mar/2026:18:08:45 +0300] "GET /wp-admin/css/colors/blue/index.php HTTP/1.1" 301 0 "-" "Mozilla/5.0 (Windows NT 10.0; Win64; x64) AppleWebKit/537.36 (KHTML, like Gecko) Chrome/120.0.0.0 Safari/537.36"
20.212.60.43 - - [13/Mar/2026:18:08:46 +0300] "GET /wp-admin/images/admin.php HTTP/1.1" 404 15482 "-" "Mozilla/5.0 (Windows NT 10.0; Win64; x64) AppleWebKit/537.36 (KHTML, like Gecko) Chrome/120.0.0.0 Safari/537.36"
20.212.60.43 - - [13/Mar/2026:18:08:49 +0300] "GET /wp-admin/includes/ HTTP/1.1" 500 5364 "-" "Mozilla/5.0 (Windows NT 10.0; Win64; x64) AppleWebKit/537.36 (KHTML, like Gecko) Chrome/120.0.0.0 Safari/537.36"
20.212.60.43 - - [13/Mar/2026:18:08:49 +0300] "GET /wp-admin/js/index.php HTTP/1.1" 301 0 "-" "Mozilla/5.0 (Windows NT 10.0; Win64; x64) AppleWebKit/537.36 (KHTML, like Gecko) Chrome/120.0.0.0 Safari/537.36"
20.212.60.43 - - [13/Mar/2026:18:08:51 +0300] "GET /wp-admin/js/widgets/ HTTP/1.1" 200 1209 "-" "Mozilla/5.0 (Windows NT 10.0; Win64; x64) AppleWebKit/537.36 (KHTML, like Gecko) Chrome/120.0.0.0 Safari/537.36"
20.212.60.43 - - [13/Mar/2026:18:08:51 +0300] "GET /wp-content/about.php HTTP/1.1" 404 15460 "-" "Mozilla/5.0 (Windows NT 10.0; Win64; x64) AppleWebKit/537.36 (KHTML, like Gecko) Chrome/120.0.0.0 Safari/537.36"
20.212.60.43 - - [13/Mar/2026:18:08:55 +0300] "GET /wp-content/admin-header.php HTTP/1.1" 404 15460 "-" "Mozilla/5.0 (Windows NT 10.0; Win64; x64) AppleWebKit/537.36 (KHTML, like Gecko) Chrome/120.0.0.0 Safari/537.36"
