74.7.227.158 - - [14/Mar/2026:01:05:49 +0300] "GET /products/48033827 HTTP/1.1" 200 23675 "http://jestinanabelle.co.uk/products/480333865" "Mozilla/5.0 AppleWebKit/537.36 (KHTML, like Gecko; compatible; GPTBot/1.3; +https://openai.com/gptbot)"
74.7.227.158 - - [14/Mar/2026:01:05:58 +0300] "GET /products/68188920 HTTP/1.1" 200 23788 "http://jestinanabelle.co.uk/products/24647317886" "Mozilla/5.0 AppleWebKit/537.36 (KHTML, like Gecko; compatible; GPTBot/1.3; +https://openai.com/gptbot)"
74.7.227.158 - - [14/Mar/2026:01:06:07 +0300] "GET /products/49759859 HTTP/1.1" 200 23503 "http://jestinanabelle.co.uk/products/49759246678" "Mozilla/5.0 AppleWebKit/537.36 (KHTML, like Gecko; compatible; GPTBot/1.3; +https://openai.com/gptbot)"
74.7.227.158 - - [14/Mar/2026:01:06:17 +0300] "GET /products/49759921 HTTP/1.1" 200 24193 "http://jestinanabelle.co.uk/products/49204105771" "Mozilla/5.0 AppleWebKit/537.36 (KHTML, like Gecko; compatible; GPTBot/1.3; +https://openai.com/gptbot)"
74.7.227.158 - - [14/Mar/2026:01:06:28 +0300] "GET /products/28082617 HTTP/1.1" 200 23103 "http://jestinanabelle.co.uk/products/48033129110" "Mozilla/5.0 AppleWebKit/537.36 (KHTML, like Gecko; compatible; GPTBot/1.3; +https://openai.com/gptbot)"
74.7.227.158 - - [14/Mar/2026:01:06:36 +0300] "GET /products/28082309 HTTP/1.1" 200 23932 "http://jestinanabelle.co.uk/products/93959151663" "Mozilla/5.0 AppleWebKit/537.36 (KHTML, like Gecko; compatible; GPTBot/1.3; +https://openai.com/gptbot)"
74.7.227.158 - - [14/Mar/2026:01:00:59 +0300] "GET /products/970428135 HTTP/1.1" 200 23499 "http://jestinanabelle.co.uk/products/9704228815" "Mozilla/5.0 AppleWebKit/537.36 (KHTML, like Gecko; compatible; GPTBot/1.3; +https://openai.com/gptbot)"
74.7.227.158 - - [14/Mar/2026:00:55:04 +0300] "GET /products/2808216669 HTTP/1.1" 200 24975 "http://jestinanabelle.co.uk/products/50604125696" "Mozilla/5.0 AppleWebKit/537.36 (KHTML, like Gecko; compatible; GPTBot/1.3; +https://openai.com/gptbot)"
74.7.227.158 - - [14/Mar/2026:00:57:35 +0300] "GET /products/9361236222 HTTP/1.1" 200 23980 "http://jestinanabelle.co.uk/products/2808287555" "Mozilla/5.0 AppleWebKit/537.36 (KHTML, like Gecko; compatible; GPTBot/1.3; +https://openai.com/gptbot)"
74.7.227.158 - - [14/Mar/2026:00:57:51 +0300] "GET /products/9395971113 HTTP/1.1" 200 0 "http://jestinanabelle.co.uk/products/93959110320" "Mozilla/5.0 AppleWebKit/537.36 (KHTML, like Gecko; compatible; GPTBot/1.3; +https://openai.com/gptbot)"
74.7.241.168 - - [14/Mar/2026:01:01:12 +0300] "GET /robots.txt HTTP/1.1" 200 70 "-" "Mozilla/5.0 (Macintosh; Intel Mac OS X 10_15_7) AppleWebKit/537.36 (KHTML, like Gecko) Chrome/131.0.0.0 Safari/537.36; compatible; OAI-SearchBot/1.3; robots.txt; +https://openai.com/searchbot"
74.7.227.158 - - [14/Mar/2026:00:51:11 +0300] "GET /products/9704274333 HTTP/1.1" 200 23165 "http://jestinanabelle.co.uk/products/97042185760" "Mozilla/5.0 AppleWebKit/537.36 (KHTML, like Gecko; compatible; GPTBot/1.3; +https://openai.com/gptbot)"
74.7.227.158 - - [14/Mar/2026:00:51:21 +0300] "GET /products/5060422217 HTTP/1.1" 200 23226 "http://jestinanabelle.co.uk/products/50604157621" "Mozilla/5.0 AppleWebKit/537.36 (KHTML, like Gecko; compatible; GPTBot/1.3; +https://openai.com/gptbot)"
74.7.227.158 - - [14/Mar/2026:00:51:35 +0300] "GET /products/6818883297 HTTP/1.1" 200 23653 "http://jestinanabelle.co.uk/products/24647287954" "Mozilla/5.0 AppleWebKit/537.36 (KHTML, like Gecko; compatible; GPTBot/1.3; +https://openai.com/gptbot)"
74.7.227.158 - - [14/Mar/2026:00:51:48 +0300] "GET /products/4803337774 HTTP/1.1" 200 23703 "http://jestinanabelle.co.uk/products/97042305899" "Mozilla/5.0 AppleWebKit/537.36 (KHTML, like Gecko; compatible; GPTBot/1.3; +https://openai.com/gptbot)"
74.7.227.158 - - [14/Mar/2026:00:56:57 +0300] "GET /products/6818882355 HTTP/1.1" 503 807 "http://jestinanabelle.co.uk/products/936122044" "Mozilla/5.0 AppleWebKit/537.36 (KHTML, like Gecko; compatible; GPTBot/1.3; +https://openai.com/gptbot)"
74.7.227.158 - - [14/Mar/2026:00:57:17 +0300] "GET /products/4803335228 HTTP/1.1" 200 23823 "http://jestinanabelle.co.uk/products/68188146194" "Mozilla/5.0 AppleWebKit/537.36 (KHTML, like Gecko; compatible; GPTBot/1.3; +https://openai.com/gptbot)"
74.7.227.158 - - [14/Mar/2026:00:57:08 +0300] "GET /products/6818879333 HTTP/1.1" 503 807 "http://jestinanabelle.co.uk/products/48033181548" "Mozilla/5.0 AppleWebKit/537.36 (KHTML, like Gecko; compatible; GPTBot/1.3; +https://openai.com/gptbot)"
74.7.227.158 - - [14/Mar/2026:01:01:11 +0300] "GET /products/936128084 HTTP/1.1" 200 23171 "http://jestinanabelle.co.uk/products/68188139307" "Mozilla/5.0 AppleWebKit/537.36 (KHTML, like Gecko; compatible; GPTBot/1.3; +https://openai.com/gptbot)"
74.7.227.158 - - [14/Mar/2026:01:01:19 +0300] "GET /products/4975975928 HTTP/1.1" 200 23770 "http://jestinanabelle.co.uk/products/97042306084" "Mozilla/5.0 AppleWebKit/537.36 (KHTML, like Gecko; compatible; GPTBot/1.3; +https://openai.com/gptbot)"
74.7.227.158 - - [14/Mar/2026:01:01:29 +0300] "GET /products/4975975964 HTTP/1.1" 200 23601 "http://jestinanabelle.co.uk/products/49204258658" "Mozilla/5.0 AppleWebKit/537.36 (KHTML, like Gecko; compatible; GPTBot/1.3; +https://openai.com/gptbot)"
74.7.227.158 - - [14/Mar/2026:01:06:46 +0300] "GET /products/24647225 HTTP/1.1" 200 23145 "http://jestinanabelle.co.uk/products/936128533" "Mozilla/5.0 AppleWebKit/537.36 (KHTML, like Gecko; compatible; GPTBot/1.3; +https://openai.com/gptbot)"
74.7.227.158 - - [14/Mar/2026:01:06:57 +0300] "GET /products/24647301 HTTP/1.1" 200 23494 "http://jestinanabelle.co.uk/products/97042180549" "Mozilla/5.0 AppleWebKit/537.36 (KHTML, like Gecko; compatible; GPTBot/1.3; +https://openai.com/gptbot)"
74.7.227.158 - - [14/Mar/2026:01:07:07 +0300] "GET /products/49759315 HTTP/1.1" 200 23157 "http://jestinanabelle.co.uk/sitemap518.xml" "Mozilla/5.0 AppleWebKit/537.36 (KHTML, like Gecko; compatible; GPTBot/1.3; +https://openai.com/gptbot)"
74.7.227.158 - - [14/Mar/2026:01:07:18 +0300] "GET /products/24647198 HTTP/1.1" 200 22799 "http://jestinanabelle.co.uk/products/93959223943" "Mozilla/5.0 AppleWebKit/537.36 (KHTML, like Gecko; compatible; GPTBot/1.3; +https://openai.com/gptbot)"
74.7.227.158 - - [14/Mar/2026:01:07:27 +0300] "GET /products/50604214 HTTP/1.1" 200 25164 "http://jestinanabelle.co.uk/products/48033168497" "Mozilla/5.0 AppleWebKit/537.36 (KHTML, like Gecko; compatible; GPTBot/1.3; +https://openai.com/gptbot)"
74.7.227.158 - - [14/Mar/2026:01:07:37 +0300] "GET /products/28082949 HTTP/1.1" 200 24157 "http://jestinanabelle.co.uk/products/49759146248" "Mozilla/5.0 AppleWebKit/537.36 (KHTML, like Gecko; compatible; GPTBot/1.3; +https://openai.com/gptbot)"
74.7.227.158 - - [14/Mar/2026:00:55:33 +0300] "GET /products/6818882830 HTTP/1.1" 200 23741 "http://jestinanabelle.co.uk/products/49204269600" "Mozilla/5.0 AppleWebKit/537.36 (KHTML, like Gecko; compatible; GPTBot/1.3; +https://openai.com/gptbot)"
74.7.227.158 - - [14/Mar/2026:00:55:45 +0300] "GET /products/4920436333 HTTP/1.1" 200 24389 "http://jestinanabelle.co.uk/products/48033127006" "Mozilla/5.0 AppleWebKit/537.36 (KHTML, like Gecko; compatible; GPTBot/1.3; +https://openai.com/gptbot)"
74.7.227.158 - - [14/Mar/2026:00:55:56 +0300] "GET /products/5060444763 HTTP/1.1" 200 24285 "http://jestinanabelle.co.uk/products/24647196085" "Mozilla/5.0 AppleWebKit/537.36 (KHTML, like Gecko; compatible; GPTBot/1.3; +https://openai.com/gptbot)"
74.7.227.158 - - [14/Mar/2026:00:56:11 +0300] "GET /products/9361288845 HTTP/1.1" 200 24071 "http://jestinanabelle.co.uk/products/9361244287" "Mozilla/5.0 AppleWebKit/537.36 (KHTML, like Gecko; compatible; GPTBot/1.3; +https://openai.com/gptbot)"
74.7.227.158 - - [14/Mar/2026:00:56:18 +0300] "GET /products/4803322202 HTTP/1.1" 200 23640 "http://jestinanabelle.co.uk/products/93612196683" "Mozilla/5.0 AppleWebKit/537.36 (KHTML, like Gecko; compatible; GPTBot/1.3; +https://openai.com/gptbot)"
74.7.227.158 - - [14/Mar/2026:00:56:26 +0300] "GET /products/9361210006 HTTP/1.1" 200 23196 "http://jestinanabelle.co.uk/products/49759261812" "Mozilla/5.0 AppleWebKit/537.36 (KHTML, like Gecko; compatible; GPTBot/1.3; +https://openai.com/gptbot)"
74.7.227.158 - - [14/Mar/2026:00:56:37 +0300] "GET /products/4920444366 HTTP/1.1" 200 23458 "http://jestinanabelle.co.uk/products/49759183220" "Mozilla/5.0 AppleWebKit/537.36 (KHTML, like Gecko; compatible; GPTBot/1.3; +https://openai.com/gptbot)"
74.7.241.168 - - [14/Mar/2026:01:06:18 +0300] "GET /robots.txt HTTP/1.1" 200 70 "-" "Mozilla/5.0 (Macintosh; Intel Mac OS X 10_15_7) AppleWebKit/537.36 (KHTML, like Gecko) Chrome/131.0.0.0 Safari/537.36; compatible; OAI-SearchBot/1.3; robots.txt; +https://openai.com/searchbot"
74.7.227.158 - - [14/Mar/2026:01:13:29 +0300] "GET /products/97042220943 HTTP/1.1" 200 23246 "http://jestinanabelle.co.uk/products/9704260715" "Mozilla/5.0 AppleWebKit/537.36 (KHTML, like Gecko; compatible; GPTBot/1.3; +https://openai.com/gptbot)"
75.119.145.171 - - [14/Mar/2026:01:13:20 +0300] "GET /wp-admin/maint/ HTTP/1.1" 200 773 "binance.com" "Mozilla/5.0 (Windows NT 10.0; Win64; x64) AppleWebKit/537.36 (KHTML, like Gecko) Chrome/90.0.4430.85 Safari/537.36"
75.119.145.171 - - [14/Mar/2026:01:13:42 +0300] "GET /wp-admin/user/ HTTP/1.1" 200 0 "binance.com" "Mozilla/5.0 (Windows NT 10.0; Win64; x64) AppleWebKit/537.36 (KHTML, like Gecko) Chrome/90.0.4430.85 Safari/537.36"
74.7.227.158 - - [14/Mar/2026:01:08:55 +0300] "GET /products/28082227632 HTTP/1.1" 200 0 "http://jestinanabelle.co.uk/products/93959165407" "Mozilla/5.0 AppleWebKit/537.36 (KHTML, like Gecko; compatible; GPTBot/1.3; +https://openai.com/gptbot)"
75.119.145.171 - - [14/Mar/2026:01:12:09 +0300] "GET /wp-content/uploads/2026/03/ HTTP/1.1" 200 691 "binance.com" "Mozilla/5.0 (Windows NT 10.0; Win64; x64) AppleWebKit/537.36 (KHTML, like Gecko) Chrome/90.0.4430.85 Safari/537.36"
75.119.145.171 - - [14/Mar/2026:01:12:18 +0300] "GET /wp-content/uploads/ HTTP/1.1" 200 1722 "binance.com" "Mozilla/5.0 (Windows NT 10.0; Win64; x64) AppleWebKit/537.36 (KHTML, like Gecko) Chrome/90.0.4430.85 Safari/537.36"
74.7.227.158 - - [14/Mar/2026:01:12:30 +0300] "GET /products/48033111782 HTTP/1.1" 200 25202 "http://jestinanabelle.co.uk/products/68188273846" "Mozilla/5.0 AppleWebKit/537.36 (KHTML, like Gecko; compatible; GPTBot/1.3; +https://openai.com/gptbot)"
75.119.145.171 - - [14/Mar/2026:01:12:28 +0300] "GET /wp-content/languages/ HTTP/1.1" 200 0 "binance.com" "Mozilla/5.0 (Windows NT 10.0; Win64; x64) AppleWebKit/537.36 (KHTML, like Gecko) Chrome/90.0.4430.85 Safari/537.36"
74.7.227.158 - - [14/Mar/2026:01:08:03 +0300] "GET /products/9395915155 HTTP/1.1" 200 23018 "http://jestinanabelle.co.uk/products/4920444512" "Mozilla/5.0 AppleWebKit/537.36 (KHTML, like Gecko; compatible; GPTBot/1.3; +https://openai.com/gptbot)"
74.7.227.158 - - [14/Mar/2026:01:08:13 +0300] "GET /products/93612748 HTTP/1.1" 200 24497 "http://jestinanabelle.co.uk/products/93959138031" "Mozilla/5.0 AppleWebKit/537.36 (KHTML, like Gecko; compatible; GPTBot/1.3; +https://openai.com/gptbot)"
74.7.227.158 - - [14/Mar/2026:01:08:26 +0300] "GET /products/9395913559 HTTP/1.1" 200 23164 "http://jestinanabelle.co.uk/products/28082617" "Mozilla/5.0 AppleWebKit/537.36 (KHTML, like Gecko; compatible; GPTBot/1.3; +https://openai.com/gptbot)"
74.7.227.158 - - [14/Mar/2026:01:08:41 +0300] "GET /products/28082111697 HTTP/1.1" 200 23380 "http://jestinanabelle.co.uk/products/93959107415" "Mozilla/5.0 AppleWebKit/537.36 (KHTML, like Gecko; compatible; GPTBot/1.3; +https://openai.com/gptbot)"
74.7.241.168 - - [14/Mar/2026:01:11:42 +0300] "GET /robots.txt HTTP/1.1" 200 70 "-" "Mozilla/5.0 (Macintosh; Intel Mac OS X 10_15_7) AppleWebKit/537.36 (KHTML, like Gecko) Chrome/131.0.0.0 Safari/537.36; compatible; OAI-SearchBot/1.3; robots.txt; +https://openai.com/searchbot"
75.119.145.171 - - [14/Mar/2026:01:12:22 +0300] "GET /wp-content/upgrade/ HTTP/1.1" 200 29 "binance.com" "Mozilla/5.0 (Windows NT 10.0; Win64; x64) AppleWebKit/537.36 (KHTML, like Gecko) Chrome/90.0.4430.85 Safari/537.36"
74.7.227.158 - - [14/Mar/2026:01:10:56 +0300] "GET /products/28082111686 HTTP/1.1" 200 23020 "http://jestinanabelle.co.uk/products/24647205391" "Mozilla/5.0 AppleWebKit/537.36 (KHTML, like Gecko; compatible; GPTBot/1.3; +https://openai.com/gptbot)"
74.7.227.158 - - [14/Mar/2026:01:11:12 +0300] "GET /products/4803335837 HTTP/1.1" 200 0 "http://jestinanabelle.co.uk/products/50604214" "Mozilla/5.0 AppleWebKit/537.36 (KHTML, like Gecko; compatible; GPTBot/1.3; +https://openai.com/gptbot)"
75.119.145.171 - - [14/Mar/2026:01:12:46 +0300] "GET /wp-admin/includes/ HTTP/1.1" 200 5250 "binance.com" "Mozilla/5.0 (Windows NT 10.0; Win64; x64) AppleWebKit/537.36 (KHTML, like Gecko) Chrome/90.0.4430.85 Safari/537.36"
74.7.227.158 - - [14/Mar/2026:01:10:16 +0300] "GET /products/49204104443 HTTP/1.1" 200 0 "http://jestinanabelle.co.uk/products/49759171490" "Mozilla/5.0 AppleWebKit/537.36 (KHTML, like Gecko; compatible; GPTBot/1.3; +https://openai.com/gptbot)"
75.119.145.171 - - [14/Mar/2026:01:12:14 +0300] "GET /wp-content/uploads/2026/02/ HTTP/1.1" 200 690 "binance.com" "Mozilla/5.0 (Windows NT 10.0; Win64; x64) AppleWebKit/537.36 (KHTML, like Gecko) Chrome/90.0.4430.85 Safari/537.36"
74.7.227.158 - - [14/Mar/2026:01:07:49 +0300] "GET /products/97042242 HTTP/1.1" 200 23231 "http://jestinanabelle.co.uk/products/93959199041" "Mozilla/5.0 AppleWebKit/537.36 (KHTML, like Gecko; compatible; GPTBot/1.3; +https://openai.com/gptbot)"
75.119.145.171 - - [14/Mar/2026:01:11:55 +0300] "GET /wp-admin/css/ HTTP/1.1" 200 3743 "binance.com" "Mozilla/5.0 (Windows NT 10.0; Win64; x64) AppleWebKit/537.36 (KHTML, like Gecko) Chrome/90.0.4430.85 Safari/537.36"
75.119.145.171 - - [14/Mar/2026:01:12:52 +0300] "GET /wp-admin/includes/ HTTP/1.1" 200 5251 "binance.com" "Mozilla/5.0 (Windows NT 10.0; Win64; x64) AppleWebKit/537.36 (KHTML, like Gecko) Chrome/90.0.4430.85 Safari/537.36"
101.99.88.90 - - [14/Mar/2026:01:13:10 +0300] "GET / HTTP/1.1" 200 190253 "-" "Mozilla/5.0 (compatible; Googlebot/2.1; +http://www.google.com/bot.html)"
74.7.227.158 - - [14/Mar/2026:01:09:37 +0300] "GET /products/28082228705 HTTP/1.1" 200 0 "http://jestinanabelle.co.uk/products/97042100628" "Mozilla/5.0 AppleWebKit/537.36 (KHTML, like Gecko; compatible; GPTBot/1.3; +https://openai.com/gptbot)"
74.7.227.158 - - [14/Mar/2026:01:11:51 +0300] "GET /products/93612225622 HTTP/1.1" 200 0 "http://jestinanabelle.co.uk/products/68188134299" "Mozilla/5.0 AppleWebKit/537.36 (KHTML, like Gecko; compatible; GPTBot/1.3; +https://openai.com/gptbot)"
75.119.145.171 - - [14/Mar/2026:01:13:25 +0300] "GET /wp-admin/network/ HTTP/1.1" 200 0 "binance.com" "Mozilla/5.0 (Windows NT 10.0; Win64; x64) AppleWebKit/537.36 (KHTML, like Gecko) Chrome/90.0.4430.85 Safari/537.36"
75.119.145.171 - - [14/Mar/2026:01:13:15 +0300] "GET /wp-admin/maint/ HTTP/1.1" 200 773 "binance.com" "Mozilla/5.0 (Windows NT 10.0; Win64; x64) AppleWebKit/537.36 (KHTML, like Gecko) Chrome/90.0.4430.85 Safari/537.36"
75.119.145.171 - - [14/Mar/2026:01:14:26 +0300] "GET /wp-admin/css/colors/light/ HTTP/1.1" 200 910 "binance.com" "Mozilla/5.0 (Windows NT 10.0; Win64; x64) AppleWebKit/537.36 (KHTML, like Gecko) Chrome/90.0.4430.85 Safari/537.36"
75.119.145.171 - - [14/Mar/2026:01:14:41 +0300] "GET /wp-admin/css/colors/sunrise/%20 HTTP/1.1" 503 807 "binance.com" "Mozilla/5.0 (Windows NT 10.0; Win64; x64) AppleWebKit/537.36 (KHTML, like Gecko) Chrome/90.0.4430.85 Safari/537.36"
75.119.145.171 - - [14/Mar/2026:01:14:46 +0300] "GET /wp-admin/images/ HTTP/1.1" 200 3379 "binance.com" "Mozilla/5.0 (Windows NT 10.0; Win64; x64) AppleWebKit/537.36 (KHTML, like Gecko) Chrome/90.0.4430.85 Safari/537.36"
75.119.145.171 - - [14/Mar/2026:01:15:56 +0300] "GET /wp-includes/abilities.php HTTP/1.1" 503 807 "binance.com" "Mozilla/5.0 (Windows NT 10.0; Win64; x64) AppleWebKit/537.36 (KHTML, like Gecko) Chrome/90.0.4430.85 Safari/537.36"
74.7.227.158 - - [14/Mar/2026:01:16:22 +0300] "GET /products/93959222421 HTTP/1.1" 503 807 "http://jestinanabelle.co.uk/products/68188150670" "Mozilla/5.0 AppleWebKit/537.36 (KHTML, like Gecko; compatible; GPTBot/1.3; +https://openai.com/gptbot)"
75.119.145.171 - - [14/Mar/2026:01:16:34 +0300] "GET /wp-includes/class-wp-block-metadata-registry.php HTTP/1.1" 200 0 "binance.com" "Mozilla/5.0 (Windows NT 10.0; Win64; x64) AppleWebKit/537.36 (KHTML, like Gecko) Chrome/90.0.4430.85 Safari/537.36"
75.119.145.171 - - [14/Mar/2026:01:16:47 +0300] "GET /wp-includes/class-wp-block-template.php HTTP/1.1" 503 807 "binance.com" "Mozilla/5.0 (Windows NT 10.0; Win64; x64) AppleWebKit/537.36 (KHTML, like Gecko) Chrome/90.0.4430.85 Safari/537.36"
74.7.227.158 - - [14/Mar/2026:01:17:26 +0300] "GET /products/50604185888 HTTP/1.1" 200 0 "http://jestinanabelle.co.uk/sitemap470.xml" "Mozilla/5.0 AppleWebKit/537.36 (KHTML, like Gecko; compatible; GPTBot/1.3; +https://openai.com/gptbot)"
75.119.145.171 - - [14/Mar/2026:01:18:08 +0300] "GET /wp-includes/global-styles-and-settings.php HTTP/1.1" 503 807 "binance.com" "Mozilla/5.0 (Windows NT 10.0; Win64; x64) AppleWebKit/537.36 (KHTML, like Gecko) Chrome/90.0.4430.85 Safari/537.36"
75.119.145.171 - - [14/Mar/2026:01:18:12 +0300] "GET /wp-includes/https-detection.php HTTP/1.1" 503 807 "binance.com" "Mozilla/5.0 (Windows NT 10.0; Win64; x64) AppleWebKit/537.36 (KHTML, like Gecko) Chrome/90.0.4430.85 Safari/537.36"
75.119.145.171 - - [14/Mar/2026:01:18:20 +0300] "GET /wp-includes/script-modules.php HTTP/1.1" 503 807 "binance.com" "Mozilla/5.0 (Windows NT 10.0; Win64; x64) AppleWebKit/537.36 (KHTML, like Gecko) Chrome/90.0.4430.85 Safari/537.36"
75.119.145.171 - - [14/Mar/2026:01:18:28 +0300] "GET /wp-includes/template-canvas.php HTTP/1.1" 503 807 "binance.com" "Mozilla/5.0 (Windows NT 10.0; Win64; x64) AppleWebKit/537.36 (KHTML, like Gecko) Chrome/90.0.4430.85 Safari/537.36"
75.119.145.171 - - [14/Mar/2026:01:18:46 +0300] "GET /wp-includes/ID3/ HTTP/1.1" 200 1663 "binance.com" "Mozilla/5.0 (Windows NT 10.0; Win64; x64) AppleWebKit/537.36 (KHTML, like Gecko) Chrome/90.0.4430.85 Safari/537.36"
75.119.145.171 - - [14/Mar/2026:01:19:44 +0300] "GET /wp-includes/Text/Diff/Engine/ HTTP/1.1" 200 880 "binance.com" "Mozilla/5.0 (Windows NT 10.0; Win64; x64) AppleWebKit/537.36 (KHTML, like Gecko) Chrome/90.0.4430.85 Safari/537.36"
75.119.145.171 - - [14/Mar/2026:01:20:00 +0300] "GET /wp-includes/pomo/ HTTP/1.1" 200 1293 "binance.com" "Mozilla/5.0 (Windows NT 10.0; Win64; x64) AppleWebKit/537.36 (KHTML, like Gecko) Chrome/90.0.4430.85 Safari/537.36"
75.119.145.171 - - [14/Mar/2026:01:20:41 +0300] "GET /wp-includes/css/ HTTP/1.1" 200 2350 "binance.com" "Mozilla/5.0 (Windows NT 10.0; Win64; x64) AppleWebKit/537.36 (KHTML, like Gecko) Chrome/90.0.4430.85 Safari/537.36"
75.119.145.171 - - [14/Mar/2026:01:20:53 +0300] "GET /wp-includes/fonts/ HTTP/1.1" 200 1470 "binance.com" "Mozilla/5.0 (Windows NT 10.0; Win64; x64) AppleWebKit/537.36 (KHTML, like Gecko) Chrome/90.0.4430.85 Safari/537.36"
75.119.145.171 - - [14/Mar/2026:01:14:17 +0300] "GET /wp-admin/css/colors/coffee/ HTTP/1.1" 200 906 "binance.com" "Mozilla/5.0 (Windows NT 10.0; Win64; x64) AppleWebKit/537.36 (KHTML, like Gecko) Chrome/90.0.4430.85 Safari/537.36"
75.119.145.171 - - [14/Mar/2026:01:15:08 +0300] "GET /wp-includes/ HTTP/1.1" 200 11495 "binance.com" "Mozilla/5.0 (Windows NT 10.0; Win64; x64) AppleWebKit/537.36 (KHTML, like Gecko) Chrome/90.0.4430.85 Safari/537.36"
75.119.145.171 - - [14/Mar/2026:01:16:00 +0300] "GET /wp-includes/block-bindings.php HTTP/1.1" 200 0 "binance.com" "Mozilla/5.0 (Windows NT 10.0; Win64; x64) AppleWebKit/537.36 (KHTML, like Gecko) Chrome/90.0.4430.85 Safari/537.36"
75.119.145.171 - - [14/Mar/2026:01:17:14 +0300] "GET /wp-includes/class-wp-navigation-fallback.php HTTP/1.1" 200 0 "binance.com" "Mozilla/5.0 (Windows NT 10.0; Win64; x64) AppleWebKit/537.36 (KHTML, like Gecko) Chrome/90.0.4430.85 Safari/537.36"
75.119.145.171 - - [14/Mar/2026:01:17:29 +0300] "GET /wp-includes/class-wp-speculation-rules.php HTTP/1.1" 200 0 "binance.com" "Mozilla/5.0 (Windows NT 10.0; Win64; x64) AppleWebKit/537.36 (KHTML, like Gecko) Chrome/90.0.4430.85 Safari/537.36"
75.119.145.171 - - [14/Mar/2026:01:17:53 +0300] "GET /wp-includes/class-wp-token-map.php HTTP/1.1" 200 0 "binance.com" "Mozilla/5.0 (Windows NT 10.0; Win64; x64) AppleWebKit/537.36 (KHTML, like Gecko) Chrome/90.0.4430.85 Safari/537.36"
75.119.145.171 - - [14/Mar/2026:01:17:58 +0300] "GET /wp-includes/class-wpdb.php HTTP/1.1" 503 807 "binance.com" "Mozilla/5.0 (Windows NT 10.0; Win64; x64) AppleWebKit/537.36 (KHTML, like Gecko) Chrome/90.0.4430.85 Safari/537.36"
75.119.145.171 - - [14/Mar/2026:01:19:38 +0300] "GET /wp-includes/Text/Diff/ HTTP/1.1" 200 866 "binance.com" "Mozilla/5.0 (Windows NT 10.0; Win64; x64) AppleWebKit/537.36 (KHTML, like Gecko) Chrome/90.0.4430.85 Safari/537.36"
75.119.145.171 - - [14/Mar/2026:01:19:43 +0300] "GET /wp-includes/Text/Diff/ HTTP/1.1" 200 866 "binance.com" "Mozilla/5.0 (Windows NT 10.0; Win64; x64) AppleWebKit/537.36 (KHTML, like Gecko) Chrome/90.0.4430.85 Safari/537.36"
75.119.145.171 - - [14/Mar/2026:01:19:48 +0300] "GET /wp-includes/Text/Diff/Engine/ HTTP/1.1" 200 880 "binance.com" "Mozilla/5.0 (Windows NT 10.0; Win64; x64) AppleWebKit/537.36 (KHTML, like Gecko) Chrome/90.0.4430.85 Safari/537.36"
75.119.145.171 - - [14/Mar/2026:01:19:49 +0300] "GET /wp-includes/Text/Diff/Renderer/ HTTP/1.1" 200 785 "binance.com" "Mozilla/5.0 (Windows NT 10.0; Win64; x64) AppleWebKit/537.36 (KHTML, like Gecko) Chrome/90.0.4430.85 Safari/537.36"
75.119.145.171 - - [14/Mar/2026:01:20:32 +0300] "GET /wp-includes/widgets/ HTTP/1.1" 200 1842 "binance.com" "Mozilla/5.0 (Windows NT 10.0; Win64; x64) AppleWebKit/537.36 (KHTML, like Gecko) Chrome/90.0.4430.85 Safari/537.36"
75.119.145.171 - - [14/Mar/2026:01:20:49 +0300] "GET /wp-includes/fonts/ HTTP/1.1" 200 1470 "binance.com" "Mozilla/5.0 (Windows NT 10.0; Win64; x64) AppleWebKit/537.36 (KHTML, like Gecko) Chrome/90.0.4430.85 Safari/537.36"
75.119.145.171 - - [14/Mar/2026:01:21:03 +0300] "GET /wp-includes/fonts/class-wp-font-face.php HTTP/1.1" 200 0 "binance.com" "Mozilla/5.0 (Windows NT 10.0; Win64; x64) AppleWebKit/537.36 (KHTML, like Gecko) Chrome/90.0.4430.85 Safari/537.36"
75.119.145.171 - - [14/Mar/2026:01:21:05 +0300] "GET /wp-includes/fonts/class-wp-font-library.php HTTP/1.1" 200 0 "binance.com" "Mozilla/5.0 (Windows NT 10.0; Win64; x64) AppleWebKit/537.36 (KHTML, like Gecko) Chrome/90.0.4430.85 Safari/537.36"
75.119.145.171 - - [14/Mar/2026:01:22:09 +0300] "GET /wp-includes/js/codemirror/ HTTP/1.1" 200 1344 "binance.com" "Mozilla/5.0 (Windows NT 10.0; Win64; x64) AppleWebKit/537.36 (KHTML, like Gecko) Chrome/90.0.4430.85 Safari/537.36"
75.119.145.171 - - [14/Mar/2026:01:22:14 +0300] "GET /wp-includes/js/plupload/ HTTP/1.1" 200 1392 "binance.com" "Mozilla/5.0 (Windows NT 10.0; Win64; x64) AppleWebKit/537.36 (KHTML, like Gecko) Chrome/90.0.4430.85 Safari/537.36"
75.119.145.171 - - [14/Mar/2026:01:14:13 +0300] "GET /wp-admin/css/colors/blue/ HTTP/1.1" 200 909 "binance.com" "Mozilla/5.0 (Windows NT 10.0; Win64; x64) AppleWebKit/537.36 (KHTML, like Gecko) Chrome/90.0.4430.85 Safari/537.36"
75.119.145.171 - - [14/Mar/2026:01:16:07 +0300] "GET /wp-includes/block-template-utils.php HTTP/1.1" 503 807 "binance.com" "Mozilla/5.0 (Windows NT 10.0; Win64; x64) AppleWebKit/537.36 (KHTML, like Gecko) Chrome/90.0.4430.85 Safari/537.36"
75.119.145.171 - - [14/Mar/2026:01:16:32 +0300] "GET /wp-includes/class-wp-block-editor-context.php HTTP/1.1" 200 0 "binance.com" "Mozilla/5.0 (Windows NT 10.0; Win64; x64) AppleWebKit/537.36 (KHTML, like Gecko) Chrome/90.0.4430.85 Safari/537.36"
75.119.145.171 - - [14/Mar/2026:01:16:53 +0300] "GET /wp-includes/class-wp-classic-to-block-menu-converter.php HTTP/1.1" 200 0 "binance.com" "Mozilla/5.0 (Windows NT 10.0; Win64; x64) AppleWebKit/537.36 (KHTML, like Gecko) Chrome/90.0.4430.85 Safari/537.36"
75.119.145.171 - - [14/Mar/2026:01:16:56 +0300] "GET /wp-includes/class-wp-dependencies.php HTTP/1.1" 503 807 "binance.com" "Mozilla/5.0 (Windows NT 10.0; Win64; x64) AppleWebKit/537.36 (KHTML, like Gecko) Chrome/90.0.4430.85 Safari/537.36"
75.119.145.171 - - [14/Mar/2026:01:17:26 +0300] "GET /wp-includes/class-wp-scripts.php HTTP/1.1" 500 0 "binance.com" "Mozilla/5.0 (Windows NT 10.0; Win64; x64) AppleWebKit/537.36 (KHTML, like Gecko) Chrome/90.0.4430.85 Safari/537.36"
75.119.145.171 - - [14/Mar/2026:01:18:33 +0300] "GET /wp-includes/theme-previews.php HTTP/1.1" 503 807 "binance.com" "Mozilla/5.0 (Windows NT 10.0; Win64; x64) AppleWebKit/537.36 (KHTML, like Gecko) Chrome/90.0.4430.85 Safari/537.36"
75.119.145.171 - - [14/Mar/2026:01:18:40 +0300] "GET /wp-includes/ID3/ HTTP/1.1" 200 1663 "binance.com" "Mozilla/5.0 (Windows NT 10.0; Win64; x64) AppleWebKit/537.36 (KHTML, like Gecko) Chrome/90.0.4430.85 Safari/537.36"
74.7.227.158 - - [14/Mar/2026:01:18:30 +0300] "GET /products/24647222364 HTTP/1.1" 200 0 "http://jestinanabelle.co.uk/products/49759118336" "Mozilla/5.0 AppleWebKit/537.36 (KHTML, like Gecko; compatible; GPTBot/1.3; +https://openai.com/gptbot)"
75.119.145.171 - - [14/Mar/2026:01:19:06 +0300] "GET /wp-includes/PHPMailer/ HTTP/1.1" 200 1388 "binance.com" "Mozilla/5.0 (Windows NT 10.0; Win64; x64) AppleWebKit/537.36 (KHTML, like Gecko) Chrome/90.0.4430.85 Safari/537.36"
75.119.145.171 - - [14/Mar/2026:01:19:21 +0300] "GET /wp-includes/PHPMailer/OAuthTokenProvider.php HTTP/1.1" 200 0 "binance.com" "Mozilla/5.0 (Windows NT 10.0; Win64; x64) AppleWebKit/537.36 (KHTML, like Gecko) Chrome/90.0.4430.85 Safari/537.36"
75.119.145.171 - - [14/Mar/2026:01:19:27 +0300] "GET /wp-includes/PHPMailer/POP3.php HTTP/1.1" 200 0 "binance.com" "Mozilla/5.0 (Windows NT 10.0; Win64; x64) AppleWebKit/537.36 (KHTML, like Gecko) Chrome/90.0.4430.85 Safari/537.36"
75.119.145.171 - - [14/Mar/2026:01:19:53 +0300] "GET /wp-includes/Text/Diff/Renderer/ HTTP/1.1" 200 785 "binance.com" "Mozilla/5.0 (Windows NT 10.0; Win64; x64) AppleWebKit/537.36 (KHTML, like Gecko) Chrome/90.0.4430.85 Safari/537.36"
75.119.145.171 - - [14/Mar/2026:01:19:56 +0300] "GET /wp-includes/blocks/ HTTP/1.1" 200 22 "binance.com" "Mozilla/5.0 (Windows NT 10.0; Win64; x64) AppleWebKit/537.36 (KHTML, like Gecko) Chrome/90.0.4430.85 Safari/537.36"
75.119.145.171 - - [14/Mar/2026:01:20:09 +0300] "GET /wp-includes/sitemaps/ HTTP/1.1" 200 1347 "binance.com" "Mozilla/5.0 (Windows NT 10.0; Win64; x64) AppleWebKit/537.36 (KHTML, like Gecko) Chrome/90.0.4430.85 Safari/537.36"
75.119.145.171 - - [14/Mar/2026:01:20:36 +0300] "GET /wp-includes/widgets/class-wp-widget-block.php HTTP/1.1" 500 0 "binance.com" "Mozilla/5.0 (Windows NT 10.0; Win64; x64) AppleWebKit/537.36 (KHTML, like Gecko) Chrome/90.0.4430.85 Safari/537.36"
75.119.145.171 - - [14/Mar/2026:01:20:45 +0300] "GET /wp-includes/css/dist/ HTTP/1.1" 200 1447 "binance.com" "Mozilla/5.0 (Windows NT 10.0; Win64; x64) AppleWebKit/537.36 (KHTML, like Gecko) Chrome/90.0.4430.85 Safari/537.36"
75.119.145.171 - - [14/Mar/2026:01:14:34 +0300] "GET /wp-admin/css/colors/modern/ HTTP/1.1" 200 912 "binance.com" "Mozilla/5.0 (Windows NT 10.0; Win64; x64) AppleWebKit/537.36 (KHTML, like Gecko) Chrome/90.0.4430.85 Safari/537.36"
75.119.145.171 - - [14/Mar/2026:01:14:55 +0300] "GET /wp-admin/js/ HTTP/1.1" 200 4229 "binance.com" "Mozilla/5.0 (Windows NT 10.0; Win64; x64) AppleWebKit/537.36 (KHTML, like Gecko) Chrome/90.0.4430.85 Safari/537.36"
75.119.145.171 - - [14/Mar/2026:01:15:03 +0300] "GET /wp-admin/js/widgets/ HTTP/1.1" 200 1502 "binance.com" "Mozilla/5.0 (Windows NT 10.0; Win64; x64) AppleWebKit/537.36 (KHTML, like Gecko) Chrome/90.0.4430.85 Safari/537.36"
74.7.227.158 - - [14/Mar/2026:01:14:34 +0300] "GET /products/49204277724 HTTP/1.1" 200 0 "http://jestinanabelle.co.uk/products/97042246445" "Mozilla/5.0 AppleWebKit/537.36 (KHTML, like Gecko; compatible; GPTBot/1.3; +https://openai.com/gptbot)"
75.119.145.171 - - [14/Mar/2026:01:15:20 +0300] "GET /wp-includes/ HTTP/1.1" 200 11406 "binance.com" "Mozilla/5.0 (Windows NT 10.0; Win64; x64) AppleWebKit/537.36 (KHTML, like Gecko) Chrome/90.0.4430.85 Safari/537.36"
74.7.227.158 - - [14/Mar/2026:01:15:21 +0300] "GET /products/49759177718 HTTP/1.1" 200 0 "http://jestinanabelle.co.uk/products/93612157906" "Mozilla/5.0 AppleWebKit/537.36 (KHTML, like Gecko; compatible; GPTBot/1.3; +https://openai.com/gptbot)"
75.119.145.171 - - [14/Mar/2026:01:16:11 +0300] "GET /wp-includes/block-template.php HTTP/1.1" 503 807 "binance.com" "Mozilla/5.0 (Windows NT 10.0; Win64; x64) AppleWebKit/537.36 (KHTML, like Gecko) Chrome/90.0.4430.85 Safari/537.36"
75.119.145.171 - - [14/Mar/2026:01:17:00 +0300] "GET /wp-includes/class-wp-duotone.php HTTP/1.1" 200 0 "binance.com" "Mozilla/5.0 (Windows NT 10.0; Win64; x64) AppleWebKit/537.36 (KHTML, like Gecko) Chrome/90.0.4430.85 Safari/537.36"
75.119.145.171 - - [14/Mar/2026:01:17:17 +0300] "GET /wp-includes/class-wp-phpmailer.php HTTP/1.1" 500 0 "binance.com" "Mozilla/5.0 (Windows NT 10.0; Win64; x64) AppleWebKit/537.36 (KHTML, like Gecko) Chrome/90.0.4430.85 Safari/537.36"
75.119.145.171 - - [14/Mar/2026:01:17:23 +0300] "GET /wp-includes/class-wp-script-modules.php HTTP/1.1" 200 0 "binance.com" "Mozilla/5.0 (Windows NT 10.0; Win64; x64) AppleWebKit/537.36 (KHTML, like Gecko) Chrome/90.0.4430.85 Safari/537.36"
75.119.145.171 - - [14/Mar/2026:01:18:06 +0300] "GET /wp-includes/fonts.php HTTP/1.1" 503 807 "binance.com" "Mozilla/5.0 (Windows NT 10.0; Win64; x64) AppleWebKit/537.36 (KHTML, like Gecko) Chrome/90.0.4430.85 Safari/537.36"
75.119.145.171 - - [14/Mar/2026:01:19:34 +0300] "GET /wp-includes/Text/ HTTP/1.1" 200 880 "binance.com" "Mozilla/5.0 (Windows NT 10.0; Win64; x64) AppleWebKit/537.36 (KHTML, like Gecko) Chrome/90.0.4430.85 Safari/537.36"
74.7.227.158 - - [14/Mar/2026:01:19:36 +0300] "GET /products/28082225197 HTTP/1.1" 200 23119 "http://jestinanabelle.co.uk/products/506043657" "Mozilla/5.0 AppleWebKit/537.36 (KHTML, like Gecko; compatible; GPTBot/1.3; +https://openai.com/gptbot)"
75.119.145.171 - - [14/Mar/2026:01:21:08 +0300] "GET /wp-includes/fonts/class-wp-font-utils.php HTTP/1.1" 200 0 "binance.com" "Mozilla/5.0 (Windows NT 10.0; Win64; x64) AppleWebKit/537.36 (KHTML, like Gecko) Chrome/90.0.4430.85 Safari/537.36"
75.119.145.171 - - [14/Mar/2026:01:14:30 +0300] "GET /wp-admin/css/colors/midnight/ HTTP/1.1" 200 912 "binance.com" "Mozilla/5.0 (Windows NT 10.0; Win64; x64) AppleWebKit/537.36 (KHTML, like Gecko) Chrome/90.0.4430.85 Safari/537.36"
75.119.145.171 - - [14/Mar/2026:01:16:26 +0300] "GET /wp-includes/class-wp-block-bindings-registry.php HTTP/1.1" 200 0 "binance.com" "Mozilla/5.0 (Windows NT 10.0; Win64; x64) AppleWebKit/537.36 (KHTML, like Gecko) Chrome/90.0.4430.85 Safari/537.36"
75.119.145.171 - - [14/Mar/2026:01:16:41 +0300] "GET /wp-includes/class-wp-block-parser-frame.php HTTP/1.1" 200 0 "binance.com" "Mozilla/5.0 (Windows NT 10.0; Win64; x64) AppleWebKit/537.36 (KHTML, like Gecko) Chrome/90.0.4430.85 Safari/537.36"
75.119.145.171 - - [14/Mar/2026:01:17:04 +0300] "GET /wp-includes/class-wp-exception.php HTTP/1.1" 200 0 "binance.com" "Mozilla/5.0 (Windows NT 10.0; Win64; x64) AppleWebKit/537.36 (KHTML, like Gecko) Chrome/90.0.4430.85 Safari/537.36"
75.119.145.171 - - [14/Mar/2026:01:17:20 +0300] "GET /wp-includes/class-wp-plugin-dependencies.php HTTP/1.1" 200 0 "binance.com" "Mozilla/5.0 (Windows NT 10.0; Win64; x64) AppleWebKit/537.36 (KHTML, like Gecko) Chrome/90.0.4430.85 Safari/537.36"
75.119.145.171 - - [14/Mar/2026:01:17:34 +0300] "GET /wp-includes/class-wp-textdomain-registry.php HTTP/1.1" 503 807 "binance.com" "Mozilla/5.0 (Windows NT 10.0; Win64; x64) AppleWebKit/537.36 (KHTML, like Gecko) Chrome/90.0.4430.85 Safari/537.36"
75.119.145.171 - - [14/Mar/2026:01:17:38 +0300] "GET /wp-includes/class-wp-theme-json-data.php HTTP/1.1" 503 807 "binance.com" "Mozilla/5.0 (Windows NT 10.0; Win64; x64) AppleWebKit/537.36 (KHTML, like Gecko) Chrome/90.0.4430.85 Safari/537.36"
75.119.145.171 - - [14/Mar/2026:01:18:23 +0300] "GET /wp-includes/speculative-loading.php HTTP/1.1" 503 807 "binance.com" "Mozilla/5.0 (Windows NT 10.0; Win64; x64) AppleWebKit/537.36 (KHTML, like Gecko) Chrome/90.0.4430.85 Safari/537.36"
75.119.145.171 - - [14/Mar/2026:01:19:14 +0300] "GET /wp-includes/PHPMailer/OAuth.php HTTP/1.1" 500 0 "binance.com" "Mozilla/5.0 (Windows NT 10.0; Win64; x64) AppleWebKit/537.36 (KHTML, like Gecko) Chrome/90.0.4430.85 Safari/537.36"
75.119.145.171 - - [14/Mar/2026:01:20:27 +0300] "GET /wp-includes/widgets/ HTTP/1.1" 200 1835 "binance.com" "Mozilla/5.0 (Windows NT 10.0; Win64; x64) AppleWebKit/537.36 (KHTML, like Gecko) Chrome/90.0.4430.85 Safari/537.36"
74.7.227.158 - - [14/Mar/2026:01:20:34 +0300] "GET /products/24647111405 HTTP/1.1" 200 24606 "http://jestinanabelle.co.uk/sitemap19.xml" "Mozilla/5.0 AppleWebKit/537.36 (KHTML, like Gecko; compatible; GPTBot/1.3; +https://openai.com/gptbot)"
75.119.145.171 - - [14/Mar/2026:01:21:12 +0300] "GET /wp-includes/images/ HTTP/1.1" 200 1995 "binance.com" "Mozilla/5.0 (Windows NT 10.0; Win64; x64) AppleWebKit/537.36 (KHTML, like Gecko) Chrome/90.0.4430.85 Safari/537.36"
75.119.145.171 - - [14/Mar/2026:01:21:18 +0300] "GET /wp-includes/images/crystal/ HTTP/1.1" 200 1408 "binance.com" "Mozilla/5.0 (Windows NT 10.0; Win64; x64) AppleWebKit/537.36 (KHTML, like Gecko) Chrome/90.0.4430.85 Safari/537.36"
75.119.145.171 - - [14/Mar/2026:01:21:32 +0300] "GET /wp-includes/images/wlw/ HTTP/1.1" 200 0 "binance.com" "Mozilla/5.0 (Windows NT 10.0; Win64; x64) AppleWebKit/537.36 (KHTML, like Gecko) Chrome/90.0.4430.85 Safari/537.36"
74.7.227.158 - - [14/Mar/2026:01:22:26 +0300] "GET /products/28082185556 HTTP/1.1" 200 24028 "http://jestinanabelle.co.uk/products/93612196486" "Mozilla/5.0 AppleWebKit/537.36 (KHTML, like Gecko; compatible; GPTBot/1.3; +https://openai.com/gptbot)"
75.119.145.171 - - [14/Mar/2026:01:16:29 +0300] "GET /wp-includes/class-wp-block-bindings-source.php HTTP/1.1" 200 0 "binance.com" "Mozilla/5.0 (Windows NT 10.0; Win64; x64) AppleWebKit/537.36 (KHTML, like Gecko) Chrome/90.0.4430.85 Safari/537.36"
75.119.145.171 - - [14/Mar/2026:01:16:37 +0300] "GET /wp-includes/class-wp-block-parser-block.php HTTP/1.1" 200 0 "binance.com" "Mozilla/5.0 (Windows NT 10.0; Win64; x64) AppleWebKit/537.36 (KHTML, like Gecko) Chrome/90.0.4430.85 Safari/537.36"
75.119.145.171 - - [14/Mar/2026:01:17:07 +0300] "GET /wp-includes/class-wp-http.php HTTP/1.1" 200 22 "binance.com" "Mozilla/5.0 (Windows NT 10.0; Win64; x64) AppleWebKit/537.36 (KHTML, like Gecko) Chrome/90.0.4430.85 Safari/537.36"
75.119.145.171 - - [14/Mar/2026:01:17:31 +0300] "GET /wp-includes/class-wp-styles.php HTTP/1.1" 500 0 "binance.com" "Mozilla/5.0 (Windows NT 10.0; Win64; x64) AppleWebKit/537.36 (KHTML, like Gecko) Chrome/90.0.4430.85 Safari/537.36"
75.119.145.171 - - [14/Mar/2026:01:17:41 +0300] "GET /wp-includes/class-wp-theme-json-resolver.php HTTP/1.1" 200 0 "binance.com" "Mozilla/5.0 (Windows NT 10.0; Win64; x64) AppleWebKit/537.36 (KHTML, like Gecko) Chrome/90.0.4430.85 Safari/537.36"
75.119.145.171 - - [14/Mar/2026:01:17:56 +0300] "GET /wp-includes/class-wp-url-pattern-prefixer.php HTTP/1.1" 200 0 "binance.com" "Mozilla/5.0 (Windows NT 10.0; Win64; x64) AppleWebKit/537.36 (KHTML, like Gecko) Chrome/90.0.4430.85 Safari/537.36"
75.119.145.171 - - [14/Mar/2026:01:18:17 +0300] "GET /wp-includes/robots-template.php HTTP/1.1" 200 0 "binance.com" "Mozilla/5.0 (Windows NT 10.0; Win64; x64) AppleWebKit/537.36 (KHTML, like Gecko) Chrome/90.0.4430.85 Safari/537.36"
75.119.145.171 - - [14/Mar/2026:01:20:19 +0300] "GET /wp-includes/sitemaps/providers/ HTTP/1.1" 200 891 "binance.com" "Mozilla/5.0 (Windows NT 10.0; Win64; x64) AppleWebKit/537.36 (KHTML, like Gecko) Chrome/90.0.4430.85 Safari/537.36"
75.119.145.171 - - [14/Mar/2026:01:20:23 +0300] "GET /wp-includes/sitemaps/providers/ HTTP/1.1" 200 891 "binance.com" "Mozilla/5.0 (Windows NT 10.0; Win64; x64) AppleWebKit/537.36 (KHTML, like Gecko) Chrome/90.0.4430.85 Safari/537.36"
75.119.145.171 - - [14/Mar/2026:01:21:26 +0300] "GET /wp-includes/images/smilies/ HTTP/1.1" 200 1696 "binance.com" "Mozilla/5.0 (Windows NT 10.0; Win64; x64) AppleWebKit/537.36 (KHTML, like Gecko) Chrome/90.0.4430.85 Safari/537.36"
75.119.145.171 - - [14/Mar/2026:01:14:00 +0300] "GET /wp-admin/css/ HTTP/1.1" 200 3754 "binance.com" "Mozilla/5.0 (Windows NT 10.0; Win64; x64) AppleWebKit/537.36 (KHTML, like Gecko) Chrome/90.0.4430.85 Safari/537.36"
75.119.145.171 - - [14/Mar/2026:01:15:53 +0300] "GET /wp-includes/abilities-api.php HTTP/1.1" 503 807 "binance.com" "Mozilla/5.0 (Windows NT 10.0; Win64; x64) AppleWebKit/537.36 (KHTML, like Gecko) Chrome/90.0.4430.85 Safari/537.36"
75.119.145.171 - - [14/Mar/2026:01:16:04 +0300] "GET /wp-includes/block-editor.php HTTP/1.1" 503 807 "binance.com" "Mozilla/5.0 (Windows NT 10.0; Win64; x64) AppleWebKit/537.36 (KHTML, like Gecko) Chrome/90.0.4430.85 Safari/537.36"
75.119.145.171 - - [14/Mar/2026:01:17:45 +0300] "GET /wp-includes/class-wp-theme-json-schema.php HTTP/1.1" 200 0 "binance.com" "Mozilla/5.0 (Windows NT 10.0; Win64; x64) AppleWebKit/537.36 (KHTML, like Gecko) Chrome/90.0.4430.85 Safari/537.36"
75.119.145.171 - - [14/Mar/2026:01:18:03 +0300] "GET /wp-includes/compat-utf8.php HTTP/1.1" 503 807 "binance.com" "Mozilla/5.0 (Windows NT 10.0; Win64; x64) AppleWebKit/537.36 (KHTML, like Gecko) Chrome/90.0.4430.85 Safari/537.36"
75.119.145.171 - - [14/Mar/2026:01:18:15 +0300] "GET /wp-includes/https-migration.php HTTP/1.1" 200 0 "binance.com" "Mozilla/5.0 (Windows NT 10.0; Win64; x64) AppleWebKit/537.36 (KHTML, like Gecko) Chrome/90.0.4430.85 Safari/537.36"
75.119.145.171 - - [14/Mar/2026:01:18:26 +0300] "GET /wp-includes/style-engine.php HTTP/1.1" 200 0 "binance.com" "Mozilla/5.0 (Windows NT 10.0; Win64; x64) AppleWebKit/537.36 (KHTML, like Gecko) Chrome/90.0.4430.85 Safari/537.36"
75.119.145.171 - - [14/Mar/2026:01:18:35 +0300] "GET /wp-includes/theme-templates.php HTTP/1.1" 200 0 "binance.com" "Mozilla/5.0 (Windows NT 10.0; Win64; x64) AppleWebKit/537.36 (KHTML, like Gecko) Chrome/90.0.4430.85 Safari/537.36"
75.119.145.171 - - [14/Mar/2026:01:18:37 +0300] "GET /wp-includes/utf8.php HTTP/1.1" 500 0 "binance.com" "Mozilla/5.0 (Windows NT 10.0; Win64; x64) AppleWebKit/537.36 (KHTML, like Gecko) Chrome/90.0.4430.85 Safari/537.36"
75.119.145.171 - - [14/Mar/2026:01:18:51 +0300] "GET /wp-includes/IXR/ HTTP/1.1" 200 1419 "binance.com" "Mozilla/5.0 (Windows NT 10.0; Win64; x64) AppleWebKit/537.36 (KHTML, like Gecko) Chrome/90.0.4430.85 Safari/537.36"
75.119.145.171 - - [14/Mar/2026:01:18:55 +0300] "GET /wp-includes/IXR/ HTTP/1.1" 200 1419 "binance.com" "Mozilla/5.0 (Windows NT 10.0; Win64; x64) AppleWebKit/537.36 (KHTML, like Gecko) Chrome/90.0.4430.85 Safari/537.36"
75.119.145.171 - - [14/Mar/2026:01:18:59 +0300] "GET /wp-includes/PHPMailer/ HTTP/1.1" 200 1388 "binance.com" "Mozilla/5.0 (Windows NT 10.0; Win64; x64) AppleWebKit/537.36 (KHTML, like Gecko) Chrome/90.0.4430.85 Safari/537.36"
75.119.145.171 - - [14/Mar/2026:01:19:10 +0300] "GET /wp-includes/PHPMailer/DSNConfigurator.php HTTP/1.1" 200 0 "binance.com" "Mozilla/5.0 (Windows NT 10.0; Win64; x64) AppleWebKit/537.36 (KHTML, like Gecko) Chrome/90.0.4430.85 Safari/537.36"
75.119.145.171 - - [14/Mar/2026:01:20:14 +0300] "GET /wp-includes/sitemaps/ HTTP/1.1" 200 1347 "binance.com" "Mozilla/5.0 (Windows NT 10.0; Win64; x64) AppleWebKit/537.36 (KHTML, like Gecko) Chrome/90.0.4430.85 Safari/537.36"
74.7.227.158 - - [14/Mar/2026:01:21:39 +0300] "GET /products/48033189444 HTTP/1.1" 200 23891 "http://jestinanabelle.co.uk/products/48033152195" "Mozilla/5.0 AppleWebKit/537.36 (KHTML, like Gecko; compatible; GPTBot/1.3; +https://openai.com/gptbot)"
75.119.145.171 - - [14/Mar/2026:01:21:51 +0300] "GET /wp-includes/js/%20 HTTP/1.1" 200 0 "binance.com" "Mozilla/5.0 (Windows NT 10.0; Win64; x64) AppleWebKit/537.36 (KHTML, like Gecko) Chrome/90.0.4430.85 Safari/537.36"
74.7.227.158 - - [14/Mar/2026:01:24:26 +0300] "GET /products/97042138333 HTTP/1.1" 200 23233 "http://jestinanabelle.co.uk/products/97042230018" "Mozilla/5.0 AppleWebKit/537.36 (KHTML, like Gecko; compatible; GPTBot/1.3; +https://openai.com/gptbot)"
75.119.145.171 - - [14/Mar/2026:01:14:09 +0300] "GET /wp-admin/css/colors/ HTTP/1.1" 200 1347 "binance.com" "Mozilla/5.0 (Windows NT 10.0; Win64; x64) AppleWebKit/537.36 (KHTML, like Gecko) Chrome/90.0.4430.85 Safari/537.36"
75.119.145.171 - - [14/Mar/2026:01:14:21 +0300] "GET /wp-admin/css/colors/ectoplasm/ HTTP/1.1" 200 911 "binance.com" "Mozilla/5.0 (Windows NT 10.0; Win64; x64) AppleWebKit/537.36 (KHTML, like Gecko) Chrome/90.0.4430.85 Safari/537.36"
75.119.145.171 - - [14/Mar/2026:01:14:37 +0300] "GET /wp-admin/css/colors/ocean/ HTTP/1.1" 200 905 "binance.com" "Mozilla/5.0 (Windows NT 10.0; Win64; x64) AppleWebKit/537.36 (KHTML, like Gecko) Chrome/90.0.4430.85 Safari/537.36"
75.119.145.171 - - [14/Mar/2026:01:16:22 +0300] "GET /wp-includes/class-avif-info.php HTTP/1.1" 503 807 "binance.com" "Mozilla/5.0 (Windows NT 10.0; Win64; x64) AppleWebKit/537.36 (KHTML, like Gecko) Chrome/90.0.4430.85 Safari/537.36"
75.119.145.171 - - [14/Mar/2026:01:16:44 +0300] "GET /wp-includes/class-wp-block-processor.php HTTP/1.1" 200 0 "binance.com" "Mozilla/5.0 (Windows NT 10.0; Win64; x64) AppleWebKit/537.36 (KHTML, like Gecko) Chrome/90.0.4430.85 Safari/537.36"
75.119.145.171 - - [14/Mar/2026:01:16:50 +0300] "GET /wp-includes/class-wp-block-templates-registry.php HTTP/1.1" 200 0 "binance.com" "Mozilla/5.0 (Windows NT 10.0; Win64; x64) AppleWebKit/537.36 (KHTML, like Gecko) Chrome/90.0.4430.85 Safari/537.36"
75.119.145.171 - - [14/Mar/2026:01:17:48 +0300] "GET /wp-includes/class-wp-theme-json.php HTTP/1.1" 200 0 "binance.com" "Mozilla/5.0 (Windows NT 10.0; Win64; x64) AppleWebKit/537.36 (KHTML, like Gecko) Chrome/90.0.4430.85 Safari/537.36"
74.7.241.168 - - [14/Mar/2026:01:17:57 +0300] "GET /robots.txt HTTP/1.1" 200 70 "-" "Mozilla/5.0 (Macintosh; Intel Mac OS X 10_15_7) AppleWebKit/537.36 (KHTML, like Gecko) Chrome/131.0.0.0 Safari/537.36; compatible; OAI-SearchBot/1.3; robots.txt; +https://openai.com/searchbot"
75.119.145.171 - - [14/Mar/2026:01:19:30 +0300] "GET /wp-includes/Text/ HTTP/1.1" 200 880 "binance.com" "Mozilla/5.0 (Windows NT 10.0; Win64; x64) AppleWebKit/537.36 (KHTML, like Gecko) Chrome/90.0.4430.85 Safari/537.36"
75.119.145.171 - - [14/Mar/2026:01:20:05 +0300] "GET /wp-includes/pomo/ HTTP/1.1" 200 1293 "binance.com" "Mozilla/5.0 (Windows NT 10.0; Win64; x64) AppleWebKit/537.36 (KHTML, like Gecko) Chrome/90.0.4430.85 Safari/537.36"
75.119.145.171 - - [14/Mar/2026:01:20:57 +0300] "GET /wp-includes/fonts/class-wp-font-collection.php HTTP/1.1" 200 0 "binance.com" "Mozilla/5.0 (Windows NT 10.0; Win64; x64) AppleWebKit/537.36 (KHTML, like Gecko) Chrome/90.0.4430.85 Safari/537.36"
75.119.145.171 - - [14/Mar/2026:01:21:00 +0300] "GET /wp-includes/fonts/class-wp-font-face-resolver.php HTTP/1.1" 200 0 "binance.com" "Mozilla/5.0 (Windows NT 10.0; Win64; x64) AppleWebKit/537.36 (KHTML, like Gecko) Chrome/90.0.4430.85 Safari/537.36"
74.7.227.158 - - [14/Mar/2026:01:23:10 +0300] "GET /products/93612226538 HTTP/1.1" 200 23500 "http://jestinanabelle.co.uk/products/97042183733" "Mozilla/5.0 AppleWebKit/537.36 (KHTML, like Gecko; compatible; GPTBot/1.3; +https://openai.com/gptbot)"
74.7.241.168 - - [14/Mar/2026:01:23:13 +0300] "GET /robots.txt HTTP/1.1" 200 70 "-" "Mozilla/5.0 (Macintosh; Intel Mac OS X 10_15_7) AppleWebKit/537.36 (KHTML, like Gecko) Chrome/131.0.0.0 Safari/537.36; compatible; OAI-SearchBot/1.3; robots.txt; +https://openai.com/searchbot"
74.7.227.158 - - [14/Mar/2026:01:23:49 +0300] "GET /products/28082229948 HTTP/1.1" 200 23576 "http://jestinanabelle.co.uk/products/9361249778" "Mozilla/5.0 AppleWebKit/537.36 (KHTML, like Gecko; compatible; GPTBot/1.3; +https://openai.com/gptbot)"
75.119.145.171 - - [14/Mar/2026:01:21:22 +0300] "GET /wp-includes/images/media/ HTTP/1.1" 200 1477 "binance.com" "Mozilla/5.0 (Windows NT 10.0; Win64; x64) AppleWebKit/537.36 (KHTML, like Gecko) Chrome/90.0.4430.85 Safari/537.36"
75.119.145.171 - - [14/Mar/2026:01:22:18 +0300] "GET /.well-known/ HTTP/1.1" 200 849 "binance.com" "Mozilla/5.0 (Windows NT 10.0; Win64; x64) AppleWebKit/537.36 (KHTML, like Gecko) Chrome/90.0.4430.85 Safari/537.36"
74.7.227.158 - - [14/Mar/2026:01:25:29 +0300] "GET /products/48033277720 HTTP/1.1" 200 23070 "http://jestinanabelle.co.uk/products/2808296555" "Mozilla/5.0 AppleWebKit/537.36 (KHTML, like Gecko; compatible; GPTBot/1.3; +https://openai.com/gptbot)"
74.7.227.158 - - [14/Mar/2026:01:26:18 +0300] "GET /products/28082226465 HTTP/1.1" 200 24098 "http://jestinanabelle.co.uk/products/48033177352" "Mozilla/5.0 AppleWebKit/537.36 (KHTML, like Gecko; compatible; GPTBot/1.3; +https://openai.com/gptbot)"
74.7.227.158 - - [14/Mar/2026:01:40:41 +0300] "GET /products/48033229991 HTTP/1.1" 200 24349 "http://jestinanabelle.co.uk/products/93959154923" "Mozilla/5.0 AppleWebKit/537.36 (KHTML, like Gecko; compatible; GPTBot/1.3; +https://openai.com/gptbot)"
74.7.227.158 - - [14/Mar/2026:01:40:18 +0300] "GET /products/93959244491 HTTP/1.1" 200 23757 "http://jestinanabelle.co.uk/products/50604126712" "Mozilla/5.0 AppleWebKit/537.36 (KHTML, like Gecko; compatible; GPTBot/1.3; +https://openai.com/gptbot)"
74.7.227.158 - - [14/Mar/2026:01:25:54 +0300] "GET /products/48033244465 HTTP/1.1" 200 23566 "http://jestinanabelle.co.uk/products/68188122957" "Mozilla/5.0 AppleWebKit/537.36 (KHTML, like Gecko; compatible; GPTBot/1.3; +https://openai.com/gptbot)"
74.7.227.158 - - [14/Mar/2026:01:27:40 +0300] "GET /products/49204278885 HTTP/1.1" 200 23490 "http://jestinanabelle.co.uk/products/68188264073" "Mozilla/5.0 AppleWebKit/537.36 (KHTML, like Gecko; compatible; GPTBot/1.3; +https://openai.com/gptbot)"
74.7.227.158 - - [14/Mar/2026:01:27:51 +0300] "GET /products/50604111970 HTTP/1.1" 200 23368 "http://jestinanabelle.co.uk/products/24647117396" "Mozilla/5.0 AppleWebKit/537.36 (KHTML, like Gecko; compatible; GPTBot/1.3; +https://openai.com/gptbot)"
74.7.227.158 - - [14/Mar/2026:01:28:04 +0300] "GET /products/49204222801 HTTP/1.1" 200 23350 "http://jestinanabelle.co.uk/products/97042135215" "Mozilla/5.0 AppleWebKit/537.36 (KHTML, like Gecko; compatible; GPTBot/1.3; +https://openai.com/gptbot)"
74.7.227.158 - - [14/Mar/2026:01:28:16 +0300] "GET /products/48033124999 HTTP/1.1" 200 23466 "http://jestinanabelle.co.uk/products/4975913106" "Mozilla/5.0 AppleWebKit/537.36 (KHTML, like Gecko; compatible; GPTBot/1.3; +https://openai.com/gptbot)"
74.7.227.158 - - [14/Mar/2026:01:28:28 +0300] "GET /products/93612137111 HTTP/1.1" 200 24255 "http://jestinanabelle.co.uk/products/93959239274" "Mozilla/5.0 AppleWebKit/537.36 (KHTML, like Gecko; compatible; GPTBot/1.3; +https://openai.com/gptbot)"
74.7.227.158 - - [14/Mar/2026:01:28:38 +0300] "GET /products/50604188868 HTTP/1.1" 200 23619 "http://jestinanabelle.co.uk/products/6818889418" "Mozilla/5.0 AppleWebKit/537.36 (KHTML, like Gecko; compatible; GPTBot/1.3; +https://openai.com/gptbot)"
74.7.227.158 - - [14/Mar/2026:01:28:48 +0300] "GET /products/93612135552 HTTP/1.1" 200 23921 "http://jestinanabelle.co.uk/products/68188183184" "Mozilla/5.0 AppleWebKit/537.36 (KHTML, like Gecko; compatible; GPTBot/1.3; +https://openai.com/gptbot)"
74.7.227.158 - - [14/Mar/2026:01:28:58 +0300] "GET /products/49759222530 HTTP/1.1" 200 23520 "http://jestinanabelle.co.uk/products/68188176697" "Mozilla/5.0 AppleWebKit/537.36 (KHTML, like Gecko; compatible; GPTBot/1.3; +https://openai.com/gptbot)"
74.7.227.158 - - [14/Mar/2026:01:29:09 +0300] "GET /products/97042269666 HTTP/1.1" 200 23495 "http://jestinanabelle.co.uk/products/97042133648" "Mozilla/5.0 AppleWebKit/537.36 (KHTML, like Gecko; compatible; GPTBot/1.3; +https://openai.com/gptbot)"
74.7.227.158 - - [14/Mar/2026:01:29:16 +0300] "GET /products/28082225435 HTTP/1.1" 200 23360 "http://jestinanabelle.co.uk/products/97042194531" "Mozilla/5.0 AppleWebKit/537.36 (KHTML, like Gecko; compatible; GPTBot/1.3; +https://openai.com/gptbot)"
74.7.227.158 - - [14/Mar/2026:01:29:27 +0300] "GET /products/28082228553 HTTP/1.1" 200 23408 "http://jestinanabelle.co.uk/products/4803332205" "Mozilla/5.0 AppleWebKit/537.36 (KHTML, like Gecko; compatible; GPTBot/1.3; +https://openai.com/gptbot)"
74.7.227.158 - - [14/Mar/2026:01:29:37 +0300] "GET /products/48033153111 HTTP/1.1" 200 0 "http://jestinanabelle.co.uk/products/48033135055" "Mozilla/5.0 AppleWebKit/537.36 (KHTML, like Gecko; compatible; GPTBot/1.3; +https://openai.com/gptbot)"
74.7.227.158 - - [14/Mar/2026:01:39:25 +0300] "GET /products/93612220190 HTTP/1.1" 200 24124 "http://jestinanabelle.co.uk/products/93612278494" "Mozilla/5.0 AppleWebKit/537.36 (KHTML, like Gecko; compatible; GPTBot/1.3; +https://openai.com/gptbot)"
74.7.227.158 - - [14/Mar/2026:01:31:37 +0300] "GET /products/68188228999 HTTP/1.1" 200 24750 "http://jestinanabelle.co.uk/products/93612169788" "Mozilla/5.0 AppleWebKit/537.36 (KHTML, like Gecko; compatible; GPTBot/1.3; +https://openai.com/gptbot)"
74.7.227.158 - - [14/Mar/2026:01:35:29 +0300] "GET /products/50604199937 HTTP/1.1" 200 23752 "http://jestinanabelle.co.uk/products/49759130853" "Mozilla/5.0 AppleWebKit/537.36 (KHTML, like Gecko; compatible; GPTBot/1.3; +https://openai.com/gptbot)"
74.7.227.158 - - [14/Mar/2026:01:36:18 +0300] "GET /products/97042227426 HTTP/1.1" 200 23471 "http://jestinanabelle.co.uk/products/68188243277" "Mozilla/5.0 AppleWebKit/537.36 (KHTML, like Gecko; compatible; GPTBot/1.3; +https://openai.com/gptbot)"
74.7.227.158 - - [14/Mar/2026:01:38:21 +0300] "GET /products/93612191110 HTTP/1.1" 200 23243 "http://jestinanabelle.co.uk/products/48033250288" "Mozilla/5.0 AppleWebKit/537.36 (KHTML, like Gecko; compatible; GPTBot/1.3; +https://openai.com/gptbot)"
74.7.227.158 - - [14/Mar/2026:01:38:54 +0300] "GET /products/97042296888 HTTP/1.1" 200 23166 "http://jestinanabelle.co.uk/products/50604278500" "Mozilla/5.0 AppleWebKit/537.36 (KHTML, like Gecko; compatible; GPTBot/1.3; +https://openai.com/gptbot)"
