74.7.227.158 - - [14/Mar/2026:03:27:22 +0300] "GET /products/4803367091 HTTP/1.1" 200 0 "http://jestinanabelle.co.uk/products/6818885581" "Mozilla/5.0 AppleWebKit/537.36 (KHTML, like Gecko; compatible; GPTBot/1.3; +https://openai.com/gptbot)"
74.7.227.158 - - [14/Mar/2026:03:29:33 +0300] "GET /products/4803391697 HTTP/1.1" 503 807 "http://jestinanabelle.co.uk/products/936128584" "Mozilla/5.0 AppleWebKit/537.36 (KHTML, like Gecko; compatible; GPTBot/1.3; +https://openai.com/gptbot)"
74.7.227.158 - - [14/Mar/2026:03:30:30 +0300] "GET /products/4803312691 HTTP/1.1" 200 23496 "http://jestinanabelle.co.uk/products/4803337774" "Mozilla/5.0 AppleWebKit/537.36 (KHTML, like Gecko; compatible; GPTBot/1.3; +https://openai.com/gptbot)"
98.71.74.154 - - [14/Mar/2026:03:31:14 +0300] "GET /wp-content/plugins/hellopress/wp_filemanager.php HTTP/1.1" 200 0 "-" "-"
74.7.227.158 - - [14/Mar/2026:03:24:26 +0300] "GET /products/93959195558 HTTP/1.1" 200 0 "http://jestinanabelle.co.uk/products/480337885" "Mozilla/5.0 AppleWebKit/537.36 (KHTML, like Gecko; compatible; GPTBot/1.3; +https://openai.com/gptbot)"
74.7.241.168 - - [14/Mar/2026:03:27:52 +0300] "GET /robots.txt HTTP/1.1" 200 70 "-" "Mozilla/5.0 (Macintosh; Intel Mac OS X 10_15_7) AppleWebKit/537.36 (KHTML, like Gecko) Chrome/131.0.0.0 Safari/537.36; compatible; OAI-SearchBot/1.3; robots.txt; +https://openai.com/searchbot"
74.7.227.158 - - [14/Mar/2026:03:28:28 +0300] "GET /products/4803329587 HTTP/1.1" 200 23077 "http://jestinanabelle.co.uk/products/50604214" "Mozilla/5.0 AppleWebKit/537.36 (KHTML, like Gecko; compatible; GPTBot/1.3; +https://openai.com/gptbot)"
74.7.227.158 - - [14/Mar/2026:03:31:38 +0300] "GET /products/5060489236 HTTP/1.1" 503 807 "http://jestinanabelle.co.uk/products/5060419623" "Mozilla/5.0 AppleWebKit/537.36 (KHTML, like Gecko; compatible; GPTBot/1.3; +https://openai.com/gptbot)"
74.7.227.158 - - [14/Mar/2026:03:32:32 +0300] "GET /products/5060456004 HTTP/1.1" 200 23628 "http://jestinanabelle.co.uk/products/28082220244" "Mozilla/5.0 AppleWebKit/537.36 (KHTML, like Gecko; compatible; GPTBot/1.3; +https://openai.com/gptbot)"
74.7.227.158 - - [14/Mar/2026:03:37:44 +0300] "GET /products/2464730391 HTTP/1.1" 200 0 "http://jestinanabelle.co.uk/products/2464715111" "Mozilla/5.0 AppleWebKit/537.36 (KHTML, like Gecko; compatible; GPTBot/1.3; +https://openai.com/gptbot)"
74.7.227.158 - - [14/Mar/2026:03:35:40 +0300] "GET /products/4920481753 HTTP/1.1" 503 807 "http://jestinanabelle.co.uk/products/93612228134" "Mozilla/5.0 AppleWebKit/537.36 (KHTML, like Gecko; compatible; GPTBot/1.3; +https://openai.com/gptbot)"
74.7.227.158 - - [14/Mar/2026:03:38:47 +0300] "GET /products/2464783705 HTTP/1.1" 503 807 "http://jestinanabelle.co.uk/products/24647333835" "Mozilla/5.0 AppleWebKit/537.36 (KHTML, like Gecko; compatible; GPTBot/1.3; +https://openai.com/gptbot)"
74.7.227.158 - - [14/Mar/2026:03:33:36 +0300] "GET /products/9361274059 HTTP/1.1" 200 0 "http://jestinanabelle.co.uk/products/4920445777" "Mozilla/5.0 AppleWebKit/537.36 (KHTML, like Gecko; compatible; GPTBot/1.3; +https://openai.com/gptbot)"
74.7.227.158 - - [14/Mar/2026:03:34:34 +0300] "GET /products/9704231610 HTTP/1.1" 503 807 "http://jestinanabelle.co.uk/products/9395999057" "Mozilla/5.0 AppleWebKit/537.36 (KHTML, like Gecko; compatible; GPTBot/1.3; +https://openai.com/gptbot)"
74.7.241.168 - - [14/Mar/2026:03:34:06 +0300] "GET /robots.txt HTTP/1.1" 200 70 "-" "Mozilla/5.0 (Macintosh; Intel Mac OS X 10_15_7) AppleWebKit/537.36 (KHTML, like Gecko) Chrome/131.0.0.0 Safari/537.36; compatible; OAI-SearchBot/1.3; robots.txt; +https://openai.com/searchbot"
74.7.227.158 - - [14/Mar/2026:03:36:39 +0300] "GET /products/9704246835 HTTP/1.1" 200 0 "http://jestinanabelle.co.uk/products/68188920" "Mozilla/5.0 AppleWebKit/537.36 (KHTML, like Gecko; compatible; GPTBot/1.3; +https://openai.com/gptbot)"
74.7.227.158 - - [14/Mar/2026:03:46:43 +0300] "GET /products/4920492308 HTTP/1.1" 200 23660 "http://jestinanabelle.co.uk/products/97042265817" "Mozilla/5.0 AppleWebKit/537.36 (KHTML, like Gecko; compatible; GPTBot/1.3; +https://openai.com/gptbot)"
74.7.227.158 - - [14/Mar/2026:03:49:35 +0300] "GET /products/4920492947 HTTP/1.1" 200 0 "http://jestinanabelle.co.uk/products/97042121366" "Mozilla/5.0 AppleWebKit/537.36 (KHTML, like Gecko; compatible; GPTBot/1.3; +https://openai.com/gptbot)"
74.7.227.158 - - [14/Mar/2026:03:52:37 +0300] "GET /products/93612224567 HTTP/1.1" 200 24656 "http://jestinanabelle.co.uk/products/5060418693" "Mozilla/5.0 AppleWebKit/537.36 (KHTML, like Gecko; compatible; GPTBot/1.3; +https://openai.com/gptbot)"
74.7.227.158 - - [14/Mar/2026:03:42:54 +0300] "GET /products/5060436912 HTTP/1.1" 200 0 "http://jestinanabelle.co.uk/products/48033827" "Mozilla/5.0 AppleWebKit/537.36 (KHTML, like Gecko; compatible; GPTBot/1.3; +https://openai.com/gptbot)"
74.7.227.158 - - [14/Mar/2026:03:44:48 +0300] "GET /products/4803333798 HTTP/1.1" 200 23738 "http://jestinanabelle.co.uk/products/9704274333" "Mozilla/5.0 AppleWebKit/537.36 (KHTML, like Gecko; compatible; GPTBot/1.3; +https://openai.com/gptbot)"
74.7.227.158 - - [14/Mar/2026:03:53:39 +0300] "GET /products/2464729647 HTTP/1.1" 200 0 "http://jestinanabelle.co.uk/products/50604180962" "Mozilla/5.0 AppleWebKit/537.36 (KHTML, like Gecko; compatible; GPTBot/1.3; +https://openai.com/gptbot)"
74.7.227.158 - - [14/Mar/2026:03:55:40 +0300] "GET /products/4975975854 HTTP/1.1" 503 807 "http://jestinanabelle.co.uk/products/68188224707" "Mozilla/5.0 AppleWebKit/537.36 (KHTML, like Gecko; compatible; GPTBot/1.3; +https://openai.com/gptbot)"
74.7.241.168 - - [14/Mar/2026:03:40:21 +0300] "GET /robots.txt HTTP/1.1" 200 70 "-" "Mozilla/5.0 (Macintosh; Intel Mac OS X 10_15_7) AppleWebKit/537.36 (KHTML, like Gecko) Chrome/131.0.0.0 Safari/537.36; compatible; OAI-SearchBot/1.3; robots.txt; +https://openai.com/searchbot"
74.7.227.158 - - [14/Mar/2026:03:50:36 +0300] "GET /products/5060437604 HTTP/1.1" 503 807 "http://jestinanabelle.co.uk/products/50604270753" "Mozilla/5.0 AppleWebKit/537.36 (KHTML, like Gecko; compatible; GPTBot/1.3; +https://openai.com/gptbot)"
74.7.227.158 - - [14/Mar/2026:03:56:43 +0300] "GET /products/9704242468 HTTP/1.1" 200 23672 "http://jestinanabelle.co.uk/products/49759201366" "Mozilla/5.0 AppleWebKit/537.36 (KHTML, like Gecko; compatible; GPTBot/1.3; +https://openai.com/gptbot)"
74.7.227.158 - - [14/Mar/2026:03:41:58 +0300] "GET /products/5060418693 HTTP/1.1" 200 22842 "http://jestinanabelle.co.uk/products/9395999328" "Mozilla/5.0 AppleWebKit/537.36 (KHTML, like Gecko; compatible; GPTBot/1.3; +https://openai.com/gptbot)"
74.7.227.158 - - [14/Mar/2026:03:43:44 +0300] "GET /products/4803333811 HTTP/1.1" 200 0 "http://jestinanabelle.co.uk/products/97042220943" "Mozilla/5.0 AppleWebKit/537.36 (KHTML, like Gecko; compatible; GPTBot/1.3; +https://openai.com/gptbot)"
74.7.227.158 - - [14/Mar/2026:03:47:47 +0300] "GET /products/9361264264 HTTP/1.1" 200 23744 "http://jestinanabelle.co.uk/products/4803368951" "Mozilla/5.0 AppleWebKit/537.36 (KHTML, like Gecko; compatible; GPTBot/1.3; +https://openai.com/gptbot)"
74.7.227.158 - - [14/Mar/2026:03:51:36 +0300] "GET /products/6818818649 HTTP/1.1" 200 0 "http://jestinanabelle.co.uk/sitemap197.xml" "Mozilla/5.0 AppleWebKit/537.36 (KHTML, like Gecko; compatible; GPTBot/1.3; +https://openai.com/gptbot)"
74.7.227.158 - - [14/Mar/2026:03:39:51 +0300] "GET /products/9704241736 HTTP/1.1" 200 0 "http://jestinanabelle.co.uk/products/6818883655" "Mozilla/5.0 AppleWebKit/537.36 (KHTML, like Gecko; compatible; GPTBot/1.3; +https://openai.com/gptbot)"
74.7.241.168 - - [14/Mar/2026:03:46:19 +0300] "GET /robots.txt HTTP/1.1" 200 70 "-" "Mozilla/5.0 (Macintosh; Intel Mac OS X 10_15_7) AppleWebKit/537.36 (KHTML, like Gecko) Chrome/131.0.0.0 Safari/537.36; compatible; OAI-SearchBot/1.3; robots.txt; +https://openai.com/searchbot"
74.7.227.158 - - [14/Mar/2026:03:54:34 +0300] "GET /products/2464713471 HTTP/1.1" 200 0 "http://jestinanabelle.co.uk/products/93959122820" "Mozilla/5.0 AppleWebKit/537.36 (KHTML, like Gecko; compatible; GPTBot/1.3; +https://openai.com/gptbot)"
74.7.227.158 - - [14/Mar/2026:03:48:47 +0300] "GET /products/4975991975 HTTP/1.1" 200 0 "http://jestinanabelle.co.uk/products/49204139535" "Mozilla/5.0 AppleWebKit/537.36 (KHTML, like Gecko; compatible; GPTBot/1.3; +https://openai.com/gptbot)"
74.7.227.158 - - [14/Mar/2026:03:40:52 +0300] "GET /products/9704291603 HTTP/1.1" 200 24612 "http://jestinanabelle.co.uk/products/97042224748" "Mozilla/5.0 AppleWebKit/537.36 (KHTML, like Gecko; compatible; GPTBot/1.3; +https://openai.com/gptbot)"
74.7.227.158 - - [14/Mar/2026:03:45:49 +0300] "GET /category/9049-9704200040.html HTTP/1.1" 200 0 "http://jestinanabelle.co.uk/products/97042160335" "Mozilla/5.0 AppleWebKit/537.36 (KHTML, like Gecko; compatible; GPTBot/1.3; +https://openai.com/gptbot)"
74.7.227.158 - - [14/Mar/2026:03:59:38 +0300] "GET /products/2464764711 HTTP/1.1" 200 24116 "http://jestinanabelle.co.uk/products/93959148735" "Mozilla/5.0 AppleWebKit/537.36 (KHTML, like Gecko; compatible; GPTBot/1.3; +https://openai.com/gptbot)"
74.7.227.158 - - [14/Mar/2026:04:02:08 +0300] "GET /products/4920428204 HTTP/1.1" 200 23560 "http://jestinanabelle.co.uk/products/97042131306" "Mozilla/5.0 AppleWebKit/537.36 (KHTML, like Gecko; compatible; GPTBot/1.3; +https://openai.com/gptbot)"
74.7.227.158 - - [14/Mar/2026:04:03:58 +0300] "GET /products/6818818522 HTTP/1.1" 200 23321 "http://jestinanabelle.co.uk/products/93959216927" "Mozilla/5.0 AppleWebKit/537.36 (KHTML, like Gecko; compatible; GPTBot/1.3; +https://openai.com/gptbot)"
74.7.227.158 - - [14/Mar/2026:04:01:25 +0300] "GET /products/2808295295 HTTP/1.1" 200 22878 "http://jestinanabelle.co.uk/products/9704212435" "Mozilla/5.0 AppleWebKit/537.36 (KHTML, like Gecko; compatible; GPTBot/1.3; +https://openai.com/gptbot)"
74.7.227.158 - - [14/Mar/2026:04:04:55 +0300] "GET /products/4920420475 HTTP/1.1" 200 23404 "http://jestinanabelle.co.uk/products/93959287758" "Mozilla/5.0 AppleWebKit/537.36 (KHTML, like Gecko; compatible; GPTBot/1.3; +https://openai.com/gptbot)"
74.7.227.158 - - [14/Mar/2026:04:02:51 +0300] "GET /products/9395939852 HTTP/1.1" 200 23447 "http://jestinanabelle.co.uk/products/49204160008" "Mozilla/5.0 AppleWebKit/537.36 (KHTML, like Gecko; compatible; GPTBot/1.3; +https://openai.com/gptbot)"
74.7.227.158 - - [14/Mar/2026:04:03:27 +0300] "GET /products/2464740246 HTTP/1.1" 200 23123 "http://jestinanabelle.co.uk/products/49204273395" "Mozilla/5.0 AppleWebKit/537.36 (KHTML, like Gecko; compatible; GPTBot/1.3; +https://openai.com/gptbot)"
74.7.227.158 - - [14/Mar/2026:04:04:29 +0300] "GET /products/4803313139 HTTP/1.1" 200 23730 "http://jestinanabelle.co.uk/products/50604171731" "Mozilla/5.0 AppleWebKit/537.36 (KHTML, like Gecko; compatible; GPTBot/1.3; +https://openai.com/gptbot)"
74.7.241.168 - - [14/Mar/2026:03:58:15 +0300] "GET /robots.txt HTTP/1.1" 200 70 "-" "Mozilla/5.0 (Macintosh; Intel Mac OS X 10_15_7) AppleWebKit/537.36 (KHTML, like Gecko) Chrome/131.0.0.0 Safari/537.36; compatible; OAI-SearchBot/1.3; robots.txt; +https://openai.com/searchbot"
74.7.227.158 - - [14/Mar/2026:04:05:18 +0300] "GET /products/9395939450 HTTP/1.1" 200 23281 "http://jestinanabelle.co.uk/products/68188202860" "Mozilla/5.0 AppleWebKit/537.36 (KHTML, like Gecko; compatible; GPTBot/1.3; +https://openai.com/gptbot)"
74.7.227.158 - - [14/Mar/2026:03:58:38 +0300] "GET /products/9395959707 HTTP/1.1" 200 23514 "http://jestinanabelle.co.uk/products/68188261691" "Mozilla/5.0 AppleWebKit/537.36 (KHTML, like Gecko; compatible; GPTBot/1.3; +https://openai.com/gptbot)"
74.7.227.158 - - [14/Mar/2026:04:00:35 +0300] "GET /products/9704239709 HTTP/1.1" 200 24048 "http://jestinanabelle.co.uk/products/4803331334" "Mozilla/5.0 AppleWebKit/537.36 (KHTML, like Gecko; compatible; GPTBot/1.3; +https://openai.com/gptbot)"
74.7.227.158 - - [14/Mar/2026:03:57:44 +0300] "GET /products/2808292801 HTTP/1.1" 200 0 "http://jestinanabelle.co.uk/products/2808296555" "Mozilla/5.0 AppleWebKit/537.36 (KHTML, like Gecko; compatible; GPTBot/1.3; +https://openai.com/gptbot)"
74.7.241.168 - - [14/Mar/2026:04:03:30 +0300] "GET /robots.txt HTTP/1.1" 200 70 "-" "Mozilla/5.0 (Macintosh; Intel Mac OS X 10_15_7) AppleWebKit/537.36 (KHTML, like Gecko) Chrome/131.0.0.0 Safari/537.36; compatible; OAI-SearchBot/1.3; robots.txt; +https://openai.com/searchbot"
74.7.227.158 - - [14/Mar/2026:04:07:04 +0300] "GET /products/9395959765 HTTP/1.1" 200 0 "http://jestinanabelle.co.uk/products/93959117349" "Mozilla/5.0 AppleWebKit/537.36 (KHTML, like Gecko; compatible; GPTBot/1.3; +https://openai.com/gptbot)"
74.7.227.158 - - [14/Mar/2026:04:09:05 +0300] "GET /products/28082223183 HTTP/1.1" 200 0 "http://jestinanabelle.co.uk/products/4920428204" "Mozilla/5.0 AppleWebKit/537.36 (KHTML, like Gecko; compatible; GPTBot/1.3; +https://openai.com/gptbot)"
74.7.227.158 - - [14/Mar/2026:04:06:04 +0300] "GET /products/9704232423 HTTP/1.1" 503 807 "http://jestinanabelle.co.uk/products/93959229946" "Mozilla/5.0 AppleWebKit/537.36 (KHTML, like Gecko; compatible; GPTBot/1.3; +https://openai.com/gptbot)"
74.7.241.168 - - [14/Mar/2026:04:13:41 +0300] "GET /robots.txt HTTP/1.1" 200 70 "-" "Mozilla/5.0 (Macintosh; Intel Mac OS X 10_15_7) AppleWebKit/537.36 (KHTML, like Gecko) Chrome/131.0.0.0 Safari/537.36; compatible; OAI-SearchBot/1.3; robots.txt; +https://openai.com/searchbot"
74.7.227.158 - - [14/Mar/2026:04:05:41 +0300] "GET /products/4803334902 HTTP/1.1" 503 807 "http://jestinanabelle.co.uk/products/9395959707" "Mozilla/5.0 AppleWebKit/537.36 (KHTML, like Gecko; compatible; GPTBot/1.3; +https://openai.com/gptbot)"
74.7.227.158 - - [14/Mar/2026:04:10:06 +0300] "GET /products/4975975756 HTTP/1.1" 200 23078 "http://jestinanabelle.co.uk/products/2808272122" "Mozilla/5.0 AppleWebKit/537.36 (KHTML, like Gecko; compatible; GPTBot/1.3; +https://openai.com/gptbot)"
74.7.227.158 - - [14/Mar/2026:04:14:10 +0300] "GET /products/49759197591 HTTP/1.1" 200 0 "http://jestinanabelle.co.uk/products/50604201426" "Mozilla/5.0 AppleWebKit/537.36 (KHTML, like Gecko; compatible; GPTBot/1.3; +https://openai.com/gptbot)"
74.7.241.168 - - [14/Mar/2026:04:08:33 +0300] "GET /robots.txt HTTP/1.1" 200 70 "-" "Mozilla/5.0 (Macintosh; Intel Mac OS X 10_15_7) AppleWebKit/537.36 (KHTML, like Gecko) Chrome/131.0.0.0 Safari/537.36; compatible; OAI-SearchBot/1.3; robots.txt; +https://openai.com/searchbot"
74.7.227.158 - - [14/Mar/2026:04:08:03 +0300] "GET /products/6818818992 HTTP/1.1" 200 0 "http://jestinanabelle.co.uk/products/9704241680" "Mozilla/5.0 AppleWebKit/537.36 (KHTML, like Gecko; compatible; GPTBot/1.3; +https://openai.com/gptbot)"
74.7.227.158 - - [14/Mar/2026:04:11:09 +0300] "GET /products/4920492236 HTTP/1.1" 200 0 "http://jestinanabelle.co.uk/sitemap98.xml" "Mozilla/5.0 AppleWebKit/537.36 (KHTML, like Gecko; compatible; GPTBot/1.3; +https://openai.com/gptbot)"
74.7.227.158 - - [14/Mar/2026:04:12:08 +0300] "GET /products/2808280359 HTTP/1.1" 503 807 "http://jestinanabelle.co.uk/products/48033105067" "Mozilla/5.0 AppleWebKit/537.36 (KHTML, like Gecko; compatible; GPTBot/1.3; +https://openai.com/gptbot)"
74.7.227.158 - - [14/Mar/2026:04:13:10 +0300] "GET /products/4803328035 HTTP/1.1" 200 0 "http://jestinanabelle.co.uk/products/48033144551" "Mozilla/5.0 AppleWebKit/537.36 (KHTML, like Gecko; compatible; GPTBot/1.3; +https://openai.com/gptbot)"
74.7.227.158 - - [14/Mar/2026:04:20:56 +0300] "GET /products/9395972087 HTTP/1.1" 200 0 "http://jestinanabelle.co.uk/products/24647305623" "Mozilla/5.0 AppleWebKit/537.36 (KHTML, like Gecko; compatible; GPTBot/1.3; +https://openai.com/gptbot)"
74.7.227.158 - - [14/Mar/2026:04:26:08 +0300] "GET /products/5060430118 HTTP/1.1" 503 807 "http://jestinanabelle.co.uk/products/93612185073" "Mozilla/5.0 AppleWebKit/537.36 (KHTML, like Gecko; compatible; GPTBot/1.3; +https://openai.com/gptbot)"
74.7.227.158 - - [14/Mar/2026:04:27:09 +0300] "GET /products/9395917124 HTTP/1.1" 200 23294 "http://jestinanabelle.co.uk/products/68188123745" "Mozilla/5.0 AppleWebKit/537.36 (KHTML, like Gecko; compatible; GPTBot/1.3; +https://openai.com/gptbot)"
74.7.227.158 - - [14/Mar/2026:04:18:04 +0300] "GET /products/2464745682 HTTP/1.1" 503 807 "http://jestinanabelle.co.uk/products/50604211965" "Mozilla/5.0 AppleWebKit/537.36 (KHTML, like Gecko; compatible; GPTBot/1.3; +https://openai.com/gptbot)"
74.7.227.158 - - [14/Mar/2026:04:19:52 +0300] "GET /products/6818871041 HTTP/1.1" 503 807 "http://jestinanabelle.co.uk/products/93612153700" "Mozilla/5.0 AppleWebKit/537.36 (KHTML, like Gecko; compatible; GPTBot/1.3; +https://openai.com/gptbot)"
74.7.241.168 - - [14/Mar/2026:04:30:00 +0300] "GET /robots.txt HTTP/1.1" 200 70 "-" "Mozilla/5.0 (Macintosh; Intel Mac OS X 10_15_7) AppleWebKit/537.36 (KHTML, like Gecko) Chrome/131.0.0.0 Safari/537.36; compatible; OAI-SearchBot/1.3; robots.txt; +https://openai.com/searchbot"
74.7.241.168 - - [14/Mar/2026:04:19:20 +0300] "GET /robots.txt HTTP/1.1" 200 70 "-" "Mozilla/5.0 (Macintosh; Intel Mac OS X 10_15_7) AppleWebKit/537.36 (KHTML, like Gecko) Chrome/131.0.0.0 Safari/537.36; compatible; OAI-SearchBot/1.3; robots.txt; +https://openai.com/searchbot"
74.7.241.168 - - [14/Mar/2026:04:24:33 +0300] "GET /robots.txt HTTP/1.1" 200 70 "-" "Mozilla/5.0 (Macintosh; Intel Mac OS X 10_15_7) AppleWebKit/537.36 (KHTML, like Gecko) Chrome/131.0.0.0 Safari/537.36; compatible; OAI-SearchBot/1.3; robots.txt; +https://openai.com/searchbot"
74.7.227.158 - - [14/Mar/2026:04:30:46 +0300] "GET /products/4803380969 HTTP/1.1" 200 24435 "http://jestinanabelle.co.uk/products/24647262432" "Mozilla/5.0 AppleWebKit/537.36 (KHTML, like Gecko; compatible; GPTBot/1.3; +https://openai.com/gptbot)"
74.7.227.158 - - [14/Mar/2026:04:16:20 +0300] "GET /products/9361266557 HTTP/1.1" 200 23644 "http://jestinanabelle.co.uk/products/93959180562" "Mozilla/5.0 AppleWebKit/537.36 (KHTML, like Gecko; compatible; GPTBot/1.3; +https://openai.com/gptbot)"
74.7.227.158 - - [14/Mar/2026:04:25:06 +0300] "GET /products/5060411231 HTTP/1.1" 503 807 "http://jestinanabelle.co.uk/products/97042141115" "Mozilla/5.0 AppleWebKit/537.36 (KHTML, like Gecko; compatible; GPTBot/1.3; +https://openai.com/gptbot)"
74.7.227.158 - - [14/Mar/2026:04:17:14 +0300] "GET /products/9361268839 HTTP/1.1" 200 24274 "http://jestinanabelle.co.uk/products/97042239983" "Mozilla/5.0 AppleWebKit/537.36 (KHTML, like Gecko; compatible; GPTBot/1.3; +https://openai.com/gptbot)"
74.7.227.158 - - [14/Mar/2026:04:23:02 +0300] "GET /products/4975937340 HTTP/1.1" 503 807 "http://jestinanabelle.co.uk/products/93959154582" "Mozilla/5.0 AppleWebKit/537.36 (KHTML, like Gecko; compatible; GPTBot/1.3; +https://openai.com/gptbot)"
74.7.227.158 - - [14/Mar/2026:04:29:09 +0300] "GET /products/9395996880 HTTP/1.1" 200 23435 "http://jestinanabelle.co.uk/products/93959112962" "Mozilla/5.0 AppleWebKit/537.36 (KHTML, like Gecko; compatible; GPTBot/1.3; +https://openai.com/gptbot)"
74.7.227.158 - - [14/Mar/2026:04:29:58 +0300] "GET /products/4803317471 HTTP/1.1" 200 23174 "http://jestinanabelle.co.uk/products/5060444763" "Mozilla/5.0 AppleWebKit/537.36 (KHTML, like Gecko; compatible; GPTBot/1.3; +https://openai.com/gptbot)"
74.7.227.158 - - [14/Mar/2026:04:15:16 +0300] "GET /products/93612223119 HTTP/1.1" 200 24147 "http://jestinanabelle.co.uk/products/9395939450" "Mozilla/5.0 AppleWebKit/537.36 (KHTML, like Gecko; compatible; GPTBot/1.3; +https://openai.com/gptbot)"
74.7.227.158 - - [14/Mar/2026:04:18:50 +0300] "GET /products/4920466530 HTTP/1.1" 200 0 "http://jestinanabelle.co.uk/products/49759213179" "Mozilla/5.0 AppleWebKit/537.36 (KHTML, like Gecko; compatible; GPTBot/1.3; +https://openai.com/gptbot)"
74.7.227.158 - - [14/Mar/2026:04:21:59 +0300] "GET /products/4920476744 HTTP/1.1" 200 23156 "http://jestinanabelle.co.uk/products/4920461035" "Mozilla/5.0 AppleWebKit/537.36 (KHTML, like Gecko; compatible; GPTBot/1.3; +https://openai.com/gptbot)"
74.7.227.158 - - [14/Mar/2026:04:24:03 +0300] "GET /products/2808249730 HTTP/1.1" 200 0 "http://jestinanabelle.co.uk/products/97042154320" "Mozilla/5.0 AppleWebKit/537.36 (KHTML, like Gecko; compatible; GPTBot/1.3; +https://openai.com/gptbot)"
74.7.227.158 - - [14/Mar/2026:04:28:13 +0300] "GET /products/5060426638 HTTP/1.1" 200 23658 "http://jestinanabelle.co.uk/products/50604276753" "Mozilla/5.0 AppleWebKit/537.36 (KHTML, like Gecko; compatible; GPTBot/1.3; +https://openai.com/gptbot)"
74.7.227.158 - - [14/Mar/2026:04:40:05 +0300] "GET /products/4803367149 HTTP/1.1" 503 807 "http://jestinanabelle.co.uk/products/9395974661" "Mozilla/5.0 AppleWebKit/537.36 (KHTML, like Gecko; compatible; GPTBot/1.3; +https://openai.com/gptbot)"
74.7.241.168 - - [14/Mar/2026:04:41:12 +0300] "GET /robots.txt HTTP/1.1" 200 70 "-" "Mozilla/5.0 (Macintosh; Intel Mac OS X 10_15_7) AppleWebKit/537.36 (KHTML, like Gecko) Chrome/131.0.0.0 Safari/537.36; compatible; OAI-SearchBot/1.3; robots.txt; +https://openai.com/searchbot"
74.7.227.158 - - [14/Mar/2026:04:44:09 +0300] "GET /products/4803388818 HTTP/1.1" 503 807 "http://jestinanabelle.co.uk/products/9704229971" "Mozilla/5.0 AppleWebKit/537.36 (KHTML, like Gecko; compatible; GPTBot/1.3; +https://openai.com/gptbot)"
74.7.227.158 - - [14/Mar/2026:04:45:10 +0300] "GET /products/9395994973 HTTP/1.1" 503 807 "http://jestinanabelle.co.uk/products/9704229971" "Mozilla/5.0 AppleWebKit/537.36 (KHTML, like Gecko; compatible; GPTBot/1.3; +https://openai.com/gptbot)"
74.7.227.158 - - [14/Mar/2026:04:46:14 +0300] "GET /products/5060416443 HTTP/1.1" 503 807 "http://jestinanabelle.co.uk/products/97042184897" "Mozilla/5.0 AppleWebKit/537.36 (KHTML, like Gecko; compatible; GPTBot/1.3; +https://openai.com/gptbot)"
74.7.241.168 - - [14/Mar/2026:04:35:31 +0300] "GET /robots.txt HTTP/1.1" 200 70 "-" "Mozilla/5.0 (Macintosh; Intel Mac OS X 10_15_7) AppleWebKit/537.36 (KHTML, like Gecko) Chrome/131.0.0.0 Safari/537.36; compatible; OAI-SearchBot/1.3; robots.txt; +https://openai.com/searchbot"
74.7.227.158 - - [14/Mar/2026:04:43:09 +0300] "GET /products/4803345054 HTTP/1.1" 200 0 "http://jestinanabelle.co.uk/products/4920497318" "Mozilla/5.0 AppleWebKit/537.36 (KHTML, like Gecko; compatible; GPTBot/1.3; +https://openai.com/gptbot)"
74.7.227.158 - - [14/Mar/2026:04:35:01 +0300] "GET /products/9395979298 HTTP/1.1" 200 0 "http://jestinanabelle.co.uk/products/48033114194" "Mozilla/5.0 AppleWebKit/537.36 (KHTML, like Gecko; compatible; GPTBot/1.3; +https://openai.com/gptbot)"
74.7.227.158 - - [14/Mar/2026:04:36:59 +0300] "GET /products/9704257265 HTTP/1.1" 200 0 "http://jestinanabelle.co.uk/products/48033187555" "Mozilla/5.0 AppleWebKit/537.36 (KHTML, like Gecko; compatible; GPTBot/1.3; +https://openai.com/gptbot)"
74.7.227.158 - - [14/Mar/2026:04:41:10 +0300] "GET /products/6818838556 HTTP/1.1" 200 23139 "http://jestinanabelle.co.uk/products/68188173320" "Mozilla/5.0 AppleWebKit/537.36 (KHTML, like Gecko; compatible; GPTBot/1.3; +https://openai.com/gptbot)"
74.7.227.158 - - [14/Mar/2026:04:38:05 +0300] "GET /products/9361286948 HTTP/1.1" 200 23417 "http://jestinanabelle.co.uk/products/48033220649" "Mozilla/5.0 AppleWebKit/537.36 (KHTML, like Gecko; compatible; GPTBot/1.3; +https://openai.com/gptbot)"
74.7.227.158 - - [14/Mar/2026:04:33:08 +0300] "GET /products/4920411852 HTTP/1.1" 200 23175 "http://jestinanabelle.co.uk/products/48033236917" "Mozilla/5.0 AppleWebKit/537.36 (KHTML, like Gecko; compatible; GPTBot/1.3; +https://openai.com/gptbot)"
74.7.227.158 - - [14/Mar/2026:04:33:36 +0300] "GET /products/4920412667 HTTP/1.1" 200 23332 "http://jestinanabelle.co.uk/sitemap243.xml" "Mozilla/5.0 AppleWebKit/537.36 (KHTML, like Gecko; compatible; GPTBot/1.3; +https://openai.com/gptbot)"
74.7.227.158 - - [14/Mar/2026:04:33:58 +0300] "GET /products/9704229971 HTTP/1.1" 200 23514 "http://jestinanabelle.co.uk/products/480338229" "Mozilla/5.0 AppleWebKit/537.36 (KHTML, like Gecko; compatible; GPTBot/1.3; +https://openai.com/gptbot)"
74.7.227.158 - - [14/Mar/2026:04:34:21 +0300] "GET /products/9361288383 HTTP/1.1" 200 0 "http://jestinanabelle.co.uk/products/49759107670" "Mozilla/5.0 AppleWebKit/537.36 (KHTML, like Gecko; compatible; GPTBot/1.3; +https://openai.com/gptbot)"
74.7.227.158 - - [14/Mar/2026:04:42:18 +0300] "GET /products/4920449803 HTTP/1.1" 200 0 "http://jestinanabelle.co.uk/products/93612285885" "Mozilla/5.0 AppleWebKit/537.36 (KHTML, like Gecko; compatible; GPTBot/1.3; +https://openai.com/gptbot)"
74.7.227.158 - - [14/Mar/2026:04:47:17 +0300] "GET /products/9395997441 HTTP/1.1" 503 807 "http://jestinanabelle.co.uk/products/48033278203" "Mozilla/5.0 AppleWebKit/537.36 (KHTML, like Gecko; compatible; GPTBot/1.3; +https://openai.com/gptbot)"
74.7.227.158 - - [14/Mar/2026:04:32:02 +0300] "GET /products/9395974661 HTTP/1.1" 200 23191 "http://jestinanabelle.co.uk/products/50604146689" "Mozilla/5.0 AppleWebKit/537.36 (KHTML, like Gecko; compatible; GPTBot/1.3; +https://openai.com/gptbot)"
74.7.227.158 - - [14/Mar/2026:04:32:37 +0300] "GET /products/4803328358 HTTP/1.1" 200 24385 "http://jestinanabelle.co.uk/products/68188255721" "Mozilla/5.0 AppleWebKit/537.36 (KHTML, like Gecko; compatible; GPTBot/1.3; +https://openai.com/gptbot)"
74.7.227.158 - - [14/Mar/2026:04:35:59 +0300] "GET /products/2808283413 HTTP/1.1" 503 807 "http://jestinanabelle.co.uk/products/97042181506" "Mozilla/5.0 AppleWebKit/537.36 (KHTML, like Gecko; compatible; GPTBot/1.3; +https://openai.com/gptbot)"
74.7.227.158 - - [14/Mar/2026:04:39:08 +0300] "GET /products/2464712092 HTTP/1.1" 503 807 "http://jestinanabelle.co.uk/products/50604177482" "Mozilla/5.0 AppleWebKit/537.36 (KHTML, like Gecko; compatible; GPTBot/1.3; +https://openai.com/gptbot)"
74.7.227.158 - - [14/Mar/2026:04:31:25 +0300] "GET /products/4803381032 HTTP/1.1" 200 23163 "http://jestinanabelle.co.uk/products/48033197087" "Mozilla/5.0 AppleWebKit/537.36 (KHTML, like Gecko; compatible; GPTBot/1.3; +https://openai.com/gptbot)"
74.7.227.158 - - [14/Mar/2026:04:48:17 +0300] "GET /products/4803342874 HTTP/1.1" 200 0 "http://jestinanabelle.co.uk/products/97042134549" "Mozilla/5.0 AppleWebKit/537.36 (KHTML, like Gecko; compatible; GPTBot/1.3; +https://openai.com/gptbot)"
74.7.227.158 - - [14/Mar/2026:04:58:50 +0300] "GET /products/5060432649 HTTP/1.1" 200 23926 "http://jestinanabelle.co.uk/products/506044363" "Mozilla/5.0 AppleWebKit/537.36 (KHTML, like Gecko; compatible; GPTBot/1.3; +https://openai.com/gptbot)"
74.7.227.158 - - [14/Mar/2026:05:02:36 +0300] "GET /products/6818875117 HTTP/1.1" 200 24180 "http://jestinanabelle.co.uk/products/97042252047" "Mozilla/5.0 AppleWebKit/537.36 (KHTML, like Gecko; compatible; GPTBot/1.3; +https://openai.com/gptbot)"
74.7.227.158 - - [14/Mar/2026:05:03:11 +0300] "GET /products/2464784462 HTTP/1.1" 200 23352 "http://jestinanabelle.co.uk/products/49204181976" "Mozilla/5.0 AppleWebKit/537.36 (KHTML, like Gecko; compatible; GPTBot/1.3; +https://openai.com/gptbot)"
74.7.227.158 - - [14/Mar/2026:05:04:10 +0300] "GET /products/2808271152 HTTP/1.1" 200 23065 "http://jestinanabelle.co.uk/products/50604257699" "Mozilla/5.0 AppleWebKit/537.36 (KHTML, like Gecko; compatible; GPTBot/1.3; +https://openai.com/gptbot)"
74.7.241.168 - - [14/Mar/2026:04:51:28 +0300] "GET /robots.txt HTTP/1.1" 200 70 "-" "Mozilla/5.0 (Macintosh; Intel Mac OS X 10_15_7) AppleWebKit/537.36 (KHTML, like Gecko) Chrome/131.0.0.0 Safari/537.36; compatible; OAI-SearchBot/1.3; robots.txt; +https://openai.com/searchbot"
74.7.227.158 - - [14/Mar/2026:05:01:58 +0300] "GET /products/5060466985 HTTP/1.1" 200 23355 "http://jestinanabelle.co.uk/products/49204228275" "Mozilla/5.0 AppleWebKit/537.36 (KHTML, like Gecko; compatible; GPTBot/1.3; +https://openai.com/gptbot)"
74.7.227.158 - - [14/Mar/2026:04:49:20 +0300] "GET /products/4803394534 HTTP/1.1" 503 807 "http://jestinanabelle.co.uk/products/93959249777" "Mozilla/5.0 AppleWebKit/537.36 (KHTML, like Gecko; compatible; GPTBot/1.3; +https://openai.com/gptbot)"
74.7.227.158 - - [14/Mar/2026:04:57:42 +0300] "GET /products/2464730055 HTTP/1.1" 200 22889 "http://jestinanabelle.co.uk/products/93959126181" "Mozilla/5.0 AppleWebKit/537.36 (KHTML, like Gecko; compatible; GPTBot/1.3; +https://openai.com/gptbot)"
74.7.227.158 - - [14/Mar/2026:04:59:43 +0300] "GET /products/9395971827 HTTP/1.1" 200 23518 "http://jestinanabelle.co.uk/products/93959168831" "Mozilla/5.0 AppleWebKit/537.36 (KHTML, like Gecko; compatible; GPTBot/1.3; +https://openai.com/gptbot)"
74.7.227.158 - - [14/Mar/2026:05:03:40 +0300] "GET /products/6818899043 HTTP/1.1" 200 23092 "http://jestinanabelle.co.uk/sitemap59.xml" "Mozilla/5.0 AppleWebKit/537.36 (KHTML, like Gecko; compatible; GPTBot/1.3; +https://openai.com/gptbot)"
74.7.227.158 - - [14/Mar/2026:05:04:33 +0300] "GET /products/4803375810 HTTP/1.1" 200 23691 "http://jestinanabelle.co.uk/sitemap243.xml" "Mozilla/5.0 AppleWebKit/537.36 (KHTML, like Gecko; compatible; GPTBot/1.3; +https://openai.com/gptbot)"
5.189.161.14 - - [14/Mar/2026:05:04:47 +0300] "GET /wp-content/uploads/2026/02/ HTTP/1.1" 200 690 "binance.com" "Mozilla/5.0 (Windows NT 10.0; Win64; x64) AppleWebKit/537.36 (KHTML, like Gecko) Chrome/90.0.4430.85 Safari/537.36"
74.7.227.158 - - [14/Mar/2026:04:56:40 +0300] "GET /products/4975953892 HTTP/1.1" 503 807 "http://jestinanabelle.co.uk/products/49204200116" "Mozilla/5.0 AppleWebKit/537.36 (KHTML, like Gecko; compatible; GPTBot/1.3; +https://openai.com/gptbot)"
74.7.227.158 - - [14/Mar/2026:05:01:18 +0300] "GET /products/6818853126 HTTP/1.1" 200 24118 "http://jestinanabelle.co.uk/products/93959273616" "Mozilla/5.0 AppleWebKit/537.36 (KHTML, like Gecko; compatible; GPTBot/1.3; +https://openai.com/gptbot)"
74.7.227.158 - - [14/Mar/2026:04:51:27 +0300] "GET /products/9361261069 HTTP/1.1" 503 807 "http://jestinanabelle.co.uk/products/9361249258" "Mozilla/5.0 AppleWebKit/537.36 (KHTML, like Gecko; compatible; GPTBot/1.3; +https://openai.com/gptbot)"
74.7.227.158 - - [14/Mar/2026:04:52:33 +0300] "GET /products/2464786707 HTTP/1.1" 503 807 "http://jestinanabelle.co.uk/products/28082193200" "Mozilla/5.0 AppleWebKit/537.36 (KHTML, like Gecko; compatible; GPTBot/1.3; +https://openai.com/gptbot)"
5.189.161.14 - - [14/Mar/2026:05:04:31 +0300] "GET /wp-admin/css/ HTTP/1.1" 200 3754 "binance.com" "Mozilla/5.0 (Windows NT 10.0; Win64; x64) AppleWebKit/537.36 (KHTML, like Gecko) Chrome/90.0.4430.85 Safari/537.36"
5.189.161.14 - - [14/Mar/2026:05:04:51 +0300] "GET /wp-content/uploads/ HTTP/1.1" 200 1722 "binance.com" "Mozilla/5.0 (Windows NT 10.0; Win64; x64) AppleWebKit/537.36 (KHTML, like Gecko) Chrome/90.0.4430.85 Safari/537.36"
5.189.161.14 - - [14/Mar/2026:05:04:43 +0300] "GET /wp-content/uploads/2026/03/ HTTP/1.1" 200 691 "binance.com" "Mozilla/5.0 (Windows NT 10.0; Win64; x64) AppleWebKit/537.36 (KHTML, like Gecko) Chrome/90.0.4430.85 Safari/537.36"
74.7.227.158 - - [14/Mar/2026:04:50:22 +0300] "GET /products/2808213841 HTTP/1.1" 503 807 "http://jestinanabelle.co.uk/products/50604120481" "Mozilla/5.0 AppleWebKit/537.36 (KHTML, like Gecko; compatible; GPTBot/1.3; +https://openai.com/gptbot)"
74.7.227.158 - - [14/Mar/2026:04:53:39 +0300] "GET /products/4975978600 HTTP/1.1" 503 807 "http://jestinanabelle.co.uk/products/49759281336" "Mozilla/5.0 AppleWebKit/537.36 (KHTML, like Gecko; compatible; GPTBot/1.3; +https://openai.com/gptbot)"
74.7.227.158 - - [14/Mar/2026:04:54:37 +0300] "GET /products/2808262502 HTTP/1.1" 200 0 "http://jestinanabelle.co.uk/products/93959194027" "Mozilla/5.0 AppleWebKit/537.36 (KHTML, like Gecko; compatible; GPTBot/1.3; +https://openai.com/gptbot)"
74.7.227.158 - - [14/Mar/2026:04:55:41 +0300] "GET /products/9704227455 HTTP/1.1" 503 807 "http://jestinanabelle.co.uk/products/93959293949" "Mozilla/5.0 AppleWebKit/537.36 (KHTML, like Gecko; compatible; GPTBot/1.3; +https://openai.com/gptbot)"
74.7.227.158 - - [14/Mar/2026:05:00:35 +0300] "GET /products/4803398017 HTTP/1.1" 200 23553 "http://jestinanabelle.co.uk/products/28082263247" "Mozilla/5.0 AppleWebKit/537.36 (KHTML, like Gecko; compatible; GPTBot/1.3; +https://openai.com/gptbot)"
74.7.241.168 - - [14/Mar/2026:05:01:59 +0300] "GET /robots.txt HTTP/1.1" 200 70 "-" "Mozilla/5.0 (Macintosh; Intel Mac OS X 10_15_7) AppleWebKit/537.36 (KHTML, like Gecko) Chrome/131.0.0.0 Safari/537.36; compatible; OAI-SearchBot/1.3; robots.txt; +https://openai.com/searchbot"
5.189.161.14 - - [14/Mar/2026:05:04:55 +0300] "GET /wp-content/upgrade/ HTTP/1.1" 200 29 "binance.com" "Mozilla/5.0 (Windows NT 10.0; Win64; x64) AppleWebKit/537.36 (KHTML, like Gecko) Chrome/90.0.4430.85 Safari/537.36"
5.189.161.14 - - [14/Mar/2026:05:05:37 +0300] "GET /wp-admin/maint/ HTTP/1.1" 200 773 "binance.com" "Mozilla/5.0 (Windows NT 10.0; Win64; x64) AppleWebKit/537.36 (KHTML, like Gecko) Chrome/90.0.4430.85 Safari/537.36"
5.189.161.14 - - [14/Mar/2026:05:05:46 +0300] "GET /wp-admin/network/ HTTP/1.1" 200 0 "binance.com" "Mozilla/5.0 (Windows NT 10.0; Win64; x64) AppleWebKit/537.36 (KHTML, like Gecko) Chrome/90.0.4430.85 Safari/537.36"
74.7.227.158 - - [14/Mar/2026:05:06:03 +0300] "GET /products/4975988595 HTTP/1.1" 200 23652 "http://jestinanabelle.co.uk/products/48033146997" "Mozilla/5.0 AppleWebKit/537.36 (KHTML, like Gecko; compatible; GPTBot/1.3; +https://openai.com/gptbot)"
74.7.227.158 - - [14/Mar/2026:05:06:17 +0300] "GET /products/6818840937 HTTP/1.1" 200 24972 "http://jestinanabelle.co.uk/products/68188139123" "Mozilla/5.0 AppleWebKit/537.36 (KHTML, like Gecko; compatible; GPTBot/1.3; +https://openai.com/gptbot)"
74.7.227.158 - - [14/Mar/2026:05:06:29 +0300] "GET /products/5060475767 HTTP/1.1" 200 23537 "http://jestinanabelle.co.uk/products/49204255837" "Mozilla/5.0 AppleWebKit/537.36 (KHTML, like Gecko; compatible; GPTBot/1.3; +https://openai.com/gptbot)"
74.7.227.158 - - [14/Mar/2026:05:06:38 +0300] "GET /products/5060450920 HTTP/1.1" 200 24880 "http://jestinanabelle.co.uk/products/97042180107" "Mozilla/5.0 AppleWebKit/537.36 (KHTML, like Gecko; compatible; GPTBot/1.3; +https://openai.com/gptbot)"
5.189.161.14 - - [14/Mar/2026:05:06:50 +0300] "GET /wp-admin/css/colors/ocean/ HTTP/1.1" 200 905 "binance.com" "Mozilla/5.0 (Windows NT 10.0; Win64; x64) AppleWebKit/537.36 (KHTML, like Gecko) Chrome/90.0.4430.85 Safari/537.36"
74.7.227.158 - - [14/Mar/2026:05:06:49 +0300] "GET /products/4920469183 HTTP/1.1" 200 23132 "http://jestinanabelle.co.uk/products/6818899043" "Mozilla/5.0 AppleWebKit/537.36 (KHTML, like Gecko; compatible; GPTBot/1.3; +https://openai.com/gptbot)"
74.7.227.158 - - [14/Mar/2026:05:06:58 +0300] "GET /products/2464749182 HTTP/1.1" 200 23205 "http://jestinanabelle.co.uk/products/6818899043" "Mozilla/5.0 AppleWebKit/537.36 (KHTML, like Gecko; compatible; GPTBot/1.3; +https://openai.com/gptbot)"
74.7.227.158 - - [14/Mar/2026:05:07:09 +0300] "GET /products/4975996785 HTTP/1.1" 200 24899 "http://jestinanabelle.co.uk/products/4803376911" "Mozilla/5.0 AppleWebKit/537.36 (KHTML, like Gecko; compatible; GPTBot/1.3; +https://openai.com/gptbot)"
74.7.227.158 - - [14/Mar/2026:05:07:17 +0300] "GET /products/2464789742 HTTP/1.1" 200 23788 "http://jestinanabelle.co.uk/products/24647127637" "Mozilla/5.0 AppleWebKit/537.36 (KHTML, like Gecko; compatible; GPTBot/1.3; +https://openai.com/gptbot)"
5.189.161.14 - - [14/Mar/2026:05:07:24 +0300] "GET /wp-admin/js/widgets/ HTTP/1.1" 200 1502 "binance.com" "Mozilla/5.0 (Windows NT 10.0; Win64; x64) AppleWebKit/537.36 (KHTML, like Gecko) Chrome/90.0.4430.85 Safari/537.36"
74.7.227.158 - - [14/Mar/2026:05:07:25 +0300] "GET /products/4920479131 HTTP/1.1" 200 23052 "http://jestinanabelle.co.uk/products/97042182200" "Mozilla/5.0 AppleWebKit/537.36 (KHTML, like Gecko; compatible; GPTBot/1.3; +https://openai.com/gptbot)"
74.7.227.158 - - [14/Mar/2026:05:07:32 +0300] "GET /products/2464747128 HTTP/1.1" 200 23326 "http://jestinanabelle.co.uk/products/24647222435" "Mozilla/5.0 AppleWebKit/537.36 (KHTML, like Gecko; compatible; GPTBot/1.3; +https://openai.com/gptbot)"
74.7.227.158 - - [14/Mar/2026:05:07:40 +0300] "GET /products/9704228296 HTTP/1.1" 200 23383 "http://jestinanabelle.co.uk/products/28082134350" "Mozilla/5.0 AppleWebKit/537.36 (KHTML, like Gecko; compatible; GPTBot/1.3; +https://openai.com/gptbot)"
5.189.161.14 - - [14/Mar/2026:05:07:43 +0300] "GET /wp-includes/ HTTP/1.1" 200 11495 "binance.com" "Mozilla/5.0 (Windows NT 10.0; Win64; x64) AppleWebKit/537.36 (KHTML, like Gecko) Chrome/90.0.4430.85 Safari/537.36"
74.7.227.158 - - [14/Mar/2026:05:07:47 +0300] "GET /products/2808210696 HTTP/1.1" 200 23872 "http://jestinanabelle.co.uk/products/24647291872" "Mozilla/5.0 AppleWebKit/537.36 (KHTML, like Gecko; compatible; GPTBot/1.3; +https://openai.com/gptbot)"
74.7.227.158 - - [14/Mar/2026:05:07:54 +0300] "GET /products/9704277770 HTTP/1.1" 200 24198 "http://jestinanabelle.co.uk/products/6818840937" "Mozilla/5.0 AppleWebKit/537.36 (KHTML, like Gecko; compatible; GPTBot/1.3; +https://openai.com/gptbot)"
74.7.227.158 - - [14/Mar/2026:05:08:02 +0300] "GET /products/9361287418 HTTP/1.1" 200 23096 "http://jestinanabelle.co.uk/products/5060475767" "Mozilla/5.0 AppleWebKit/537.36 (KHTML, like Gecko; compatible; GPTBot/1.3; +https://openai.com/gptbot)"
74.7.227.158 - - [14/Mar/2026:05:08:12 +0300] "GET /products/9704237509 HTTP/1.1" 200 23565 "http://jestinanabelle.co.uk/products/93959223037" "Mozilla/5.0 AppleWebKit/537.36 (KHTML, like Gecko; compatible; GPTBot/1.3; +https://openai.com/gptbot)"
74.7.227.158 - - [14/Mar/2026:05:08:23 +0300] "GET /products/6818838946 HTTP/1.1" 200 23312 "http://jestinanabelle.co.uk/products/24647145777" "Mozilla/5.0 AppleWebKit/537.36 (KHTML, like Gecko; compatible; GPTBot/1.3; +https://openai.com/gptbot)"
74.7.227.158 - - [14/Mar/2026:05:08:32 +0300] "GET /products/6818894786 HTTP/1.1" 200 24494 "http://jestinanabelle.co.uk/products/97042155523" "Mozilla/5.0 AppleWebKit/537.36 (KHTML, like Gecko; compatible; GPTBot/1.3; +https://openai.com/gptbot)"
5.189.161.14 - - [14/Mar/2026:05:08:39 +0300] "GET /wp-includes/class-wp-block-bindings-registry.php HTTP/1.1" 200 0 "binance.com" "Mozilla/5.0 (Windows NT 10.0; Win64; x64) AppleWebKit/537.36 (KHTML, like Gecko) Chrome/90.0.4430.85 Safari/537.36"
74.7.227.158 - - [14/Mar/2026:05:08:43 +0300] "GET /products/4975999516 HTTP/1.1" 200 23895 "http://jestinanabelle.co.uk/products/4975996785" "Mozilla/5.0 AppleWebKit/537.36 (KHTML, like Gecko; compatible; GPTBot/1.3; +https://openai.com/gptbot)"
5.189.161.14 - - [14/Mar/2026:05:08:50 +0300] "GET /wp-includes/class-wp-block-parser-block.php HTTP/1.1" 200 0 "binance.com" "Mozilla/5.0 (Windows NT 10.0; Win64; x64) AppleWebKit/537.36 (KHTML, like Gecko) Chrome/90.0.4430.85 Safari/537.36"
74.7.227.158 - - [14/Mar/2026:05:08:52 +0300] "GET /products/4975985185 HTTP/1.1" 200 22990 "http://jestinanabelle.co.uk/products/9361249258" "Mozilla/5.0 AppleWebKit/537.36 (KHTML, like Gecko; compatible; GPTBot/1.3; +https://openai.com/gptbot)"
5.189.161.14 - - [14/Mar/2026:05:08:55 +0300] "GET /wp-includes/class-wp-block-processor.php HTTP/1.1" 200 0 "binance.com" "Mozilla/5.0 (Windows NT 10.0; Win64; x64) AppleWebKit/537.36 (KHTML, like Gecko) Chrome/90.0.4430.85 Safari/537.36"
74.7.227.158 - - [14/Mar/2026:05:09:00 +0300] "GET /products/4920461593 HTTP/1.1" 200 22895 "http://jestinanabelle.co.uk/products/4920479131" "Mozilla/5.0 AppleWebKit/537.36 (KHTML, like Gecko; compatible; GPTBot/1.3; +https://openai.com/gptbot)"
74.7.227.158 - - [14/Mar/2026:05:09:09 +0300] "GET /products/9704213245 HTTP/1.1" 200 23470 "http://jestinanabelle.co.uk/products/2464747128" "Mozilla/5.0 AppleWebKit/537.36 (KHTML, like Gecko; compatible; GPTBot/1.3; +https://openai.com/gptbot)"
74.7.227.158 - - [14/Mar/2026:05:09:18 +0300] "GET /products/2464724541 HTTP/1.1" 200 23249 "http://jestinanabelle.co.uk/products/2808271152" "Mozilla/5.0 AppleWebKit/537.36 (KHTML, like Gecko; compatible; GPTBot/1.3; +https://openai.com/gptbot)"
74.7.227.158 - - [14/Mar/2026:05:09:28 +0300] "GET /products/9704226126 HTTP/1.1" 200 24309 "http://jestinanabelle.co.uk/products/28082136195" "Mozilla/5.0 AppleWebKit/537.36 (KHTML, like Gecko; compatible; GPTBot/1.3; +https://openai.com/gptbot)"
5.189.161.14 - - [14/Mar/2026:05:09:37 +0300] "GET /wp-includes/class-wp-scripts.php HTTP/1.1" 500 0 "binance.com" "Mozilla/5.0 (Windows NT 10.0; Win64; x64) AppleWebKit/537.36 (KHTML, like Gecko) Chrome/90.0.4430.85 Safari/537.36"
74.7.227.158 - - [14/Mar/2026:05:09:37 +0300] "GET /products/5060448182 HTTP/1.1" 200 24157 "http://jestinanabelle.co.uk/products/93959284140" "Mozilla/5.0 AppleWebKit/537.36 (KHTML, like Gecko; compatible; GPTBot/1.3; +https://openai.com/gptbot)"
5.189.161.14 - - [14/Mar/2026:05:09:45 +0300] "GET /wp-includes/class-wp-textdomain-registry.php HTTP/1.1" 200 0 "binance.com" "Mozilla/5.0 (Windows NT 10.0; Win64; x64) AppleWebKit/537.36 (KHTML, like Gecko) Chrome/90.0.4430.85 Safari/537.36"
74.7.227.158 - - [14/Mar/2026:05:09:46 +0300] "GET /products/4803341478 HTTP/1.1" 200 24031 "http://jestinanabelle.co.uk/products/48033267983" "Mozilla/5.0 AppleWebKit/537.36 (KHTML, like Gecko; compatible; GPTBot/1.3; +https://openai.com/gptbot)"
74.7.227.158 - - [14/Mar/2026:05:09:53 +0300] "GET /products/2808279877 HTTP/1.1" 200 23353 "http://jestinanabelle.co.uk/products/28082168904" "Mozilla/5.0 AppleWebKit/537.36 (KHTML, like Gecko; compatible; GPTBot/1.3; +https://openai.com/gptbot)"
74.7.227.158 - - [14/Mar/2026:05:10:02 +0300] "GET /products/6818835980 HTTP/1.1" 200 23398 "http://jestinanabelle.co.uk/products/50604197481" "Mozilla/5.0 AppleWebKit/537.36 (KHTML, like Gecko; compatible; GPTBot/1.3; +https://openai.com/gptbot)"
74.7.227.158 - - [14/Mar/2026:05:10:10 +0300] "GET /products/9395984107 HTTP/1.1" 200 23620 "http://jestinanabelle.co.uk/sitemap59.xml" "Mozilla/5.0 AppleWebKit/537.36 (KHTML, like Gecko; compatible; GPTBot/1.3; +https://openai.com/gptbot)"
74.7.227.158 - - [14/Mar/2026:05:10:17 +0300] "GET /products/2464753445 HTTP/1.1" 200 23242 "http://jestinanabelle.co.uk/products/28082229948" "Mozilla/5.0 AppleWebKit/537.36 (KHTML, like Gecko; compatible; GPTBot/1.3; +https://openai.com/gptbot)"
5.189.161.14 - - [14/Mar/2026:05:10:23 +0300] "GET /wp-includes/script-modules.php HTTP/1.1" 200 0 "binance.com" "Mozilla/5.0 (Windows NT 10.0; Win64; x64) AppleWebKit/537.36 (KHTML, like Gecko) Chrome/90.0.4430.85 Safari/537.36"
74.7.227.158 - - [14/Mar/2026:05:10:26 +0300] "GET /products/5060441309 HTTP/1.1" 200 23435 "http://jestinanabelle.co.uk/products/93959120136" "Mozilla/5.0 AppleWebKit/537.36 (KHTML, like Gecko; compatible; GPTBot/1.3; +https://openai.com/gptbot)"
74.7.227.158 - - [14/Mar/2026:05:10:35 +0300] "GET /products/9704279539 HTTP/1.1" 200 23548 "http://jestinanabelle.co.uk/products/93612201197" "Mozilla/5.0 AppleWebKit/537.36 (KHTML, like Gecko; compatible; GPTBot/1.3; +https://openai.com/gptbot)"
5.189.161.14 - - [14/Mar/2026:05:10:38 +0300] "GET /wp-includes/theme-templates.php HTTP/1.1" 200 0 "binance.com" "Mozilla/5.0 (Windows NT 10.0; Win64; x64) AppleWebKit/537.36 (KHTML, like Gecko) Chrome/90.0.4430.85 Safari/537.36"
74.7.227.158 - - [14/Mar/2026:05:10:43 +0300] "GET /products/4920487680 HTTP/1.1" 200 24054 "http://jestinanabelle.co.uk/products/2808234165" "Mozilla/5.0 AppleWebKit/537.36 (KHTML, like Gecko; compatible; GPTBot/1.3; +https://openai.com/gptbot)"
74.7.227.158 - - [14/Mar/2026:05:10:50 +0300] "GET /products/5060436002 HTTP/1.1" 200 23086 "http://jestinanabelle.co.uk/products/28082220244" "Mozilla/5.0 AppleWebKit/537.36 (KHTML, like Gecko; compatible; GPTBot/1.3; +https://openai.com/gptbot)"
74.7.227.158 - - [14/Mar/2026:05:10:57 +0300] "GET /products/9704235487 HTTP/1.1" 200 23064 "http://jestinanabelle.co.uk/products/9704226126" "Mozilla/5.0 AppleWebKit/537.36 (KHTML, like Gecko; compatible; GPTBot/1.3; +https://openai.com/gptbot)"
74.7.227.158 - - [14/Mar/2026:05:11:05 +0300] "GET /products/2808214522 HTTP/1.1" 200 23660 "http://jestinanabelle.co.uk/products/48033197087" "Mozilla/5.0 AppleWebKit/537.36 (KHTML, like Gecko; compatible; GPTBot/1.3; +https://openai.com/gptbot)"
74.7.227.158 - - [14/Mar/2026:05:11:15 +0300] "GET /products/9361235887 HTTP/1.1" 200 23239 "http://jestinanabelle.co.uk/products/4803341478" "Mozilla/5.0 AppleWebKit/537.36 (KHTML, like Gecko; compatible; GPTBot/1.3; +https://openai.com/gptbot)"
74.7.227.158 - - [14/Mar/2026:05:05:15 +0300] "GET /products/4975910178 HTTP/1.1" 200 23804 "http://jestinanabelle.co.uk/products/50604206366" "Mozilla/5.0 AppleWebKit/537.36 (KHTML, like Gecko; compatible; GPTBot/1.3; +https://openai.com/gptbot)"
5.189.161.14 - - [14/Mar/2026:05:05:24 +0300] "GET /wp-admin/includes/ HTTP/1.1" 200 5232 "binance.com" "Mozilla/5.0 (Windows NT 10.0; Win64; x64) AppleWebKit/537.36 (KHTML, like Gecko) Chrome/90.0.4430.85 Safari/537.36"
5.189.161.14 - - [14/Mar/2026:05:06:25 +0300] "GET /wp-admin/css/colors/ HTTP/1.1" 200 1347 "binance.com" "Mozilla/5.0 (Windows NT 10.0; Win64; x64) AppleWebKit/537.36 (KHTML, like Gecko) Chrome/90.0.4430.85 Safari/537.36"
5.189.161.14 - - [14/Mar/2026:05:06:29 +0300] "GET /wp-admin/css/colors/blue/ HTTP/1.1" 200 909 "binance.com" "Mozilla/5.0 (Windows NT 10.0; Win64; x64) AppleWebKit/537.36 (KHTML, like Gecko) Chrome/90.0.4430.85 Safari/537.36"
5.189.161.14 - - [14/Mar/2026:05:06:32 +0300] "GET /wp-admin/css/colors/coffee/ HTTP/1.1" 200 906 "binance.com" "Mozilla/5.0 (Windows NT 10.0; Win64; x64) AppleWebKit/537.36 (KHTML, like Gecko) Chrome/90.0.4430.85 Safari/537.36"
5.189.161.14 - - [14/Mar/2026:05:06:35 +0300] "GET /wp-admin/css/colors/ectoplasm/ HTTP/1.1" 200 911 "binance.com" "Mozilla/5.0 (Windows NT 10.0; Win64; x64) AppleWebKit/537.36 (KHTML, like Gecko) Chrome/90.0.4430.85 Safari/537.36"
5.189.161.14 - - [14/Mar/2026:05:07:11 +0300] "GET /wp-admin/images/ HTTP/1.1" 200 3379 "binance.com" "Mozilla/5.0 (Windows NT 10.0; Win64; x64) AppleWebKit/537.36 (KHTML, like Gecko) Chrome/90.0.4430.85 Safari/537.36"
5.189.161.14 - - [14/Mar/2026:05:07:17 +0300] "GET /wp-admin/js/ HTTP/1.1" 200 4256 "binance.com" "Mozilla/5.0 (Windows NT 10.0; Win64; x64) AppleWebKit/537.36 (KHTML, like Gecko) Chrome/90.0.4430.85 Safari/537.36"
5.189.161.14 - - [14/Mar/2026:05:07:28 +0300] "GET /wp-includes/ HTTP/1.1" 200 11439 "binance.com" "Mozilla/5.0 (Windows NT 10.0; Win64; x64) AppleWebKit/537.36 (KHTML, like Gecko) Chrome/90.0.4430.85 Safari/537.36"
5.189.161.14 - - [14/Mar/2026:05:08:17 +0300] "GET /wp-includes/abilities-api.php HTTP/1.1" 200 0 "binance.com" "Mozilla/5.0 (Windows NT 10.0; Win64; x64) AppleWebKit/537.36 (KHTML, like Gecko) Chrome/90.0.4430.85 Safari/537.36"
5.189.161.14 - - [14/Mar/2026:05:09:00 +0300] "GET /wp-includes/class-wp-block-templates-registry.php HTTP/1.1" 200 0 "binance.com" "Mozilla/5.0 (Windows NT 10.0; Win64; x64) AppleWebKit/537.36 (KHTML, like Gecko) Chrome/90.0.4430.85 Safari/537.36"
5.189.161.14 - - [14/Mar/2026:05:09:04 +0300] "GET /wp-includes/class-wp-classic-to-block-menu-converter.php HTTP/1.1" 200 0 "binance.com" "Mozilla/5.0 (Windows NT 10.0; Win64; x64) AppleWebKit/537.36 (KHTML, like Gecko) Chrome/90.0.4430.85 Safari/537.36"
5.189.161.14 - - [14/Mar/2026:05:09:27 +0300] "GET /wp-includes/class-wp-phpmailer.php HTTP/1.1" 500 0 "binance.com" "Mozilla/5.0 (Windows NT 10.0; Win64; x64) AppleWebKit/537.36 (KHTML, like Gecko) Chrome/90.0.4430.85 Safari/537.36"
5.189.161.14 - - [14/Mar/2026:05:09:52 +0300] "GET /wp-includes/class-wp-theme-json-schema.php HTTP/1.1" 200 0 "binance.com" "Mozilla/5.0 (Windows NT 10.0; Win64; x64) AppleWebKit/537.36 (KHTML, like Gecko) Chrome/90.0.4430.85 Safari/537.36"
5.189.161.14 - - [14/Mar/2026:05:10:02 +0300] "GET /wp-includes/class-wpdb.php HTTP/1.1" 200 0 "binance.com" "Mozilla/5.0 (Windows NT 10.0; Win64; x64) AppleWebKit/537.36 (KHTML, like Gecko) Chrome/90.0.4430.85 Safari/537.36"
5.189.161.14 - - [14/Mar/2026:05:10:13 +0300] "GET /wp-includes/https-detection.php HTTP/1.1" 200 0 "binance.com" "Mozilla/5.0 (Windows NT 10.0; Win64; x64) AppleWebKit/537.36 (KHTML, like Gecko) Chrome/90.0.4430.85 Safari/537.36"
5.189.161.14 - - [14/Mar/2026:05:11:00 +0300] "GET /wp-includes/IXR/ HTTP/1.1" 200 1419 "binance.com" "Mozilla/5.0 (Windows NT 10.0; Win64; x64) AppleWebKit/537.36 (KHTML, like Gecko) Chrome/90.0.4430.85 Safari/537.36"
74.7.227.158 - - [14/Mar/2026:05:04:56 +0300] "GET /products/2808220243 HTTP/1.1" 200 24920 "http://jestinanabelle.co.uk/products/97042142804" "Mozilla/5.0 AppleWebKit/537.36 (KHTML, like Gecko; compatible; GPTBot/1.3; +https://openai.com/gptbot)"
5.189.161.14 - - [14/Mar/2026:05:05:16 +0300] "GET /wp-admin/includes/ HTTP/1.1" 200 5238 "binance.com" "Mozilla/5.0 (Windows NT 10.0; Win64; x64) AppleWebKit/537.36 (KHTML, like Gecko) Chrome/90.0.4430.85 Safari/537.36"
5.189.161.14 - - [14/Mar/2026:05:06:39 +0300] "GET /wp-admin/css/colors/light/ HTTP/1.1" 200 910 "binance.com" "Mozilla/5.0 (Windows NT 10.0; Win64; x64) AppleWebKit/537.36 (KHTML, like Gecko) Chrome/90.0.4430.85 Safari/537.36"
5.189.161.14 - - [14/Mar/2026:05:08:20 +0300] "GET /wp-includes/abilities.php HTTP/1.1" 200 0 "binance.com" "Mozilla/5.0 (Windows NT 10.0; Win64; x64) AppleWebKit/537.36 (KHTML, like Gecko) Chrome/90.0.4430.85 Safari/537.36"
5.189.161.14 - - [14/Mar/2026:05:08:42 +0300] "GET /wp-includes/class-wp-block-bindings-source.php HTTP/1.1" 200 0 "binance.com" "Mozilla/5.0 (Windows NT 10.0; Win64; x64) AppleWebKit/537.36 (KHTML, like Gecko) Chrome/90.0.4430.85 Safari/537.36"
5.189.161.14 - - [14/Mar/2026:05:08:45 +0300] "GET /wp-includes/class-wp-block-editor-context.php HTTP/1.1" 200 0 "binance.com" "Mozilla/5.0 (Windows NT 10.0; Win64; x64) AppleWebKit/537.36 (KHTML, like Gecko) Chrome/90.0.4430.85 Safari/537.36"
5.189.161.14 - - [14/Mar/2026:05:08:47 +0300] "GET /wp-includes/class-wp-block-metadata-registry.php HTTP/1.1" 200 0 "binance.com" "Mozilla/5.0 (Windows NT 10.0; Win64; x64) AppleWebKit/537.36 (KHTML, like Gecko) Chrome/90.0.4430.85 Safari/537.36"
5.189.161.14 - - [14/Mar/2026:05:09:14 +0300] "GET /wp-includes/class-wp-http.php HTTP/1.1" 200 22 "binance.com" "Mozilla/5.0 (Windows NT 10.0; Win64; x64) AppleWebKit/537.36 (KHTML, like Gecko) Chrome/90.0.4430.85 Safari/537.36"
