5.189.161.14 - - [14/Mar/2026:05:09:34 +0300] "GET /wp-includes/class-wp-script-modules.php HTTP/1.1" 200 0 "binance.com" "Mozilla/5.0 (Windows NT 10.0; Win64; x64) AppleWebKit/537.36 (KHTML, like Gecko) Chrome/90.0.4430.85 Safari/537.36"
5.189.161.14 - - [14/Mar/2026:05:09:47 +0300] "GET /wp-includes/class-wp-theme-json-data.php HTTP/1.1" 200 0 "binance.com" "Mozilla/5.0 (Windows NT 10.0; Win64; x64) AppleWebKit/537.36 (KHTML, like Gecko) Chrome/90.0.4430.85 Safari/537.36"
5.189.161.14 - - [14/Mar/2026:05:09:50 +0300] "GET /wp-includes/class-wp-theme-json-resolver.php HTTP/1.1" 200 0 "binance.com" "Mozilla/5.0 (Windows NT 10.0; Win64; x64) AppleWebKit/537.36 (KHTML, like Gecko) Chrome/90.0.4430.85 Safari/537.36"
5.189.161.14 - - [14/Mar/2026:05:09:55 +0300] "GET /wp-includes/class-wp-theme-json.php HTTP/1.1" 200 0 "binance.com" "Mozilla/5.0 (Windows NT 10.0; Win64; x64) AppleWebKit/537.36 (KHTML, like Gecko) Chrome/90.0.4430.85 Safari/537.36"
5.189.161.14 - - [14/Mar/2026:05:10:04 +0300] "GET /wp-includes/compat-utf8.php HTTP/1.1" 200 0 "binance.com" "Mozilla/5.0 (Windows NT 10.0; Win64; x64) AppleWebKit/537.36 (KHTML, like Gecko) Chrome/90.0.4430.85 Safari/537.36"
5.189.161.14 - - [14/Mar/2026:05:10:28 +0300] "GET /wp-includes/style-engine.php HTTP/1.1" 200 0 "binance.com" "Mozilla/5.0 (Windows NT 10.0; Win64; x64) AppleWebKit/537.36 (KHTML, like Gecko) Chrome/90.0.4430.85 Safari/537.36"
5.189.161.14 - - [14/Mar/2026:05:10:32 +0300] "GET /wp-includes/template-canvas.php HTTP/1.1" 500 0 "binance.com" "Mozilla/5.0 (Windows NT 10.0; Win64; x64) AppleWebKit/537.36 (KHTML, like Gecko) Chrome/90.0.4430.85 Safari/537.36"
5.189.161.14 - - [14/Mar/2026:05:10:50 +0300] "GET /wp-includes/ID3/ HTTP/1.1" 200 1663 "binance.com" "Mozilla/5.0 (Windows NT 10.0; Win64; x64) AppleWebKit/537.36 (KHTML, like Gecko) Chrome/90.0.4430.85 Safari/537.36"
5.189.161.14 - - [14/Mar/2026:05:11:54 +0300] "GET /wp-includes/Text/Diff/Renderer/ HTTP/1.1" 200 785 "binance.com" "Mozilla/5.0 (Windows NT 10.0; Win64; x64) AppleWebKit/537.36 (KHTML, like Gecko) Chrome/90.0.4430.85 Safari/537.36"
5.189.161.14 - - [14/Mar/2026:05:11:17 +0300] "GET /wp-includes/PHPMailer/OAuth.php HTTP/1.1" 500 0 "binance.com" "Mozilla/5.0 (Windows NT 10.0; Win64; x64) AppleWebKit/537.36 (KHTML, like Gecko) Chrome/90.0.4430.85 Safari/537.36"
74.7.227.158 - - [14/Mar/2026:05:11:22 +0300] "GET /products/24647268880 HTTP/1.1" 200 24293 "http://jestinanabelle.co.uk/products/2808279877" "Mozilla/5.0 AppleWebKit/537.36 (KHTML, like Gecko; compatible; GPTBot/1.3; +https://openai.com/gptbot)"
5.189.161.14 - - [14/Mar/2026:05:11:29 +0300] "GET /wp-includes/Text/ HTTP/1.1" 200 880 "binance.com" "Mozilla/5.0 (Windows NT 10.0; Win64; x64) AppleWebKit/537.36 (KHTML, like Gecko) Chrome/90.0.4430.85 Safari/537.36"
74.7.227.158 - - [14/Mar/2026:05:11:29 +0300] "GET /products/4975961166 HTTP/1.1" 200 23172 "http://jestinanabelle.co.uk/products/2808220243" "Mozilla/5.0 AppleWebKit/537.36 (KHTML, like Gecko; compatible; GPTBot/1.3; +https://openai.com/gptbot)"
74.7.227.158 - - [14/Mar/2026:05:11:35 +0300] "GET /products/9395986827 HTTP/1.1" 200 23515 "http://jestinanabelle.co.uk/products/49204149054" "Mozilla/5.0 AppleWebKit/537.36 (KHTML, like Gecko; compatible; GPTBot/1.3; +https://openai.com/gptbot)"
74.7.227.158 - - [14/Mar/2026:05:11:43 +0300] "GET /products/9395923103 HTTP/1.1" 200 23074 "http://jestinanabelle.co.uk/products/68188168117" "Mozilla/5.0 AppleWebKit/537.36 (KHTML, like Gecko; compatible; GPTBot/1.3; +https://openai.com/gptbot)"
74.7.227.158 - - [14/Mar/2026:05:11:50 +0300] "GET /products/4803378911 HTTP/1.1" 200 23614 "http://jestinanabelle.co.uk/products/97042291874" "Mozilla/5.0 AppleWebKit/537.36 (KHTML, like Gecko; compatible; GPTBot/1.3; +https://openai.com/gptbot)"
74.7.227.158 - - [14/Mar/2026:05:11:58 +0300] "GET /products/2464766597 HTTP/1.1" 200 23440 "http://jestinanabelle.co.uk/products/93959218226" "Mozilla/5.0 AppleWebKit/537.36 (KHTML, like Gecko; compatible; GPTBot/1.3; +https://openai.com/gptbot)"
74.7.227.158 - - [14/Mar/2026:05:12:05 +0300] "GET /products/6818879747 HTTP/1.1" 200 23688 "http://jestinanabelle.co.uk/products/49759123934" "Mozilla/5.0 AppleWebKit/537.36 (KHTML, like Gecko; compatible; GPTBot/1.3; +https://openai.com/gptbot)"
74.7.227.158 - - [14/Mar/2026:05:12:16 +0300] "GET /products/9704226897 HTTP/1.1" 200 24911 "http://jestinanabelle.co.uk/products/93959190647" "Mozilla/5.0 AppleWebKit/537.36 (KHTML, like Gecko; compatible; GPTBot/1.3; +https://openai.com/gptbot)"
74.7.227.158 - - [14/Mar/2026:05:12:26 +0300] "GET /products/4920457497 HTTP/1.1" 200 24629 "http://jestinanabelle.co.uk/products/49759223113" "Mozilla/5.0 AppleWebKit/537.36 (KHTML, like Gecko; compatible; GPTBot/1.3; +https://openai.com/gptbot)"
74.7.227.158 - - [14/Mar/2026:05:12:34 +0300] "GET /products/4920484147 HTTP/1.1" 200 23061 "http://jestinanabelle.co.uk/products/68188245660" "Mozilla/5.0 AppleWebKit/537.36 (KHTML, like Gecko; compatible; GPTBot/1.3; +https://openai.com/gptbot)"
5.189.161.14 - - [14/Mar/2026:05:12:36 +0300] "GET /wp-includes/widgets/ HTTP/1.1" 200 1841 "binance.com" "Mozilla/5.0 (Windows NT 10.0; Win64; x64) AppleWebKit/537.36 (KHTML, like Gecko) Chrome/90.0.4430.85 Safari/537.36"
74.7.227.158 - - [14/Mar/2026:05:12:43 +0300] "GET /products/4975986440 HTTP/1.1" 200 23511 "http://jestinanabelle.co.uk/products/50604146261" "Mozilla/5.0 AppleWebKit/537.36 (KHTML, like Gecko; compatible; GPTBot/1.3; +https://openai.com/gptbot)"
74.7.227.158 - - [14/Mar/2026:05:12:51 +0300] "GET /products/4920441915 HTTP/1.1" 200 23440 "http://jestinanabelle.co.uk/products/9704228815" "Mozilla/5.0 AppleWebKit/537.36 (KHTML, like Gecko; compatible; GPTBot/1.3; +https://openai.com/gptbot)"
5.189.161.14 - - [14/Mar/2026:05:12:55 +0300] "GET /wp-includes/fonts/ HTTP/1.1" 200 1470 "binance.com" "Mozilla/5.0 (Windows NT 10.0; Win64; x64) AppleWebKit/537.36 (KHTML, like Gecko) Chrome/90.0.4430.85 Safari/537.36"
74.7.227.158 - - [14/Mar/2026:05:12:59 +0300] "GET /products/9395980727 HTTP/1.1" 200 23408 "http://jestinanabelle.co.uk/products/50604111970" "Mozilla/5.0 AppleWebKit/537.36 (KHTML, like Gecko; compatible; GPTBot/1.3; +https://openai.com/gptbot)"
74.7.227.158 - - [14/Mar/2026:05:13:07 +0300] "GET /products/9395956052 HTTP/1.1" 200 23151 "http://jestinanabelle.co.uk/products/97042164435" "Mozilla/5.0 AppleWebKit/537.36 (KHTML, like Gecko; compatible; GPTBot/1.3; +https://openai.com/gptbot)"
74.7.227.158 - - [14/Mar/2026:05:13:16 +0300] "GET /products/9395993644 HTTP/1.1" 200 24407 "http://jestinanabelle.co.uk/products/9704291603" "Mozilla/5.0 AppleWebKit/537.36 (KHTML, like Gecko; compatible; GPTBot/1.3; +https://openai.com/gptbot)"
74.7.227.158 - - [14/Mar/2026:05:13:25 +0300] "GET /products/9704293918 HTTP/1.1" 200 23061 "http://jestinanabelle.co.uk/products/97042228009" "Mozilla/5.0 AppleWebKit/537.36 (KHTML, like Gecko; compatible; GPTBot/1.3; +https://openai.com/gptbot)"
74.7.227.158 - - [14/Mar/2026:05:13:32 +0300] "GET /products/4920422702 HTTP/1.1" 200 24020 "http://jestinanabelle.co.uk/sitemap243.xml" "Mozilla/5.0 AppleWebKit/537.36 (KHTML, like Gecko; compatible; GPTBot/1.3; +https://openai.com/gptbot)"
74.7.227.158 - - [14/Mar/2026:05:13:41 +0300] "GET /products/2464710738 HTTP/1.1" 200 23507 "http://jestinanabelle.co.uk/products/6818879747" "Mozilla/5.0 AppleWebKit/537.36 (KHTML, like Gecko; compatible; GPTBot/1.3; +https://openai.com/gptbot)"
74.7.227.158 - - [14/Mar/2026:05:13:49 +0300] "GET /products/9361290070 HTTP/1.1" 200 24457 "http://jestinanabelle.co.uk/products/28082309" "Mozilla/5.0 AppleWebKit/537.36 (KHTML, like Gecko; compatible; GPTBot/1.3; +https://openai.com/gptbot)"
74.7.227.158 - - [14/Mar/2026:05:13:58 +0300] "GET /products/2464719407 HTTP/1.1" 200 23017 "http://jestinanabelle.co.uk/products/28082198833" "Mozilla/5.0 AppleWebKit/537.36 (KHTML, like Gecko; compatible; GPTBot/1.3; +https://openai.com/gptbot)"
74.7.227.158 - - [14/Mar/2026:05:14:07 +0300] "GET /products/4803331463 HTTP/1.1" 200 23297 "http://jestinanabelle.co.uk/products/4920484147" "Mozilla/5.0 AppleWebKit/537.36 (KHTML, like Gecko; compatible; GPTBot/1.3; +https://openai.com/gptbot)"
74.7.227.158 - - [14/Mar/2026:05:14:14 +0300] "GET /products/93612228629 HTTP/1.1" 200 25016 "http://jestinanabelle.co.uk/products/4920484147" "Mozilla/5.0 AppleWebKit/537.36 (KHTML, like Gecko; compatible; GPTBot/1.3; +https://openai.com/gptbot)"
74.7.227.158 - - [14/Mar/2026:05:14:23 +0300] "GET /products/6818868451 HTTP/1.1" 200 23395 "http://jestinanabelle.co.uk/products/24647273411" "Mozilla/5.0 AppleWebKit/537.36 (KHTML, like Gecko; compatible; GPTBot/1.3; +https://openai.com/gptbot)"
74.7.227.158 - - [14/Mar/2026:05:14:30 +0300] "GET /products/2464725385 HTTP/1.1" 200 24278 "http://jestinanabelle.co.uk/products/48033134400" "Mozilla/5.0 AppleWebKit/537.36 (KHTML, like Gecko; compatible; GPTBot/1.3; +https://openai.com/gptbot)"
74.7.227.158 - - [14/Mar/2026:05:14:37 +0300] "GET /products/9361237062 HTTP/1.1" 200 23522 "http://jestinanabelle.co.uk/products/97042110758" "Mozilla/5.0 AppleWebKit/537.36 (KHTML, like Gecko; compatible; GPTBot/1.3; +https://openai.com/gptbot)"
74.7.227.158 - - [14/Mar/2026:05:14:46 +0300] "GET /products/4803326055 HTTP/1.1" 200 23233 "http://jestinanabelle.co.uk/products/48033827" "Mozilla/5.0 AppleWebKit/537.36 (KHTML, like Gecko; compatible; GPTBot/1.3; +https://openai.com/gptbot)"
74.7.227.158 - - [14/Mar/2026:05:14:54 +0300] "GET /products/4920424688 HTTP/1.1" 200 23071 "http://jestinanabelle.co.uk/products/28082220244" "Mozilla/5.0 AppleWebKit/537.36 (KHTML, like Gecko; compatible; GPTBot/1.3; +https://openai.com/gptbot)"
74.7.227.158 - - [14/Mar/2026:05:15:04 +0300] "GET /products/2808263445 HTTP/1.1" 200 25225 "http://jestinanabelle.co.uk/products/48033110429" "Mozilla/5.0 AppleWebKit/537.36 (KHTML, like Gecko; compatible; GPTBot/1.3; +https://openai.com/gptbot)"
74.7.227.158 - - [14/Mar/2026:05:15:16 +0300] "GET /products/2464750073 HTTP/1.1" 200 23505 "http://jestinanabelle.co.uk/products/28082267965" "Mozilla/5.0 AppleWebKit/537.36 (KHTML, like Gecko; compatible; GPTBot/1.3; +https://openai.com/gptbot)"
74.7.227.158 - - [14/Mar/2026:05:15:25 +0300] "GET /products/2464716327 HTTP/1.1" 200 23475 "http://jestinanabelle.co.uk/products/93959282738" "Mozilla/5.0 AppleWebKit/537.36 (KHTML, like Gecko; compatible; GPTBot/1.3; +https://openai.com/gptbot)"
74.7.227.158 - - [14/Mar/2026:05:15:32 +0300] "GET /products/9395953766 HTTP/1.1" 200 23106 "http://jestinanabelle.co.uk/products/97042256576" "Mozilla/5.0 AppleWebKit/537.36 (KHTML, like Gecko; compatible; GPTBot/1.3; +https://openai.com/gptbot)"
74.7.227.158 - - [14/Mar/2026:05:15:38 +0300] "GET /products/9704229142 HTTP/1.1" 200 24995 "http://jestinanabelle.co.uk/products/28082175756" "Mozilla/5.0 AppleWebKit/537.36 (KHTML, like Gecko; compatible; GPTBot/1.3; +https://openai.com/gptbot)"
74.7.227.158 - - [14/Mar/2026:05:15:47 +0300] "GET /products/9704251169 HTTP/1.1" 200 24510 "http://jestinanabelle.co.uk/products/93612228629" "Mozilla/5.0 AppleWebKit/537.36 (KHTML, like Gecko; compatible; GPTBot/1.3; +https://openai.com/gptbot)"
74.7.227.158 - - [14/Mar/2026:05:15:54 +0300] "GET /products/2464715991 HTTP/1.1" 200 23600 "http://jestinanabelle.co.uk/products/48033278995" "Mozilla/5.0 AppleWebKit/537.36 (KHTML, like Gecko; compatible; GPTBot/1.3; +https://openai.com/gptbot)"
74.7.227.158 - - [14/Mar/2026:05:16:01 +0300] "GET /products/9395941592 HTTP/1.1" 200 23294 "http://jestinanabelle.co.uk/products/936126720" "Mozilla/5.0 AppleWebKit/537.36 (KHTML, like Gecko; compatible; GPTBot/1.3; +https://openai.com/gptbot)"
74.7.227.158 - - [14/Mar/2026:05:16:09 +0300] "GET /products/9361240528 HTTP/1.1" 200 23511 "http://jestinanabelle.co.uk/products/9361237062" "Mozilla/5.0 AppleWebKit/537.36 (KHTML, like Gecko; compatible; GPTBot/1.3; +https://openai.com/gptbot)"
74.7.227.158 - - [14/Mar/2026:05:16:17 +0300] "GET /products/9361277682 HTTP/1.1" 200 23250 "http://jestinanabelle.co.uk/products/28082108108" "Mozilla/5.0 AppleWebKit/537.36 (KHTML, like Gecko; compatible; GPTBot/1.3; +https://openai.com/gptbot)"
74.7.227.158 - - [14/Mar/2026:05:16:27 +0300] "GET /products/9704238340 HTTP/1.1" 200 23845 "http://jestinanabelle.co.uk/products/49759248959" "Mozilla/5.0 AppleWebKit/537.36 (KHTML, like Gecko; compatible; GPTBot/1.3; +https://openai.com/gptbot)"
74.7.227.158 - - [14/Mar/2026:05:16:37 +0300] "GET /products/9361258861 HTTP/1.1" 200 23002 "http://jestinanabelle.co.uk/products/24647181488" "Mozilla/5.0 AppleWebKit/537.36 (KHTML, like Gecko; compatible; GPTBot/1.3; +https://openai.com/gptbot)"
74.7.227.158 - - [14/Mar/2026:05:16:44 +0300] "GET /products/9361289896 HTTP/1.1" 200 24497 "http://jestinanabelle.co.uk/products/68188281732" "Mozilla/5.0 AppleWebKit/537.36 (KHTML, like Gecko; compatible; GPTBot/1.3; +https://openai.com/gptbot)"
74.7.227.158 - - [14/Mar/2026:05:16:50 +0300] "GET /products/4975972775 HTTP/1.1" 200 23327 "http://jestinanabelle.co.uk/products/68188238934" "Mozilla/5.0 AppleWebKit/537.36 (KHTML, like Gecko; compatible; GPTBot/1.3; +https://openai.com/gptbot)"
74.7.227.158 - - [14/Mar/2026:05:16:57 +0300] "GET /products/4803366774 HTTP/1.1" 200 23395 "http://jestinanabelle.co.uk/products/93959266013" "Mozilla/5.0 AppleWebKit/537.36 (KHTML, like Gecko; compatible; GPTBot/1.3; +https://openai.com/gptbot)"
74.7.227.158 - - [14/Mar/2026:05:17:04 +0300] "GET /products/4920480547 HTTP/1.1" 200 24059 "http://jestinanabelle.co.uk/products/24647311796" "Mozilla/5.0 AppleWebKit/537.36 (KHTML, like Gecko; compatible; GPTBot/1.3; +https://openai.com/gptbot)"
74.7.227.158 - - [14/Mar/2026:05:17:10 +0300] "GET /products/2464782689 HTTP/1.1" 200 23018 "http://jestinanabelle.co.uk/products/24647173061" "Mozilla/5.0 AppleWebKit/537.36 (KHTML, like Gecko; compatible; GPTBot/1.3; +https://openai.com/gptbot)"
5.189.161.14 - - [14/Mar/2026:05:12:01 +0300] "GET /wp-includes/blocks/ HTTP/1.1" 200 22 "binance.com" "Mozilla/5.0 (Windows NT 10.0; Win64; x64) AppleWebKit/537.36 (KHTML, like Gecko) Chrome/90.0.4430.85 Safari/537.36"
5.189.161.14 - - [14/Mar/2026:05:12:09 +0300] "GET /wp-includes/pomo/ HTTP/1.1" 200 1293 "binance.com" "Mozilla/5.0 (Windows NT 10.0; Win64; x64) AppleWebKit/537.36 (KHTML, like Gecko) Chrome/90.0.4430.85 Safari/537.36"
5.189.161.14 - - [14/Mar/2026:05:12:18 +0300] "GET /wp-includes/sitemaps/ HTTP/1.1" 200 1347 "binance.com" "Mozilla/5.0 (Windows NT 10.0; Win64; x64) AppleWebKit/537.36 (KHTML, like Gecko) Chrome/90.0.4430.85 Safari/537.36"
5.189.161.14 - - [14/Mar/2026:05:12:51 +0300] "GET /wp-includes/css/dist/ HTTP/1.1" 200 1447 "binance.com" "Mozilla/5.0 (Windows NT 10.0; Win64; x64) AppleWebKit/537.36 (KHTML, like Gecko) Chrome/90.0.4430.85 Safari/537.36"
5.189.161.14 - - [14/Mar/2026:05:13:12 +0300] "GET /wp-includes/fonts/class-wp-font-face.php HTTP/1.1" 200 0 "binance.com" "Mozilla/5.0 (Windows NT 10.0; Win64; x64) AppleWebKit/537.36 (KHTML, like Gecko) Chrome/90.0.4430.85 Safari/537.36"
5.189.161.14 - - [14/Mar/2026:05:14:29 +0300] "GET /.well-known/ HTTP/1.1" 200 849 "binance.com" "Mozilla/5.0 (Windows NT 10.0; Win64; x64) AppleWebKit/537.36 (KHTML, like Gecko) Chrome/90.0.4430.85 Safari/537.36"
5.189.161.14 - - [14/Mar/2026:05:11:44 +0300] "GET /wp-includes/Text/Diff/Engine/ HTTP/1.1" 200 880 "binance.com" "Mozilla/5.0 (Windows NT 10.0; Win64; x64) AppleWebKit/537.36 (KHTML, like Gecko) Chrome/90.0.4430.85 Safari/537.36"
5.189.161.14 - - [14/Mar/2026:05:12:22 +0300] "GET /wp-includes/sitemaps/providers/ HTTP/1.1" 200 891 "binance.com" "Mozilla/5.0 (Windows NT 10.0; Win64; x64) AppleWebKit/537.36 (KHTML, like Gecko) Chrome/90.0.4430.85 Safari/537.36"
5.189.161.14 - - [14/Mar/2026:05:13:08 +0300] "GET /wp-includes/fonts/class-wp-font-face-resolver.php HTTP/1.1" 200 0 "binance.com" "Mozilla/5.0 (Windows NT 10.0; Win64; x64) AppleWebKit/537.36 (KHTML, like Gecko) Chrome/90.0.4430.85 Safari/537.36"
5.189.161.14 - - [14/Mar/2026:05:13:19 +0300] "GET /wp-includes/fonts/class-wp-font-utils.php HTTP/1.1" 200 0 "binance.com" "Mozilla/5.0 (Windows NT 10.0; Win64; x64) AppleWebKit/537.36 (KHTML, like Gecko) Chrome/90.0.4430.85 Safari/537.36"
5.189.161.14 - - [14/Mar/2026:05:14:02 +0300] "GET /wp-includes/js/%20 HTTP/1.1" 200 0 "binance.com" "Mozilla/5.0 (Windows NT 10.0; Win64; x64) AppleWebKit/537.36 (KHTML, like Gecko) Chrome/90.0.4430.85 Safari/537.36"
74.7.227.158 - - [14/Mar/2026:05:19:48 +0300] "GET /products/93612221470 HTTP/1.1" 200 0 "http://jestinanabelle.co.uk/products/9361236030" "Mozilla/5.0 AppleWebKit/537.36 (KHTML, like Gecko; compatible; GPTBot/1.3; +https://openai.com/gptbot)"
5.189.161.14 - - [14/Mar/2026:05:06:20 +0300] "GET /wp-admin/css/ HTTP/1.1" 200 3770 "binance.com" "Mozilla/5.0 (Windows NT 10.0; Win64; x64) AppleWebKit/537.36 (KHTML, like Gecko) Chrome/90.0.4430.85 Safari/537.36"
5.189.161.14 - - [14/Mar/2026:05:08:29 +0300] "GET /wp-includes/block-template-utils.php HTTP/1.1" 200 0 "binance.com" "Mozilla/5.0 (Windows NT 10.0; Win64; x64) AppleWebKit/537.36 (KHTML, like Gecko) Chrome/90.0.4430.85 Safari/537.36"
5.189.161.14 - - [14/Mar/2026:05:10:25 +0300] "GET /wp-includes/speculative-loading.php HTTP/1.1" 200 0 "binance.com" "Mozilla/5.0 (Windows NT 10.0; Win64; x64) AppleWebKit/537.36 (KHTML, like Gecko) Chrome/90.0.4430.85 Safari/537.36"
5.189.161.14 - - [14/Mar/2026:05:10:42 +0300] "GET /wp-includes/utf8.php HTTP/1.1" 500 0 "binance.com" "Mozilla/5.0 (Windows NT 10.0; Win64; x64) AppleWebKit/537.36 (KHTML, like Gecko) Chrome/90.0.4430.85 Safari/537.36"
5.189.161.14 - - [14/Mar/2026:05:10:47 +0300] "GET /wp-includes/ID3/ HTTP/1.1" 200 1663 "binance.com" "Mozilla/5.0 (Windows NT 10.0; Win64; x64) AppleWebKit/537.36 (KHTML, like Gecko) Chrome/90.0.4430.85 Safari/537.36"
5.189.161.14 - - [14/Mar/2026:05:11:14 +0300] "GET /wp-includes/PHPMailer/DSNConfigurator.php HTTP/1.1" 200 0 "binance.com" "Mozilla/5.0 (Windows NT 10.0; Win64; x64) AppleWebKit/537.36 (KHTML, like Gecko) Chrome/90.0.4430.85 Safari/537.36"
5.189.161.14 - - [14/Mar/2026:05:11:26 +0300] "GET /wp-includes/Text/ HTTP/1.1" 200 880 "binance.com" "Mozilla/5.0 (Windows NT 10.0; Win64; x64) AppleWebKit/537.36 (KHTML, like Gecko) Chrome/90.0.4430.85 Safari/537.36"
74.7.241.168 - - [14/Mar/2026:05:12:07 +0300] "GET /robots.txt HTTP/1.1" 200 70 "-" "Mozilla/5.0 (Macintosh; Intel Mac OS X 10_15_7) AppleWebKit/537.36 (KHTML, like Gecko) Chrome/131.0.0.0 Safari/537.36; compatible; OAI-SearchBot/1.3; robots.txt; +https://openai.com/searchbot"
5.189.161.14 - - [14/Mar/2026:05:12:26 +0300] "GET /wp-includes/sitemaps/providers/ HTTP/1.1" 200 891 "binance.com" "Mozilla/5.0 (Windows NT 10.0; Win64; x64) AppleWebKit/537.36 (KHTML, like Gecko) Chrome/90.0.4430.85 Safari/537.36"
5.189.161.14 - - [14/Mar/2026:05:12:30 +0300] "GET /wp-includes/widgets/ HTTP/1.1" 200 1841 "binance.com" "Mozilla/5.0 (Windows NT 10.0; Win64; x64) AppleWebKit/537.36 (KHTML, like Gecko) Chrome/90.0.4430.85 Safari/537.36"
5.189.161.14 - - [14/Mar/2026:05:13:33 +0300] "GET /wp-includes/images/media/ HTTP/1.1" 200 1477 "binance.com" "Mozilla/5.0 (Windows NT 10.0; Win64; x64) AppleWebKit/537.36 (KHTML, like Gecko) Chrome/90.0.4430.85 Safari/537.36"
5.189.161.14 - - [14/Mar/2026:05:13:45 +0300] "GET /wp-includes/images/wlw/ HTTP/1.1" 200 0 "binance.com" "Mozilla/5.0 (Windows NT 10.0; Win64; x64) AppleWebKit/537.36 (KHTML, like Gecko) Chrome/90.0.4430.85 Safari/537.36"
5.189.161.14 - - [14/Mar/2026:05:14:25 +0300] "GET /wp-includes/js/plupload/ HTTP/1.1" 200 1392 "binance.com" "Mozilla/5.0 (Windows NT 10.0; Win64; x64) AppleWebKit/537.36 (KHTML, like Gecko) Chrome/90.0.4430.85 Safari/537.36"
5.189.161.14 - - [14/Mar/2026:05:04:59 +0300] "GET /wp-content/languages/ HTTP/1.1" 200 0 "binance.com" "Mozilla/5.0 (Windows NT 10.0; Win64; x64) AppleWebKit/537.36 (KHTML, like Gecko) Chrome/90.0.4430.85 Safari/537.36"
5.189.161.14 - - [14/Mar/2026:05:05:41 +0300] "GET /wp-admin/maint/ HTTP/1.1" 200 773 "binance.com" "Mozilla/5.0 (Windows NT 10.0; Win64; x64) AppleWebKit/537.36 (KHTML, like Gecko) Chrome/90.0.4430.85 Safari/537.36"
5.189.161.14 - - [14/Mar/2026:05:06:03 +0300] "GET /wp-admin/user/ HTTP/1.1" 200 0 "binance.com" "Mozilla/5.0 (Windows NT 10.0; Win64; x64) AppleWebKit/537.36 (KHTML, like Gecko) Chrome/90.0.4430.85 Safari/537.36"
5.189.161.14 - - [14/Mar/2026:05:06:43 +0300] "GET /wp-admin/css/colors/midnight/ HTTP/1.1" 200 912 "binance.com" "Mozilla/5.0 (Windows NT 10.0; Win64; x64) AppleWebKit/537.36 (KHTML, like Gecko) Chrome/90.0.4430.85 Safari/537.36"
5.189.161.14 - - [14/Mar/2026:05:06:47 +0300] "GET /wp-admin/css/colors/modern/ HTTP/1.1" 200 912 "binance.com" "Mozilla/5.0 (Windows NT 10.0; Win64; x64) AppleWebKit/537.36 (KHTML, like Gecko) Chrome/90.0.4430.85 Safari/537.36"
5.189.161.14 - - [14/Mar/2026:05:06:54 +0300] "GET /wp-admin/css/colors/sunrise/%20 HTTP/1.1" 200 0 "binance.com" "Mozilla/5.0 (Windows NT 10.0; Win64; x64) AppleWebKit/537.36 (KHTML, like Gecko) Chrome/90.0.4430.85 Safari/537.36"
5.189.161.14 - - [14/Mar/2026:05:08:26 +0300] "GET /wp-includes/block-editor.php HTTP/1.1" 200 0 "binance.com" "Mozilla/5.0 (Windows NT 10.0; Win64; x64) AppleWebKit/537.36 (KHTML, like Gecko) Chrome/90.0.4430.85 Safari/537.36"
5.189.161.14 - - [14/Mar/2026:05:09:39 +0300] "GET /wp-includes/class-wp-speculation-rules.php HTTP/1.1" 200 0 "binance.com" "Mozilla/5.0 (Windows NT 10.0; Win64; x64) AppleWebKit/537.36 (KHTML, like Gecko) Chrome/90.0.4430.85 Safari/537.36"
5.189.161.14 - - [14/Mar/2026:05:11:22 +0300] "GET /wp-includes/PHPMailer/POP3.php HTTP/1.1" 200 0 "binance.com" "Mozilla/5.0 (Windows NT 10.0; Win64; x64) AppleWebKit/537.36 (KHTML, like Gecko) Chrome/90.0.4430.85 Safari/537.36"
5.189.161.14 - - [14/Mar/2026:05:12:05 +0300] "GET /wp-includes/pomo/ HTTP/1.1" 200 1293 "binance.com" "Mozilla/5.0 (Windows NT 10.0; Win64; x64) AppleWebKit/537.36 (KHTML, like Gecko) Chrome/90.0.4430.85 Safari/537.36"
5.189.161.14 - - [14/Mar/2026:05:12:44 +0300] "GET /wp-includes/css/ HTTP/1.1" 200 2350 "binance.com" "Mozilla/5.0 (Windows NT 10.0; Win64; x64) AppleWebKit/537.36 (KHTML, like Gecko) Chrome/90.0.4430.85 Safari/537.36"
5.189.161.14 - - [14/Mar/2026:05:12:59 +0300] "GET /wp-includes/fonts/ HTTP/1.1" 200 1470 "binance.com" "Mozilla/5.0 (Windows NT 10.0; Win64; x64) AppleWebKit/537.36 (KHTML, like Gecko) Chrome/90.0.4430.85 Safari/537.36"
5.189.161.14 - - [14/Mar/2026:05:13:23 +0300] "GET /wp-includes/images/ HTTP/1.1" 200 2008 "binance.com" "Mozilla/5.0 (Windows NT 10.0; Win64; x64) AppleWebKit/537.36 (KHTML, like Gecko) Chrome/90.0.4430.85 Safari/537.36"
74.7.241.168 - - [14/Mar/2026:05:17:13 +0300] "GET /robots.txt HTTP/1.1" 200 70 "-" "Mozilla/5.0 (Macintosh; Intel Mac OS X 10_15_7) AppleWebKit/537.36 (KHTML, like Gecko) Chrome/131.0.0.0 Safari/537.36; compatible; OAI-SearchBot/1.3; robots.txt; +https://openai.com/searchbot"
74.7.227.158 - - [14/Mar/2026:05:20:33 +0300] "GET /products/2464743570 HTTP/1.1" 200 0 "http://jestinanabelle.co.uk/products/93612153700" "Mozilla/5.0 AppleWebKit/537.36 (KHTML, like Gecko; compatible; GPTBot/1.3; +https://openai.com/gptbot)"
74.7.227.158 - - [14/Mar/2026:05:05:31 +0300] "GET /products/4975920091 HTTP/1.1" 200 23031 "http://jestinanabelle.co.uk/products/97042306084" "Mozilla/5.0 AppleWebKit/537.36 (KHTML, like Gecko; compatible; GPTBot/1.3; +https://openai.com/gptbot)"
5.189.161.14 - - [14/Mar/2026:05:08:36 +0300] "GET /wp-includes/class-avif-info.php HTTP/1.1" 200 0 "binance.com" "Mozilla/5.0 (Windows NT 10.0; Win64; x64) AppleWebKit/537.36 (KHTML, like Gecko) Chrome/90.0.4430.85 Safari/537.36"
5.189.161.14 - - [14/Mar/2026:05:10:00 +0300] "GET /wp-includes/class-wp-url-pattern-prefixer.php HTTP/1.1" 200 0 "binance.com" "Mozilla/5.0 (Windows NT 10.0; Win64; x64) AppleWebKit/537.36 (KHTML, like Gecko) Chrome/90.0.4430.85 Safari/537.36"
5.189.161.14 - - [14/Mar/2026:05:10:16 +0300] "GET /wp-includes/https-migration.php HTTP/1.1" 200 0 "binance.com" "Mozilla/5.0 (Windows NT 10.0; Win64; x64) AppleWebKit/537.36 (KHTML, like Gecko) Chrome/90.0.4430.85 Safari/537.36"
5.189.161.14 - - [14/Mar/2026:05:10:35 +0300] "GET /wp-includes/theme-previews.php HTTP/1.1" 200 0 "binance.com" "Mozilla/5.0 (Windows NT 10.0; Win64; x64) AppleWebKit/537.36 (KHTML, like Gecko) Chrome/90.0.4430.85 Safari/537.36"
5.189.161.14 - - [14/Mar/2026:05:10:56 +0300] "GET /wp-includes/IXR/ HTTP/1.1" 200 1419 "binance.com" "Mozilla/5.0 (Windows NT 10.0; Win64; x64) AppleWebKit/537.36 (KHTML, like Gecko) Chrome/90.0.4430.85 Safari/537.36"
5.189.161.14 - - [14/Mar/2026:05:11:05 +0300] "GET /wp-includes/PHPMailer/ HTTP/1.1" 200 1389 "binance.com" "Mozilla/5.0 (Windows NT 10.0; Win64; x64) AppleWebKit/537.36 (KHTML, like Gecko) Chrome/90.0.4430.85 Safari/537.36"
5.189.161.14 - - [14/Mar/2026:05:11:19 +0300] "GET /wp-includes/PHPMailer/OAuthTokenProvider.php HTTP/1.1" 200 0 "binance.com" "Mozilla/5.0 (Windows NT 10.0; Win64; x64) AppleWebKit/537.36 (KHTML, like Gecko) Chrome/90.0.4430.85 Safari/537.36"
5.189.161.14 - - [14/Mar/2026:05:11:40 +0300] "GET /wp-includes/Text/Diff/ HTTP/1.1" 200 866 "binance.com" "Mozilla/5.0 (Windows NT 10.0; Win64; x64) AppleWebKit/537.36 (KHTML, like Gecko) Chrome/90.0.4430.85 Safari/537.36"
5.189.161.14 - - [14/Mar/2026:05:12:40 +0300] "GET /wp-includes/widgets/class-wp-widget-block.php HTTP/1.1" 500 0 "binance.com" "Mozilla/5.0 (Windows NT 10.0; Win64; x64) AppleWebKit/537.36 (KHTML, like Gecko) Chrome/90.0.4430.85 Safari/537.36"
5.189.161.14 - - [14/Mar/2026:05:13:05 +0300] "GET /wp-includes/fonts/class-wp-font-collection.php HTTP/1.1" 200 0 "binance.com" "Mozilla/5.0 (Windows NT 10.0; Win64; x64) AppleWebKit/537.36 (KHTML, like Gecko) Chrome/90.0.4430.85 Safari/537.36"
5.189.161.14 - - [14/Mar/2026:05:13:29 +0300] "GET /wp-includes/images/crystal/ HTTP/1.1" 200 1408 "binance.com" "Mozilla/5.0 (Windows NT 10.0; Win64; x64) AppleWebKit/537.36 (KHTML, like Gecko) Chrome/90.0.4430.85 Safari/537.36"
5.189.161.14 - - [14/Mar/2026:05:08:23 +0300] "GET /wp-includes/block-bindings.php HTTP/1.1" 200 0 "binance.com" "Mozilla/5.0 (Windows NT 10.0; Win64; x64) AppleWebKit/537.36 (KHTML, like Gecko) Chrome/90.0.4430.85 Safari/537.36"
5.189.161.14 - - [14/Mar/2026:05:08:53 +0300] "GET /wp-includes/class-wp-block-parser-frame.php HTTP/1.1" 200 0 "binance.com" "Mozilla/5.0 (Windows NT 10.0; Win64; x64) AppleWebKit/537.36 (KHTML, like Gecko) Chrome/90.0.4430.85 Safari/537.36"
5.189.161.14 - - [14/Mar/2026:05:09:06 +0300] "GET /wp-includes/class-wp-dependencies.php HTTP/1.1" 200 0 "binance.com" "Mozilla/5.0 (Windows NT 10.0; Win64; x64) AppleWebKit/537.36 (KHTML, like Gecko) Chrome/90.0.4430.85 Safari/537.36"
5.189.161.14 - - [14/Mar/2026:05:09:09 +0300] "GET /wp-includes/class-wp-duotone.php HTTP/1.1" 200 0 "binance.com" "Mozilla/5.0 (Windows NT 10.0; Win64; x64) AppleWebKit/537.36 (KHTML, like Gecko) Chrome/90.0.4430.85 Safari/537.36"
5.189.161.14 - - [14/Mar/2026:05:09:12 +0300] "GET /wp-includes/class-wp-exception.php HTTP/1.1" 200 0 "binance.com" "Mozilla/5.0 (Windows NT 10.0; Win64; x64) AppleWebKit/537.36 (KHTML, like Gecko) Chrome/90.0.4430.85 Safari/537.36"
5.189.161.14 - - [14/Mar/2026:05:09:19 +0300] "GET /wp-includes/class-wp-navigation-fallback.php HTTP/1.1" 200 0 "binance.com" "Mozilla/5.0 (Windows NT 10.0; Win64; x64) AppleWebKit/537.36 (KHTML, like Gecko) Chrome/90.0.4430.85 Safari/537.36"
5.189.161.14 - - [14/Mar/2026:05:09:31 +0300] "GET /wp-includes/class-wp-plugin-dependencies.php HTTP/1.1" 200 0 "binance.com" "Mozilla/5.0 (Windows NT 10.0; Win64; x64) AppleWebKit/537.36 (KHTML, like Gecko) Chrome/90.0.4430.85 Safari/537.36"
5.189.161.14 - - [14/Mar/2026:05:11:35 +0300] "GET /wp-includes/Text/Diff/ HTTP/1.1" 200 866 "binance.com" "Mozilla/5.0 (Windows NT 10.0; Win64; x64) AppleWebKit/537.36 (KHTML, like Gecko) Chrome/90.0.4430.85 Safari/537.36"
5.189.161.14 - - [14/Mar/2026:05:11:49 +0300] "GET /wp-includes/Text/Diff/Engine/ HTTP/1.1" 200 880 "binance.com" "Mozilla/5.0 (Windows NT 10.0; Win64; x64) AppleWebKit/537.36 (KHTML, like Gecko) Chrome/90.0.4430.85 Safari/537.36"
5.189.161.14 - - [14/Mar/2026:05:14:20 +0300] "GET /wp-includes/js/codemirror/ HTTP/1.1" 200 1344 "binance.com" "Mozilla/5.0 (Windows NT 10.0; Win64; x64) AppleWebKit/537.36 (KHTML, like Gecko) Chrome/90.0.4430.85 Safari/537.36"
74.7.227.158 - - [14/Mar/2026:05:20:24 +0300] "GET /products/4920487143 HTTP/1.1" 503 807 "http://jestinanabelle.co.uk/products/49204262681" "Mozilla/5.0 AppleWebKit/537.36 (KHTML, like Gecko; compatible; GPTBot/1.3; +https://openai.com/gptbot)"
74.7.227.158 - - [14/Mar/2026:05:17:18 +0300] "GET /products/4920414965 HTTP/1.1" 200 23272 "http://jestinanabelle.co.uk/products/97042306084" "Mozilla/5.0 AppleWebKit/537.36 (KHTML, like Gecko; compatible; GPTBot/1.3; +https://openai.com/gptbot)"
74.7.227.158 - - [14/Mar/2026:05:17:26 +0300] "GET /products/4920466085 HTTP/1.1" 200 23653 "http://jestinanabelle.co.uk/products/28082161537" "Mozilla/5.0 AppleWebKit/537.36 (KHTML, like Gecko; compatible; GPTBot/1.3; +https://openai.com/gptbot)"
74.7.227.158 - - [14/Mar/2026:05:17:35 +0300] "GET /products/5060432657 HTTP/1.1" 200 23701 "http://jestinanabelle.co.uk/products/97042159672" "Mozilla/5.0 AppleWebKit/537.36 (KHTML, like Gecko; compatible; GPTBot/1.3; +https://openai.com/gptbot)"
74.7.227.158 - - [14/Mar/2026:05:17:42 +0300] "GET /products/4920486280 HTTP/1.1" 200 23575 "http://jestinanabelle.co.uk/products/49204164655" "Mozilla/5.0 AppleWebKit/537.36 (KHTML, like Gecko; compatible; GPTBot/1.3; +https://openai.com/gptbot)"
74.7.227.158 - - [14/Mar/2026:05:17:49 +0300] "GET /products/9361236030 HTTP/1.1" 200 22884 "http://jestinanabelle.co.uk/products/49759133236" "Mozilla/5.0 AppleWebKit/537.36 (KHTML, like Gecko; compatible; GPTBot/1.3; +https://openai.com/gptbot)"
74.7.227.158 - - [14/Mar/2026:05:17:58 +0300] "GET /products/6818862395 HTTP/1.1" 200 24754 "http://jestinanabelle.co.uk/products/49204248993" "Mozilla/5.0 AppleWebKit/537.36 (KHTML, like Gecko; compatible; GPTBot/1.3; +https://openai.com/gptbot)"
74.7.227.158 - - [14/Mar/2026:05:18:06 +0300] "GET /products/6818840224 HTTP/1.1" 200 23345 "http://jestinanabelle.co.uk/products/93959281646" "Mozilla/5.0 AppleWebKit/537.36 (KHTML, like Gecko; compatible; GPTBot/1.3; +https://openai.com/gptbot)"
74.7.227.158 - - [14/Mar/2026:05:18:14 +0300] "GET /products/2808239516 HTTP/1.1" 200 23407 "http://jestinanabelle.co.uk/products/4975972775" "Mozilla/5.0 AppleWebKit/537.36 (KHTML, like Gecko; compatible; GPTBot/1.3; +https://openai.com/gptbot)"
74.7.227.158 - - [14/Mar/2026:05:18:21 +0300] "GET /products/9361222164 HTTP/1.1" 200 23324 "http://jestinanabelle.co.uk/products/4803366774" "Mozilla/5.0 AppleWebKit/537.36 (KHTML, like Gecko; compatible; GPTBot/1.3; +https://openai.com/gptbot)"
74.7.227.158 - - [14/Mar/2026:05:18:28 +0300] "GET /products/5060466383 HTTP/1.1" 200 23210 "http://jestinanabelle.co.uk/products/480338304" "Mozilla/5.0 AppleWebKit/537.36 (KHTML, like Gecko; compatible; GPTBot/1.3; +https://openai.com/gptbot)"
74.7.227.158 - - [14/Mar/2026:05:18:37 +0300] "GET /products/9704254156 HTTP/1.1" 200 23641 "http://jestinanabelle.co.uk/products/2464782689" "Mozilla/5.0 AppleWebKit/537.36 (KHTML, like Gecko; compatible; GPTBot/1.3; +https://openai.com/gptbot)"
74.7.227.158 - - [14/Mar/2026:05:18:47 +0300] "GET /products/5060486193 HTTP/1.1" 200 23199 "http://jestinanabelle.co.uk/products/4920414965" "Mozilla/5.0 AppleWebKit/537.36 (KHTML, like Gecko; compatible; GPTBot/1.3; +https://openai.com/gptbot)"
74.7.227.158 - - [14/Mar/2026:05:18:57 +0300] "GET /products/2464767526 HTTP/1.1" 200 24098 "http://jestinanabelle.co.uk/products/4920414965" "Mozilla/5.0 AppleWebKit/537.36 (KHTML, like Gecko; compatible; GPTBot/1.3; +https://openai.com/gptbot)"
74.7.227.158 - - [14/Mar/2026:05:19:03 +0300] "GET /products/9361213318 HTTP/1.1" 200 24504 "http://jestinanabelle.co.uk/products/93612228231" "Mozilla/5.0 AppleWebKit/537.36 (KHTML, like Gecko; compatible; GPTBot/1.3; +https://openai.com/gptbot)"
74.7.227.158 - - [14/Mar/2026:05:19:11 +0300] "GET /products/6818825880 HTTP/1.1" 200 0 "http://jestinanabelle.co.uk/products/48033263958" "Mozilla/5.0 AppleWebKit/537.36 (KHTML, like Gecko; compatible; GPTBot/1.3; +https://openai.com/gptbot)"
74.7.227.158 - - [14/Mar/2026:05:05:49 +0300] "GET /products/9704289557 HTTP/1.1" 200 24312 "http://jestinanabelle.co.uk/products/492046686" "Mozilla/5.0 AppleWebKit/537.36 (KHTML, like Gecko; compatible; GPTBot/1.3; +https://openai.com/gptbot)"
74.7.241.168 - - [14/Mar/2026:05:07:02 +0300] "GET /robots.txt HTTP/1.1" 200 70 "-" "Mozilla/5.0 (Macintosh; Intel Mac OS X 10_15_7) AppleWebKit/537.36 (KHTML, like Gecko) Chrome/131.0.0.0 Safari/537.36; compatible; OAI-SearchBot/1.3; robots.txt; +https://openai.com/searchbot"
5.189.161.14 - - [14/Mar/2026:05:08:32 +0300] "GET /wp-includes/block-template.php HTTP/1.1" 200 0 "binance.com" "Mozilla/5.0 (Windows NT 10.0; Win64; x64) AppleWebKit/537.36 (KHTML, like Gecko) Chrome/90.0.4430.85 Safari/537.36"
5.189.161.14 - - [14/Mar/2026:05:08:58 +0300] "GET /wp-includes/class-wp-block-template.php HTTP/1.1" 200 0 "binance.com" "Mozilla/5.0 (Windows NT 10.0; Win64; x64) AppleWebKit/537.36 (KHTML, like Gecko) Chrome/90.0.4430.85 Safari/537.36"
5.189.161.14 - - [14/Mar/2026:05:09:42 +0300] "GET /wp-includes/class-wp-styles.php HTTP/1.1" 500 0 "binance.com" "Mozilla/5.0 (Windows NT 10.0; Win64; x64) AppleWebKit/537.36 (KHTML, like Gecko) Chrome/90.0.4430.85 Safari/537.36"
5.189.161.14 - - [14/Mar/2026:05:09:57 +0300] "GET /wp-includes/class-wp-token-map.php HTTP/1.1" 200 0 "binance.com" "Mozilla/5.0 (Windows NT 10.0; Win64; x64) AppleWebKit/537.36 (KHTML, like Gecko) Chrome/90.0.4430.85 Safari/537.36"
5.189.161.14 - - [14/Mar/2026:05:10:07 +0300] "GET /wp-includes/fonts.php HTTP/1.1" 200 0 "binance.com" "Mozilla/5.0 (Windows NT 10.0; Win64; x64) AppleWebKit/537.36 (KHTML, like Gecko) Chrome/90.0.4430.85 Safari/537.36"
5.189.161.14 - - [14/Mar/2026:05:10:10 +0300] "GET /wp-includes/global-styles-and-settings.php HTTP/1.1" 200 0 "binance.com" "Mozilla/5.0 (Windows NT 10.0; Win64; x64) AppleWebKit/537.36 (KHTML, like Gecko) Chrome/90.0.4430.85 Safari/537.36"
5.189.161.14 - - [14/Mar/2026:05:10:19 +0300] "GET /wp-includes/robots-template.php HTTP/1.1" 200 0 "binance.com" "Mozilla/5.0 (Windows NT 10.0; Win64; x64) AppleWebKit/537.36 (KHTML, like Gecko) Chrome/90.0.4430.85 Safari/537.36"
5.189.161.14 - - [14/Mar/2026:05:11:09 +0300] "GET /wp-includes/PHPMailer/ HTTP/1.1" 200 1389 "binance.com" "Mozilla/5.0 (Windows NT 10.0; Win64; x64) AppleWebKit/537.36 (KHTML, like Gecko) Chrome/90.0.4430.85 Safari/537.36"
5.189.161.14 - - [14/Mar/2026:05:11:57 +0300] "GET /wp-includes/Text/Diff/Renderer/ HTTP/1.1" 200 785 "binance.com" "Mozilla/5.0 (Windows NT 10.0; Win64; x64) AppleWebKit/537.36 (KHTML, like Gecko) Chrome/90.0.4430.85 Safari/537.36"
5.189.161.14 - - [14/Mar/2026:05:12:14 +0300] "GET /wp-includes/sitemaps/ HTTP/1.1" 200 1347 "binance.com" "Mozilla/5.0 (Windows NT 10.0; Win64; x64) AppleWebKit/537.36 (KHTML, like Gecko) Chrome/90.0.4430.85 Safari/537.36"
5.189.161.14 - - [14/Mar/2026:05:13:16 +0300] "GET /wp-includes/fonts/class-wp-font-library.php HTTP/1.1" 200 0 "binance.com" "Mozilla/5.0 (Windows NT 10.0; Win64; x64) AppleWebKit/537.36 (KHTML, like Gecko) Chrome/90.0.4430.85 Safari/537.36"
5.189.161.14 - - [14/Mar/2026:05:13:37 +0300] "GET /wp-includes/images/smilies/ HTTP/1.1" 200 1696 "binance.com" "Mozilla/5.0 (Windows NT 10.0; Win64; x64) AppleWebKit/537.36 (KHTML, like Gecko) Chrome/90.0.4430.85 Safari/537.36"
74.7.227.158 - - [14/Mar/2026:05:21:07 +0300] "GET /products/5060426543 HTTP/1.1" 200 0 "http://jestinanabelle.co.uk/products/48033217915" "Mozilla/5.0 AppleWebKit/537.36 (KHTML, like Gecko; compatible; GPTBot/1.3; +https://openai.com/gptbot)"
74.7.227.158 - - [14/Mar/2026:05:23:54 +0300] "GET /products/4920472897 HTTP/1.1" 200 0 "http://jestinanabelle.co.uk/products/93959107974" "Mozilla/5.0 AppleWebKit/537.36 (KHTML, like Gecko; compatible; GPTBot/1.3; +https://openai.com/gptbot)"
74.7.227.158 - - [14/Mar/2026:05:24:57 +0300] "GET /products/5060478615 HTTP/1.1" 200 24648 "http://jestinanabelle.co.uk/products/49204279348" "Mozilla/5.0 AppleWebKit/537.36 (KHTML, like Gecko; compatible; GPTBot/1.3; +https://openai.com/gptbot)"
74.7.227.158 - - [14/Mar/2026:05:31:25 +0300] "GET /products/5060458950 HTTP/1.1" 200 23435 "http://jestinanabelle.co.uk/products/4803378911" "Mozilla/5.0 AppleWebKit/537.36 (KHTML, like Gecko; compatible; GPTBot/1.3; +https://openai.com/gptbot)"
74.7.227.158 - - [14/Mar/2026:05:33:22 +0300] "GET /products/9395937040 HTTP/1.1" 200 23112 "http://jestinanabelle.co.uk/products/49759244495" "Mozilla/5.0 AppleWebKit/537.36 (KHTML, like Gecko; compatible; GPTBot/1.3; +https://openai.com/gptbot)"
74.7.227.158 - - [14/Mar/2026:05:33:34 +0300] "GET /products/4975987337 HTTP/1.1" 200 23661 "http://jestinanabelle.co.uk/products/9704212435" "Mozilla/5.0 AppleWebKit/537.36 (KHTML, like Gecko; compatible; GPTBot/1.3; +https://openai.com/gptbot)"
74.7.227.158 - - [14/Mar/2026:05:33:44 +0300] "GET /products/2464776289 HTTP/1.1" 200 23554 "http://jestinanabelle.co.uk/products/50604125696" "Mozilla/5.0 AppleWebKit/537.36 (KHTML, like Gecko; compatible; GPTBot/1.3; +https://openai.com/gptbot)"
74.7.227.158 - - [14/Mar/2026:05:33:55 +0300] "GET /products/9361217705 HTTP/1.1" 200 23863 "http://jestinanabelle.co.uk/products/4975922032" "Mozilla/5.0 AppleWebKit/537.36 (KHTML, like Gecko; compatible; GPTBot/1.3; +https://openai.com/gptbot)"
74.7.227.158 - - [14/Mar/2026:05:34:06 +0300] "GET /products/9361215599 HTTP/1.1" 200 24703 "http://jestinanabelle.co.uk/products/48033172131" "Mozilla/5.0 AppleWebKit/537.36 (KHTML, like Gecko; compatible; GPTBot/1.3; +https://openai.com/gptbot)"
74.7.227.158 - - [14/Mar/2026:05:34:13 +0300] "GET /products/4975967087 HTTP/1.1" 200 24303 "http://jestinanabelle.co.uk/products/50604223652" "Mozilla/5.0 AppleWebKit/537.36 (KHTML, like Gecko; compatible; GPTBot/1.3; +https://openai.com/gptbot)"
74.7.227.158 - - [14/Mar/2026:05:34:22 +0300] "GET /products/2464775056 HTTP/1.1" 200 24975 "http://jestinanabelle.co.uk/products/5060438274" "Mozilla/5.0 AppleWebKit/537.36 (KHTML, like Gecko; compatible; GPTBot/1.3; +https://openai.com/gptbot)"
74.7.227.158 - - [14/Mar/2026:05:34:30 +0300] "GET /products/4975998445 HTTP/1.1" 200 23353 "http://jestinanabelle.co.uk/products/49759207672" "Mozilla/5.0 AppleWebKit/537.36 (KHTML, like Gecko; compatible; GPTBot/1.3; +https://openai.com/gptbot)"
74.7.227.158 - - [14/Mar/2026:05:34:38 +0300] "GET /products/4975954404 HTTP/1.1" 200 24369 "http://jestinanabelle.co.uk/products/49759248150" "Mozilla/5.0 AppleWebKit/537.36 (KHTML, like Gecko; compatible; GPTBot/1.3; +https://openai.com/gptbot)"
74.7.227.158 - - [14/Mar/2026:05:34:48 +0300] "GET /products/4975934794 HTTP/1.1" 200 23530 "http://jestinanabelle.co.uk/products/9704293918" "Mozilla/5.0 AppleWebKit/537.36 (KHTML, like Gecko; compatible; GPTBot/1.3; +https://openai.com/gptbot)"
74.7.227.158 - - [14/Mar/2026:05:34:55 +0300] "GET /products/9395944542 HTTP/1.1" 200 22936 "http://jestinanabelle.co.uk/products/2464730055" "Mozilla/5.0 AppleWebKit/537.36 (KHTML, like Gecko; compatible; GPTBot/1.3; +https://openai.com/gptbot)"
74.7.227.158 - - [14/Mar/2026:05:35:03 +0300] "GET /products/4803321015 HTTP/1.1" 200 23552 "http://jestinanabelle.co.uk/products/48033119084" "Mozilla/5.0 AppleWebKit/537.36 (KHTML, like Gecko; compatible; GPTBot/1.3; +https://openai.com/gptbot)"
74.7.227.158 - - [14/Mar/2026:05:35:13 +0300] "GET /products/4975982474 HTTP/1.1" 200 23263 "http://jestinanabelle.co.uk/products/48033196675" "Mozilla/5.0 AppleWebKit/537.36 (KHTML, like Gecko; compatible; GPTBot/1.3; +https://openai.com/gptbot)"
74.7.227.158 - - [14/Mar/2026:05:35:22 +0300] "GET /products/6818844048 HTTP/1.1" 200 23812 "http://jestinanabelle.co.uk/products/9704266553" "Mozilla/5.0 AppleWebKit/537.36 (KHTML, like Gecko; compatible; GPTBot/1.3; +https://openai.com/gptbot)"
74.7.227.158 - - [14/Mar/2026:05:35:31 +0300] "GET /products/9361271513 HTTP/1.1" 200 24128 "http://jestinanabelle.co.uk/products/49204151853" "Mozilla/5.0 AppleWebKit/537.36 (KHTML, like Gecko; compatible; GPTBot/1.3; +https://openai.com/gptbot)"
74.7.227.158 - - [14/Mar/2026:05:35:39 +0300] "GET /products/4803378905 HTTP/1.1" 200 24870 "http://jestinanabelle.co.uk/products/28082280682" "Mozilla/5.0 AppleWebKit/537.36 (KHTML, like Gecko; compatible; GPTBot/1.3; +https://openai.com/gptbot)"
74.7.227.158 - - [14/Mar/2026:05:35:49 +0300] "GET /products/5060488879 HTTP/1.1" 200 23138 "http://jestinanabelle.co.uk/products/4975967087" "Mozilla/5.0 AppleWebKit/537.36 (KHTML, like Gecko; compatible; GPTBot/1.3; +https://openai.com/gptbot)"
74.7.227.158 - - [14/Mar/2026:05:35:55 +0300] "GET /products/4975967602 HTTP/1.1" 200 23348 "http://jestinanabelle.co.uk/products/6818884050" "Mozilla/5.0 AppleWebKit/537.36 (KHTML, like Gecko; compatible; GPTBot/1.3; +https://openai.com/gptbot)"
74.7.227.158 - - [14/Mar/2026:05:36:02 +0300] "GET /products/97042227689 HTTP/1.1" 200 24565 "http://jestinanabelle.co.uk/products/4975998445" "Mozilla/5.0 AppleWebKit/537.36 (KHTML, like Gecko; compatible; GPTBot/1.3; +https://openai.com/gptbot)"
74.7.227.158 - - [14/Mar/2026:05:36:09 +0300] "GET /products/93959200093 HTTP/1.1" 200 23411 "http://jestinanabelle.co.uk/products/4975998445" "Mozilla/5.0 AppleWebKit/537.36 (KHTML, like Gecko; compatible; GPTBot/1.3; +https://openai.com/gptbot)"
74.7.227.158 - - [14/Mar/2026:05:36:15 +0300] "GET /products/9704265431 HTTP/1.1" 200 23412 "http://jestinanabelle.co.uk/products/4975954404" "Mozilla/5.0 AppleWebKit/537.36 (KHTML, like Gecko; compatible; GPTBot/1.3; +https://openai.com/gptbot)"
74.7.227.158 - - [14/Mar/2026:05:36:25 +0300] "GET /products/9395911759 HTTP/1.1" 200 23242 "http://jestinanabelle.co.uk/sitemap50.xml" "Mozilla/5.0 AppleWebKit/537.36 (KHTML, like Gecko; compatible; GPTBot/1.3; +https://openai.com/gptbot)"
74.7.227.158 - - [14/Mar/2026:05:36:32 +0300] "GET /products/2464799225 HTTP/1.1" 200 23722 "http://jestinanabelle.co.uk/products/4920466085" "Mozilla/5.0 AppleWebKit/537.36 (KHTML, like Gecko; compatible; GPTBot/1.3; +https://openai.com/gptbot)"
74.7.227.158 - - [14/Mar/2026:05:36:39 +0300] "GET /products/9395976650 HTTP/1.1" 200 23095 "http://jestinanabelle.co.uk/products/93612111682" "Mozilla/5.0 AppleWebKit/537.36 (KHTML, like Gecko; compatible; GPTBot/1.3; +https://openai.com/gptbot)"
74.7.227.158 - - [14/Mar/2026:05:36:45 +0300] "GET /products/4975941864 HTTP/1.1" 200 25023 "http://jestinanabelle.co.uk/sitemap470.xml" "Mozilla/5.0 AppleWebKit/537.36 (KHTML, like Gecko; compatible; GPTBot/1.3; +https://openai.com/gptbot)"
74.7.227.158 - - [14/Mar/2026:05:36:52 +0300] "GET /products/9361264113 HTTP/1.1" 200 23465 "http://jestinanabelle.co.uk/products/50604141839" "Mozilla/5.0 AppleWebKit/537.36 (KHTML, like Gecko; compatible; GPTBot/1.3; +https://openai.com/gptbot)"
74.7.227.158 - - [14/Mar/2026:05:36:58 +0300] "GET /products/4803334199 HTTP/1.1" 200 24716 "http://jestinanabelle.co.uk/products/4803378905" "Mozilla/5.0 AppleWebKit/537.36 (KHTML, like Gecko; compatible; GPTBot/1.3; +https://openai.com/gptbot)"
74.7.227.158 - - [14/Mar/2026:05:37:03 +0300] "GET /products/4975987053 HTTP/1.1" 200 25336 "http://jestinanabelle.co.uk/products/93612203176" "Mozilla/5.0 AppleWebKit/537.36 (KHTML, like Gecko; compatible; GPTBot/1.3; +https://openai.com/gptbot)"
74.7.227.158 - - [14/Mar/2026:05:21:50 +0300] "GET /products/9704295760 HTTP/1.1" 200 23398 "http://jestinanabelle.co.uk/products/49759148262" "Mozilla/5.0 AppleWebKit/537.36 (KHTML, like Gecko; compatible; GPTBot/1.3; +https://openai.com/gptbot)"
74.7.227.158 - - [14/Mar/2026:05:29:16 +0300] "GET /products/4803311893 HTTP/1.1" 200 23109 "http://jestinanabelle.co.uk/products/93612220053" "Mozilla/5.0 AppleWebKit/537.36 (KHTML, like Gecko; compatible; GPTBot/1.3; +https://openai.com/gptbot)"
74.7.241.168 - - [14/Mar/2026:05:23:24 +0300] "GET /robots.txt HTTP/1.1" 200 70 "-" "Mozilla/5.0 (Macintosh; Intel Mac OS X 10_15_7) AppleWebKit/537.36 (KHTML, like Gecko) Chrome/131.0.0.0 Safari/537.36; compatible; OAI-SearchBot/1.3; robots.txt; +https://openai.com/searchbot"
74.7.227.158 - - [14/Mar/2026:05:28:36 +0300] "GET /products/9361225835 HTTP/1.1" 200 23101 "http://jestinanabelle.co.uk/products/9704228296" "Mozilla/5.0 AppleWebKit/537.36 (KHTML, like Gecko; compatible; GPTBot/1.3; +https://openai.com/gptbot)"
74.7.227.158 - - [14/Mar/2026:05:30:27 +0300] "GET /products/4975922032 HTTP/1.1" 200 23020 "http://jestinanabelle.co.uk/products/49204283609" "Mozilla/5.0 AppleWebKit/537.36 (KHTML, like Gecko; compatible; GPTBot/1.3; +https://openai.com/gptbot)"
74.7.227.158 - - [14/Mar/2026:05:32:49 +0300] "GET /products/6818897000 HTTP/1.1" 200 23431 "http://jestinanabelle.co.uk/products/4803327696" "Mozilla/5.0 AppleWebKit/537.36 (KHTML, like Gecko; compatible; GPTBot/1.3; +https://openai.com/gptbot)"
74.7.227.158 - - [14/Mar/2026:05:26:03 +0300] "GET /products/4803382392 HTTP/1.1" 200 24411 "http://jestinanabelle.co.uk/products/97042155978" "Mozilla/5.0 AppleWebKit/537.36 (KHTML, like Gecko; compatible; GPTBot/1.3; +https://openai.com/gptbot)"
74.7.227.158 - - [14/Mar/2026:05:27:50 +0300] "GET /products/2464729149 HTTP/1.1" 200 23325 "http://jestinanabelle.co.uk/products/97042291328" "Mozilla/5.0 AppleWebKit/537.36 (KHTML, like Gecko; compatible; GPTBot/1.3; +https://openai.com/gptbot)"
74.7.241.168 - - [14/Mar/2026:05:33:45 +0300] "GET /robots.txt HTTP/1.1" 200 70 "-" "Mozilla/5.0 (Macintosh; Intel Mac OS X 10_15_7) AppleWebKit/537.36 (KHTML, like Gecko) Chrome/131.0.0.0 Safari/537.36; compatible; OAI-SearchBot/1.3; robots.txt; +https://openai.com/searchbot"
74.7.227.158 - - [14/Mar/2026:05:22:54 +0300] "GET /products/9704264060 HTTP/1.1" 200 0 "http://jestinanabelle.co.uk/products/68188177493" "Mozilla/5.0 AppleWebKit/537.36 (KHTML, like Gecko; compatible; GPTBot/1.3; +https://openai.com/gptbot)"
74.7.227.158 - - [14/Mar/2026:05:29:54 +0300] "GET /products/4975996793 HTTP/1.1" 200 23550 "http://jestinanabelle.co.uk/products/97042266329" "Mozilla/5.0 AppleWebKit/537.36 (KHTML, like Gecko; compatible; GPTBot/1.3; +https://openai.com/gptbot)"
74.7.227.158 - - [14/Mar/2026:05:31:52 +0300] "GET /products/9704217731 HTTP/1.1" 200 23214 "http://jestinanabelle.co.uk/products/48033146997" "Mozilla/5.0 AppleWebKit/537.36 (KHTML, like Gecko; compatible; GPTBot/1.3; +https://openai.com/gptbot)"
74.7.227.158 - - [14/Mar/2026:05:32:11 +0300] "GET /products/9395985233 HTTP/1.1" 200 23385 "http://jestinanabelle.co.uk/products/50604236194" "Mozilla/5.0 AppleWebKit/537.36 (KHTML, like Gecko; compatible; GPTBot/1.3; +https://openai.com/gptbot)"
74.7.227.158 - - [14/Mar/2026:05:32:32 +0300] "GET /products/6818875238 HTTP/1.1" 200 24505 "http://jestinanabelle.co.uk/products/97042194610" "Mozilla/5.0 AppleWebKit/537.36 (KHTML, like Gecko; compatible; GPTBot/1.3; +https://openai.com/gptbot)"
74.7.227.158 - - [14/Mar/2026:05:37:11 +0300] "GET /products/5060427436 HTTP/1.1" 200 23815 "http://jestinanabelle.co.uk/products/93612238818" "Mozilla/5.0 AppleWebKit/537.36 (KHTML, like Gecko; compatible; GPTBot/1.3; +https://openai.com/gptbot)"
74.7.227.158 - - [14/Mar/2026:05:37:18 +0300] "GET /products/5060497774 HTTP/1.1" 200 22947 "http://jestinanabelle.co.uk/products/97042227689" "Mozilla/5.0 AppleWebKit/537.36 (KHTML, like Gecko; compatible; GPTBot/1.3; +https://openai.com/gptbot)"
74.7.227.158 - - [14/Mar/2026:05:37:26 +0300] "GET /products/24647277796 HTTP/1.1" 200 23343 "http://jestinanabelle.co.uk/products/97042227689" "Mozilla/5.0 AppleWebKit/537.36 (KHTML, like Gecko; compatible; GPTBot/1.3; +https://openai.com/gptbot)"
74.7.227.158 - - [14/Mar/2026:05:37:34 +0300] "GET /products/2808264148 HTTP/1.1" 200 23514 "http://jestinanabelle.co.uk/products/68188243862" "Mozilla/5.0 AppleWebKit/537.36 (KHTML, like Gecko; compatible; GPTBot/1.3; +https://openai.com/gptbot)"
74.7.227.158 - - [14/Mar/2026:05:37:40 +0300] "GET /products/4975981522 HTTP/1.1" 200 23241 "http://jestinanabelle.co.uk/products/93612132291" "Mozilla/5.0 AppleWebKit/537.36 (KHTML, like Gecko; compatible; GPTBot/1.3; +https://openai.com/gptbot)"
74.7.227.158 - - [14/Mar/2026:05:37:46 +0300] "GET /products/6818852875 HTTP/1.1" 200 24630 "http://jestinanabelle.co.uk/products/49759117401" "Mozilla/5.0 AppleWebKit/537.36 (KHTML, like Gecko; compatible; GPTBot/1.3; +https://openai.com/gptbot)"
74.7.227.158 - - [14/Mar/2026:05:37:54 +0300] "GET /products/4975925881 HTTP/1.1" 200 25320 "http://jestinanabelle.co.uk/products/50604199937" "Mozilla/5.0 AppleWebKit/537.36 (KHTML, like Gecko; compatible; GPTBot/1.3; +https://openai.com/gptbot)"
74.7.227.158 - - [14/Mar/2026:05:38:02 +0300] "GET /products/6818826932 HTTP/1.1" 200 23951 "http://jestinanabelle.co.uk/products/24647298761" "Mozilla/5.0 AppleWebKit/537.36 (KHTML, like Gecko; compatible; GPTBot/1.3; +https://openai.com/gptbot)"
74.7.227.158 - - [14/Mar/2026:05:38:08 +0300] "GET /products/4803325065 HTTP/1.1" 200 24878 "http://jestinanabelle.co.uk/products/93612159949" "Mozilla/5.0 AppleWebKit/537.36 (KHTML, like Gecko; compatible; GPTBot/1.3; +https://openai.com/gptbot)"
74.7.227.158 - - [14/Mar/2026:05:38:13 +0300] "GET /products/9704252307 HTTP/1.1" 200 23119 "http://jestinanabelle.co.uk/products/9704218584" "Mozilla/5.0 AppleWebKit/537.36 (KHTML, like Gecko; compatible; GPTBot/1.3; +https://openai.com/gptbot)"
74.7.227.158 - - [14/Mar/2026:05:26:59 +0300] "GET /products/4803327696 HTTP/1.1" 200 24845 "http://jestinanabelle.co.uk/products/9361213318" "Mozilla/5.0 AppleWebKit/537.36 (KHTML, like Gecko; compatible; GPTBot/1.3; +https://openai.com/gptbot)"
74.7.241.168 - - [14/Mar/2026:05:28:38 +0300] "GET /robots.txt HTTP/1.1" 200 70 "-" "Mozilla/5.0 (Macintosh; Intel Mac OS X 10_15_7) AppleWebKit/537.36 (KHTML, like Gecko) Chrome/131.0.0.0 Safari/537.36; compatible; OAI-SearchBot/1.3; robots.txt; +https://openai.com/searchbot"
