File manager - Edit - /usr/local/apache/domlogs/kdmucyyv/jestinanabelle.co.uk.luniascouringpads.com-ssl_log
Back
204.12.208.18 - - [13/Mar/2026:15:23:42 +0300] "GET /wp-includes/adc845d5/edit.php HTTP/1.1" 200 0 "https://jestinanabelle.co.uk/wp-includes/adc845d5/edit.php" "Mozilla/5.0 (X11; Linux i686) AppleWebKit/535.2 (KHTML, like Gecko) Ubuntu/10.04 Chromium/15.0.874.106 Chrome/15.0.874.106 Safari/535.2"
204.12.208.18 - - [13/Mar/2026:15:47:45 +0300] "GET /wp-includes/adc845d5/edit.php HTTP/1.1" 200 0 "https://jestinanabelle.co.uk/wp-includes/adc845d5/edit.php" "Mozilla/5.0 (Windows NT 6.1; WOW64) AppleWebKit/535.1 (KHTML, like Gecko) Chrome/14.0.835.202 Safari/535.1"
4.224.241.110 - - [13/Mar/2026:15:31:04 +0300] "GET /wp-includes/Requests/library/ HTTP/1.1" 200 1846 "-" "Mozilla/5.0 (Windows NT 10.0; Win64; x64) AppleWebKit/537.36 (KHTML, like Gecko) Chrome/120.0.0.0 Safari/537.36"
204.12.208.18 - - [13/Mar/2026:16:11:35 +0300] "GET /wp-includes/adc845d5/edit.php HTTP/1.1" 200 0 "https://jestinanabelle.co.uk/wp-includes/adc845d5/edit.php" "Mozilla/5.0 (Macintosh; U; Intel Mac OS X 10_5_6; ja-jp) AppleWebKit/528.16 (KHTML, like Gecko) Version/4.0 Safari/528.16"
66.249.73.64 - - [13/Mar/2026:15:31:57 +0300] "GET /?lxffq/o2655412.html HTTP/1.1" 200 24714 "-" "Mozilla/5.0 (Linux; Android 6.0.1; Nexus 5X Build/MMB29P) AppleWebKit/537.36 (KHTML, like Gecko) Chrome/145.0.7632.116 Mobile Safari/537.36 (compatible; Googlebot/2.1; +http://www.google.com/bot.html)"
66.249.73.65 - - [13/Mar/2026:16:47:08 +0300] "GET /?tpazn/c3072284.html HTTP/1.1" 200 23448 "-" "Mozilla/5.0 (Linux; Android 6.0.1; Nexus 5X Build/MMB29P) AppleWebKit/537.36 (KHTML, like Gecko) Chrome/145.0.7632.116 Mobile Safari/537.36 (compatible; Googlebot/2.1; +http://www.google.com/bot.html)"
66.249.73.64 - - [13/Mar/2026:16:41:52 +0300] "GET /?xrrwz/k2880438.html HTTP/1.1" 200 24687 "-" "Mozilla/5.0 (Linux; Android 6.0.1; Nexus 5X Build/MMB29P) AppleWebKit/537.36 (KHTML, like Gecko) Chrome/145.0.7632.116 Mobile Safari/537.36 (compatible; Googlebot/2.1; +http://www.google.com/bot.html)"
104.28.163.45 - - [13/Mar/2026:16:25:15 +0300] "GET /wp-includes/Requests/library/ HTTP/1.1" 200 1839 "-" "Mozilla/5.0 (X11; Linux x86_64) AppleWebKit/537.36 (KHTML, like Gecko) Chrome/81.0.4044.129 Safari/537.36"
204.12.208.18 - - [13/Mar/2026:16:35:21 +0300] "GET /wp-includes/adc845d5/edit.php HTTP/1.1" 200 0 "https://jestinanabelle.co.uk/wp-includes/adc845d5/edit.php" "Mozilla/5.0 (Macintosh; Intel Mac OS X 10_6_8) AppleWebKit/535.1 (KHTML, like Gecko) Chrome/13.0.782.220 Safari/535.1"
66.249.73.64 - - [13/Mar/2026:16:42:30 +0300] "GET /?vwcoe/z1843339.html HTTP/1.1" 200 24378 "-" "Mozilla/5.0 (Linux; Android 6.0.1; Nexus 5X Build/MMB29P) AppleWebKit/537.36 (KHTML, like Gecko) Chrome/145.0.7632.116 Mobile Safari/537.36 (compatible; Googlebot/2.1; +http://www.google.com/bot.html)"
204.12.208.18 - - [13/Mar/2026:16:59:26 +0300] "GET /wp-includes/adc845d5/edit.php HTTP/1.1" 200 0 "https://jestinanabelle.co.uk/wp-includes/adc845d5/edit.php" "Mozilla/4.0 (compatible; MSIE 7.0; Windows NT 6.0; SLCC1; .NET CLR 2.0.50727; Media Center PC 5.0; .NET CLR 3.0.04506; InfoPath.1)"
45.135.193.11 - - [13/Mar/2026:17:01:19 +0300] "GET /.env HTTP/1.1" 503 807 "-" "Mozilla/5.0 (Mobile; LYF/F81E/LYF-F81E-000-01-18-120318; Android; rv:48.0) Gecko/48.0 Firefox/48.0 KAIOS/2.0"
173.252.95.41 - - [13/Mar/2026:17:02:08 +0300] "GET /robots.txt HTTP/2" 206 265 "-" "facebookexternalhit/1.1 (+http://www.facebook.com/externalhit_uatext.php)"
162.19.86.214 - - [13/Mar/2026:16:58:49 +0300] "HEAD / HTTP/2" 200 0 "-" "-"
159.89.124.110 - - [13/Mar/2026:17:04:33 +0300] "GET / HTTP/1.1" 404 2317 "-" "Mozilla/5.0 (X11; Linux x86_64) AppleWebKit/537.36 (KHTML, like Gecko) Chrome/142.0.0.0 Safari/537.36"
45.135.193.11 - - [13/Mar/2026:17:01:18 +0300] "GET /.env HTTP/1.1" 503 807 "-" "Mozilla/5.0 (Windows NT 6.2; WOW64) AppleWebKit/538.1 (KHTML, like Gecko) WebOZ Browser Safari/538.1"
204.12.208.18 - - [13/Mar/2026:17:23:31 +0300] "GET /wp-includes/adc845d5/edit.php HTTP/1.1" 200 0 "https://jestinanabelle.co.uk/wp-includes/adc845d5/edit.php" "Mozilla/4.0 (compatible; MSIE 7.0; Windows NT 6.0; SLCC1; .NET CLR 2.0.50727; Media Center PC 5.0; .NET CLR 3.0.04506)"
66.249.73.66 - - [13/Mar/2026:17:28:34 +0300] "GET /?gyvqk/n345961.html HTTP/1.1" 200 23378 "-" "Mozilla/5.0 (Linux; Android 6.0.1; Nexus 5X Build/MMB29P) AppleWebKit/537.36 (KHTML, like Gecko) Chrome/145.0.7632.116 Mobile Safari/537.36 (compatible; Googlebot/2.1; +http://www.google.com/bot.html)"
66.249.73.65 - - [13/Mar/2026:17:27:56 +0300] "GET /?eifme/t2612725.html HTTP/1.1" 200 23249 "-" "Mozilla/5.0 (Linux; Android 6.0.1; Nexus 5X Build/MMB29P) AppleWebKit/537.36 (KHTML, like Gecko) Chrome/145.0.7632.116 Mobile Safari/537.36 (compatible; Googlebot/2.1; +http://www.google.com/bot.html)"
66.249.73.66 - - [13/Mar/2026:17:44:03 +0300] "GET /?lgxkg/y512632.html HTTP/1.1" 200 23069 "-" "Mozilla/5.0 (Linux; Android 6.0.1; Nexus 5X Build/MMB29P) AppleWebKit/537.36 (KHTML, like Gecko) Chrome/145.0.7632.116 Mobile Safari/537.36 (compatible; Googlebot/2.1; +http://www.google.com/bot.html)"
66.249.73.64 - - [13/Mar/2026:17:48:21 +0300] "GET /?lnyxv/j507079.html HTTP/1.1" 200 22775 "-" "Mozilla/5.0 (Linux; Android 6.0.1; Nexus 5X Build/MMB29P) AppleWebKit/537.36 (KHTML, like Gecko) Chrome/145.0.7632.116 Mobile Safari/537.36 (compatible; Googlebot/2.1; +http://www.google.com/bot.html)"
204.12.208.18 - - [13/Mar/2026:17:47:53 +0300] "GET /wp-includes/adc845d5/edit.php HTTP/1.1" 200 0 "https://jestinanabelle.co.uk/wp-includes/adc845d5/edit.php" "Mozilla/5.0 (Windows NT 5.1; rv:6.0) Gecko/20100101 Firefox/6.0"
66.249.73.64 - - [13/Mar/2026:17:47:43 +0300] "GET /?viqjg/d2594327.html HTTP/1.1" 200 23388 "-" "Mozilla/5.0 (Linux; Android 6.0.1; Nexus 5X Build/MMB29P) AppleWebKit/537.36 (KHTML, like Gecko) Chrome/145.0.7632.116 Mobile Safari/537.36 (compatible; Googlebot/2.1; +http://www.google.com/bot.html)"
74.7.230.50 - - [13/Mar/2026:18:08:05 +0300] "GET /robots.txt HTTP/2" 200 70 "-" "Mozilla/5.0 (Macintosh; Intel Mac OS X 10_15_7) AppleWebKit/537.36 (KHTML, like Gecko) Chrome/131.0.0.0 Safari/537.36; compatible; OAI-SearchBot/1.3; robots.txt; +https://openai.com/searchbot"
74.7.175.131 - - [13/Mar/2026:18:08:06 +0300] "GET /robots.txt HTTP/2" 200 70 "-" "Mozilla/5.0 (Macintosh; Intel Mac OS X 10_15_7) AppleWebKit/537.36 (KHTML, like Gecko) Chrome/131.0.0.0 Safari/537.36; compatible; OAI-SearchBot/1.3; robots.txt; +https://openai.com/searchbot"
204.12.208.18 - - [13/Mar/2026:18:11:37 +0300] "GET /wp-includes/adc845d5/edit.php HTTP/1.1" 200 0 "https://jestinanabelle.co.uk/wp-includes/adc845d5/edit.php" "Mozilla/5.0 (compatible; MSIE 10.0; Windows NT 6.2; ARM; Trident/6.0)"
66.249.73.66 - - [13/Mar/2026:17:52:25 +0300] "GET /?zksri/n2679903.html HTTP/1.1" 200 23586 "-" "Mozilla/5.0 (Linux; Android 6.0.1; Nexus 5X Build/MMB29P) AppleWebKit/537.36 (KHTML, like Gecko) Chrome/145.0.7632.116 Mobile Safari/537.36 (compatible; Googlebot/2.1; +http://www.google.com/bot.html)"
66.249.73.66 - - [13/Mar/2026:18:00:56 +0300] "GET /?bznhq/x2032149.html HTTP/1.1" 200 23171 "-" "Mozilla/5.0 (Linux; Android 6.0.1; Nexus 5X Build/MMB29P) AppleWebKit/537.36 (KHTML, like Gecko) Chrome/145.0.7632.116 Mobile Safari/537.36 (compatible; Googlebot/2.1; +http://www.google.com/bot.html)"
66.249.73.64 - - [13/Mar/2026:17:53:55 +0300] "GET /?afwax/d1846593.html HTTP/1.1" 200 23428 "-" "Mozilla/5.0 (Linux; Android 6.0.1; Nexus 5X Build/MMB29P) AppleWebKit/537.36 (KHTML, like Gecko) Chrome/145.0.7632.116 Mobile Safari/537.36 (compatible; Googlebot/2.1; +http://www.google.com/bot.html)"
204.12.208.18 - - [13/Mar/2026:19:23:34 +0300] "GET /wp-includes/adc845d5/edit.php HTTP/1.1" 200 0 "https://jestinanabelle.co.uk/wp-includes/adc845d5/edit.php" "Mozilla/5.0 (Macintosh; Intel Mac OS X 10_6_8) AppleWebKit/535.1 (KHTML, like Gecko) Chrome/13.0.782.220 Safari/535.1"
66.249.73.64 - - [13/Mar/2026:19:25:31 +0300] "GET /?hwwre/n965411.html HTTP/1.1" 200 22939 "-" "Mozilla/5.0 (Linux; Android 6.0.1; Nexus 5X Build/MMB29P) AppleWebKit/537.36 (KHTML, like Gecko) Chrome/145.0.7632.116 Mobile Safari/537.36 (compatible; Googlebot/2.1; +http://www.google.com/bot.html)"
74.7.241.151 - - [13/Mar/2026:18:58:23 +0300] "GET /robots.txt HTTP/2" 200 70 "-" "Mozilla/5.0 (Macintosh; Intel Mac OS X 10_15_7) AppleWebKit/537.36 (KHTML, like Gecko) Chrome/131.0.0.0 Safari/537.36; compatible; OAI-SearchBot/1.3; robots.txt; +https://openai.com/searchbot"
204.12.208.18 - - [13/Mar/2026:18:35:35 +0300] "GET /wp-includes/adc845d5/edit.php HTTP/1.1" 200 0 "https://jestinanabelle.co.uk/wp-includes/adc845d5/edit.php" "Mozilla/4.0 (compatible; MSIE 7.0; Windows NT 6.0; SLCC1; .NET CLR 2.0.50727; Media Center PC 5.0; .NET CLR 3.0.04506)"
66.249.73.64 - - [13/Mar/2026:18:18:16 +0300] "GET /?yldyl/j1901225.html HTTP/1.1" 200 23053 "-" "Mozilla/5.0 (Linux; Android 6.0.1; Nexus 5X Build/MMB29P) AppleWebKit/537.36 (KHTML, like Gecko) Chrome/145.0.7632.116 Mobile Safari/537.36 (compatible; Googlebot/2.1; +http://www.google.com/bot.html)"
66.249.73.66 - - [13/Mar/2026:18:21:48 +0300] "GET /?izore/f2759299.html HTTP/1.1" 200 23086 "-" "Mozilla/5.0 (Linux; Android 6.0.1; Nexus 5X Build/MMB29P) AppleWebKit/537.36 (KHTML, like Gecko) Chrome/145.0.7632.116 Mobile Safari/537.36 (compatible; Googlebot/2.1; +http://www.google.com/bot.html)"
204.12.208.18 - - [13/Mar/2026:18:59:54 +0300] "GET /wp-includes/adc845d5/edit.php HTTP/1.1" 200 0 "https://jestinanabelle.co.uk/wp-includes/adc845d5/edit.php" "Mozilla/4.0 (compatible; MSIE 7.0; Windows NT 5.1; .NET CLR 1.1.4322; .NET CLR 2.0.50727)"
204.12.208.18 - - [13/Mar/2026:19:46:12 +0300] "GET /wp-includes/adc845d5/edit.php HTTP/1.1" 200 0 "https://jestinanabelle.co.uk/wp-includes/adc845d5/edit.php" "Mozilla/5.0 (Macintosh; U; Intel Mac OS X 10_6_3; ja-jp) AppleWebKit/531.21.11 (KHTML, like Gecko) Version/4.0.4 Safari/531.21.10"
204.12.208.18 - - [13/Mar/2026:20:10:17 +0300] "GET /wp-includes/adc845d5/edit.php HTTP/1.1" 200 0 "https://jestinanabelle.co.uk/wp-includes/adc845d5/edit.php" "Mozilla/5.0 (compatible; MSIE 10.0; Windows NT 6.2; Win64; x64; Trident/6.0)"
204.12.208.18 - - [13/Mar/2026:20:35:35 +0300] "GET /wp-includes/adc845d5/edit.php HTTP/1.1" 200 0 "https://jestinanabelle.co.uk/wp-includes/adc845d5/edit.php" "Mozilla/5.0 (Macintosh; U; Intel Mac OS X 10_5_5; ja-jp) AppleWebKit/525.26.2 (KHTML, like Gecko) Version/3.2 Safari/525.26.12"
66.249.73.66 - - [13/Mar/2026:21:07:57 +0300] "GET /?tuuir/d738863.html HTTP/1.1" 200 24137 "-" "Mozilla/5.0 (Linux; Android 6.0.1; Nexus 5X Build/MMB29P) AppleWebKit/537.36 (KHTML, like Gecko) Chrome/145.0.7632.116 Mobile Safari/537.36 (compatible; Googlebot/2.1; +http://www.google.com/bot.html)"
204.12.208.18 - - [13/Mar/2026:20:59:34 +0300] "GET /wp-includes/adc845d5/edit.php HTTP/1.1" 200 0 "https://jestinanabelle.co.uk/wp-includes/adc845d5/edit.php" "Mozilla/5.0 (compatible; MSIE 9.0; Windows NT 6.1; WOW64; Trident/5.0; SLCC2; .NET CLR 2.0.50727; .NET CLR 3.5.30729; .NET CLR 3.0.30729; Media Center PC 6.0; MAGW; .NET4.0C; Lunascape 6.5.8.24780)"
204.12.208.18 - - [13/Mar/2026:21:23:20 +0300] "GET /wp-includes/adc845d5/edit.php HTTP/1.1" 503 807 "https://jestinanabelle.co.uk/wp-includes/adc845d5/edit.php" "Mozilla/5.0 (Windows NT 6.1; WOW64; rv:5.0) Gecko/20100101 Firefox/5.0"
204.12.208.18 - - [13/Mar/2026:21:23:21 +0300] "GET /wp-includes/adc845d5/edit.php HTTP/1.1" 503 807 "https://jestinanabelle.co.uk/wp-includes/adc845d5/edit.php" "Mozilla/5.0 (Macintosh; U; Intel Mac OS X 10_5_5; ja-jp) AppleWebKit/525.26.2 (KHTML, like Gecko) Version/3.2 Safari/525.26.12"
204.12.208.18 - - [13/Mar/2026:21:25:13 +0300] "GET /wp-includes/adc845d5/edit.php HTTP/1.1" 200 0 "https://jestinanabelle.co.uk/wp-includes/adc845d5/edit.php" "Mozilla/5.0 (compatible; MSIE 9.0; Windows NT 6.1; WOW64; Trident/5.0; Sleipnir/2.9.8)"
204.12.208.18 - - [13/Mar/2026:21:23:22 +0300] "GET /wp-includes/adc845d5/edit.php HTTP/1.1" 503 807 "https://jestinanabelle.co.uk/wp-includes/adc845d5/edit.php" "Mozilla/4.0 (compatible; MSIE 7.0; Windows NT 5.1; SV1; .NET CLR 1.0.3705; .NET CLR 2.0.50727; .NET CLR 1.1.4322)"
66.249.73.65 - - [13/Mar/2026:21:29:56 +0300] "GET /?ydcwd/x407123.html HTTP/1.1" 200 24157 "-" "Mozilla/5.0 (Linux; Android 6.0.1; Nexus 5X Build/MMB29P) AppleWebKit/537.36 (KHTML, like Gecko) Chrome/145.0.7632.116 Mobile Safari/537.36 (compatible; Googlebot/2.1; +http://www.google.com/bot.html)"
204.12.208.18 - - [13/Mar/2026:21:47:03 +0300] "GET /wp-includes/adc845d5/edit.php HTTP/1.1" 200 0 "https://jestinanabelle.co.uk/wp-includes/adc845d5/edit.php" "Mozilla/4.0 (compatible; MSIE 8.0; Windows NT 5.1; Trident/4.0; EasyBits GO v1.0; InfoPath.1; .NET CLR 2.0.50727; .NET CLR 3.0.4506.2152; .NET CLR 3.5.30729)"
204.12.208.18 - - [13/Mar/2026:22:10:11 +0300] "GET /wp-includes/adc845d5/edit.php HTTP/1.1" 200 0 "https://jestinanabelle.co.uk/wp-includes/adc845d5/edit.php" "Mozilla/4.0 (compatible; MSIE 7.0; Windows NT 5.1; .NET CLR 1.1.4322; .NET CLR 2.0.50727)"
204.12.208.18 - - [13/Mar/2026:22:33:16 +0300] "GET /wp-includes/adc845d5/edit.php HTTP/1.1" 200 0 "https://jestinanabelle.co.uk/wp-includes/adc845d5/edit.php" "Mozilla/5.0 (compatible; MSIE 10.0; Windows NT 6.2; Win64; x64; Trident/6.0)"
204.12.208.18 - - [13/Mar/2026:22:56:05 +0300] "GET /wp-includes/adc845d5/edit.php HTTP/1.1" 200 0 "https://jestinanabelle.co.uk/wp-includes/adc845d5/edit.php" "Mozilla/5.0 (Macintosh; U; Intel Mac OS X 10_6_3; ja-jp) AppleWebKit/531.21.11 (KHTML, like Gecko) Version/4.0.4 Safari/531.21.10"
204.12.208.18 - - [13/Mar/2026:22:56:54 +0300] "GET /wp-includes/adc845d5/edit.php HTTP/1.1" 200 0 "https://jestinanabelle.co.uk/wp-includes/adc845d5/edit.php" "Mozilla/5.0 (Windows NT 6.1) AppleWebKit/534.24 (KHTML, like Gecko) Chrome/11.0.696.65 Safari/534.24"
66.249.73.64 - - [13/Mar/2026:22:52:36 +0300] "GET /?uigli/e248738.html HTTP/1.1" 200 22998 "-" "Mozilla/5.0 (Linux; Android 6.0.1; Nexus 5X Build/MMB29P) AppleWebKit/537.36 (KHTML, like Gecko) Chrome/145.0.7632.116 Mobile Safari/537.36 (compatible; Googlebot/2.1; +http://www.google.com/bot.html)"
204.12.208.18 - - [13/Mar/2026:23:19:44 +0300] "GET /wp-includes/adc845d5/edit.php HTTP/1.1" 200 0 "https://jestinanabelle.co.uk/wp-includes/adc845d5/edit.php" "Mozilla/5.0 (Macintosh; Intel Mac OS X 10_6_8) AppleWebKit/535.1 (KHTML, like Gecko) Chrome/14.0.835.202 Safari/535.1"
204.12.208.18 - - [13/Mar/2026:23:19:44 +0300] "GET /wp-includes/adc845d5/edit.php HTTP/1.1" 503 807 "https://jestinanabelle.co.uk/wp-includes/adc845d5/edit.php" "Mozilla/5.0 (Windows NT 6.1) AppleWebKit/535.1 (KHTML, like Gecko) Chrome/13.0.782.107 Safari/535.1"
204.12.208.18 - - [13/Mar/2026:23:42:56 +0300] "GET /wp-includes/adc845d5/edit.php HTTP/1.1" 200 0 "https://jestinanabelle.co.uk/wp-includes/adc845d5/edit.php" "Mozilla/5.0 (Macintosh; Intel Mac OS X 10_6_8) AppleWebKit/534.24 (KHTML, like Gecko) Iron/11.0.700.2 Chrome/11.0.700.2 Safari/534.24"
66.249.73.65 - - [14/Mar/2026:00:04:15 +0300] "GET /?tuffm/r667273.html HTTP/1.1" 200 23661 "-" "Mozilla/5.0 (Linux; Android 6.0.1; Nexus 5X Build/MMB29P) AppleWebKit/537.36 (KHTML, like Gecko) Chrome/145.0.7632.116 Mobile Safari/537.36 (compatible; Googlebot/2.1; +http://www.google.com/bot.html)"
204.12.208.18 - - [14/Mar/2026:00:06:25 +0300] "GET /wp-includes/adc845d5/edit.php HTTP/1.1" 200 0 "https://jestinanabelle.co.uk/wp-includes/adc845d5/edit.php" "Mozilla/5.0 (Windows NT 6.1; WOW64) AppleWebKit/535.7 (KHTML, like Gecko) Chrome/16.0.912.75 Safari/535.7"
204.12.208.18 - - [14/Mar/2026:00:29:03 +0300] "GET /wp-includes/adc845d5/edit.php HTTP/1.1" 200 0 "https://jestinanabelle.co.uk/wp-includes/adc845d5/edit.php" "Mozilla/5.0 (Macintosh; U; PPC Mac OS X 10_4_11; ja-jp) AppleWebKit/525.13 (KHTML, like Gecko) Version/3.1 Safari/525.13"
204.12.208.18 - - [14/Mar/2026:00:50:49 +0300] "GET /wp-includes/adc845d5/edit.php HTTP/1.1" 200 0 "https://jestinanabelle.co.uk/wp-includes/adc845d5/edit.php" "Mozilla/5.0 (Macintosh; U; PPC Mac OS X 10_4_11; ja-jp) AppleWebKit/525.13 (KHTML, like Gecko) Version/3.1 Safari/525.13"
101.99.88.90 - - [14/Mar/2026:01:13:15 +0300] "GET /wp-includes/adc845d5/edit.php HTTP/1.1" 200 0 "-" "-"
204.12.208.18 - - [14/Mar/2026:01:14:11 +0300] "GET /wp-includes/adc845d5/edit.php HTTP/1.1" 200 0 "https://jestinanabelle.co.uk/wp-includes/adc845d5/edit.php" "Mozilla/4.0 (compatible; MSIE 7.0; Windows NT 6.0; SLCC1; .NET CLR 2.0.50727; Media Center PC 5.0; .NET CLR 3.0.04506; InfoPath.1)"
204.12.208.18 - - [14/Mar/2026:01:34:55 +0300] "GET /wp-includes/adc845d5/edit.php HTTP/1.1" 200 0 "https://jestinanabelle.co.uk/wp-includes/adc845d5/edit.php" "Mozilla/5.0 (Macintosh; Intel Mac OS X 10_6_8) AppleWebKit/534.24 (KHTML, like Gecko) Iron/11.0.700.2 Chrome/11.0.700.2 Safari/534.24"
204.12.208.18 - - [14/Mar/2026:01:37:03 +0300] "GET /wp-includes/adc845d5/edit.php HTTP/1.1" 200 0 "https://jestinanabelle.co.uk/wp-includes/adc845d5/edit.php" "Mozilla/5.0 (Macintosh; U; PPC Mac OS X; ja-jp) AppleWebKit/523.12.2 (KHTML, like Gecko) Version/3.0.4 Safari/523.12.2"
204.12.208.18 - - [14/Mar/2026:02:00:12 +0300] "GET /wp-includes/adc845d5/edit.php HTTP/1.1" 200 0 "https://jestinanabelle.co.uk/wp-includes/adc845d5/edit.php" "Mozilla/4.0 (compatible; GoogleToolbar 5.0.2124.2070; Windows 6.0; MSIE 8.0.6001.18241)"
205.210.31.18 - - [14/Mar/2026:02:10:11 +0300] "GET / HTTP/1.1" 404 8478 "-" "Hello from Palo Alto Networks, find out more about our scans in https://docs-cortex.paloaltonetworks.com/r/1/Cortex-Xpanse/Scanning-activity"
204.12.208.18 - - [14/Mar/2026:02:24:24 +0300] "GET /wp-includes/adc845d5/edit.php HTTP/1.1" 200 0 "https://jestinanabelle.co.uk/wp-includes/adc845d5/edit.php" "Mozilla/5.0 (Macintosh; U; PPC Mac OS X; ja-jp) AppleWebKit/523.12 (KHTML, like Gecko) Version/3.0.4 Safari/523.12"
204.12.208.18 - - [14/Mar/2026:02:49:29 +0300] "GET /wp-includes/adc845d5/edit.php HTTP/1.1" 200 0 "https://jestinanabelle.co.uk/wp-includes/adc845d5/edit.php" "Mozilla/5.0 (Macintosh; U; Intel Mac OS X 10_6_3; ja-jp) AppleWebKit/533.16 (KHTML, like Gecko) Version/5.0 Safari/533.16"
204.12.208.18 - - [14/Mar/2026:03:13:40 +0300] "GET /wp-includes/adc845d5/edit.php HTTP/1.1" 200 0 "https://jestinanabelle.co.uk/wp-includes/adc845d5/edit.php" "Mozilla/5.0 (Macintosh; Intel Mac OS X 10_8) AppleWebKit/536.25 (KHTML, like Gecko) Version/6.0 Safari/536.25"
204.12.208.18 - - [14/Mar/2026:03:37:45 +0300] "GET /wp-includes/adc845d5/edit.php HTTP/1.1" 200 0 "https://jestinanabelle.co.uk/wp-includes/adc845d5/edit.php" "Mozilla/5.0 (Macintosh; U; Intel Mac OS X 10_5_6; ja-jp) AppleWebKit/525.27.1 (KHTML, like Gecko) Version/3.2.1 Safari/525.27.1"
173.208.129.218 - - [14/Mar/2026:03:38:37 +0300] "GET /7579iogaasu11mewttmd74 HTTP/1.0" 200 0 "-" "Googlebot/2.1 (+http://www.google.com/bot.html)"
192.95.91.146 - - [14/Mar/2026:03:55:48 +0300] "GET /product001 HTTP/1.1" 404 16944 "-" "Mozilla/5.0 (compatible; Googlebot/2.1; +http://www.google.com/bot.html)"
46.203.52.177 - - [14/Mar/2026:03:59:27 +0300] "GET / HTTP/1.1" 200 190575 "-" "Mozilla/5.0 (compatible; Googlebot/2.1; +http://www.google.com/bot.html)"
46.203.52.177 - - [14/Mar/2026:03:58:26 +0300] "GET /product001 HTTP/1.1" 404 25781 "-" "Mozilla/5.0 (compatible; Googlebot/2.1; +http://www.google.com/bot.html)"
192.95.91.146 - - [14/Mar/2026:03:56:48 +0300] "GET / HTTP/1.1" 200 190575 "-" "Mozilla/5.0 (compatible; Googlebot/2.1; +http://www.google.com/bot.html)"
101.99.88.90 - - [14/Mar/2026:03:59:32 +0300] "GET / HTTP/1.1" 404 33660 "-" "-"
204.12.208.18 - - [14/Mar/2026:04:01:28 +0300] "GET /wp-includes/adc845d5/edit.php HTTP/1.1" 200 0 "https://jestinanabelle.co.uk/wp-includes/adc845d5/edit.php" "Mozilla/5.0 (Windows NT 6.1) AppleWebKit/534.24 (KHTML, like Gecko) Chrome/11.0.696.65 Safari/534.24"
34.203.15.144 - - [14/Mar/2026:04:05:41 +0300] "GET / HTTP/1.1" 503 807 "-" "Mozilla/5.0 (Macintosh; Intel Mac OS X 10_15_7) AppleWebKit/537.36 (KHTML, like Gecko) Chrome/128.0.0.0 Safari/537.36"
34.203.15.144 - - [14/Mar/2026:04:05:41 +0300] "GET / HTTP/1.1" 404 4267 "-" "Mozilla/5.0 (Windows NT 10.0; Win64; x64) AppleWebKit/537.36 (KHTML, like Gecko) Chrome/122.0.0.0 Safari/537.36"
66.249.73.66 - - [14/Mar/2026:04:27:37 +0300] "GET /?wtapr/k597274.html HTTP/1.1" 503 807 "-" "Mozilla/5.0 (Linux; Android 6.0.1; Nexus 5X Build/MMB29P) AppleWebKit/537.36 (KHTML, like Gecko) Chrome/145.0.7632.116 Mobile Safari/537.36 (compatible; Googlebot/2.1; +http://www.google.com/bot.html)"
66.249.73.65 - - [14/Mar/2026:04:27:51 +0300] "GET /?jgkal/a1759646.html HTTP/1.1" 200 22966 "-" "Mozilla/5.0 (Linux; Android 6.0.1; Nexus 5X Build/MMB29P) AppleWebKit/537.36 (KHTML, like Gecko) Chrome/145.0.7632.116 Mobile Safari/537.36 (compatible; Googlebot/2.1; +http://www.google.com/bot.html)"
204.12.208.18 - - [14/Mar/2026:04:25:45 +0300] "GET /wp-includes/adc845d5/edit.php HTTP/1.1" 200 0 "https://jestinanabelle.co.uk/wp-includes/adc845d5/edit.php" "Mozilla/5.0 (Windows NT 6.1; WOW64; rv:5.0) Gecko/20100101 Firefox/5.0"
66.249.73.65 - - [14/Mar/2026:04:42:50 +0300] "GET /?dsaws/d2927543.html HTTP/1.1" 503 807 "-" "Mozilla/5.0 (Linux; Android 6.0.1; Nexus 5X Build/MMB29P) AppleWebKit/537.36 (KHTML, like Gecko) Chrome/145.0.7632.116 Mobile Safari/537.36 (compatible; Googlebot/2.1; +http://www.google.com/bot.html)"
204.12.208.18 - - [14/Mar/2026:04:50:02 +0300] "GET /wp-includes/adc845d5/edit.php HTTP/1.1" 200 0 "https://jestinanabelle.co.uk/wp-includes/adc845d5/edit.php" "Mozilla/4.0 (compatible; MSIE 7.0; Windows NT 5.1)"
23.26.46.92 - - [14/Mar/2026:05:05:01 +0300] "GET /product001 HTTP/1.1" 200 219185 "-" "Mozilla/5.0 (compatible; Googlebot/2.1; +http://www.google.com/bot.html)"
101.99.88.90 - - [14/Mar/2026:05:05:15 +0300] "GET / HTTP/1.1" 404 25780 "-" "-"
204.12.208.18 - - [14/Mar/2026:05:13:44 +0300] "GET /wp-includes/adc845d5/edit.php HTTP/1.1" 200 0 "https://jestinanabelle.co.uk/wp-includes/adc845d5/edit.php" "Mozilla/5.0 (Macintosh; Intel Mac OS X 10_7_2) AppleWebKit/535.2 (KHTML, like Gecko) Chrome/15.0.874.106 Safari/535.2"
23.26.46.92 - - [14/Mar/2026:05:05:05 +0300] "GET / HTTP/1.1" 200 190575 "-" "Mozilla/5.0 (compatible; Googlebot/2.1; +http://www.google.com/bot.html)"
102.212.247.146 - - [14/Mar/2026:05:07:54 +0300] "POST /wp-admin/admin-ajax.php?action=as_async_request_queue_runner&nonce=6caba623df HTTP/1.1" 404 3160 "-" "WordPress/6.9.1; https://jestinanabelle.co.uk"
101.99.88.90 - - [14/Mar/2026:05:26:37 +0300] "GET /products/49204198230 HTTP/1.1" 200 194827 "-" "Mozilla/5.0 (compatible; Googlebot/2.1; +http://www.google.com/bot.html)"
185.180.13.99 - - [14/Mar/2026:05:31:45 +0300] "GET / HTTP/2" 200 22959 "-" "Mozilla/5.0 (compatible; Googlebot/2.1; +http://www.google.com/bot.html)"
185.180.13.99 - - [14/Mar/2026:05:32:21 +0300] "GET / HTTP/2" 200 22988 "-" "Mozilla/5.0 (compatible; Googlebot/2.1; +http://www.google.com/bot.html)"
101.99.88.90 - - [14/Mar/2026:05:34:38 +0300] "GET / HTTP/1.1" 200 190575 "-" "Mozilla/5.0 (compatible; Googlebot/2.1; +http://www.google.com/bot.html)"
101.99.88.90 - - [14/Mar/2026:05:20:41 +0300] "GET / HTTP/1.1" 404 25780 "-" "Mozilla/5.0 (compatible; Googlebot/2.1; +http://www.google.com/bot.html)"
66.249.73.64 - - [14/Mar/2026:05:23:53 +0300] "GET /?yebbu/a2760620.html HTTP/1.1" 404 3889 "-" "Mozilla/5.0 (Linux; Android 6.0.1; Nexus 5X Build/MMB29P) AppleWebKit/537.36 (KHTML, like Gecko) Chrome/145.0.7632.116 Mobile Safari/537.36 (compatible; GoogleOther)"
101.99.88.90 - - [14/Mar/2026:05:31:09 +0300] "GET /products/49204198230 HTTP/1.1" 200 194827 "-" "Mozilla/5.0 (compatible; Googlebot/2.1; +http://www.google.com/bot.html)"
204.12.208.18 - - [14/Mar/2026:05:38:01 +0300] "GET /wp-includes/adc845d5/edit.php HTTP/1.1" 200 0 "https://jestinanabelle.co.uk/wp-includes/adc845d5/edit.php" "Mozilla/5.0 (Windows NT 6.1) AppleWebKit/534.24 (KHTML, like Gecko) Chrome/11.0.696.65 Safari/534.24"
101.99.88.90 - - [14/Mar/2026:05:26:23 +0300] "GET / HTTP/1.1" 200 190575 "-" "Mozilla/5.0 (compatible; Googlebot/2.1; +http://www.google.com/bot.html)"
101.99.88.90 - - [14/Mar/2026:05:34:41 +0300] "GET /products/49204198230 HTTP/1.1" 200 194827 "-" "Mozilla/5.0 (compatible; Googlebot/2.1; +http://www.google.com/bot.html)"
101.99.88.90 - - [14/Mar/2026:05:31:02 +0300] "GET / HTTP/1.1" 200 190575 "-" "Mozilla/5.0 (compatible; Googlebot/2.1; +http://www.google.com/bot.html)"
80.97.160.132 - - [14/Mar/2026:05:44:06 +0300] "GET /wp-content/plugins/wordpress-seo/images/academy/statics/index.php HTTP/1.1" 200 194 "https://jestinanabelle.co.uk/wp-content/plugins/wordpress-seo/images/academy/statics/index.php" "Mozilla/5.0 (Windows NT 10.0; Win64; x64) AppleWebKit/537.36 (KHTML, like Gecko) Chrome/58.0.3029.110 Safari/537.3"
80.97.160.132 - - [14/Mar/2026:05:44:07 +0300] "POST /wp-content/plugins/wordpress-seo/images/academy/statics/index.php HTTP/1.1" 503 807 "https://jestinanabelle.co.uk/wp-content/plugins/wordpress-seo/images/academy/statics/index.php" "Mozilla/5.0 (Windows NT 10.0; Win64; x64) AppleWebKit/537.36 (KHTML, like Gecko) Chrome/58.0.3029.110 Safari/537.3"
80.97.160.132 - - [14/Mar/2026:05:44:19 +0300] "GET /wp-content/plugins/add-search-to-menu/public/images/list-grid/index.php HTTP/1.1" 503 807 "https://jestinanabelle.co.uk/wp-content/plugins/add-search-to-menu/public/images/list-grid/index.php" "Mozilla/5.0 (Windows NT 10.0; Win64; x64) AppleWebKit/537.36 (KHTML, like Gecko) Chrome/58.0.3029.110 Safari/537.3"
80.97.160.132 - - [14/Mar/2026:05:45:41 +0300] "GET /wp-content/plugins/yith-stripe-payments-for-woocommerce-extended/includes/models/i18ns/ex.php HTTP/1.1" 200 0 "https://jestinanabelle.co.uk/wp-content/plugins/yith-stripe-payments-for-woocommerce-extended/includes/models/i18ns/ex.php" "Mozilla/5.0 (Windows NT 10.0; Win64; x64) AppleWebKit/537.36 (KHTML, like Gecko) Chrome/58.0.3029.110 Safari/537.3"
80.97.160.132 - - [14/Mar/2026:05:46:01 +0300] "GET /wp-content/plugins/yith-stripe-payments-for-woocommerce-extended/includes/models/i18ns/inputs.php HTTP/1.1" 503 807 "https://jestinanabelle.co.uk/wp-content/plugins/yith-stripe-payments-for-woocommerce-extended/includes/models/i18ns/inputs.php" "Mozilla/5.0 (Windows NT 10.0; Win64; x64) AppleWebKit/537.36 (KHTML, like Gecko) Chrome/58.0.3029.110 Safari/537.3"
80.97.160.132 - - [14/Mar/2026:05:46:05 +0300] "POST /wp-content/plugins/yith-stripe-payments-for-woocommerce-extended/includes/models/i18ns/index.php HTTP/1.1" 503 807 "https://jestinanabelle.co.uk/wp-content/plugins/yith-stripe-payments-for-woocommerce-extended/includes/models/i18ns/index.php" "Mozilla/5.0 (Windows NT 10.0; Win64; x64) AppleWebKit/537.36 (KHTML, like Gecko) Chrome/58.0.3029.110 Safari/537.3"
80.97.160.132 - - [14/Mar/2026:05:46:13 +0300] "POST /wp-content/plugins/yith-stripe-payments-for-woocommerce-extended/includes/models/i18ns/index.php HTTP/1.1" 503 807 "https://jestinanabelle.co.uk/wp-content/plugins/yith-stripe-payments-for-woocommerce-extended/includes/models/i18ns/index.php" "Mozilla/5.0 (Windows NT 10.0; Win64; x64) AppleWebKit/537.36 (KHTML, like Gecko) Chrome/58.0.3029.110 Safari/537.3"
80.97.160.132 - - [14/Mar/2026:05:47:36 +0300] "GET /wp-content/plugins/yith-stripe-payments-for-woocommerce-extended/includes/models/i18ns/about.php HTTP/1.1" 503 807 "https://jestinanabelle.co.uk/wp-content/plugins/yith-stripe-payments-for-woocommerce-extended/includes/models/i18ns/about.php" "Mozilla/5.0 (Windows NT 10.0; Win64; x64) AppleWebKit/537.36 (KHTML, like Gecko) Chrome/58.0.3029.110 Safari/537.3"
80.97.160.132 - - [14/Mar/2026:05:47:38 +0300] "POST /wp-content/plugins/yith-stripe-payments-for-woocommerce-extended/includes/models/i18ns/index.php HTTP/1.1" 503 807 "https://jestinanabelle.co.uk/wp-content/plugins/yith-stripe-payments-for-woocommerce-extended/includes/models/i18ns/index.php" "Mozilla/5.0 (Windows NT 10.0; Win64; x64) AppleWebKit/537.36 (KHTML, like Gecko) Chrome/58.0.3029.110 Safari/537.3"
80.97.160.132 - - [14/Mar/2026:05:47:39 +0300] "POST /wp-content/plugins/yith-stripe-payments-for-woocommerce-extended/includes/models/i18ns/index.php HTTP/1.1" 503 807 "https://jestinanabelle.co.uk/wp-content/plugins/yith-stripe-payments-for-woocommerce-extended/includes/models/i18ns/index.php" "Mozilla/5.0 (Windows NT 10.0; Win64; x64) AppleWebKit/537.36 (KHTML, like Gecko) Chrome/58.0.3029.110 Safari/537.3"
80.97.160.132 - - [14/Mar/2026:05:44:38 +0300] "GET /wp-content/plugins/add-search-to-menu/public/images/list-grid/index.php HTTP/1.1" 503 807 "https://jestinanabelle.co.uk/wp-content/plugins/add-search-to-menu/public/images/list-grid/index.php" "Mozilla/5.0 (Windows NT 10.0; Win64; x64) AppleWebKit/537.36 (KHTML, like Gecko) Chrome/58.0.3029.110 Safari/537.3"
80.97.160.132 - - [14/Mar/2026:05:45:40 +0300] "POST /wp-content/plugins/yith-stripe-payments-for-woocommerce-extended/includes/models/i18ns/index.php HTTP/1.1" 200 149 "https://jestinanabelle.co.uk/wp-content/plugins/yith-stripe-payments-for-woocommerce-extended/includes/models/i18ns/index.php" "Mozilla/5.0 (Windows NT 10.0; Win64; x64) AppleWebKit/537.36 (KHTML, like Gecko) Chrome/58.0.3029.110 Safari/537.3"
80.97.160.132 - - [14/Mar/2026:05:45:46 +0300] "GET /wp-content/plugins/yith-stripe-payments-for-woocommerce-extended/includes/models/i18ns/radio.php HTTP/1.1" 200 0 "https://jestinanabelle.co.uk/wp-content/plugins/yith-stripe-payments-for-woocommerce-extended/includes/models/i18ns/radio.php" "Mozilla/5.0 (Windows NT 10.0; Win64; x64) AppleWebKit/537.36 (KHTML, like Gecko) Chrome/58.0.3029.110 Safari/537.3"
80.97.160.132 - - [14/Mar/2026:05:46:03 +0300] "POST /wp-content/plugins/yith-stripe-payments-for-woocommerce-extended/includes/models/i18ns/index.php HTTP/1.1" 503 807 "https://jestinanabelle.co.uk/wp-content/plugins/yith-stripe-payments-for-woocommerce-extended/includes/models/i18ns/index.php" "Mozilla/5.0 (Windows NT 10.0; Win64; x64) AppleWebKit/537.36 (KHTML, like Gecko) Chrome/58.0.3029.110 Safari/537.3"
80.97.160.132 - - [14/Mar/2026:05:46:28 +0300] "POST /wp-content/plugins/yith-stripe-payments-for-woocommerce-extended/includes/models/i18ns/index.php HTTP/1.1" 503 807 "https://jestinanabelle.co.uk/wp-content/plugins/yith-stripe-payments-for-woocommerce-extended/includes/models/i18ns/index.php" "Mozilla/5.0 (Windows NT 10.0; Win64; x64) AppleWebKit/537.36 (KHTML, like Gecko) Chrome/58.0.3029.110 Safari/537.3"
66.249.73.66 - - [14/Mar/2026:05:45:40 +0300] "GET /?xfzto/r178239.html HTTP/1.1" 404 3870 "-" "Mozilla/5.0 (Linux; Android 6.0.1; Nexus 5X Build/MMB29P) AppleWebKit/537.36 (KHTML, like Gecko) Chrome/145.0.7632.116 Mobile Safari/537.36 (compatible; Googlebot/2.1; +http://www.google.com/bot.html)"
80.97.160.132 - - [14/Mar/2026:05:44:10 +0300] "POST /wp-content/plugins/wordpress-seo/images/academy/statics/index.php HTTP/1.1" 503 807 "https://jestinanabelle.co.uk/wp-content/plugins/wordpress-seo/images/academy/statics/index.php" "Mozilla/5.0 (Windows NT 10.0; Win64; x64) AppleWebKit/537.36 (KHTML, like Gecko) Chrome/58.0.3029.110 Safari/537.3"
80.97.160.132 - - [14/Mar/2026:05:44:16 +0300] "POST /wp-content/plugins/wordpress-seo/images/academy/statics/index.php HTTP/1.1" 503 807 "https://jestinanabelle.co.uk/wp-content/plugins/wordpress-seo/images/academy/statics/index.php" "Mozilla/5.0 (Windows NT 10.0; Win64; x64) AppleWebKit/537.36 (KHTML, like Gecko) Chrome/58.0.3029.110 Safari/537.3"
80.97.160.132 - - [14/Mar/2026:05:44:52 +0300] "GET /wp-content/plugins/w3-total-cache/vendor/nikic/requests/index.php HTTP/1.1" 200 194 "https://jestinanabelle.co.uk/wp-content/plugins/w3-total-cache/vendor/nikic/requests/index.php" "Mozilla/5.0 (Windows NT 10.0; Win64; x64) AppleWebKit/537.36 (KHTML, like Gecko) Chrome/58.0.3029.110 Safari/537.3"
80.97.160.132 - - [14/Mar/2026:05:45:08 +0300] "GET /wp-content/plugins/yith-stripe-payments-for-woocommerce-extended/includes/models/i18ns/index.php HTTP/1.1" 200 194 "https://jestinanabelle.co.uk/wp-content/plugins/yith-stripe-payments-for-woocommerce-extended/includes/models/i18ns/index.php" "Mozilla/5.0 (Windows NT 10.0; Win64; x64) AppleWebKit/537.36 (KHTML, like Gecko) Chrome/58.0.3029.110 Safari/537.3"
80.97.160.132 - - [14/Mar/2026:05:45:48 +0300] "POST /wp-content/plugins/yith-stripe-payments-for-woocommerce-extended/includes/models/i18ns/index.php HTTP/1.1" 503 807 "https://jestinanabelle.co.uk/wp-content/plugins/yith-stripe-payments-for-woocommerce-extended/includes/models/i18ns/index.php" "Mozilla/5.0 (Windows NT 10.0; Win64; x64) AppleWebKit/537.36 (KHTML, like Gecko) Chrome/58.0.3029.110 Safari/537.3"
80.97.160.132 - - [14/Mar/2026:05:45:51 +0300] "GET /wp-content/plugins/yith-stripe-payments-for-woocommerce-extended/includes/models/i18ns/inputs.php HTTP/1.1" 503 807 "https://jestinanabelle.co.uk/wp-content/plugins/yith-stripe-payments-for-woocommerce-extended/includes/models/i18ns/inputs.php" "Mozilla/5.0 (Windows NT 10.0; Win64; x64) AppleWebKit/537.36 (KHTML, like Gecko) Chrome/58.0.3029.110 Safari/537.3"
80.97.160.132 - - [14/Mar/2026:05:45:54 +0300] "GET /wp-content/plugins/yith-stripe-payments-for-woocommerce-extended/includes/models/i18ns/inputs.php HTTP/1.1" 503 807 "https://jestinanabelle.co.uk/wp-content/plugins/yith-stripe-payments-for-woocommerce-extended/includes/models/i18ns/inputs.php" "Mozilla/5.0 (Windows NT 10.0; Win64; x64) AppleWebKit/537.36 (KHTML, like Gecko) Chrome/58.0.3029.110 Safari/537.3"
80.97.160.132 - - [14/Mar/2026:05:44:59 +0300] "GET /wp-content/plugins/woocommerce/includes/gateways/comment-editor/index.php HTTP/1.1" 503 807 "https://jestinanabelle.co.uk/wp-content/plugins/woocommerce/includes/gateways/comment-editor/index.php" "Mozilla/5.0 (Windows NT 10.0; Win64; x64) AppleWebKit/537.36 (KHTML, like Gecko) Chrome/58.0.3029.110 Safari/537.3"
80.97.160.132 - - [14/Mar/2026:05:45:15 +0300] "POST /wp-content/plugins/yith-stripe-payments-for-woocommerce-extended/includes/models/i18ns/index.php HTTP/1.1" 503 807 "https://jestinanabelle.co.uk/wp-content/plugins/yith-stripe-payments-for-woocommerce-extended/includes/models/i18ns/index.php" "Mozilla/5.0 (Windows NT 10.0; Win64; x64) AppleWebKit/537.36 (KHTML, like Gecko) Chrome/58.0.3029.110 Safari/537.3"
80.97.160.132 - - [14/Mar/2026:05:45:24 +0300] "POST /wp-content/plugins/yith-stripe-payments-for-woocommerce-extended/includes/models/i18ns/index.php HTTP/1.1" 503 807 "https://jestinanabelle.co.uk/wp-content/plugins/yith-stripe-payments-for-woocommerce-extended/includes/models/i18ns/index.php" "Mozilla/5.0 (Windows NT 10.0; Win64; x64) AppleWebKit/537.36 (KHTML, like Gecko) Chrome/58.0.3029.110 Safari/537.3"
80.97.160.132 - - [14/Mar/2026:05:45:50 +0300] "POST /wp-content/plugins/yith-stripe-payments-for-woocommerce-extended/includes/models/i18ns/index.php HTTP/1.1" 200 149 "https://jestinanabelle.co.uk/wp-content/plugins/yith-stripe-payments-for-woocommerce-extended/includes/models/i18ns/index.php" "Mozilla/5.0 (Windows NT 10.0; Win64; x64) AppleWebKit/537.36 (KHTML, like Gecko) Chrome/58.0.3029.110 Safari/537.3"
80.97.160.132 - - [14/Mar/2026:05:44:27 +0300] "GET /wp-content/plugins/add-search-to-menu/public/images/list-grid/index.php HTTP/1.1" 503 807 "https://jestinanabelle.co.uk/wp-content/plugins/add-search-to-menu/public/images/list-grid/index.php" "Mozilla/5.0 (Windows NT 10.0; Win64; x64) AppleWebKit/537.36 (KHTML, like Gecko) Chrome/58.0.3029.110 Safari/537.3"
80.97.160.132 - - [14/Mar/2026:05:44:40 +0300] "GET /wp-content/plugins/ultimate-addons-for-gutenberg/assets/css/photos/index.php HTTP/1.1" 503 807 "https://jestinanabelle.co.uk/wp-content/plugins/ultimate-addons-for-gutenberg/assets/css/photos/index.php" "Mozilla/5.0 (Windows NT 10.0; Win64; x64) AppleWebKit/537.36 (KHTML, like Gecko) Chrome/58.0.3029.110 Safari/537.3"
80.97.160.132 - - [14/Mar/2026:05:45:06 +0300] "POST /wp-content/plugins/woocommerce/includes/gateways/comment-editor/index.php HTTP/1.1" 200 0 "https://jestinanabelle.co.uk/wp-content/plugins/woocommerce/includes/gateways/comment-editor/index.php" "Mozilla/5.0 (Windows NT 10.0; Win64; x64) AppleWebKit/537.36 (KHTML, like Gecko) Chrome/58.0.3029.110 Safari/537.3"
80.97.160.132 - - [14/Mar/2026:05:45:11 +0300] "POST /wp-content/plugins/yith-stripe-payments-for-woocommerce-extended/includes/models/i18ns/index.php HTTP/1.1" 200 149 "https://jestinanabelle.co.uk/wp-content/plugins/yith-stripe-payments-for-woocommerce-extended/includes/models/i18ns/index.php" "Mozilla/5.0 (Windows NT 10.0; Win64; x64) AppleWebKit/537.36 (KHTML, like Gecko) Chrome/58.0.3029.110 Safari/537.3"
80.97.160.132 - - [14/Mar/2026:05:46:30 +0300] "GET /wp-content/plugins/yith-stripe-payments-for-woocommerce-extended/includes/models/i18ns/about.php HTTP/1.1" 200 0 "https://jestinanabelle.co.uk/wp-content/plugins/yith-stripe-payments-for-woocommerce-extended/includes/models/i18ns/about.php" "Mozilla/5.0 (Windows NT 10.0; Win64; x64) AppleWebKit/537.36 (KHTML, like Gecko) Chrome/58.0.3029.110 Safari/537.3"
80.97.160.132 - - [14/Mar/2026:05:48:03 +0300] "GET /wp-content/plugins/yith-stripe-payments-for-woocommerce-extended/includes/models/i18ns/pages.php HTTP/1.1" 200 0 "https://jestinanabelle.co.uk/wp-content/plugins/yith-stripe-payments-for-woocommerce-extended/includes/models/i18ns/pages.php" "Mozilla/5.0 (Windows NT 10.0; Win64; x64) AppleWebKit/537.36 (KHTML, like Gecko) Chrome/58.0.3029.110 Safari/537.3"
80.97.160.132 - - [14/Mar/2026:05:44:49 +0300] "GET /wp-content/plugins/ultimate-addons-for-gutenberg/assets/css/photos/index.php HTTP/1.1" 503 807 "https://jestinanabelle.co.uk/wp-content/plugins/ultimate-addons-for-gutenberg/assets/css/photos/index.php" "Mozilla/5.0 (Windows NT 10.0; Win64; x64) AppleWebKit/537.36 (KHTML, like Gecko) Chrome/58.0.3029.110 Safari/537.3"
80.97.160.132 - - [14/Mar/2026:05:44:54 +0300] "POST /wp-content/plugins/w3-total-cache/vendor/nikic/requests/index.php HTTP/1.1" 200 0 "https://jestinanabelle.co.uk/wp-content/plugins/w3-total-cache/vendor/nikic/requests/index.php" "Mozilla/5.0 (Windows NT 10.0; Win64; x64) AppleWebKit/537.36 (KHTML, like Gecko) Chrome/58.0.3029.110 Safari/537.3"
80.97.160.132 - - [14/Mar/2026:05:45:05 +0300] "GET /wp-content/plugins/woocommerce/includes/gateways/comment-editor/index.php HTTP/1.1" 200 194 "https://jestinanabelle.co.uk/wp-content/plugins/woocommerce/includes/gateways/comment-editor/index.php" "Mozilla/5.0 (Windows NT 10.0; Win64; x64) AppleWebKit/537.36 (KHTML, like Gecko) Chrome/58.0.3029.110 Safari/537.3"
80.97.160.132 - - [14/Mar/2026:05:47:47 +0300] "POST /wp-content/plugins/yith-stripe-payments-for-woocommerce-extended/includes/models/i18ns/index.php HTTP/1.1" 200 149 "https://jestinanabelle.co.uk/wp-content/plugins/yith-stripe-payments-for-woocommerce-extended/includes/models/i18ns/index.php" "Mozilla/5.0 (Windows NT 10.0; Win64; x64) AppleWebKit/537.36 (KHTML, like Gecko) Chrome/58.0.3029.110 Safari/537.3"
80.97.160.132 - - [14/Mar/2026:05:44:43 +0300] "GET /wp-content/plugins/ultimate-addons-for-gutenberg/assets/css/photos/index.php HTTP/1.1" 503 807 "https://jestinanabelle.co.uk/wp-content/plugins/ultimate-addons-for-gutenberg/assets/css/photos/index.php" "Mozilla/5.0 (Windows NT 10.0; Win64; x64) AppleWebKit/537.36 (KHTML, like Gecko) Chrome/58.0.3029.110 Safari/537.3"
80.97.160.132 - - [14/Mar/2026:05:44:56 +0300] "GET /wp-content/plugins/woocommerce/includes/gateways/comment-editor/index.php HTTP/1.1" 503 807 "https://jestinanabelle.co.uk/wp-content/plugins/woocommerce/includes/gateways/comment-editor/index.php" "Mozilla/5.0 (Windows NT 10.0; Win64; x64) AppleWebKit/537.36 (KHTML, like Gecko) Chrome/58.0.3029.110 Safari/537.3"
80.97.160.132 - - [14/Mar/2026:05:45:13 +0300] "POST /wp-content/plugins/yith-stripe-payments-for-woocommerce-extended/includes/models/i18ns/index.php HTTP/1.1" 503 807 "https://jestinanabelle.co.uk/wp-content/plugins/yith-stripe-payments-for-woocommerce-extended/includes/models/i18ns/index.php" "Mozilla/5.0 (Windows NT 10.0; Win64; x64) AppleWebKit/537.36 (KHTML, like Gecko) Chrome/58.0.3029.110 Safari/537.3"
80.97.160.132 - - [14/Mar/2026:05:45:37 +0300] "POST /wp-content/plugins/yith-stripe-payments-for-woocommerce-extended/includes/models/i18ns/index.php HTTP/1.1" 200 149 "https://jestinanabelle.co.uk/wp-content/plugins/yith-stripe-payments-for-woocommerce-extended/includes/models/i18ns/index.php" "Mozilla/5.0 (Windows NT 10.0; Win64; x64) AppleWebKit/537.36 (KHTML, like Gecko) Chrome/58.0.3029.110 Safari/537.3"
80.97.160.132 - - [14/Mar/2026:05:45:44 +0300] "POST /wp-content/plugins/yith-stripe-payments-for-woocommerce-extended/includes/models/i18ns/index.php HTTP/1.1" 200 149 "https://jestinanabelle.co.uk/wp-content/plugins/yith-stripe-payments-for-woocommerce-extended/includes/models/i18ns/index.php" "Mozilla/5.0 (Windows NT 10.0; Win64; x64) AppleWebKit/537.36 (KHTML, like Gecko) Chrome/58.0.3029.110 Safari/537.3"
80.97.160.132 - - [14/Mar/2026:05:47:30 +0300] "GET /wp-content/plugins/yith-stripe-payments-for-woocommerce-extended/includes/models/i18ns/about.php HTTP/1.1" 503 807 "https://jestinanabelle.co.uk/wp-content/plugins/yith-stripe-payments-for-woocommerce-extended/includes/models/i18ns/about.php" "Mozilla/5.0 (Windows NT 10.0; Win64; x64) AppleWebKit/537.36 (KHTML, like Gecko) Chrome/58.0.3029.110 Safari/537.3"
80.97.160.132 - - [14/Mar/2026:05:48:29 +0300] "POST /wp-content/plugins/elementor/includes/settings/cloudflare/index.php HTTP/1.1" 200 0 "https://jestinanabelle.co.uk/wp-content/plugins/elementor/includes/settings/cloudflare/index.php" "Mozilla/5.0 (Windows NT 10.0; Win64; x64) AppleWebKit/537.36 (KHTML, like Gecko) Chrome/58.0.3029.110 Safari/537.3"
80.97.160.132 - - [14/Mar/2026:05:50:35 +0300] "GET /item.php HTTP/1.1" 200 0 "https://jestinanabelle.co.uk/item.php" "Mozilla/5.0 (Windows NT 10.0; Win64; x64) AppleWebKit/537.36 (KHTML, like Gecko) Chrome/58.0.3029.110 Safari/537.3"
101.99.88.90 - - [14/Mar/2026:05:48:40 +0300] "GET / HTTP/1.1" 200 190575 "-" "Mozilla/5.0 (compatible; Googlebot/2.1; +http://www.google.com/bot.html)"
80.97.160.132 - - [14/Mar/2026:05:52:36 +0300] "GET /options.php HTTP/1.1" 200 0 "https://jestinanabelle.co.uk/options.php" "Mozilla/5.0 (Windows NT 10.0; Win64; x64) AppleWebKit/537.36 (KHTML, like Gecko) Chrome/58.0.3029.110 Safari/537.3"
101.99.88.90 - - [14/Mar/2026:05:48:45 +0300] "GET /products/49204198230 HTTP/1.1" 200 194827 "-" "Mozilla/5.0 (compatible; Googlebot/2.1; +http://www.google.com/bot.html)"
101.99.88.90 - - [14/Mar/2026:05:49:21 +0300] "GET / HTTP/1.1" 200 190575 "-" "Mozilla/5.0 (compatible; Googlebot/2.1; +http://www.google.com/bot.html)"
80.97.160.132 - - [14/Mar/2026:05:48:30 +0300] "GET /item.php HTTP/1.1" 200 0 "https://jestinanabelle.co.uk/item.php" "Mozilla/5.0 (Windows NT 10.0; Win64; x64) AppleWebKit/537.36 (KHTML, like Gecko) Chrome/58.0.3029.110 Safari/537.3"
80.97.160.132 - - [14/Mar/2026:05:48:26 +0300] "GET /wp-content/plugins/yith-stripe-payments-for-woocommerce-extended/includes/models/i18ns/wp-login.php HTTP/1.1" 200 0 "https://jestinanabelle.co.uk/wp-content/plugins/yith-stripe-payments-for-woocommerce-extended/includes/models/i18ns/wp-login.php" "Mozilla/5.0 (Windows NT 10.0; Win64; x64) AppleWebKit/537.36 (KHTML, like Gecko) Chrome/58.0.3029.110 Safari/537.3"
80.97.160.132 - - [14/Mar/2026:05:49:30 +0300] "GET /item.php HTTP/1.1" 200 0 "https://jestinanabelle.co.uk/item.php" "Mozilla/5.0 (Windows NT 10.0; Win64; x64) AppleWebKit/537.36 (KHTML, like Gecko) Chrome/58.0.3029.110 Safari/537.3"
80.97.160.132 - - [14/Mar/2026:05:51:35 +0300] "GET /options.php HTTP/1.1" 200 0 "https://jestinanabelle.co.uk/options.php" "Mozilla/5.0 (Windows NT 10.0; Win64; x64) AppleWebKit/537.36 (KHTML, like Gecko) Chrome/58.0.3029.110 Safari/537.3"
80.97.160.132 - - [14/Mar/2026:05:53:51 +0300] "GET /wp-includes/Requests/library/ HTTP/1.1" 503 807 "https://jestinanabelle.co.uk/wp-includes/Requests/library/" "Mozilla/5.0 (Windows NT 10.0; Win64; x64) AppleWebKit/537.36 (KHTML, like Gecko) Chrome/58.0.3029.110 Safari/537.3"
80.97.160.132 - - [14/Mar/2026:05:48:16 +0300] "POST /wp-content/plugins/yith-stripe-payments-for-woocommerce-extended/includes/models/i18ns/index.php HTTP/1.1" 200 149 "https://jestinanabelle.co.uk/wp-content/plugins/yith-stripe-payments-for-woocommerce-extended/includes/models/i18ns/index.php" "Mozilla/5.0 (Windows NT 10.0; Win64; x64) AppleWebKit/537.36 (KHTML, like Gecko) Chrome/58.0.3029.110 Safari/537.3"
80.97.160.132 - - [14/Mar/2026:05:48:28 +0300] "GET /wp-content/plugins/elementor/includes/settings/cloudflare/index.php HTTP/1.1" 200 194 "https://jestinanabelle.co.uk/wp-content/plugins/elementor/includes/settings/cloudflare/index.php" "Mozilla/5.0 (Windows NT 10.0; Win64; x64) AppleWebKit/537.36 (KHTML, like Gecko) Chrome/58.0.3029.110 Safari/537.3"
101.99.88.90 - - [14/Mar/2026:05:49:35 +0300] "GET /products/49204198230 HTTP/1.1" 404 33660 "-" "Mozilla/5.0 (compatible; Googlebot/2.1; +http://www.google.com/bot.html)"
204.12.208.18 - - [14/Mar/2026:05:48:44 +0300] "GET /wp-includes/adc845d5/edit.php HTTP/1.1" 200 0 "https://jestinanabelle.co.uk/wp-includes/adc845d5/edit.php" "Mozilla/5.0 (Macintosh; U; Intel Mac OS X 10_5_3; ja-jp) AppleWebKit/525.18 (KHTML, like Gecko) Version/3.1.1 Safari/525.20"
80.97.160.132 - - [14/Mar/2026:05:53:42 +0300] "GET /plugins.php HTTP/1.1" 503 807 "https://jestinanabelle.co.uk/plugins.php" "Mozilla/5.0 (Windows NT 10.0; Win64; x64) AppleWebKit/537.36 (KHTML, like Gecko) Chrome/58.0.3029.110 Safari/537.3"
80.97.160.132 - - [14/Mar/2026:05:53:44 +0300] "GET /plugins.php HTTP/1.1" 503 807 "https://jestinanabelle.co.uk/plugins.php" "Mozilla/5.0 (Windows NT 10.0; Win64; x64) AppleWebKit/537.36 (KHTML, like Gecko) Chrome/58.0.3029.110 Safari/537.3"
80.97.160.132 - - [14/Mar/2026:05:53:50 +0300] "GET /plugins.php HTTP/1.1" 503 807 "https://jestinanabelle.co.uk/plugins.php" "Mozilla/5.0 (Windows NT 10.0; Win64; x64) AppleWebKit/537.36 (KHTML, like Gecko) Chrome/58.0.3029.110 Safari/537.3"
80.97.160.132 - - [14/Mar/2026:05:53:57 +0300] "GET /wp-includes/Requests/library/ HTTP/1.1" 503 807 "https://jestinanabelle.co.uk/wp-includes/Requests/library/" "Mozilla/5.0 (Windows NT 10.0; Win64; x64) AppleWebKit/537.36 (KHTML, like Gecko) Chrome/58.0.3029.110 Safari/537.3"
80.97.160.132 - - [14/Mar/2026:05:48:20 +0300] "GET /wp-content/plugins/yith-stripe-payments-for-woocommerce-extended/includes/models/i18ns/wp-login.php HTTP/1.1" 503 807 "https://jestinanabelle.co.uk/wp-content/plugins/yith-stripe-payments-for-woocommerce-extended/includes/models/i18ns/wp-login.php" "Mozilla/5.0 (Windows NT 10.0; Win64; x64) AppleWebKit/537.36 (KHTML, like Gecko) Chrome/58.0.3029.110 Safari/537.3"
80.97.160.132 - - [14/Mar/2026:05:48:21 +0300] "GET /wp-content/plugins/yith-stripe-payments-for-woocommerce-extended/includes/models/i18ns/wp-login.php HTTP/1.1" 503 807 "https://jestinanabelle.co.uk/wp-content/plugins/yith-stripe-payments-for-woocommerce-extended/includes/models/i18ns/wp-login.php" "Mozilla/5.0 (Windows NT 10.0; Win64; x64) AppleWebKit/537.36 (KHTML, like Gecko) Chrome/58.0.3029.110 Safari/537.3"
80.97.160.132 - - [14/Mar/2026:05:53:40 +0300] "GET /options.php HTTP/1.1" 503 807 "https://jestinanabelle.co.uk/options.php" "Mozilla/5.0 (Windows NT 10.0; Win64; x64) AppleWebKit/537.36 (KHTML, like Gecko) Chrome/58.0.3029.110 Safari/537.3"
80.97.160.132 - - [14/Mar/2026:05:53:52 +0300] "GET /wp-includes/Requests/library/ HTTP/1.1" 503 807 "https://jestinanabelle.co.uk/wp-includes/Requests/library/" "Mozilla/5.0 (Windows NT 10.0; Win64; x64) AppleWebKit/537.36 (KHTML, like Gecko) Chrome/58.0.3029.110 Safari/537.3"
101.99.88.90 - - [14/Mar/2026:05:55:47 +0300] "GET / HTTP/1.1" 404 16943 "-" "Mozilla/5.0 (compatible; Googlebot/2.1; +http://www.google.com/bot.html)"
162.128.185.224 - - [14/Mar/2026:05:59:09 +0300] "GET /wp-includes/Requests/library/ HTTP/2" 200 1595 "-" "Mozilla/5.0 (Windows NT 10.0; Win64; x64) AppleWebKit/537.36 (KHTML, like Gecko) Chrome/145.0.0.0 Safari/537.36"
162.128.185.224 - - [14/Mar/2026:05:59:10 +0300] "GET /wp-includes/Requests/library/ HTTP/2" 200 1595 "https://jestinanabelle.co.uk/wp-includes/Requests/library/" "Mozilla/5.0 (Windows NT 10.0; Win64; x64) AppleWebKit/537.36 (KHTML, like Gecko) Chrome/145.0.0.0 Safari/537.36"
162.128.185.224 - - [14/Mar/2026:05:59:11 +0300] "GET /favicon.ico HTTP/2" 404 796 "https://jestinanabelle.co.uk/wp-includes/Requests/library/" "Mozilla/5.0 (Windows NT 10.0; Win64; x64) AppleWebKit/537.36 (KHTML, like Gecko) Chrome/145.0.0.0 Safari/537.36"
162.128.185.224 - - [14/Mar/2026:06:00:26 +0300] "GET /wp-includes/Requests/library/?path=/home/kdmucyyv HTTP/2" 503 807 "https://jestinanabelle.co.uk/wp-includes/Requests/library/" "Mozilla/5.0 (Windows NT 10.0; Win64; x64) AppleWebKit/537.36 (KHTML, like Gecko) Chrome/145.0.0.0 Safari/537.36"
101.99.88.90 - - [14/Mar/2026:06:02:14 +0300] "GET / HTTP/1.1" 404 8477 "-" "Mozilla/5.0 (compatible; Googlebot/2.1; +http://www.google.com/bot.html)"
101.99.88.90 - - [14/Mar/2026:05:57:46 +0300] "GET / HTTP/1.1" 404 25780 "-" "Mozilla/5.0 (compatible; Googlebot/2.1; +http://www.google.com/bot.html)"
204.12.208.18 - - [14/Mar/2026:06:02:02 +0300] "GET /wp-includes/adc845d5/edit.php HTTP/1.1" 200 0 "https://jestinanabelle.co.uk/wp-includes/adc845d5/edit.php" "Mozilla/5.0 (Windows NT 6.1; WOW64; rv:9.0.1) Gecko/20100101 Firefox/9.0.1"
101.99.88.90 - - [14/Mar/2026:06:03:53 +0300] "GET / HTTP/1.1" 503 807 "-" "Mozilla/5.0 (compatible; Googlebot/2.1; +http://www.google.com/bot.html)"
101.99.88.90 - - [14/Mar/2026:06:07:57 +0300] "GET / HTTP/1.1" 404 16943 "-" "Mozilla/5.0 (compatible; Googlebot/2.1; +http://www.google.com/bot.html)"
80.97.160.132 - - [14/Mar/2026:06:15:40 +0300] "GET /wp-content/plugins/w3-total-cache/vendor/nikic/requests/index.php HTTP/1.1" 200 194 "https://jestinanabelle.co.uk/wp-content/plugins/w3-total-cache/vendor/nikic/requests/index.php" "Mozilla/5.0 (Windows NT 10.0; Win64; x64) AppleWebKit/537.36 (KHTML, like Gecko) Chrome/58.0.3029.110 Safari/537.3"
