File manager - Edit - /usr/local/apache/domlogs/kdmucyyv/paltutors.co.uk.luniascouringpads.com
Back
81.200.8.55 - - [13/Mar/2026:15:26:56 +0300] "GET / HTTP/1.1" 301 795 "-" "Mozilla/5.0 (compatible; MSIE 8.0; Windows NT 6.1; WOW64; Trident/4.0)"
206.168.34.51 - - [13/Mar/2026:15:23:09 +0300] "GET / HTTP/1.1" 301 795 "-" "Mozilla/5.0 (compatible; CensysInspect/1.1; +https://about.censys.io/)"
54.184.226.94 - - [13/Mar/2026:15:17:00 +0300] "GET /?rnd=1773404214128 HTTP/1.1" 301 795 "-" "GoDaddy-UptimeMonitoring"
54.184.226.94 - - [13/Mar/2026:15:16:55 +0300] "GET /?rnd=1773404209377 HTTP/1.1" 301 795 "-" "GoDaddy-UptimeMonitoring"
35.162.140.124 - - [13/Mar/2026:15:46:56 +0300] "GET /?rnd=1773406009793 HTTP/1.1" 301 795 "-" "GoDaddy-UptimeMonitoring"
35.162.140.124 - - [13/Mar/2026:15:47:00 +0300] "GET /?rnd=1773406014765 HTTP/1.1" 301 795 "-" "GoDaddy-UptimeMonitoring"
83.219.43.130 - - [13/Mar/2026:15:44:15 +0300] "GET / HTTP/1.1" 301 795 "-" "Mozilla/5.0 (Windows NT 10.0; Win64; x64) AppleWebKit/537.36 (KHTML, like Gecko) Chrome/131.0.0.0 Safari/537.36"
35.162.140.124 - - [13/Mar/2026:16:16:55 +0300] "GET /?rnd=1773407809531 HTTP/1.1" 301 795 "-" "GoDaddy-UptimeMonitoring"
35.162.140.124 - - [13/Mar/2026:16:46:58 +0300] "GET /?rnd=1773409612670 HTTP/1.1" 301 795 "-" "GoDaddy-UptimeMonitoring"
35.162.140.124 - - [13/Mar/2026:16:18:26 +0300] "GET /?rnd=1773407899830 HTTP/1.1" 301 795 "-" "GoDaddy-UptimeMonitoring"
35.162.140.124 - - [13/Mar/2026:16:46:55 +0300] "GET /?rnd=1773409609393 HTTP/1.1" 301 795 "-" "GoDaddy-UptimeMonitoring"
40.117.158.129 - - [13/Mar/2026:16:27:03 +0300] "GET / HTTP/1.1" 301 795 "-" "Mozilla/5.0 (Windows NT 10.0; Win64; x64) AppleWebKit/537.36 (KHTML, like Gecko) Chrome/80.0.3987.149 Safari/537.36"
35.95.54.248 - - [13/Mar/2026:16:18:56 +0300] "GET /?rnd=1773407929886 HTTP/1.1" 301 795 "-" "GoDaddy-UptimeMonitoring"
173.252.87.1 - - [13/Mar/2026:16:22:03 +0300] "GET / HTTP/1.1" 301 795 "-" "meta-externalagent/1.1 (+https://developers.facebook.com/docs/sharing/webmasters/crawler)"
34.212.70.171 - - [13/Mar/2026:16:17:25 +0300] "GET /?rnd=1773407839601 HTTP/1.1" 301 795 "-" "GoDaddy-UptimeMonitoring"
54.162.61.185 - - [13/Mar/2026:16:17:55 +0300] "GET /?rnd=1773407869791 HTTP/1.1" 301 795 "-" "GoDaddy-UptimeMonitoring"
35.162.140.124 - - [13/Mar/2026:17:16:56 +0300] "GET /?rnd=1773411409892 HTTP/1.1" 301 795 "-" "GoDaddy-UptimeMonitoring"
35.162.140.124 - - [13/Mar/2026:17:17:08 +0300] "GET /?rnd=1773411421823 HTTP/1.1" 301 795 "-" "GoDaddy-UptimeMonitoring"
102.212.247.146 - - [13/Mar/2026:17:36:39 +0300] "GET /.well-known/acme-challenge/GGGX9KBCHGQ4V228NUDVASOLGS86AH-G HTTP/1.1" 200 64 "-" "Cpanel-HTTP-Client/1.0"
35.238.98.187 - - [13/Mar/2026:17:35:51 +0300] "GET / HTTP/1.1" 301 795 "-" "Mozilla/5.0 (compatible; CMS-Checker/1.0; +https://example.com)"
102.212.247.146 - - [13/Mar/2026:17:36:39 +0300] "GET /.well-known/acme-challenge/6MOY6XTC7M5FO-VBUNAM_ODVZNY-NOLI HTTP/1.1" 200 64 "-" "Cpanel-HTTP-Client/1.0"
102.212.247.146 - - [13/Mar/2026:17:36:39 +0300] "GET /.well-known/acme-challenge/4RAZXRZMHZT4NDRBGFYONEXPO8XB4VIP HTTP/1.1" 200 64 "-" "Cpanel-HTTP-Client/1.0"
136.119.16.239 - - [13/Mar/2026:17:43:41 +0300] "GET / HTTP/1.1" 301 795 "-" "Mozilla/5.0 (compatible; CMS-Checker/1.0; +https://example.com)"
35.238.98.187 - - [13/Mar/2026:17:35:51 +0300] "GET / HTTP/1.1" 301 795 "-" "Mozilla/5.0 (compatible; CMS-Checker/1.0; +https://example.com)"
110.166.71.39 - - [13/Mar/2026:17:25:27 +0300] "GET / HTTP/1.1" 301 795 "-" "Mozilla/5.0 (iPhone; CPU iPhone OS 13_2_3 like Mac OS X) AppleWebKit/605.1.15 (KHTML, like Gecko) Version/13.0.3 Mobile/15E148 Safari/604.1"
102.212.247.146 - - [13/Mar/2026:17:36:39 +0300] "GET /.well-known/acme-challenge/FULI9Z0JLH25DPHSCPPIC1TBY7SKPDJB HTTP/1.1" 200 64 "-" "Cpanel-HTTP-Client/1.0"
54.184.226.94 - - [13/Mar/2026:17:47:00 +0300] "GET /?rnd=1773413213958 HTTP/1.1" 301 795 "-" "GoDaddy-UptimeMonitoring"
54.184.226.94 - - [13/Mar/2026:17:46:55 +0300] "GET /?rnd=1773413209453 HTTP/1.1" 301 795 "-" "GoDaddy-UptimeMonitoring"
4.204.200.32 - - [13/Mar/2026:17:59:14 +0300] "GET /packed.php HTTP/1.1" 301 795 "-" "-"
4.204.200.32 - - [13/Mar/2026:17:59:17 +0300] "GET /file88.php HTTP/1.1" 301 795 "-" "-"
4.204.200.32 - - [13/Mar/2026:17:59:20 +0300] "GET /ex.php HTTP/1.1" 301 795 "-" "-"
4.204.200.32 - - [13/Mar/2026:17:59:24 +0300] "GET /yellow.php HTTP/1.1" 301 795 "-" "-"
4.204.200.32 - - [13/Mar/2026:17:59:27 +0300] "GET /166.php HTTP/1.1" 301 795 "-" "-"
4.204.200.32 - - [13/Mar/2026:17:59:30 +0300] "GET /wp-admin/user/index.php HTTP/1.1" 301 795 "-" "-"
4.204.200.32 - - [13/Mar/2026:18:00:47 +0300] "GET /file52.php HTTP/1.1" 301 795 "-" "-"
4.204.200.32 - - [13/Mar/2026:18:00:50 +0300] "GET /xxxx.php HTTP/1.1" 301 795 "-" "-"
4.204.200.32 - - [13/Mar/2026:18:00:54 +0300] "GET /wdf.php HTTP/1.1" 301 795 "-" "-"
3.22.242.147 - - [13/Mar/2026:17:55:17 +0300] "GET / HTTP/1.1" 301 795 "-" "Mozilla/5.0 (Windows NT 10.0; Win64; x64) AppleWebKit/537.36 (KHTML, like Gecko) Chrome/80.0.3987.149 Safari/537.36"
4.204.200.32 - - [13/Mar/2026:17:57:37 +0300] "GET /wp-content/admin.php HTTP/1.1" 301 795 "-" "-"
4.204.200.32 - - [13/Mar/2026:17:57:40 +0300] "GET /ms.php HTTP/1.1" 301 795 "-" "-"
4.204.200.32 - - [13/Mar/2026:17:57:43 +0300] "GET /wp-content/languages/plugins/index.php HTTP/1.1" 301 795 "-" "-"
4.204.200.32 - - [13/Mar/2026:17:57:45 +0300] "GET /wp-access.php HTTP/1.1" 301 795 "-" "-"
4.204.200.32 - - [13/Mar/2026:17:57:52 +0300] "GET /kaza.php HTTP/1.1" 301 795 "-" "-"
4.204.200.32 - - [13/Mar/2026:17:57:55 +0300] "GET /randkeyword.PhP7 HTTP/1.1" 301 795 "-" "-"
4.204.200.32 - - [13/Mar/2026:17:58:00 +0300] "GET /file2.php HTTP/1.1" 301 795 "-" "-"
4.204.200.32 - - [13/Mar/2026:17:58:04 +0300] "GET /environment.php HTTP/1.1" 301 795 "-" "-"
4.204.200.32 - - [13/Mar/2026:17:58:07 +0300] "GET /wp-admin/css/colors/blue/file.php HTTP/1.1" 301 795 "-" "-"
4.204.200.32 - - [13/Mar/2026:17:58:10 +0300] "GET /ah25.php HTTP/1.1" 301 795 "-" "-"
4.204.200.32 - - [13/Mar/2026:17:58:14 +0300] "GET /bolt.php HTTP/1.1" 301 795 "-" "-"
4.204.200.32 - - [13/Mar/2026:17:58:17 +0300] "GET /install.php HTTP/1.1" 301 795 "-" "-"
4.204.200.32 - - [13/Mar/2026:17:58:20 +0300] "GET /cgi-bin/index.php HTTP/1.1" 301 795 "-" "-"
4.204.200.32 - - [13/Mar/2026:17:58:20 +0300] "GET /wp-admin/maint/index.php HTTP/1.1" 301 795 "-" "-"
4.204.200.32 - - [13/Mar/2026:17:58:23 +0300] "GET /666.php HTTP/1.1" 301 795 "-" "-"
4.204.200.32 - - [13/Mar/2026:17:58:26 +0300] "GET /test.php HTTP/1.1" 301 795 "-" "-"
4.204.200.32 - - [13/Mar/2026:17:58:29 +0300] "GET /sys.php HTTP/1.1" 301 795 "-" "-"
4.204.200.32 - - [13/Mar/2026:17:58:33 +0300] "GET /1.php HTTP/1.1" 301 795 "-" "-"
4.204.200.32 - - [13/Mar/2026:17:58:36 +0300] "GET /mamzi.php HTTP/1.1" 301 795 "-" "-"
4.204.200.32 - - [13/Mar/2026:17:58:49 +0300] "GET /xml.php HTTP/1.1" 301 795 "-" "-"
4.204.200.32 - - [13/Mar/2026:17:58:52 +0300] "GET /as.php HTTP/1.1" 301 795 "-" "-"
4.204.200.32 - - [13/Mar/2026:17:58:55 +0300] "GET /fun.php HTTP/1.1" 301 795 "-" "-"
4.204.200.32 - - [13/Mar/2026:17:58:58 +0300] "GET /index.php HTTP/1.1" 301 795 "-" "-"
4.204.200.32 - - [13/Mar/2026:17:59:00 +0300] "GET /ee.php HTTP/1.1" 301 795 "-" "-"
4.204.200.32 - - [13/Mar/2026:17:59:03 +0300] "GET /ccou.php HTTP/1.1" 301 795 "-" "-"
4.204.200.32 - - [13/Mar/2026:17:59:06 +0300] "GET /sid3.php HTTP/1.1" 301 795 "-" "-"
4.204.200.32 - - [13/Mar/2026:17:59:09 +0300] "GET /404.php HTTP/1.1" 301 795 "-" "-"
23.132.132.4 - - [13/Mar/2026:17:58:42 +0300] "HEAD / HTTP/1.1" 301 0 "-" "Mozilla/5.0 (Macintosh; Intel Mac OS X 10.15; rv:128.0) Gecko/20100101 Firefox/128.3"
4.204.200.32 - - [13/Mar/2026:18:00:42 +0300] "GET /155.php HTTP/1.1" 301 795 "-" "-"
4.204.200.32 - - [13/Mar/2026:17:58:40 +0300] "GET /wp-feed.php HTTP/1.1" 301 795 "-" "-"
4.204.200.32 - - [13/Mar/2026:17:58:42 +0300] "GET /class.1.php HTTP/1.1" 301 795 "-" "-"
4.204.200.32 - - [13/Mar/2026:18:01:01 +0300] "GET /tt.php HTTP/1.1" 301 795 "-" "-"
4.204.200.32 - - [13/Mar/2026:17:59:36 +0300] "GET /domains.php HTTP/1.1" 301 795 "-" "-"
4.204.200.32 - - [13/Mar/2026:17:59:39 +0300] "GET /autoload_classmap.php HTTP/1.1" 301 795 "-" "-"
4.204.200.32 - - [13/Mar/2026:17:59:42 +0300] "GET /kj.php HTTP/1.1" 301 795 "-" "-"
4.204.200.32 - - [13/Mar/2026:17:59:47 +0300] "GET /txets.php HTTP/1.1" 301 795 "-" "-"
4.204.200.32 - - [13/Mar/2026:17:59:51 +0300] "GET /222.php HTTP/1.1" 301 795 "-" "-"
4.204.200.32 - - [13/Mar/2026:17:59:54 +0300] "GET /amax.php HTTP/1.1" 301 795 "-" "-"
4.204.200.32 - - [13/Mar/2026:17:59:58 +0300] "GET /s.php HTTP/1.1" 301 795 "-" "-"
4.204.200.32 - - [13/Mar/2026:18:00:00 +0300] "GET /wp-includes/customize/index.php HTTP/1.1" 301 795 "-" "-"
4.204.200.32 - - [13/Mar/2026:18:00:03 +0300] "GET /bless.php HTTP/1.1" 301 795 "-" "-"
4.204.200.32 - - [13/Mar/2026:18:00:07 +0300] "GET /wp-includes/PHPMailer/index.php HTTP/1.1" 301 795 "-" "-"
4.204.200.32 - - [13/Mar/2026:18:00:09 +0300] "GET /wp-good.php HTTP/1.1" 301 795 "-" "-"
4.204.200.32 - - [13/Mar/2026:18:00:12 +0300] "GET /rip.php HTTP/1.1" 301 795 "-" "-"
4.204.200.32 - - [13/Mar/2026:18:00:16 +0300] "GET /css/index.php HTTP/1.1" 301 795 "-" "-"
4.204.200.32 - - [13/Mar/2026:18:00:19 +0300] "GET /ok.php HTTP/1.1" 301 795 "-" "-"
4.204.200.32 - - [13/Mar/2026:18:00:23 +0300] "GET /geck.php HTTP/1.1" 301 795 "-" "-"
4.204.200.32 - - [13/Mar/2026:18:00:26 +0300] "GET //edit.php HTTP/1.1" 301 795 "-" "-"
4.204.200.32 - - [13/Mar/2026:18:00:28 +0300] "GET /lp6.php HTTP/1.1" 301 795 "-" "-"
4.204.200.32 - - [13/Mar/2026:18:00:31 +0300] "GET /111.php HTTP/1.1" 301 795 "-" "-"
4.204.200.32 - - [13/Mar/2026:18:00:35 +0300] "GET /66.php HTTP/1.1" 301 795 "-" "-"
4.204.200.32 - - [13/Mar/2026:18:00:38 +0300] "GET /sh.php HTTP/1.1" 301 795 "-" "-"
4.204.200.32 - - [13/Mar/2026:18:01:16 +0300] "GET /wp-the.php HTTP/1.1" 301 795 "-" "-"
4.204.200.32 - - [13/Mar/2026:18:01:19 +0300] "GET /system.php HTTP/1.1" 301 795 "-" "-"
4.204.200.32 - - [13/Mar/2026:18:01:22 +0300] "GET /file59.php HTTP/1.1" 301 795 "-" "-"
51.52.136.50 - - [13/Mar/2026:18:10:33 +0300] "GET / HTTP/1.1" 301 795 "-" "Mozilla/5.0 (Windows NT 10.0; Win64; x64) AppleWebKit/537.36 (KHTML, like Gecko) Chrome/145.0.0.0 Safari/537.36 Edg/145.0.0.0"
4.204.200.32 - - [13/Mar/2026:17:56:43 +0300] "GET /wp-content/plugins/hellopress/wp_filemanager.php HTTP/1.1" 301 795 "-" "-"
4.204.200.32 - - [13/Mar/2026:17:56:47 +0300] "GET /z.php HTTP/1.1" 301 795 "-" "-"
4.204.200.32 - - [13/Mar/2026:17:56:50 +0300] "GET /lala.php HTTP/1.1" 301 795 "-" "-"
4.204.200.32 - - [13/Mar/2026:17:56:54 +0300] "GET /byp.php HTTP/1.1" 301 795 "-" "-"
4.204.200.32 - - [13/Mar/2026:17:56:57 +0300] "GET /file.php HTTP/1.1" 301 795 "-" "-"
4.204.200.32 - - [13/Mar/2026:17:57:00 +0300] "GET /8.php HTTP/1.1" 301 795 "-" "-"
4.204.200.32 - - [13/Mar/2026:17:57:04 +0300] "GET /wp-content/uploads/index.php HTTP/1.1" 301 795 "-" "-"
4.204.200.32 - - [13/Mar/2026:17:57:07 +0300] "GET /edit.php HTTP/1.1" 301 795 "-" "-"
4.204.200.32 - - [13/Mar/2026:17:57:11 +0300] "GET /byp8.php HTTP/1.1" 301 795 "-" "-"
4.204.200.32 - - [13/Mar/2026:17:57:14 +0300] "GET /Ov-Simple1.php HTTP/1.1" 301 795 "-" "-"
4.204.200.32 - - [13/Mar/2026:17:57:17 +0300] "GET /path.php HTTP/1.1" 301 795 "-" "-"
4.204.200.32 - - [13/Mar/2026:17:57:21 +0300] "GET /revealability.php HTTP/1.1" 301 795 "-" "-"
4.204.200.32 - - [13/Mar/2026:17:57:24 +0300] "GET /wp-includes/admin.php HTTP/1.1" 301 795 "-" "-"
4.204.200.32 - - [13/Mar/2026:17:57:27 +0300] "GET /t.php HTTP/1.1" 301 795 "-" "-"
4.204.200.32 - - [13/Mar/2026:17:57:30 +0300] "GET /wp-admin/css/index.php HTTP/1.1" 301 795 "-" "-"
4.204.200.32 - - [13/Mar/2026:17:57:33 +0300] "GET /333.php HTTP/1.1" 301 795 "-" "-"
4.204.200.32 - - [13/Mar/2026:18:01:08 +0300] "GET /gfile.php HTTP/1.1" 301 795 "-" "-"
4.204.200.32 - - [13/Mar/2026:18:01:11 +0300] "GET /pp.php HTTP/1.1" 301 795 "-" "-"
35.162.140.124 - - [13/Mar/2026:19:18:26 +0300] "GET /?rnd=1773418699917 HTTP/1.1" 301 795 "-" "GoDaddy-UptimeMonitoring"
45.148.10.238 - - [13/Mar/2026:19:26:13 +0300] "GET /.aws/credentials HTTP/1.1" 301 795 "-" "Mozilla/5.0 (Windows NT 6.1; WOW64) AppleWebKit/537.36 (KHTML, like Gecko) Chrome/58.0.3029.110 Safari/537.36 SE 2.X MetaSr 1.0"
45.148.10.238 - - [13/Mar/2026:19:26:13 +0300] "GET /.env.bak HTTP/1.1" 301 795 "-" "Mozilla/5.0 (X11; Linux x86_64) AppleWebKit/537.21 (KHTML, like Gecko) konqueror/4.14.10 Safari/537.21"
34.134.159.217 - - [13/Mar/2026:18:20:13 +0300] "GET / HTTP/1.1" 301 795 "-" "Mozilla/5.0 (compatible; CMS-Checker/1.0; +https://example.com)"
44.234.86.99 - - [13/Mar/2026:18:48:56 +0300] "GET /?rnd=1773416930476 HTTP/1.1" 301 795 "-" "GoDaddy-UptimeMonitoring"
43.166.134.114 - - [13/Mar/2026:18:51:12 +0300] "GET / HTTP/1.1" 301 795 "-" "Mozilla/5.0 (iPhone; CPU iPhone OS 13_2_3 like Mac OS X) AppleWebKit/605.1.15 (KHTML, like Gecko) Version/13.0.3 Mobile/15E148 Safari/604.1"
4.204.200.32 - - [13/Mar/2026:19:14:29 +0300] "GET /wp-content/plugins/hellopress/wp_filemanager.php HTTP/1.1" 301 795 "-" "-"
45.148.10.238 - - [13/Mar/2026:19:26:13 +0300] "GET /.env.prod HTTP/1.1" 301 795 "-" "Mozilla/5.0 (OS/2; Warp 4.5; rv:31.0) Gecko/20100101 Firefox/31.0 SeaMonkey/2.28"
45.148.10.238 - - [13/Mar/2026:19:26:13 +0300] "GET /awstats/.env HTTP/1.1" 301 795 "-" "Mozilla/5.0 (X11; Linux x86_64) AppleWebKit/537.36 (KHTML, like Gecko) Ubuntu Chromium/73.0.3683.86 Chrome/73.0.3683.86 Safari/537.36"
45.148.10.238 - - [13/Mar/2026:19:26:13 +0300] "GET /.env.production HTTP/1.1" 301 795 "-" "Mozilla/5.0 (Macintosh; Intel Mac OS X 10_15) AppleWebKit/605.1.15 (KHTML, like Gecko) Version/13.0 Safari/605.1.15"
141.98.11.181 - - [13/Mar/2026:19:35:17 +0300] "GET / HTTP/1.1" 301 795 "-" "Mozilla/5.0 (Windows NT 10.0; Win64; x64) AppleWebKit/537.36 (KHTML, like Gecko) Chrome/95.0.4638.69 Safari/537.36"
85.137.48.167 - - [13/Mar/2026:18:25:45 +0300] "GET /wp-content/plugins/w3-total-cache/readme.txt HTTP/1.1" 301 795 "-" "Mozilla/4.0 (compatible; MSIE 6.0; Windows NT 5.1; SV1)"
104.28.162.11 - - [13/Mar/2026:19:08:07 +0300] "GET /sftp-config.json HTTP/1.1" 301 795 "-" "Mozilla/5.0 (Macintosh; Intel Mac OS X 10.15; rv:77.0) Gecko/20100101 Firefox/77.0"
34.211.218.34 - - [13/Mar/2026:19:17:25 +0300] "GET /?rnd=1773418639617 HTTP/1.1" 301 795 "-" "GoDaddy-UptimeMonitoring"
54.162.61.185 - - [13/Mar/2026:19:18:29 +0300] "GET /?rnd=1773418702845 HTTP/1.1" 301 795 "-" "GoDaddy-UptimeMonitoring"
45.148.10.238 - - [13/Mar/2026:19:26:13 +0300] "GET /crm/.env HTTP/1.1" 301 795 "-" "Mozilla/5.0 (X11; Linux x86_64) AppleWebKit/537.36 (KHTML, like Gecko) Ubuntu Chromium/68.0.3440.75 Chrome/68.0.3440.75 Safari/537.36"
45.148.10.238 - - [13/Mar/2026:19:26:13 +0300] "GET /awsconfig.js HTTP/1.1" 301 795 "-" "Mozilla/5.0 (Windows NT 10.0; Win64; x64) AppleWebKit/537.36 (KHTML, like Gecko) Chrome/55.0.2869.0 Safari/537.36"
45.148.10.238 - - [13/Mar/2026:19:26:13 +0300] "GET /.env.prod HTTP/1.1" 301 795 "-" "Mozilla/5.0 (Linux; Android 9; SM-G973W) AppleWebKit/537.36 (KHTML, like Gecko) Chrome/76.0.3809.89 Mobile Safari/537.36"
45.148.10.238 - - [13/Mar/2026:19:26:13 +0300] "GET /wp-config HTTP/1.1" 301 795 "-" "Mozilla/5.0 (Linux; Android 8.0.0; XT1650) AppleWebKit/537.36 (KHTML, like Gecko) Chrome/74.0.3729.157 Mobile Safari/537.36"
35.162.140.124 - - [13/Mar/2026:18:17:05 +0300] "GET /?rnd=1773415019442 HTTP/1.1" 301 795 "-" "GoDaddy-UptimeMonitoring"
44.243.142.104 - - [13/Mar/2026:18:47:26 +0300] "GET /?rnd=1773416840137 HTTP/1.1" 301 795 "-" "GoDaddy-UptimeMonitoring"
54.162.61.185 - - [13/Mar/2026:18:49:26 +0300] "GET /?rnd=1773416960669 HTTP/1.1" 301 795 "-" "GoDaddy-UptimeMonitoring"
35.162.140.124 - - [13/Mar/2026:19:16:55 +0300] "GET /?rnd=1773418609566 HTTP/1.1" 301 795 "-" "GoDaddy-UptimeMonitoring"
34.223.113.106 - - [13/Mar/2026:19:18:26 +0300] "GET /?rnd=1773418700723 HTTP/1.1" 301 795 "-" "GoDaddy-UptimeMonitoring"
45.148.10.238 - - [13/Mar/2026:19:26:13 +0300] "GET /config.env HTTP/1.1" 301 795 "-" "Mozilla/5.0 (Windows NT 6.1; Win64; x64) AppleWebKit/537.36 (KHTML, like Gecko) Chrome/76.0.3804.0 Safari/537.36"
104.28.162.11 - - [13/Mar/2026:19:08:12 +0300] "GET /.vscode/sftp.json HTTP/1.1" 301 795 "-" "Mozilla/5.0 (Macintosh; Intel Mac OS X 10.15; rv:77.0) Gecko/20100101 Firefox/77.0"
45.148.10.238 - - [13/Mar/2026:19:26:13 +0300] "GET /.env HTTP/1.1" 301 795 "-" "Mozilla/5.0 (Windows NT 6.1) AppleWebKit/537.36 (KHTML, like Gecko) Chrome/41.0.2228.0 Safari/537.36"
45.148.10.238 - - [13/Mar/2026:19:26:13 +0300] "GET /aws.env HTTP/1.1" 301 795 "-" "Mozilla/5.0 (X11; Linux i686; rv:2.0.1) Gecko/20100101 Firefox/4.0.1"
45.148.10.238 - - [13/Mar/2026:19:26:13 +0300] "GET /.env.production HTTP/1.1" 301 795 "-" "Mozilla/5.0 (Linux; Android 6.0.1; SM-G900F) AppleWebKit/537.36 (KHTML, like Gecko) Chrome/75.0.3770.143 Mobile Safari/537.36"
45.148.10.238 - - [13/Mar/2026:19:26:13 +0300] "GET /.env.live HTTP/1.1" 301 795 "-" "Mozilla/5.0 (Windows NT 5.2; rv:10.0.1) Gecko/20100101 Firefox/10.0.1 SeaMonkey/2.7.1"
45.148.10.238 - - [13/Mar/2026:19:26:13 +0300] "GET /config.env HTTP/1.1" 301 795 "-" "Mozilla/5.0 (X11; U; Linux x86_64; en-US) AppleWebKit/537.36 (KHTML, like Gecko) Chrome/30.0.1599.114 Safari/537.36 Puffin/4.5.0IT"
136.119.16.239 - - [13/Mar/2026:18:43:38 +0300] "GET / HTTP/1.1" 301 795 "-" "Mozilla/5.0 (Windows NT 10.0; Win64; x64) AppleWebKit/537.36 (KHTML, like Gecko) Chrome/78.0.3904.108 Safari/537.36"
54.162.61.185 - - [13/Mar/2026:18:47:56 +0300] "GET /?rnd=1773416870365 HTTP/1.1" 301 795 "-" "GoDaddy-UptimeMonitoring"
54.162.61.185 - - [13/Mar/2026:19:17:56 +0300] "GET /?rnd=1773418669860 HTTP/1.1" 301 795 "-" "GoDaddy-UptimeMonitoring"
45.148.10.238 - - [13/Mar/2026:19:26:13 +0300] "GET /.env.live HTTP/1.1" 301 795 "-" "Mozilla/5.0 (Windows NT 10.0; Win64; x64) AppleWebKit/537.36 (KHTML, like Gecko) Chrome/55.0.2883.87 Safari/537.36"
54.184.226.94 - - [13/Mar/2026:18:46:56 +0300] "GET /?rnd=1773416810086 HTTP/1.1" 301 795 "-" "GoDaddy-UptimeMonitoring"
54.184.226.94 - - [13/Mar/2026:18:48:26 +0300] "GET /?rnd=1773416900404 HTTP/1.1" 301 795 "-" "GoDaddy-UptimeMonitoring"
45.148.10.238 - - [13/Mar/2026:19:26:13 +0300] "GET /.env HTTP/1.1" 301 795 "-" "Mozilla/5.0 (X11; Linux x86_64) AppleWebKit/537.36 (KHTML, like Gecko) Chrome/75.0.3770.145 Safari/537.36 Vivaldi/2.6.1566.49"
45.148.10.238 - - [13/Mar/2026:19:26:13 +0300] "GET /aws.env HTTP/1.1" 301 795 "-" "Mozilla/5.0 (Macintosh; Intel Mac OS X 10_13_3) AppleWebKit/537.36 (KHTML, like Gecko) Chrome/76.0.3809.100 Safari/537.36"
45.148.10.238 - - [13/Mar/2026:19:26:13 +0300] "GET /crm/.env HTTP/1.1" 301 795 "-" "Mozilla/5.0 (iPad; U; CPU OS 4_2_1 like Mac OS X; ja-jp) AppleWebKit/533.17.9 (KHTML, like Gecko) Version/5.0.2 Mobile/8C148 Safari/6533.18.5"
45.148.10.238 - - [13/Mar/2026:19:26:13 +0300] "GET /awstats/.env HTTP/1.1" 301 795 "-" "Mozilla/5.0 (Linux; U; Android 4.1; en-us; sdk Build/MR1) AppleWebKit/534.30 (KHTML, like Gecko) Version/4.1 Safari/534.30"
45.148.10.238 - - [13/Mar/2026:19:26:13 +0300] "GET /awsconfig.js HTTP/1.1" 301 795 "-" "Mozilla/5.0 (Windows NT 10.0; WOW64) AppleWebKit/537.36 (KHTML, like Gecko) Chrome/74.0.3729.108 Safari/537.36"
35.162.140.124 - - [13/Mar/2026:18:16:56 +0300] "GET /?rnd=1773415009799 HTTP/1.1" 301 795 "-" "GoDaddy-UptimeMonitoring"
45.148.10.238 - - [13/Mar/2026:19:26:13 +0300] "GET /wp-config HTTP/1.1" 301 795 "-" "Mozilla/5.0 (Macintosh; Intel Mac OS X 10_14_5) AppleWebKit/537.36 (KHTML, like Gecko) Chrome/76.0.3809.100 Safari/537.36"
45.148.10.238 - - [13/Mar/2026:19:26:13 +0300] "GET /.aws/credentials HTTP/1.1" 301 795 "-" "Mozilla/5.0 (Linux; Android 9; SAMSUNG SM-G975U1 Build/PPR1.180610.011) AppleWebKit/537.36 (KHTML, like Gecko) SamsungBrowser/9.4 Chrome/67.0.3396.87 Mobile Safari/537.36"
45.148.10.238 - - [13/Mar/2026:19:26:13 +0300] "GET /.env.bak HTTP/1.1" 301 795 "-" "Mozilla/5.0 (Windows NT 6.1; Win64; x64) AppleWebKit/537.36 (KHTML, like Gecko) Chrome/69.0.3497.92 Safari/537.36"
43.157.158.178 - - [13/Mar/2026:19:44:01 +0300] "GET / HTTP/1.1" 301 795 "-" "Mozilla/5.0 (iPhone; CPU iPhone OS 13_2_3 like Mac OS X) AppleWebKit/605.1.15 (KHTML, like Gecko) Version/13.0.3 Mobile/15E148 Safari/604.1"
34.219.35.201 - - [13/Mar/2026:19:47:26 +0300] "GET /?rnd=1773420440171 HTTP/1.1" 301 795 "-" "GoDaddy-UptimeMonitoring"
34.153.21.167 - - [13/Mar/2026:19:58:11 +0300] "HEAD /backup/ HTTP/1.1" 301 0 "-" "Mozilla/5.0 (Linux; Android 10; vivo 1904) AppleWebKit/537.36 (KHTML, like Gecko) Chrome/117.0.5938.60 Mobile Safari/537.36"
54.184.226.94 - - [13/Mar/2026:19:48:26 +0300] "GET /?rnd=1773420500445 HTTP/1.1" 301 795 "-" "GoDaddy-UptimeMonitoring"
44.242.173.33 - - [13/Mar/2026:19:48:56 +0300] "GET /?rnd=1773420530516 HTTP/1.1" 301 795 "-" "GoDaddy-UptimeMonitoring"
185.177.72.22 - - [13/Mar/2026:20:04:49 +0300] "GET / HTTP/1.1" 301 795 "-" "curl/8.7.1"
54.184.226.94 - - [13/Mar/2026:19:46:56 +0300] "GET /?rnd=1773420410096 HTTP/1.1" 301 795 "-" "GoDaddy-UptimeMonitoring"
3.218.31.131 - - [13/Mar/2026:19:47:56 +0300] "GET /?rnd=1773420470413 HTTP/1.1" 301 795 "-" "GoDaddy-UptimeMonitoring"
35.162.140.124 - - [13/Mar/2026:20:16:56 +0300] "GET /?rnd=1773422209826 HTTP/1.1" 301 795 "-" "GoDaddy-UptimeMonitoring"
3.218.31.131 - - [13/Mar/2026:20:17:33 +0300] "GET /?rnd=1773422246924 HTTP/1.1" 301 795 "-" "GoDaddy-UptimeMonitoring"
102.212.247.146 - - [13/Mar/2026:20:37:12 +0300] "GET /.well-known/acme-challenge/78GID-LQPR79RFVTF94PYK7HPR-MZUGH HTTP/1.1" 200 64 "-" "Cpanel-HTTP-Client/1.0"
34.211.105.130 - - [13/Mar/2026:20:17:26 +0300] "GET /?rnd=1773422239859 HTTP/1.1" 301 795 "-" "GoDaddy-UptimeMonitoring"
44.242.243.80 - - [13/Mar/2026:20:17:31 +0300] "GET /?rnd=1773422245166 HTTP/1.1" 301 795 "-" "GoDaddy-UptimeMonitoring"
102.212.247.146 - - [13/Mar/2026:20:37:12 +0300] "GET /.well-known/acme-challenge/YY9DJRIN3YF4R-F5_0HOEIISAII9DRVX HTTP/1.1" 200 64 "-" "Cpanel-HTTP-Client/1.0"
35.162.140.124 - - [13/Mar/2026:20:17:29 +0300] "GET /?rnd=1773422243565 HTTP/1.1" 301 795 "-" "GoDaddy-UptimeMonitoring"
102.212.247.146 - - [13/Mar/2026:20:37:12 +0300] "GET /.well-known/acme-challenge/SY3Q2M_TM5Y7A06Z_KI2TW_AN18RLRZZ HTTP/1.1" 200 64 "-" "Cpanel-HTTP-Client/1.0"
3.218.31.131 - - [13/Mar/2026:20:17:28 +0300] "GET /?rnd=1773422241914 HTTP/1.1" 301 795 "-" "GoDaddy-UptimeMonitoring"
102.212.247.146 - - [13/Mar/2026:20:37:12 +0300] "GET /.well-known/acme-challenge/9877KD94SFY6VKEDDJ3BXXBS8TVYFGG1 HTTP/1.1" 200 64 "-" "Cpanel-HTTP-Client/1.0"
15.235.96.242 - - [13/Mar/2026:20:42:46 +0300] "GET /robots.txt HTTP/1.1" 301 795 "-" "Mozilla/5.0 (compatible; AhrefsBot/7.0; +http://ahrefs.com/robot/)"
148.113.128.197 - - [13/Mar/2026:20:42:50 +0300] "GET / HTTP/1.1" 301 795 "-" "Mozilla/5.0 (compatible; AhrefsBot/7.0; +http://ahrefs.com/robot/)"
35.162.140.124 - - [13/Mar/2026:20:46:55 +0300] "GET /?rnd=1773424009512 HTTP/1.1" 301 795 "-" "GoDaddy-UptimeMonitoring"
35.162.140.124 - - [13/Mar/2026:20:47:56 +0300] "GET /?rnd=1773424070452 HTTP/1.1" 301 795 "-" "GoDaddy-UptimeMonitoring"
3.218.31.131 - - [13/Mar/2026:20:47:55 +0300] "GET /?rnd=1773424069706 HTTP/1.1" 301 795 "-" "GoDaddy-UptimeMonitoring"
54.213.159.144 - - [13/Mar/2026:20:47:57 +0300] "GET /?rnd=1773424071132 HTTP/1.1" 301 795 "-" "GoDaddy-UptimeMonitoring"
54.162.61.185 - - [13/Mar/2026:20:47:58 +0300] "GET /?rnd=1773424072703 HTTP/1.1" 301 795 "-" "GoDaddy-UptimeMonitoring"
35.88.118.213 - - [13/Mar/2026:20:47:25 +0300] "GET /?rnd=1773424039545 HTTP/1.1" 301 795 "-" "GoDaddy-UptimeMonitoring"
51.222.168.187 - - [13/Mar/2026:21:04:13 +0300] "GET / HTTP/1.1" 301 795 "-" "Mozilla/5.0 (compatible; AhrefsBot/7.0; +http://ahrefs.com/robot/)"
103.253.27.219 - - [13/Mar/2026:20:59:50 +0300] "GET /wp-admin/ HTTP/1.1" 301 795 "https://www.bing.com/" "Mozilla/5.0 (Macintosh; Intel Mac OS X 13_6_1) AppleWebKit/537.36 (KHTML, like Gecko) Chrome/121.0.0.0 Safari/537.36"
148.113.128.103 - - [13/Mar/2026:21:04:10 +0300] "GET /robots.txt HTTP/1.1" 301 795 "-" "Mozilla/5.0 (compatible; AhrefsBot/7.0; +http://ahrefs.com/robot/)"
16.148.199.62 - - [13/Mar/2026:21:21:29 +0300] "GET / HTTP/1.1" 301 795 "-" "Mozilla/5.0 (X11; Linux x86_64) AppleWebKit/537.36 (KHTML, like Gecko) Ubuntu Chromium/113.0.5669.208 Chrome/113.0.5669.208 Safari/537.36"
34.222.154.222 - - [13/Mar/2026:21:19:36 +0300] "GET / HTTP/1.1" 301 795 "-" "Mozilla/5.0 (X11; Linux x86_64) AppleWebKit/537.36 (KHTML, like Gecko) Ubuntu Chromium/113.0.5669.208 Chrome/113.0.5669.208 Safari/537.36"
35.162.140.124 - - [13/Mar/2026:21:16:55 +0300] "GET /?rnd=1773425809644 HTTP/1.1" 301 795 "-" "GoDaddy-UptimeMonitoring"
16.148.63.1 - - [13/Mar/2026:21:21:03 +0300] "GET / HTTP/1.1" 301 795 "-" "Mozilla/5.0 (Windows NT 10.0; Win64; x64) AppleWebKit/537.36 (KHTML, like Gecko) Chrome/113.0.0.0 Safari/537.36"
35.162.140.124 - - [13/Mar/2026:21:17:24 +0300] "GET /?rnd=1773425838142 HTTP/1.1" 301 795 "-" "GoDaddy-UptimeMonitoring"
16.148.63.1 - - [13/Mar/2026:21:19:10 +0300] "GET / HTTP/1.1" 301 795 "-" "Mozilla/5.0 (Windows NT 10.0; Win64; x64) AppleWebKit/537.36 (KHTML, like Gecko) Chrome/113.0.0.0 Safari/537.36"
52.169.206.229 - - [13/Mar/2026:21:27:33 +0300] "GET /wp-content/plugins/hellopress/wp_filemanager.php HTTP/1.1" 301 795 "-" "-"
34.38.16.220 - - [13/Mar/2026:21:38:36 +0300] "GET /robots.txt HTTP/1.1" 301 795 "-" "DnBCrawler-Analytics"
185.177.72.23 - - [13/Mar/2026:21:30:42 +0300] "GET / HTTP/1.1" 301 795 "-" "curl/8.7.1"
82.19.122.129 - - [13/Mar/2026:21:43:04 +0300] "GET / HTTP/1.1" 301 795 "-" "Mozilla/5.0 (Windows NT 10.0; Win64; x64) AppleWebKit/537.36 (KHTML, like Gecko) Chrome/120.0.0.0 Safari/537.36"
82.19.122.129 - - [13/Mar/2026:21:43:45 +0300] "GET /contact HTTP/1.1" 301 795 "-" "Mozilla/5.0 (Windows NT 10.0; Win64; x64) AppleWebKit/537.36 (KHTML, like Gecko) Chrome/120.0.0.0 Safari/537.36"
34.38.16.220 - - [13/Mar/2026:21:38:37 +0300] "GET / HTTP/1.1" 301 795 "-" "DnBCrawler-Analytics"
35.162.140.124 - - [13/Mar/2026:21:46:56 +0300] "GET /?rnd=1773427609765 HTTP/1.1" 301 795 "-" "GoDaddy-UptimeMonitoring"
35.162.140.124 - - [13/Mar/2026:21:47:01 +0300] "GET /?rnd=1773427614817 HTTP/1.1" 301 795 "-" "GoDaddy-UptimeMonitoring"
82.19.122.129 - - [13/Mar/2026:21:44:41 +0300] "GET /contact-us HTTP/1.1" 301 795 "-" "Mozilla/5.0 (Windows NT 10.0; Win64; x64) AppleWebKit/537.36 (KHTML, like Gecko) Chrome/120.0.0.0 Safari/537.36"
136.109.20.33 - - [13/Mar/2026:22:02:22 +0300] "HEAD /wordpress/ HTTP/1.1" 301 0 "-" "Mozilla/5.0 (Linux; Android 13; Nokia G42 5G) AppleWebKit/537.36 (KHTML, like Gecko) Chrome/126.0.6478.41 Mobile Safari/537.36"
149.88.72.156 - - [13/Mar/2026:22:04:30 +0300] "GET /wp-json/wp/v2/posts HTTP/1.1" 301 795 "-" "Mozilla/5.0 (Windows NT 10.0; Win64; x64) AppleWebKit/537.36 (KHTML, like Gecko) Chrome/120.0.0.0 Safari/537.36"
35.95.31.161 - - [13/Mar/2026:22:17:26 +0300] "GET /?rnd=1773429440099 HTTP/1.1" 301 795 "-" "GoDaddy-UptimeMonitoring"
35.162.140.124 - - [13/Mar/2026:22:18:26 +0300] "GET /?rnd=1773429500304 HTTP/1.1" 301 795 "-" "GoDaddy-UptimeMonitoring"
35.162.140.124 - - [13/Mar/2026:22:16:56 +0300] "GET /?rnd=1773429410036 HTTP/1.1" 301 795 "-" "GoDaddy-UptimeMonitoring"
3.218.31.131 - - [13/Mar/2026:22:17:56 +0300] "GET /?rnd=1773429470263 HTTP/1.1" 301 795 "-" "GoDaddy-UptimeMonitoring"
44.234.87.26 - - [13/Mar/2026:22:18:56 +0300] "GET /?rnd=1773429530361 HTTP/1.1" 301 795 "-" "GoDaddy-UptimeMonitoring"
54.162.61.185 - - [13/Mar/2026:22:19:26 +0300] "GET /?rnd=1773429560609 HTTP/1.1" 301 795 "-" "GoDaddy-UptimeMonitoring"
5.255.231.65 - - [13/Mar/2026:22:31:29 +0300] "GET / HTTP/1.1" 301 795 "-" "Mozilla/5.0 (compatible; YandexRenderResourcesBot/1.0; +http://yandex.com/bots) AppleWebKit/537.36 (KHTML, like Gecko) Chrome/108.0.0.0"
95.108.213.169 - - [13/Mar/2026:22:31:28 +0300] "GET /robots.txt HTTP/1.1" 301 795 "-" "Mozilla/5.0 (compatible; YandexBot/3.0; +http://yandex.com/bots)"
23.132.132.4 - - [13/Mar/2026:22:36:50 +0300] "HEAD / HTTP/1.1" 301 0 "-" "Mozilla/5.0 (Macintosh; Intel Mac OS X 10_15_7) AppleWebKit/605.1.15 (KHTML, like Gecko) Version/18.6 Mobile/15E148 Safari/604.1"
35.162.140.124 - - [13/Mar/2026:22:48:25 +0300] "GET /?rnd=1773431299543 HTTP/1.1" 301 795 "-" "GoDaddy-UptimeMonitoring"
184.32.183.144 - - [13/Mar/2026:22:48:55 +0300] "GET /?rnd=1773431329623 HTTP/1.1" 301 795 "-" "GoDaddy-UptimeMonitoring"
80.76.49.179 - - [13/Mar/2026:22:43:23 +0300] "GET //.env HTTP/1.1" 301 795 "-" "Go-http-client/1.1"
35.94.243.82 - - [13/Mar/2026:22:47:25 +0300] "GET /?rnd=1773431239334 HTTP/1.1" 301 795 "-" "GoDaddy-UptimeMonitoring"
3.218.31.131 - - [13/Mar/2026:22:47:55 +0300] "GET /?rnd=1773431269502 HTTP/1.1" 301 795 "-" "GoDaddy-UptimeMonitoring"
54.162.61.185 - - [13/Mar/2026:22:49:26 +0300] "GET /?rnd=1773431359799 HTTP/1.1" 301 795 "-" "GoDaddy-UptimeMonitoring"
35.162.140.124 - - [13/Mar/2026:22:46:55 +0300] "GET /?rnd=1773431209281 HTTP/1.1" 301 795 "-" "GoDaddy-UptimeMonitoring"
45.148.10.238 - - [13/Mar/2026:23:08:51 +0300] "GET /wp-config HTTP/1.1" 301 795 "-" "Mozilla/5.0 (Windows NT 6.3; Win64; x64) AppleWebKit/537.36 (KHTML, like Gecko) Chrome/72.0.3626.109 Safari/537.36"
45.148.10.238 - - [13/Mar/2026:23:08:51 +0300] "GET /.env HTTP/1.1" 301 795 "-" "Mozilla/5.0 (X11; Linux x86_64) AppleWebKit/537.36 (KHTML, like Gecko) Chrome/64.0.3269.3 Safari/537.36"
45.148.10.238 - - [13/Mar/2026:23:08:51 +0300] "GET /.env.prod HTTP/1.1" 301 795 "-" "Mozilla/5.0 (Windows; U; Windows NT 5.1; en-US) AppleWebKit/531.21.8 (KHTML, like Gecko) Version/4.0.4 Safari/531.21.10"
45.148.10.238 - - [13/Mar/2026:23:08:51 +0300] "GET /.aws/credentials HTTP/1.1" 301 795 "-" "SonyEricssonT68/R201A"
45.148.10.238 - - [13/Mar/2026:23:08:51 +0300] "GET /config.env HTTP/1.1" 301 795 "-" "Mozilla/5.0 (Linux; Android 7.0; SM-A510F) AppleWebKit/537.36 (KHTML, like Gecko) Chrome/75.0.3770.101 Mobile Safari/537.36"
45.148.10.238 - - [13/Mar/2026:23:08:51 +0300] "GET /awstats/.env HTTP/1.1" 301 795 "-" "Mozilla/5.0 (Macintosh; Intel Mac OS X 10_14_2) AppleWebKit/537.36 (KHTML, like Gecko) Chrome/76.0.3809.84 Safari/537.36"
45.148.10.238 - - [13/Mar/2026:23:08:51 +0300] "GET /.env.production HTTP/1.1" 301 795 "-" "Opera/9.80 (Macintosh; Intel Mac OS X 10.6.8; U; fr) Presto/2.9.168 Version/11.52"
45.148.10.238 - - [13/Mar/2026:23:08:51 +0300] "GET /crm/.env HTTP/1.1" 301 795 "-" "Mozilla/5.0 (X11; Linux x86_64) AppleWebKit/537.36 (KHTML, like Gecko) Chrome/43.0.2357.93 Safari/537.36"
45.148.10.238 - - [13/Mar/2026:23:08:51 +0300] "GET /.env.bak HTTP/1.1" 301 795 "-" "Mozilla/5.0 (Linux; Android 6.0.1; Lenovo P1a42) AppleWebKit/537.36 (KHTML, like Gecko) Chrome/76.0.3809.111 Mobile Safari/537.36"
45.148.10.238 - - [13/Mar/2026:23:08:51 +0300] "GET /aws.env HTTP/1.1" 301 795 "-" "Opera/9.30 (Nintendo Wii; U; ; 2047-7; en)"
35.162.140.124 - - [13/Mar/2026:23:18:26 +0300] "GET /?rnd=1773433100259 HTTP/1.1" 301 795 "-" "GoDaddy-UptimeMonitoring"
3.218.31.131 - - [13/Mar/2026:23:17:56 +0300] "GET /?rnd=1773433070209 HTTP/1.1" 301 795 "-" "GoDaddy-UptimeMonitoring"
34.219.80.77 - - [13/Mar/2026:23:18:56 +0300] "GET /?rnd=1773433130326 HTTP/1.1" 301 795 "-" "GoDaddy-UptimeMonitoring"
35.162.140.124 - - [13/Mar/2026:23:16:56 +0300] "GET /?rnd=1773433010005 HTTP/1.1" 301 795 "-" "GoDaddy-UptimeMonitoring"
35.94.82.212 - - [13/Mar/2026:23:17:26 +0300] "GET /?rnd=1773433040038 HTTP/1.1" 301 795 "-" "GoDaddy-UptimeMonitoring"
54.162.61.185 - - [13/Mar/2026:23:19:26 +0300] "GET /?rnd=1773433160510 HTTP/1.1" 301 795 "-" "GoDaddy-UptimeMonitoring"
102.212.247.146 - - [13/Mar/2026:23:37:01 +0300] "GET /.well-known/acme-challenge/F_414JI-E3K11V81XOC2RZLQPAVHAS_A HTTP/1.1" 200 64 "-" "Cpanel-HTTP-Client/1.0"
102.212.247.146 - - [13/Mar/2026:23:37:01 +0300] "GET /.well-known/acme-challenge/L_IW04M-YCLKAZ83OCUEC6_6Q0FD3KAP HTTP/1.1" 200 64 "-" "Cpanel-HTTP-Client/1.0"
102.212.247.146 - - [13/Mar/2026:23:37:01 +0300] "GET /.well-known/acme-challenge/O9640FEGHXAR_VL2U2JKWG3BTHFIL1IU HTTP/1.1" 200 64 "-" "Cpanel-HTTP-Client/1.0"
102.212.247.146 - - [13/Mar/2026:23:37:01 +0300] "GET /.well-known/acme-challenge/1PKIEUBY1G5N83MGM375TPNNU7XGEXX5 HTTP/1.1" 200 64 "-" "Cpanel-HTTP-Client/1.0"
35.162.140.124 - - [13/Mar/2026:23:46:56 +0300] "GET /?rnd=1773434809888 HTTP/1.1" 301 795 "-" "GoDaddy-UptimeMonitoring"
54.162.61.185 - - [13/Mar/2026:23:47:56 +0300] "GET /?rnd=1773434870176 HTTP/1.1" 301 795 "-" "GoDaddy-UptimeMonitoring"
35.162.140.124 - - [13/Mar/2026:23:48:26 +0300] "GET /?rnd=1773434900237 HTTP/1.1" 301 795 "-" "GoDaddy-UptimeMonitoring"
34.213.189.118 - - [13/Mar/2026:23:47:26 +0300] "GET /?rnd=1773434839940 HTTP/1.1" 301 795 "-" "GoDaddy-UptimeMonitoring"
54.162.61.185 - - [13/Mar/2026:23:48:59 +0300] "GET /?rnd=1773434933015 HTTP/1.1" 301 795 "-" "GoDaddy-UptimeMonitoring"
192.36.109.98 - - [13/Mar/2026:23:49:28 +0300] "GET / HTTP/1.1" 301 795 "-" "Mozilla/5.0 (Windows NT 10.0; Win64; x64) AppleWebKit/537.36 (KHTML, like Gecko) Chrome/122.0.0.0 Safari/537.36 Agency/93.8.2357.5"
54.218.124.74 - - [13/Mar/2026:23:48:56 +0300] "GET /?rnd=1773434930295 HTTP/1.1" 301 795 "-" "GoDaddy-UptimeMonitoring"
106.227.49.113 - - [14/Mar/2026:00:08:23 +0300] "GET / HTTP/1.1" 301 795 "-" "Mozilla/5.0 (iPhone; CPU iPhone OS 13_2_3 like Mac OS X) AppleWebKit/605.1.15 (KHTML, like Gecko) Version/13.0.3 Mobile/15E148 Safari/604.1"
35.162.140.124 - - [14/Mar/2026:00:16:56 +0300] "GET /?rnd=1773436610069 HTTP/1.1" 301 795 "-" "GoDaddy-UptimeMonitoring"
185.137.164.12 - - [14/Mar/2026:00:17:06 +0300] "GET /.git/HEAD HTTP/1.1" 403 787 "-" "Python-urllib/3.10"
24.199.120.99 - - [14/Mar/2026:00:08:13 +0300] "GET / HTTP/1.1" 301 795 "-" "Mozilla/5.0 (Windows NT 10.0; Win64; x64) AppleWebKit/537.36 (KHTML, like Gecko) Chrome/80.0.3987.149 Safari/537.36"
86.54.25.175 - - [14/Mar/2026:00:11:03 +0300] "GET / HTTP/1.1" 301 795 "-" "Mozilla/5.0 (compatible; URLChecker/3.4)"
44.247.146.28 - - [14/Mar/2026:00:17:26 +0300] "GET /?rnd=1773436640096 HTTP/1.1" 301 795 "-" "GoDaddy-UptimeMonitoring"
35.162.140.124 - - [14/Mar/2026:00:18:26 +0300] "GET /?rnd=1773436700317 HTTP/1.1" 301 795 "-" "GoDaddy-UptimeMonitoring"
3.218.31.131 - - [14/Mar/2026:00:17:56 +0300] "GET /?rnd=1773436670275 HTTP/1.1" 301 795 "-" "GoDaddy-UptimeMonitoring"
54.162.61.185 - - [14/Mar/2026:00:19:26 +0300] "GET /?rnd=1773436760563 HTTP/1.1" 301 795 "-" "GoDaddy-UptimeMonitoring"
18.236.226.129 - - [14/Mar/2026:00:18:56 +0300] "GET /?rnd=1773436730385 HTTP/1.1" 301 795 "-" "GoDaddy-UptimeMonitoring"
203.159.90.180 - - [14/Mar/2026:00:32:09 +0300] "GET /wp-includes/blocks/post-template/txets.php HTTP/1.1" 301 795 "-" "Mozilla/5.0 (Windows NT 10.0; Win64; x64) AppleWebKit/537.36 (KHTML, like Gecko) Chrome/91.0.4472.124 Safari/537.36"
203.159.90.180 - - [14/Mar/2026:00:32:09 +0300] "GET /wp-includes/widgets/txets.php HTTP/1.1" 301 795 "-" "Mozilla/5.0 (Windows NT 10.0; Win64; x64) AppleWebKit/537.36 (KHTML, like Gecko) Chrome/91.0.4472.124 Safari/537.36"
203.159.90.180 - - [14/Mar/2026:00:32:10 +0300] "GET /wp-admin/txets.php HTTP/1.1" 301 795 "-" "Mozilla/5.0 (Windows NT 10.0; Win64; x64) AppleWebKit/537.36 (KHTML, like Gecko) Chrome/91.0.4472.124 Safari/537.36"
203.159.90.180 - - [14/Mar/2026:00:32:08 +0300] "GET /txets.php HTTP/1.1" 301 795 "-" "Mozilla/5.0 (Windows NT 10.0; Win64; x64) AppleWebKit/537.36 (KHTML, like Gecko) Chrome/91.0.4472.124 Safari/537.36"
203.159.90.180 - - [14/Mar/2026:00:32:08 +0300] "GET /wp-content/txets.php HTTP/1.1" 301 795 "-" "Mozilla/5.0 (Windows NT 10.0; Win64; x64) AppleWebKit/537.36 (KHTML, like Gecko) Chrome/91.0.4472.124 Safari/537.36"
203.159.90.180 - - [14/Mar/2026:00:32:09 +0300] "GET /wp-includes/rest-api/txets.php HTTP/1.1" 301 795 "-" "Mozilla/5.0 (Windows NT 10.0; Win64; x64) AppleWebKit/537.36 (KHTML, like Gecko) Chrome/91.0.4472.124 Safari/537.36"
203.159.90.180 - - [14/Mar/2026:00:32:10 +0300] "GET /wp-includes/txets.php HTTP/1.1" 301 795 "-" "Mozilla/5.0 (Windows NT 10.0; Win64; x64) AppleWebKit/537.36 (KHTML, like Gecko) Chrome/91.0.4472.124 Safari/537.36"
185.177.72.38 - - [14/Mar/2026:00:28:06 +0300] "GET / HTTP/1.1" 301 795 "-" "curl/8.7.1"
203.159.90.180 - - [14/Mar/2026:00:32:10 +0300] "GET /postnews.php HTTP/1.1" 301 795 "-" "Mozilla/5.0 (Windows NT 10.0; Win64; x64) AppleWebKit/537.36 (KHTML, like Gecko) Chrome/91.0.4472.124 Safari/537.36"
203.159.90.180 - - [14/Mar/2026:00:32:10 +0300] "GET /schallfuns.php HTTP/1.1" 301 795 "-" "Mozilla/5.0 (Windows NT 10.0; Win64; x64) AppleWebKit/537.36 (KHTML, like Gecko) Chrome/91.0.4472.124 Safari/537.36"
44.255.182.31 - - [14/Mar/2026:00:48:56 +0300] "GET /?rnd=1773438529733 HTTP/1.1" 301 795 "-" "GoDaddy-UptimeMonitoring"
54.184.226.94 - - [14/Mar/2026:00:48:26 +0300] "GET /?rnd=1773438499651 HTTP/1.1" 301 795 "-" "GoDaddy-UptimeMonitoring"
184.33.201.43 - - [14/Mar/2026:00:47:25 +0300] "GET /?rnd=1773438439456 HTTP/1.1" 301 795 "-" "GoDaddy-UptimeMonitoring"
54.162.61.185 - - [14/Mar/2026:00:49:26 +0300] "GET /?rnd=1773438559977 HTTP/1.1" 301 795 "-" "GoDaddy-UptimeMonitoring"
54.162.61.185 - - [14/Mar/2026:00:47:55 +0300] "GET /?rnd=1773438469618 HTTP/1.1" 301 795 "-" "GoDaddy-UptimeMonitoring"
23.132.132.4 - - [14/Mar/2026:00:40:11 +0300] "HEAD / HTTP/1.1" 301 0 "-" "Mozilla/5.0 (X11; Linux i686; rv:1.9.5.20) Gecko/ Firefox/3.6.4"
54.184.226.94 - - [14/Mar/2026:00:46:55 +0300] "GET /?rnd=1773438409383 HTTP/1.1" 301 795 "-" "GoDaddy-UptimeMonitoring"
81.200.8.55 - - [14/Mar/2026:00:55:08 +0300] "GET / HTTP/1.1" 301 795 "-" "Mozilla/5.0 (X11; Linux i686; rv:48.0) Gecko/20100101 Firefox/48.0"
81.200.8.55 - - [14/Mar/2026:00:55:22 +0300] "GET / HTTP/1.1" 301 795 "-" "Mozilla/5.0 (Windows NT 6.1; Trident/7.0; rv:11.0) like Gecko"
16.147.248.1 - - [14/Mar/2026:01:14:54 +0300] "GET / HTTP/1.1" 301 795 "-" "Mozilla/5.0 (Windows NT 10.0; Win64; x64) AppleWebKit/537.36 (KHTML, like Gecko) Chrome/113.0.0.0 Safari/537.36"
3.218.31.131 - - [14/Mar/2026:01:17:56 +0300] "GET /?rnd=1773440270089 HTTP/1.1" 301 795 "-" "GoDaddy-UptimeMonitoring"
54.184.226.94 - - [14/Mar/2026:01:17:57 +0300] "GET /?rnd=1773440270776 HTTP/1.1" 301 795 "-" "GoDaddy-UptimeMonitoring"
16.147.248.1 - - [14/Mar/2026:01:15:52 +0300] "GET / HTTP/1.1" 301 795 "-" "Mozilla/5.0 (Windows NT 10.0; Win64; x64) AppleWebKit/537.36 (KHTML, like Gecko) Chrome/113.0.0.0 Safari/537.36"
34.222.174.50 - - [14/Mar/2026:01:15:53 +0300] "GET / HTTP/1.1" 301 795 "-" "Mozilla/5.0 (X11; Linux x86_64) AppleWebKit/537.36 (KHTML, like Gecko) Ubuntu Chromium/113.0.5669.208 Chrome/113.0.5669.208 Safari/537.36"
54.184.226.94 - - [14/Mar/2026:01:16:56 +0300] "GET /?rnd=1773440209790 HTTP/1.1" 301 795 "-" "GoDaddy-UptimeMonitoring"
35.90.198.238 - - [14/Mar/2026:01:15:20 +0300] "GET / HTTP/1.1" 301 795 "-" "Mozilla/5.0 (X11; Linux x86_64) AppleWebKit/537.36 (KHTML, like Gecko) Ubuntu Chromium/113.0.5669.208 Chrome/113.0.5669.208 Safari/537.36"
54.189.121.101 - - [14/Mar/2026:01:17:26 +0300] "GET /?rnd=1773440239854 HTTP/1.1" 301 795 "-" "GoDaddy-UptimeMonitoring"
54.162.61.185 - - [14/Mar/2026:01:17:59 +0300] "GET /?rnd=1773440273138 HTTP/1.1" 301 795 "-" "GoDaddy-UptimeMonitoring"
54.202.62.81 - - [14/Mar/2026:01:17:58 +0300] "GET /?rnd=1773440271963 HTTP/1.1" 301 795 "-" "GoDaddy-UptimeMonitoring"
185.137.164.17 - - [14/Mar/2026:01:31:25 +0300] "GET /.git/HEAD HTTP/1.1" 403 787 "-" "Python-urllib/3.10"
185.137.164.16 - - [14/Mar/2026:01:31:25 +0300] "GET /.git/HEAD HTTP/1.1" 403 787 "-" "Python-urllib/3.10"
54.162.61.185 - - [14/Mar/2026:01:49:26 +0300] "GET /?rnd=1773442160608 HTTP/1.1" 301 795 "-" "GoDaddy-UptimeMonitoring"
35.162.140.124 - - [14/Mar/2026:01:46:56 +0300] "GET /?rnd=1773442010100 HTTP/1.1" 301 795 "-" "GoDaddy-UptimeMonitoring"
35.162.140.124 - - [14/Mar/2026:01:48:26 +0300] "GET /?rnd=1773442100362 HTTP/1.1" 301 795 "-" "GoDaddy-UptimeMonitoring"
100.23.213.189 - - [14/Mar/2026:01:48:56 +0300] "GET /?rnd=1773442130423 HTTP/1.1" 301 795 "-" "GoDaddy-UptimeMonitoring"
54.162.61.185 - - [14/Mar/2026:01:47:56 +0300] "GET /?rnd=1773442070323 HTTP/1.1" 301 795 "-" "GoDaddy-UptimeMonitoring"
44.229.11.99 - - [14/Mar/2026:01:47:26 +0300] "GET /?rnd=1773442040132 HTTP/1.1" 301 795 "-" "GoDaddy-UptimeMonitoring"
35.230.185.60 - - [14/Mar/2026:02:12:37 +0300] "HEAD /wordpress/ HTTP/1.1" 301 0 "-" "Mozilla/5.0 (Windows NT 11.0; Win64; x64) AppleWebKit/537.36 (KHTML, like Gecko) Edg/128.0.2790.25 Chrome/128.0.6540.22 Safari/537.36"
35.230.185.60 - - [14/Mar/2026:02:12:39 +0300] "HEAD /old/ HTTP/1.1" 301 0 "-" "Mozilla/5.0 (Linux; Android 14; SM-A146P) AppleWebKit/537.36 (KHTML, like Gecko) SamsungBrowser/25.0 Chrome/123.0.6312.120 Mobile Safari/537.36"
35.230.185.60 - - [14/Mar/2026:02:12:40 +0300] "HEAD /backup/ HTTP/1.1" 301 0 "-" "Mozilla/5.0 (Windows NT 10.0; Win64; x64) AppleWebKit/537.36 (KHTML, like Gecko) Chrome/126.0.6478.70 Safari/537.36 Vivaldi/6.7.3200.25"
51.68.236.87 - - [14/Mar/2026:02:08:59 +0300] "GET /robots.txt HTTP/1.1" 301 795 "-" "Mozilla/5.0 (compatible; MJ12bot/v2.0.5; http://mj12bot.com/)"
51.68.236.87 - - [14/Mar/2026:02:08:59 +0300] "GET / HTTP/1.1" 301 795 "-" "Mozilla/5.0 (compatible; MJ12bot/v2.0.5; http://mj12bot.com/)"
44.242.255.60 - - [14/Mar/2026:02:16:57 +0300] "GET /?rnd=1773443810888 HTTP/1.1" 301 795 "-" "GoDaddy-UptimeMonitoring"
3.218.31.131 - - [14/Mar/2026:02:16:58 +0300] "GET /?rnd=1773443812410 HTTP/1.1" 301 795 "-" "GoDaddy-UptimeMonitoring"
54.184.226.94 - - [14/Mar/2026:02:16:56 +0300] "GET /?rnd=1773443810097 HTTP/1.1" 301 795 "-" "GoDaddy-UptimeMonitoring"
54.184.226.94 - - [14/Mar/2026:02:17:00 +0300] "GET /?rnd=1773443814265 HTTP/1.1" 301 795 "-" "GoDaddy-UptimeMonitoring"
54.149.124.108 - - [14/Mar/2026:02:17:01 +0300] "GET /?rnd=1773443815186 HTTP/1.1" 301 795 "-" "GoDaddy-UptimeMonitoring"
3.218.31.131 - - [14/Mar/2026:02:17:31 +0300] "GET /?rnd=1773443845369 HTTP/1.1" 301 795 "-" "GoDaddy-UptimeMonitoring"
171.6.102.91 - - [14/Mar/2026:02:25:45 +0300] "GET /wp-json/wp/v2/posts HTTP/1.1" 301 795 "-" "Mozilla/5.0 (Windows NT 10.0; Win64; x64) AppleWebKit/537.36 (KHTML, like Gecko) Chrome/120.0.0.0 Safari/537.36"
102.212.247.146 - - [14/Mar/2026:02:36:28 +0300] "GET /.well-known/acme-challenge/DK69W8X66DUTRSIVENUXT-2OGGHP78R8 HTTP/1.1" 200 64 "-" "Cpanel-HTTP-Client/1.0"
102.212.247.146 - - [14/Mar/2026:02:36:28 +0300] "GET /.well-known/acme-challenge/VGWNU-DQAO_9G1G8IHI_GUQN2UZYTOP0 HTTP/1.1" 200 64 "-" "Cpanel-HTTP-Client/1.0"
35.162.140.124 - - [14/Mar/2026:02:46:55 +0300] "GET /?rnd=1773445609359 HTTP/1.1" 301 795 "-" "GoDaddy-UptimeMonitoring"
35.162.140.124 - - [14/Mar/2026:02:48:26 +0300] "GET /?rnd=1773445699607 HTTP/1.1" 301 795 "-" "GoDaddy-UptimeMonitoring"
35.88.191.240 - - [14/Mar/2026:02:47:25 +0300] "GET /?rnd=1773445639410 HTTP/1.1" 301 795 "-" "GoDaddy-UptimeMonitoring"
35.92.127.86 - - [14/Mar/2026:02:48:56 +0300] "GET /?rnd=1773445729709 HTTP/1.1" 301 795 "-" "GoDaddy-UptimeMonitoring"
3.218.31.131 - - [14/Mar/2026:02:49:26 +0300] "GET /?rnd=1773445759880 HTTP/1.1" 301 795 "-" "GoDaddy-UptimeMonitoring"
54.162.61.185 - - [14/Mar/2026:02:47:55 +0300] "GET /?rnd=1773445669572 HTTP/1.1" 301 795 "-" "GoDaddy-UptimeMonitoring"
102.212.247.146 - - [14/Mar/2026:02:36:28 +0300] "GET /.well-known/acme-challenge/1_4GDSJFFI7YZG9-DO4ZOV8Z69MP0I1Y HTTP/1.1" 200 64 "-" "Cpanel-HTTP-Client/1.0"
102.212.247.146 - - [14/Mar/2026:02:36:28 +0300] "GET /.well-known/acme-challenge/JHG_8FU5_QZ9CKSMEV5PSGZ3I410JO3Y HTTP/1.1" 200 64 "-" "Cpanel-HTTP-Client/1.0"
8.229.203.20 - - [14/Mar/2026:02:42:53 +0300] "HEAD /backup/ HTTP/1.1" 301 0 "-" "Mozilla/5.0 (Windows NT 10.0; Win64; x64) AppleWebKit/537.36 (KHTML, like Gecko) Chrome/126.0.6478.70 Safari/537.36 Vivaldi/6.7.3200.25"
8.229.203.20 - - [14/Mar/2026:02:42:53 +0300] "HEAD / HTTP/1.1" 301 0 "-" "Mozilla/5.0 (X11; Linux x86_64; rv:127.0) Gecko/20100101 Firefox/127.0"
8.229.203.20 - - [14/Mar/2026:02:42:55 +0300] "HEAD /wp/ HTTP/1.1" 301 0 "-" "Mozilla/5.0 (Linux; Android 13; Nokia G42 5G) AppleWebKit/537.36 (KHTML, like Gecko) Chrome/126.0.6478.41 Mobile Safari/537.36"
8.229.203.20 - - [14/Mar/2026:02:42:56 +0300] "HEAD /new/ HTTP/1.1" 301 0 "-" "Mozilla/5.0 (Windows NT 10.0; Win64; x64) AppleWebKit/537.36 (KHTML, like Gecko) Chrome/126.0.6478.70 Safari/537.36 Vivaldi/6.7.3200.25"
8.229.203.20 - - [14/Mar/2026:02:42:57 +0300] "HEAD /blog/ HTTP/1.1" 301 0 "-" "Mozilla/5.0 (Linux; Android 11; RMX2195) AppleWebKit/537.36 (KHTML, like Gecko) Chrome/120.0.6099.210 Mobile Safari/537.36 OPR/75.2.3995.72468"
8.229.203.20 - - [14/Mar/2026:02:42:59 +0300] "HEAD /wordpress/ HTTP/1.1" 301 0 "-" "Mozilla/5.0 (Windows NT 11.0; Win64; x64) AppleWebKit/537.36 (KHTML, like Gecko) Edg/128.0.2790.25 Chrome/128.0.6540.22 Safari/537.36"
8.229.203.20 - - [14/Mar/2026:02:43:07 +0300] "HEAD /old/ HTTP/1.1" 301 0 "-" "Mozilla/5.0 (Windows NT 10.0; Win64; x64) AppleWebKit/537.36 (KHTML, like Gecko) Chrome/126.0.6478.70 Safari/537.36 Vivaldi/6.7.3200.25"
4.205.16.4 - - [14/Mar/2026:02:54:54 +0300] "GET /wp-content/plugins/hellopress/wp_filemanager.php HTTP/1.1" 301 795 "-" "-"
54.185.253.57 - - [14/Mar/2026:03:17:02 +0300] "GET /?rnd=1773447416591 HTTP/1.1" 301 795 "-" "GoDaddy-UptimeMonitoring"
54.184.226.94 - - [14/Mar/2026:03:17:00 +0300] "GET /?rnd=1773447414240 HTTP/1.1" 301 795 "-" "GoDaddy-UptimeMonitoring"
3.218.31.131 - - [14/Mar/2026:03:17:04 +0300] "GET /?rnd=1773447417917 HTTP/1.1" 301 795 "-" "GoDaddy-UptimeMonitoring"
54.184.226.94 - - [14/Mar/2026:03:16:56 +0300] "GET /?rnd=1773447409957 HTTP/1.1" 301 795 "-" "GoDaddy-UptimeMonitoring"
18.237.165.155 - - [14/Mar/2026:03:16:57 +0300] "GET /?rnd=1773447411269 HTTP/1.1" 301 795 "-" "GoDaddy-UptimeMonitoring"
54.162.61.185 - - [14/Mar/2026:03:16:58 +0300] "GET /?rnd=1773447412593 HTTP/1.1" 301 795 "-" "GoDaddy-UptimeMonitoring"
38.107.87.109 - - [14/Mar/2026:03:30:38 +0300] "GET / HTTP/1.1" 301 795 "-" "Mozilla/5.0 (Macintosh; Intel Mac OS X 10_14_2) AppleWebKit/605.1.15 (KHTML, like Gecko) Version/12.0.2 Safari/605.1.15"
66.250.217.7 - - [14/Mar/2026:03:30:59 +0300] "HEAD / HTTP/1.1" 301 0 "-" "python-requests/2.18.4"
184.33.142.85 - - [14/Mar/2026:03:47:26 +0300] "GET /?rnd=1773449240002 HTTP/1.1" 301 795 "-" "GoDaddy-UptimeMonitoring"
35.162.140.124 - - [14/Mar/2026:03:48:26 +0300] "GET /?rnd=1773449300203 HTTP/1.1" 301 795 "-" "GoDaddy-UptimeMonitoring"
35.162.140.124 - - [14/Mar/2026:03:46:56 +0300] "GET /?rnd=1773449209952 HTTP/1.1" 301 795 "-" "GoDaddy-UptimeMonitoring"
66.250.217.7 - - [14/Mar/2026:03:53:11 +0300] "HEAD / HTTP/1.1" 301 0 "-" "python-requests/2.18.4"
54.162.61.185 - - [14/Mar/2026:03:48:58 +0300] "GET /?rnd=1773449331772 HTTP/1.1" 301 795 "-" "GoDaddy-UptimeMonitoring"
54.162.61.185 - - [14/Mar/2026:03:47:56 +0300] "GET /?rnd=1773449270170 HTTP/1.1" 301 795 "-" "GoDaddy-UptimeMonitoring"
35.88.136.126 - - [14/Mar/2026:03:48:56 +0300] "GET /?rnd=1773449330267 HTTP/1.1" 301 795 "-" "GoDaddy-UptimeMonitoring"
38.107.87.99 - - [14/Mar/2026:03:51:11 +0300] "GET / HTTP/1.1" 301 795 "-" "Mozilla/5.0 (Macintosh; Intel Mac OS X 10_14_2) AppleWebKit/605.1.15 (KHTML, like Gecko) Version/12.0.2 Safari/605.1.15"
4.205.16.4 - - [14/Mar/2026:03:53:09 +0300] "GET /wp-content/plugins/hellopress/wp_filemanager.php HTTP/1.1" 301 795 "-" "-"
144.91.103.84 - - [14/Mar/2026:04:14:09 +0300] "GET /wp-content/plugins/fix/up.php HTTP/1.1" 301 795 "www.google.com" "Mozlila/5.0 (Linux; Android 7.0; SM-G892A Bulid/NRD90M; wv) AppleWebKit/537.36 (KHTML, like Gecko) Version/4.0 Chrome/60.0.3112.107 Moblie Safari/537.36"
144.91.103.84 - - [14/Mar/2026:04:14:02 +0300] "GET /wp-content/plugins/shell/about.php HTTP/1.1" 301 795 "www.google.com" "Mozlila/5.0 (Linux; Android 7.0; SM-G892A Bulid/NRD90M; wv) AppleWebKit/537.36 (KHTML, like Gecko) Version/4.0 Chrome/60.0.3112.107 Moblie Safari/537.36"
3.218.31.131 - - [14/Mar/2026:04:19:02 +0300] "GET /?rnd=1773451135892 HTTP/1.1" 301 795 "-" "GoDaddy-UptimeMonitoring"
3.218.31.131 - - [14/Mar/2026:04:17:56 +0300] "GET /?rnd=1773451069745 HTTP/1.1" 301 795 "-" "GoDaddy-UptimeMonitoring"
35.82.28.118 - - [14/Mar/2026:04:17:26 +0300] "GET /?rnd=1773451039576 HTTP/1.1" 301 795 "-" "GoDaddy-UptimeMonitoring"
146.148.12.228 - - [14/Mar/2026:04:26:15 +0300] "GET / HTTP/1.1" 301 795 "-" "Mozilla/5.0 (Windows NT 10.0; Win64; x64) AppleWebKit/537.36 (KHTML, like Gecko) Chrome/84.0.4147.105 Safari/537.36"
35.162.140.124 - - [14/Mar/2026:04:16:55 +0300] "GET /?rnd=1773451009496 HTTP/1.1" 301 795 "-" "GoDaddy-UptimeMonitoring"
146.148.12.228 - - [14/Mar/2026:04:26:31 +0300] "GET / HTTP/1.1" 301 795 "-" "Mozilla/5.0 (Windows NT 10.0; Win64; x64) AppleWebKit/537.36 (KHTML, like Gecko) Chrome/84.0.4147.105 Safari/537.36"
146.148.12.228 - - [14/Mar/2026:04:25:58 +0300] "GET / HTTP/1.1" 301 795 "-" "Mozilla/5.0 (Windows NT 10.0; Win64; x64) AppleWebKit/537.36 (KHTML, like Gecko) Chrome/84.0.4147.105 Safari/537.36"
35.162.140.124 - - [14/Mar/2026:04:18:26 +0300] "GET /?rnd=1773451099779 HTTP/1.1" 301 795 "-" "GoDaddy-UptimeMonitoring"
54.185.244.86 - - [14/Mar/2026:04:18:56 +0300] "GET /?rnd=1773451129845 HTTP/1.1" 301 795 "-" "GoDaddy-UptimeMonitoring"
146.148.12.228 - - [14/Mar/2026:04:25:33 +0300] "GET / HTTP/1.1" 301 795 "-" "Mozilla/5.0 (Windows NT 10.0; Win64; x64) AppleWebKit/537.36 (KHTML, like Gecko) Chrome/84.0.4147.105 Safari/537.36"
184.32.178.72 - - [14/Mar/2026:04:46:59 +0300] "GET /?rnd=1773452813047 HTTP/1.1" 301 795 "-" "GoDaddy-UptimeMonitoring"
3.218.31.131 - - [14/Mar/2026:04:47:02 +0300] "GET /?rnd=1773452815663 HTTP/1.1" 301 795 "-" "GoDaddy-UptimeMonitoring"
184.32.56.208 - - [14/Mar/2026:04:46:56 +0300] "GET /?rnd=1773452810323 HTTP/1.1" 301 795 "-" "GoDaddy-UptimeMonitoring"
54.162.61.185 - - [14/Mar/2026:04:46:58 +0300] "GET /?rnd=1773452811953 HTTP/1.1" 301 795 "-" "GoDaddy-UptimeMonitoring"
35.162.140.124 - - [14/Mar/2026:04:46:58 +0300] "GET /?rnd=1773452812310 HTTP/1.1" 301 795 "-" "GoDaddy-UptimeMonitoring"
89.41.181.51 - - [14/Mar/2026:04:38:43 +0300] "GET / HTTP/1.1" 301 795 "-" "Mozilla/5.0 (Windows NT 10.0; Win64; x64) AppleWebKit/537.36 (KHTML, like Gecko) Chrome/121.0.0.0 Safari/537.36 Edg/121.0.0.0"
