51.68.234.121 - - [13/Mar/2026:16:46:38 +0300] "GET /item.php?shop/announcements/chingford5842032126.html HTTP/1.1" 404 15489 "-" "Mozilla/5.0 (compatible; MJ12bot/v1.4.8; http://mj12bot.com/)"
51.68.234.121 - - [13/Mar/2026:16:46:41 +0300] "GET /item.php?shop/announcements/cissp15178155774.html HTTP/1.1" 404 15489 "-" "Mozilla/5.0 (compatible; MJ12bot/v1.4.8; http://mj12bot.com/)"
51.68.234.121 - - [13/Mar/2026:16:46:44 +0300] "GET /item.php?shop/announcements/confirm6923549143.html HTTP/1.1" 404 15489 "-" "Mozilla/5.0 (compatible; MJ12bot/v1.4.8; http://mj12bot.com/)"
51.68.234.121 - - [13/Mar/2026:16:46:47 +0300] "GET /item.php?shop/announcements/keepers73010230648.html HTTP/1.1" 404 15489 "-" "Mozilla/5.0 (compatible; MJ12bot/v1.4.8; http://mj12bot.com/)"
51.68.234.121 - - [13/Mar/2026:16:46:50 +0300] "GET /item.php?shop/announcements/overlays41104129453.html HTTP/1.1" 404 15489 "-" "Mozilla/5.0 (compatible; MJ12bot/v1.4.8; http://mj12bot.com/)"
51.68.234.121 - - [13/Mar/2026:16:46:53 +0300] "GET /item.php?shop/announcements/selinux97832205948.html HTTP/1.1" 404 15489 "-" "Mozilla/5.0 (compatible; MJ12bot/v1.4.8; http://mj12bot.com/)"
102.212.247.146 - - [13/Mar/2026:16:43:52 +0300] "POST /wp-cron.php?doing_wp_cron=1773409432.2835059165954589843750 HTTP/1.1" 200 0 "-" "WordPress/6.9.4; https://rafikisprings.co.uk"
142.44.228.45 - - [13/Mar/2026:16:54:12 +0300] "GET /robots.txt HTTP/1.1" 200 97 "-" "Mozilla/5.0 (compatible; AhrefsBot/7.0; +http://ahrefs.com/robot/)"
102.212.247.146 - - [13/Mar/2026:16:41:50 +0300] "POST /wp-cron.php?doing_wp_cron=1773409310.3520619869232177734375 HTTP/1.1" 200 0 "-" "WordPress/6.9.4; https://rafikisprings.co.uk"
102.212.247.146 - - [13/Mar/2026:16:45:49 +0300] "POST /wp-cron.php?doing_wp_cron=1773409549.7660739421844482421875 HTTP/1.1" 200 0 "-" "WordPress/6.9.4; https://rafikisprings.co.uk"
102.212.247.146 - - [13/Mar/2026:16:35:50 +0300] "POST /wp-cron.php?doing_wp_cron=1773408950.9595730304718017578125 HTTP/1.1" 200 0 "-" "WordPress/6.9.4; https://rafikisprings.co.uk"
102.212.247.146 - - [13/Mar/2026:16:36:51 +0300] "POST /wp-cron.php?doing_wp_cron=1773409011.8725419044494628906250 HTTP/1.1" 200 0 "-" "WordPress/6.9.4; https://rafikisprings.co.uk"
102.212.247.146 - - [13/Mar/2026:16:33:49 +0300] "POST /wp-cron.php?doing_wp_cron=1773408829.1801569461822509765625 HTTP/1.1" 200 0 "-" "WordPress/6.9.4; https://rafikisprings.co.uk"
102.212.247.146 - - [13/Mar/2026:16:37:50 +0300] "POST /wp-cron.php?doing_wp_cron=1773409070.3938479423522949218750 HTTP/1.1" 200 0 "-" "WordPress/6.9.4; https://rafikisprings.co.uk"
102.212.247.146 - - [13/Mar/2026:16:44:49 +0300] "POST /wp-cron.php?doing_wp_cron=1773409489.4390079975128173828125 HTTP/1.1" 200 0 "-" "WordPress/6.9.4; https://rafikisprings.co.uk"
102.212.247.146 - - [13/Mar/2026:17:36:39 +0300] "GET /.well-known/acme-challenge/VW46WHMO97R9-MKMRSSZ_QOA4I4OCZZF HTTP/1.1" 200 64 "-" "Cpanel-HTTP-Client/1.0"
102.212.247.146 - - [13/Mar/2026:17:36:39 +0300] "GET /.well-known/acme-challenge/UP80L9P2DU5ROT1JP-D0PW8TCZHG6TX6 HTTP/1.1" 200 64 "-" "Cpanel-HTTP-Client/1.0"
102.212.247.146 - - [13/Mar/2026:17:36:39 +0300] "GET /.well-known/acme-challenge/-1TJMBO9XFZKXZS1KP6TX2HQ417_E44L HTTP/1.1" 200 64 "-" "Cpanel-HTTP-Client/1.0"
102.212.247.146 - - [13/Mar/2026:17:36:39 +0300] "GET /.well-known/acme-challenge/6BW9_9VO5DF8TD5S7JV_5XLL_NB5CYL1 HTTP/1.1" 200 64 "-" "Cpanel-HTTP-Client/1.0"
40.77.167.203 - - [13/Mar/2026:19:05:03 +0300] "GET /robots.txt HTTP/1.1" 200 0 "-" "Mozilla/5.0 AppleWebKit/537.36 (KHTML, like Gecko; compatible; bingbot/2.0; +http://www.bing.com/bingbot.htm) Chrome/116.0.1938.76 Safari/537.36"
113.132.23.24 - - [13/Mar/2026:19:32:57 +0300] "GET /wp-content/plugins/elementor/assets/lib/font-awesome/css/v4-shims.min.css?ver=3.35.7 HTTP/1.1" 200 4189 "http://rafikisprings.co.uk/admin.php" "Mozilla/5.0 (Windows NT 10.0; Win64; x64) AppleWebKit/537.36 (KHTML, like Gecko) Chrome/145.0.0.0 Safari/537.36"
113.132.23.24 - - [13/Mar/2026:19:32:58 +0300] "GET /wp-includes/css/dist/components/style.min.css?ver=6.9.4 HTTP/1.1" 200 14171 "http://rafikisprings.co.uk/admin.php" "Mozilla/5.0 (Windows NT 10.0; Win64; x64) AppleWebKit/537.36 (KHTML, like Gecko) Chrome/145.0.0.0 Safari/537.36"
113.132.23.24 - - [13/Mar/2026:19:32:59 +0300] "GET /wp-content/plugins/coblocks/includes/Dependencies/GoDaddy/Styles/build/latest.css?ver=2.0.2 HTTP/1.1" 200 1466 "http://rafikisprings.co.uk/admin.php" "Mozilla/5.0 (Windows NT 10.0; Win64; x64) AppleWebKit/537.36 (KHTML, like Gecko) Chrome/145.0.0.0 Safari/537.36"
113.132.23.24 - - [13/Mar/2026:19:32:59 +0300] "GET /wp-content/plugins/elementor/assets/lib/eicons/css/elementor-icons.min.css?ver=5.47.0 HTTP/1.1" 200 4382 "http://rafikisprings.co.uk/admin.php" "Mozilla/5.0 (Windows NT 10.0; Win64; x64) AppleWebKit/537.36 (KHTML, like Gecko) Chrome/145.0.0.0 Safari/537.36"
113.132.23.24 - - [13/Mar/2026:19:33:00 +0300] "GET /wp-content/uploads/elementor/css/post-45263.css?ver=1773281143 HTTP/1.1" 200 1422 "http://rafikisprings.co.uk/admin.php" "Mozilla/5.0 (Windows NT 10.0; Win64; x64) AppleWebKit/537.36 (KHTML, like Gecko) Chrome/145.0.0.0 Safari/537.36"
113.132.23.24 - - [13/Mar/2026:19:33:00 +0300] "GET /wp-content/plugins/metform/public/assets/css/text-editor.css?ver=4.1.3 HTTP/1.1" 200 3543 "http://rafikisprings.co.uk/admin.php" "Mozilla/5.0 (Windows NT 10.0; Win64; x64) AppleWebKit/537.36 (KHTML, like Gecko) Chrome/145.0.0.0 Safari/537.36"
113.132.23.24 - - [13/Mar/2026:19:33:01 +0300] "GET /wp-content/plugins/elementor/assets/lib/font-awesome/js/v4-shims.min.js?ver=3.35.7 HTTP/1.1" 200 4169 "http://rafikisprings.co.uk/admin.php" "Mozilla/5.0 (Windows NT 10.0; Win64; x64) AppleWebKit/537.36 (KHTML, like Gecko) Chrome/145.0.0.0 Safari/537.36"
113.132.23.24 - - [13/Mar/2026:19:33:01 +0300] "GET /wp-includes/js/jquery/jquery.min.js?ver=3.7.1 HTTP/1.1" 200 30412 "http://rafikisprings.co.uk/admin.php" "Mozilla/5.0 (Windows NT 10.0; Win64; x64) AppleWebKit/537.36 (KHTML, like Gecko) Chrome/145.0.0.0 Safari/537.36"
113.132.23.24 - - [13/Mar/2026:19:33:03 +0300] "GET /wp-content/plugins/coblocks/dist/js/coblocks-animation.js?ver=3.1.17 HTTP/1.1" 200 242 "http://rafikisprings.co.uk/admin.php" "Mozilla/5.0 (Windows NT 10.0; Win64; x64) AppleWebKit/537.36 (KHTML, like Gecko) Chrome/145.0.0.0 Safari/537.36"
113.132.23.24 - - [13/Mar/2026:19:33:04 +0300] "GET /wp-includes/js/dist/i18n.min.js?ver=c26c3dc7bed366793375 HTTP/1.1" 200 2229 "http://rafikisprings.co.uk/admin.php" "Mozilla/5.0 (Windows NT 10.0; Win64; x64) AppleWebKit/537.36 (KHTML, like Gecko) Chrome/145.0.0.0 Safari/537.36"
113.132.23.24 - - [13/Mar/2026:19:33:04 +0300] "GET /wp-content/plugins/contact-form-7/includes/swv/js/index.js?ver=6.1.5 HTTP/1.1" 200 3523 "http://rafikisprings.co.uk/admin.php" "Mozilla/5.0 (Windows NT 10.0; Win64; x64) AppleWebKit/537.36 (KHTML, like Gecko) Chrome/145.0.0.0 Safari/537.36"
113.132.23.24 - - [13/Mar/2026:19:33:04 +0300] "GET /wp-content/plugins/metform/public/assets/lib/cute-alert/cute-alert.js?ver=4.1.3 HTTP/1.1" 200 1174 "http://rafikisprings.co.uk/admin.php" "Mozilla/5.0 (Windows NT 10.0; Win64; x64) AppleWebKit/537.36 (KHTML, like Gecko) Chrome/145.0.0.0 Safari/537.36"
217.182.194.26 - - [13/Mar/2026:18:37:09 +0300] "GET /robots.txt HTTP/1.0" 200 120 "-" "Mozilla/5.0 (compatible; MJ12bot/v1.4.8; http://mj12bot.com/)"
113.132.23.24 - - [13/Mar/2026:19:32:07 +0300] "GET /admin.php HTTP/1.1" 404 17785 "-" "Mozilla/5.0 (Windows NT 10.0; Win64; x64) AppleWebKit/537.36 (KHTML, like Gecko) Chrome/145.0.0.0 Safari/537.36"
113.132.23.24 - - [13/Mar/2026:19:32:57 +0300] "GET /wp-content/plugins/elementor/assets/lib/font-awesome/css/all.min.css?ver=3.35.7 HTTP/1.1" 200 12839 "http://rafikisprings.co.uk/admin.php" "Mozilla/5.0 (Windows NT 10.0; Win64; x64) AppleWebKit/537.36 (KHTML, like Gecko) Chrome/145.0.0.0 Safari/537.36"
113.132.23.24 - - [13/Mar/2026:19:32:57 +0300] "GET /wp-content/plugins/coblocks/dist/style-coblocks-extensions.css?ver=3.1.17 HTTP/1.1" 200 3496 "http://rafikisprings.co.uk/admin.php" "Mozilla/5.0 (Windows NT 10.0; Win64; x64) AppleWebKit/537.36 (KHTML, like Gecko) Chrome/145.0.0.0 Safari/537.36"
113.132.23.24 - - [13/Mar/2026:19:32:57 +0300] "GET /wp-content/plugins/coblocks/dist/style-coblocks-animation.css?ver=2677611078ee87eb3b1c HTTP/1.1" 200 949 "http://rafikisprings.co.uk/admin.php" "Mozilla/5.0 (Windows NT 10.0; Win64; x64) AppleWebKit/537.36 (KHTML, like Gecko) Chrome/145.0.0.0 Safari/537.36"
113.132.23.24 - - [13/Mar/2026:19:32:58 +0300] "GET /wp-content/plugins/contact-form-7/includes/css/styles.css?ver=6.1.5 HTTP/1.1" 200 1030 "http://rafikisprings.co.uk/admin.php" "Mozilla/5.0 (Windows NT 10.0; Win64; x64) AppleWebKit/537.36 (KHTML, like Gecko) Chrome/145.0.0.0 Safari/537.36"
113.132.23.24 - - [13/Mar/2026:19:32:59 +0300] "GET /wp-content/plugins/elementor/assets/css/frontend.min.css?ver=3.35.7 HTTP/1.1" 200 7269 "http://rafikisprings.co.uk/admin.php" "Mozilla/5.0 (Windows NT 10.0; Win64; x64) AppleWebKit/537.36 (KHTML, like Gecko) Chrome/145.0.0.0 Safari/537.36"
113.132.23.24 - - [13/Mar/2026:19:33:00 +0300] "GET /wp-content/plugins/metform/public/assets/lib/cute-alert/style.css?ver=4.1.3 HTTP/1.1" 200 1221 "http://rafikisprings.co.uk/admin.php" "Mozilla/5.0 (Windows NT 10.0; Win64; x64) AppleWebKit/537.36 (KHTML, like Gecko) Chrome/145.0.0.0 Safari/537.36"
113.132.23.24 - - [13/Mar/2026:19:33:00 +0300] "GET /wp-content/plugins/essential-addons-for-elementor-lite/assets/front-end/css/view/general.min.css?ver=6.5.13 HTTP/1.1" 200 1581 "http://rafikisprings.co.uk/admin.php" "Mozilla/5.0 (Windows NT 10.0; Win64; x64) AppleWebKit/537.36 (KHTML, like Gecko) Chrome/145.0.0.0 Safari/537.36"
113.132.23.24 - - [13/Mar/2026:19:33:01 +0300] "GET /wp-content/plugins/jeg-elementor-kit/lib/jeg-framework/assets/css/jeg-dynamic-styles.css?ver=1.3.0 HTTP/1.1" 200 0 "http://rafikisprings.co.uk/admin.php" "Mozilla/5.0 (Windows NT 10.0; Win64; x64) AppleWebKit/537.36 (KHTML, like Gecko) Chrome/145.0.0.0 Safari/537.36"
113.132.23.24 - - [13/Mar/2026:19:33:01 +0300] "GET /wp-includes/js/jquery/jquery-migrate.min.js?ver=3.4.1 HTTP/1.1" 200 4870 "http://rafikisprings.co.uk/admin.php" "Mozilla/5.0 (Windows NT 10.0; Win64; x64) AppleWebKit/537.36 (KHTML, like Gecko) Chrome/145.0.0.0 Safari/537.36"
113.132.23.24 - - [13/Mar/2026:19:33:03 +0300] "GET /wp-includes/js/dist/hooks.min.js?ver=dd5603f07f9220ed27f1 HTTP/1.1" 200 1939 "http://rafikisprings.co.uk/admin.php" "Mozilla/5.0 (Windows NT 10.0; Win64; x64) AppleWebKit/537.36 (KHTML, like Gecko) Chrome/145.0.0.0 Safari/537.36"
113.132.23.24 - - [13/Mar/2026:19:33:04 +0300] "GET /wp-content/plugins/contact-form-7/includes/js/index.js?ver=6.1.5 HTTP/1.1" 200 4236 "http://rafikisprings.co.uk/admin.php" "Mozilla/5.0 (Windows NT 10.0; Win64; x64) AppleWebKit/537.36 (KHTML, like Gecko) Chrome/145.0.0.0 Safari/537.36"
113.132.23.24 - - [13/Mar/2026:19:33:05 +0300] "GET /wp-includes/js/dist/script-modules/interactivity/index.min.js?ver=66c613f68580994bb00a HTTP/1.1" 200 15018 "http://rafikisprings.co.uk/admin.php" "Mozilla/5.0 (Windows NT 10.0; Win64; x64) AppleWebKit/537.36 (KHTML, like Gecko) Chrome/145.0.0.0 Safari/537.36"
102.212.247.146 - - [13/Mar/2026:19:05:29 +0300] "POST /wp-cron.php?doing_wp_cron=1773417928.7343180179595947265625 HTTP/1.1" 200 0 "-" "WordPress/6.9.4; https://rafikisprings.co.uk"
102.212.247.146 - - [13/Mar/2026:19:08:15 +0300] "POST /wp-cron.php?doing_wp_cron=1773418095.0312190055847167968750 HTTP/1.1" 200 0 "-" "WordPress/6.9.4; https://rafikisprings.co.uk"
40.77.167.203 - - [13/Mar/2026:19:20:18 +0300] "GET /robots.txt HTTP/1.1" 200 0 "-" "Mozilla/5.0 AppleWebKit/537.36 (KHTML, like Gecko; compatible; bingbot/2.0; +http://www.bing.com/bingbot.htm) Chrome/116.0.1938.76 Safari/537.36"
113.132.23.24 - - [13/Mar/2026:19:32:57 +0300] "GET /wp-content/plugins/jeg-elementor-kit/assets/css/elements/main.css?ver=3.0.3 HTTP/1.1" 200 25073 "http://rafikisprings.co.uk/admin.php" "Mozilla/5.0 (Windows NT 10.0; Win64; x64) AppleWebKit/537.36 (KHTML, like Gecko) Chrome/145.0.0.0 Safari/537.36"
113.132.23.24 - - [13/Mar/2026:19:33:06 +0300] "GET /wp-includes/js/dist/script-modules/block-library/navigation/view.min.js?ver=b0f909c3ec791c383210 HTTP/1.1" 200 1160 "http://rafikisprings.co.uk/admin.php" "Mozilla/5.0 (Windows NT 10.0; Win64; x64) AppleWebKit/537.36 (KHTML, like Gecko) Chrome/145.0.0.0 Safari/537.36"
113.132.23.24 - - [13/Mar/2026:19:33:09 +0300] "GET /wp-includes/js/wp-emoji-release.min.js?ver=6.9.4 HTTP/1.1" 200 5385 "http://rafikisprings.co.uk/admin.php" "Mozilla/5.0 (Windows NT 10.0; Win64; x64) AppleWebKit/537.36 (KHTML, like Gecko) Chrome/145.0.0.0 Safari/537.36"
113.132.23.24 - - [13/Mar/2026:19:33:04 +0300] "GET /wp-content/plugins/essential-addons-for-elementor-lite/assets/front-end/js/view/general.min.js?ver=6.5.13 HTTP/1.1" 200 4086 "http://rafikisprings.co.uk/admin.php" "Mozilla/5.0 (Windows NT 10.0; Win64; x64) AppleWebKit/537.36 (KHTML, like Gecko) Chrome/145.0.0.0 Safari/537.36"
102.212.247.146 - - [13/Mar/2026:19:37:58 +0300] "POST /wp-cron.php?doing_wp_cron=1773419878.5733010768890380859375 HTTP/1.1" 200 0 "-" "WordPress/6.9.4; https://rafikisprings.co.uk"
102.212.247.146 - - [13/Mar/2026:19:37:46 +0300] "POST /wp-cron.php?doing_wp_cron=1773419865.1123080253601074218750 HTTP/1.1" 200 0 "-" "WordPress/6.9.4; https://rafikisprings.co.uk"
102.212.247.146 - - [13/Mar/2026:18:37:14 +0300] "POST /wp-cron.php?doing_wp_cron=1773416234.1104600429534912109375 HTTP/1.1" 200 0 "-" "WordPress/6.9.4; https://rafikisprings.co.uk"
52.167.144.147 - - [13/Mar/2026:19:20:39 +0300] "GET / HTTP/1.1" 200 19108 "-" "Mozilla/5.0 AppleWebKit/537.36 (KHTML, like Gecko; compatible; bingbot/2.0; +http://www.bing.com/bingbot.htm) Chrome/116.0.1938.76 Safari/537.36"
40.77.167.203 - - [13/Mar/2026:19:07:45 +0300] "GET /robots.txt HTTP/1.1" 200 0 "-" "Mozilla/5.0 AppleWebKit/537.36 (KHTML, like Gecko; compatible; bingbot/2.0; +http://www.bing.com/bingbot.htm) Chrome/116.0.1938.76 Safari/537.36"
141.98.11.181 - - [13/Mar/2026:19:37:07 +0300] "GET /?author=2 HTTP/1.1" 404 81720 "-" "Mozilla/5.0 (Windows NT 10.0; Win64; x64) AppleWebKit/537.36 (KHTML, like Gecko) Chrome/95.0.4638.69 Safari/537.36"
141.98.11.181 - - [13/Mar/2026:19:37:59 +0300] "GET /wp-json/wp/v2/users/ HTTP/1.1" 200 1738 "-" "Mozilla/5.0 (Windows NT 10.0; Win64; x64) AppleWebKit/537.36 (KHTML, like Gecko) Chrome/95.0.4638.69 Safari/537.36"
141.98.11.181 - - [13/Mar/2026:19:38:29 +0300] "POST /xmlrpc.php HTTP/1.1" 200 401 "-" "Mozilla/5.0 (Windows NT 10.0; Win64; x64) AppleWebKit/537.36 (KHTML, like Gecko) Chrome/95.0.4638.69 Safari/537.36"
141.98.11.181 - - [13/Mar/2026:19:38:58 +0300] "POST /xmlrpc.php HTTP/1.1" 200 401 "-" "Mozilla/5.0 (Windows NT 10.0; Win64; x64) AppleWebKit/537.36 (KHTML, like Gecko) Chrome/95.0.4638.69 Safari/537.36"
141.98.11.181 - - [13/Mar/2026:19:39:33 +0300] "POST /xmlrpc.php HTTP/1.1" 200 403 "-" "Mozilla/5.0 (Windows NT 10.0; Win64; x64) AppleWebKit/537.36 (KHTML, like Gecko) Chrome/95.0.4638.69 Safari/537.36"
141.98.11.181 - - [13/Mar/2026:19:40:09 +0300] "POST /xmlrpc.php HTTP/1.1" 200 401 "-" "Mozilla/5.0 (Windows NT 10.0; Win64; x64) AppleWebKit/537.36 (KHTML, like Gecko) Chrome/95.0.4638.69 Safari/537.36"
141.98.11.181 - - [13/Mar/2026:19:40:35 +0300] "POST /xmlrpc.php HTTP/1.1" 200 401 "-" "Mozilla/5.0 (Windows NT 10.0; Win64; x64) AppleWebKit/537.36 (KHTML, like Gecko) Chrome/95.0.4638.69 Safari/537.36"
141.98.11.181 - - [13/Mar/2026:19:41:01 +0300] "POST /xmlrpc.php HTTP/1.1" 200 401 "-" "Mozilla/5.0 (Windows NT 10.0; Win64; x64) AppleWebKit/537.36 (KHTML, like Gecko) Chrome/95.0.4638.69 Safari/537.36"
141.98.11.181 - - [13/Mar/2026:19:41:34 +0300] "POST /xmlrpc.php HTTP/1.1" 200 401 "-" "Mozilla/5.0 (Windows NT 10.0; Win64; x64) AppleWebKit/537.36 (KHTML, like Gecko) Chrome/95.0.4638.69 Safari/537.36"
141.98.11.181 - - [13/Mar/2026:19:42:04 +0300] "POST /xmlrpc.php HTTP/1.1" 200 401 "-" "Mozilla/5.0 (Windows NT 10.0; Win64; x64) AppleWebKit/537.36 (KHTML, like Gecko) Chrome/95.0.4638.69 Safari/537.36"
141.98.11.181 - - [13/Mar/2026:19:42:35 +0300] "POST /xmlrpc.php HTTP/1.1" 200 401 "-" "Mozilla/5.0 (Windows NT 10.0; Win64; x64) AppleWebKit/537.36 (KHTML, like Gecko) Chrome/95.0.4638.69 Safari/537.36"
141.98.11.181 - - [13/Mar/2026:19:42:53 +0300] "POST /xmlrpc.php HTTP/1.1" 200 401 "-" "Mozilla/5.0 (Windows NT 10.0; Win64; x64) AppleWebKit/537.36 (KHTML, like Gecko) Chrome/95.0.4638.69 Safari/537.36"
141.98.11.181 - - [13/Mar/2026:19:43:12 +0300] "POST /xmlrpc.php HTTP/1.1" 200 401 "-" "Mozilla/5.0 (Windows NT 10.0; Win64; x64) AppleWebKit/537.36 (KHTML, like Gecko) Chrome/95.0.4638.69 Safari/537.36"
141.98.11.181 - - [13/Mar/2026:19:43:30 +0300] "POST /xmlrpc.php HTTP/1.1" 200 401 "-" "Mozilla/5.0 (Windows NT 10.0; Win64; x64) AppleWebKit/537.36 (KHTML, like Gecko) Chrome/95.0.4638.69 Safari/537.36"
113.132.23.24 - - [13/Mar/2026:19:33:08 +0300] "GET /wp-content/themes/twentytwentyfour/assets/fonts/inter/Inter-VariableFont_slnt,wght.woff2 HTTP/1.1" 200 326628 "http://rafikisprings.co.uk/admin.php" "Mozilla/5.0 (Windows NT 10.0; Win64; x64) AppleWebKit/537.36 (KHTML, like Gecko) Chrome/145.0.0.0 Safari/537.36"
34.134.159.217 - - [13/Mar/2026:18:20:13 +0300] "GET / HTTP/1.1" 200 1526 "-" "Mozilla/5.0 (compatible; CMS-Checker/1.0; +https://example.com)"
134.199.226.3 - - [13/Mar/2026:18:32:55 +0300] "GET / HTTP/1.1" 200 0 "-" "Mozilla/5.0 (X11; Linux x86_64; rv:142.0) Gecko/20100101 Firefox/142.0"
217.182.194.26 - - [13/Mar/2026:18:36:26 +0300] "GET /robots.txt HTTP/1.1" 200 120 "-" "Mozilla/5.0 (compatible; MJ12bot/v1.4.8; http://mj12bot.com/)"
102.212.247.146 - - [13/Mar/2026:19:21:03 +0300] "POST /wp-cron.php?doing_wp_cron=1773418861.9337480068206787109375 HTTP/1.1" 200 0 "-" "WordPress/6.9.4; https://rafikisprings.co.uk"
141.98.11.181 - - [13/Mar/2026:19:35:14 +0300] "GET / HTTP/1.1" 200 3338 "-" "Mozilla/5.0 (Windows NT 10.0; Win64; x64) AppleWebKit/537.36 (KHTML, like Gecko) Chrome/95.0.4638.69 Safari/537.36"
141.98.11.181 - - [13/Mar/2026:19:35:20 +0300] "GET /wp-includes/ID3/license.txt HTTP/1.1" 200 1396 "-" "Mozilla/5.0 (Windows NT 10.0; Win64; x64) AppleWebKit/537.36 (KHTML, like Gecko) Chrome/95.0.4638.69 Safari/537.36"
141.98.11.181 - - [13/Mar/2026:19:35:20 +0300] "GET /feed/ HTTP/1.1" 200 3338 "-" "Mozilla/5.0 (Windows NT 10.0; Win64; x64) AppleWebKit/537.36 (KHTML, like Gecko) Chrome/95.0.4638.69 Safari/537.36"
141.98.11.181 - - [13/Mar/2026:19:35:37 +0300] "GET /?author=1 HTTP/1.1" 200 0 "-" "Mozilla/5.0 (Windows NT 10.0; Win64; x64) AppleWebKit/537.36 (KHTML, like Gecko) Chrome/95.0.4638.69 Safari/537.36"
102.212.247.146 - - [13/Mar/2026:19:39:32 +0300] "POST /wp-cron.php?doing_wp_cron=1773419972.6163959503173828125000 HTTP/1.1" 200 0 "-" "WordPress/6.9.4; https://rafikisprings.co.uk"
102.212.247.146 - - [13/Mar/2026:19:41:01 +0300] "POST /wp-cron.php?doing_wp_cron=1773420061.5087881088256835937500 HTTP/1.1" 200 0 "-" "WordPress/6.9.4; https://rafikisprings.co.uk"
141.98.11.181 - - [13/Mar/2026:19:43:56 +0300] "POST /xmlrpc.php HTTP/1.1" 200 401 "-" "Mozilla/5.0 (Windows NT 10.0; Win64; x64) AppleWebKit/537.36 (KHTML, like Gecko) Chrome/95.0.4638.69 Safari/537.36"
141.98.11.181 - - [13/Mar/2026:19:44:17 +0300] "POST /xmlrpc.php HTTP/1.1" 200 401 "-" "Mozilla/5.0 (Windows NT 10.0; Win64; x64) AppleWebKit/537.36 (KHTML, like Gecko) Chrome/95.0.4638.69 Safari/537.36"
141.98.11.181 - - [13/Mar/2026:19:44:36 +0300] "POST /xmlrpc.php HTTP/1.1" 200 403 "-" "Mozilla/5.0 (Windows NT 10.0; Win64; x64) AppleWebKit/537.36 (KHTML, like Gecko) Chrome/95.0.4638.69 Safari/537.36"
141.98.11.181 - - [13/Mar/2026:19:44:58 +0300] "POST /xmlrpc.php HTTP/1.1" 200 401 "-" "Mozilla/5.0 (Windows NT 10.0; Win64; x64) AppleWebKit/537.36 (KHTML, like Gecko) Chrome/95.0.4638.69 Safari/537.36"
141.98.11.181 - - [13/Mar/2026:19:45:19 +0300] "POST /xmlrpc.php HTTP/1.1" 200 401 "-" "Mozilla/5.0 (Windows NT 10.0; Win64; x64) AppleWebKit/537.36 (KHTML, like Gecko) Chrome/95.0.4638.69 Safari/537.36"
141.98.11.181 - - [13/Mar/2026:19:45:31 +0300] "POST /xmlrpc.php HTTP/1.1" 200 401 "-" "Mozilla/5.0 (Windows NT 10.0; Win64; x64) AppleWebKit/537.36 (KHTML, like Gecko) Chrome/95.0.4638.69 Safari/537.36"
141.98.11.181 - - [13/Mar/2026:19:45:43 +0300] "POST /xmlrpc.php HTTP/1.1" 200 401 "-" "Mozilla/5.0 (Windows NT 10.0; Win64; x64) AppleWebKit/537.36 (KHTML, like Gecko) Chrome/95.0.4638.69 Safari/537.36"
141.98.11.181 - - [13/Mar/2026:19:45:53 +0300] "POST /xmlrpc.php HTTP/1.1" 200 401 "-" "Mozilla/5.0 (Windows NT 10.0; Win64; x64) AppleWebKit/537.36 (KHTML, like Gecko) Chrome/95.0.4638.69 Safari/537.36"
141.98.11.181 - - [13/Mar/2026:19:46:09 +0300] "POST /xmlrpc.php HTTP/1.1" 200 401 "-" "Mozilla/5.0 (Windows NT 10.0; Win64; x64) AppleWebKit/537.36 (KHTML, like Gecko) Chrome/95.0.4638.69 Safari/537.36"
141.98.11.181 - - [13/Mar/2026:19:46:20 +0300] "POST /xmlrpc.php HTTP/1.1" 200 401 "-" "Mozilla/5.0 (Windows NT 10.0; Win64; x64) AppleWebKit/537.36 (KHTML, like Gecko) Chrome/95.0.4638.69 Safari/537.36"
141.98.11.181 - - [13/Mar/2026:19:46:28 +0300] "POST /xmlrpc.php HTTP/1.1" 200 401 "-" "Mozilla/5.0 (Windows NT 10.0; Win64; x64) AppleWebKit/537.36 (KHTML, like Gecko) Chrome/95.0.4638.69 Safari/537.36"
141.98.11.181 - - [13/Mar/2026:19:46:37 +0300] "POST /xmlrpc.php HTTP/1.1" 200 401 "-" "Mozilla/5.0 (Windows NT 10.0; Win64; x64) AppleWebKit/537.36 (KHTML, like Gecko) Chrome/95.0.4638.69 Safari/537.36"
141.98.11.181 - - [13/Mar/2026:19:46:48 +0300] "POST /xmlrpc.php HTTP/1.1" 200 401 "-" "Mozilla/5.0 (Windows NT 10.0; Win64; x64) AppleWebKit/537.36 (KHTML, like Gecko) Chrome/95.0.4638.69 Safari/537.36"
141.98.11.181 - - [13/Mar/2026:19:46:59 +0300] "POST /xmlrpc.php HTTP/1.1" 200 401 "-" "Mozilla/5.0 (Windows NT 10.0; Win64; x64) AppleWebKit/537.36 (KHTML, like Gecko) Chrome/95.0.4638.69 Safari/537.36"
141.98.11.181 - - [13/Mar/2026:19:47:10 +0300] "POST /xmlrpc.php HTTP/1.1" 200 401 "-" "Mozilla/5.0 (Windows NT 10.0; Win64; x64) AppleWebKit/537.36 (KHTML, like Gecko) Chrome/95.0.4638.69 Safari/537.36"
141.98.11.181 - - [13/Mar/2026:19:47:20 +0300] "POST /xmlrpc.php HTTP/1.1" 200 401 "-" "Mozilla/5.0 (Windows NT 10.0; Win64; x64) AppleWebKit/537.36 (KHTML, like Gecko) Chrome/95.0.4638.69 Safari/537.36"
141.98.11.181 - - [13/Mar/2026:19:47:30 +0300] "POST /xmlrpc.php HTTP/1.1" 200 401 "-" "Mozilla/5.0 (Windows NT 10.0; Win64; x64) AppleWebKit/537.36 (KHTML, like Gecko) Chrome/95.0.4638.69 Safari/537.36"
141.98.11.181 - - [13/Mar/2026:19:47:40 +0300] "POST /xmlrpc.php HTTP/1.1" 200 401 "-" "Mozilla/5.0 (Windows NT 10.0; Win64; x64) AppleWebKit/537.36 (KHTML, like Gecko) Chrome/95.0.4638.69 Safari/537.36"
141.98.11.181 - - [13/Mar/2026:19:47:51 +0300] "POST /xmlrpc.php HTTP/1.1" 200 401 "-" "Mozilla/5.0 (Windows NT 10.0; Win64; x64) AppleWebKit/537.36 (KHTML, like Gecko) Chrome/95.0.4638.69 Safari/537.36"
102.212.247.146 - - [13/Mar/2026:19:42:35 +0300] "POST /wp-cron.php?doing_wp_cron=1773420155.3248960971832275390625 HTTP/1.1" 200 0 "-" "WordPress/6.9.4; https://rafikisprings.co.uk"
102.212.247.146 - - [13/Mar/2026:19:45:53 +0300] "POST /wp-cron.php?doing_wp_cron=1773420353.3350479602813720703125 HTTP/1.1" 200 0 "-" "WordPress/6.9.4; https://rafikisprings.co.uk"
20.120.117.132 - - [13/Mar/2026:19:59:01 +0300] "GET / HTTP/1.1" 301 0 "-" "Mozilla/5.0 (Windows NT 10.0; Win64; x64) AppleWebKit/537.36 (KHTML, like Gecko) Chrome/80.0.3987.149 Safari/537.36"
141.98.11.181 - - [13/Mar/2026:19:48:04 +0300] "POST /xmlrpc.php HTTP/1.1" 200 401 "-" "Mozilla/5.0 (Windows NT 10.0; Win64; x64) AppleWebKit/537.36 (KHTML, like Gecko) Chrome/95.0.4638.69 Safari/537.36"
141.98.11.181 - - [13/Mar/2026:19:48:13 +0300] "POST /xmlrpc.php HTTP/1.1" 200 401 "-" "Mozilla/5.0 (Windows NT 10.0; Win64; x64) AppleWebKit/537.36 (KHTML, like Gecko) Chrome/95.0.4638.69 Safari/537.36"
141.98.11.181 - - [13/Mar/2026:19:48:24 +0300] "POST /xmlrpc.php HTTP/1.1" 200 401 "-" "Mozilla/5.0 (Windows NT 10.0; Win64; x64) AppleWebKit/537.36 (KHTML, like Gecko) Chrome/95.0.4638.69 Safari/537.36"
141.98.11.181 - - [13/Mar/2026:19:48:32 +0300] "POST /xmlrpc.php HTTP/1.1" 200 401 "-" "Mozilla/5.0 (Windows NT 10.0; Win64; x64) AppleWebKit/537.36 (KHTML, like Gecko) Chrome/95.0.4638.69 Safari/537.36"
141.98.11.181 - - [13/Mar/2026:19:48:44 +0300] "POST /xmlrpc.php HTTP/1.1" 200 401 "-" "Mozilla/5.0 (Windows NT 10.0; Win64; x64) AppleWebKit/537.36 (KHTML, like Gecko) Chrome/95.0.4638.69 Safari/537.36"
141.98.11.181 - - [13/Mar/2026:19:48:56 +0300] "POST /xmlrpc.php HTTP/1.1" 200 401 "-" "Mozilla/5.0 (Windows NT 10.0; Win64; x64) AppleWebKit/537.36 (KHTML, like Gecko) Chrome/95.0.4638.69 Safari/537.36"
102.212.247.146 - - [13/Mar/2026:19:47:50 +0300] "POST /wp-cron.php?doing_wp_cron=1773420470.8226699829101562500000 HTTP/1.1" 200 0 "-" "WordPress/6.9.4; https://rafikisprings.co.uk"
102.212.247.146 - - [13/Mar/2026:19:48:56 +0300] "POST /wp-cron.php?doing_wp_cron=1773420536.0229389667510986328125 HTTP/1.1" 200 0 "-" "WordPress/6.9.4; https://rafikisprings.co.uk"
102.212.247.146 - - [13/Mar/2026:19:59:52 +0300] "POST /wp-cron.php?doing_wp_cron=1773421191.6580059528350830078125 HTTP/1.1" 200 0 "-" "WordPress/6.9.4; https://rafikisprings.co.uk"
102.212.247.146 - - [13/Mar/2026:20:37:12 +0300] "GET /.well-known/acme-challenge/I1OOO3SM6X7BQ4OOUTX3OSDORBA63-M0 HTTP/1.1" 200 64 "-" "Cpanel-HTTP-Client/1.0"
102.212.247.146 - - [13/Mar/2026:20:37:12 +0300] "GET /.well-known/acme-challenge/U8AVX9Q7-YYHLE339EWUXJ12Q9AANS5S HTTP/1.1" 200 64 "-" "Cpanel-HTTP-Client/1.0"
102.212.247.146 - - [13/Mar/2026:20:37:12 +0300] "GET /.well-known/acme-challenge/PS_EIZ-CZJN37NLK_LJG3DU6EGY78DI2 HTTP/1.1" 200 64 "-" "Cpanel-HTTP-Client/1.0"
102.212.247.146 - - [13/Mar/2026:20:37:12 +0300] "GET /.well-known/acme-challenge/9APDKA7M1X-C10ISBO4YG62N1Q-8XX6H HTTP/1.1" 200 64 "-" "Cpanel-HTTP-Client/1.0"
141.98.11.181 - - [13/Mar/2026:21:10:36 +0300] "GET /wp-admin/ HTTP/1.1" 200 0 "-" "Mozilla/5.0 (Windows NT 10.0; Win64; x64) AppleWebKit/605.1.15 (KHTML, like Gecko) Version/14.1.2 Safari/605.1.15"
141.98.11.181 - - [13/Mar/2026:21:12:06 +0300] "POST /wp-login.php HTTP/1.1" 200 0 "http://rafikisprings.co.uk/wp-login.php" "Mozilla/5.0 (X11; Linux x86_64) AppleWebKit/537.36 (KHTML, like Gecko) Chrome/94.0.4606.71 Safari/537.36"
141.98.11.181 - - [13/Mar/2026:21:12:27 +0300] "POST /wp-login.php HTTP/1.1" 200 0 "http://rafikisprings.co.uk/wp-login.php" "Mozilla/5.0 (X11; Linux x86_64) AppleWebKit/537.36 (KHTML, like Gecko) Chrome/93.0.4577.63 Safari/537.36"
102.212.247.146 - - [13/Mar/2026:21:13:35 +0300] "POST /wp-cron.php?doing_wp_cron=1773425614.4109849929809570312500 HTTP/1.1" 200 0 "-" "WordPress/6.9.4; https://rafikisprings.co.uk"
141.98.11.181 - - [13/Mar/2026:21:13:27 +0300] "POST /wp-login.php HTTP/1.1" 503 807 "http://rafikisprings.co.uk/wp-login.php" "Mozilla/5.0 (Macintosh; Intel Mac OS X 10_15_7) AppleWebKit/605.1.15 (KHTML, like Gecko) Version/14.0.3 Safari/605.1.15"
141.98.11.181 - - [13/Mar/2026:21:13:45 +0300] "GET /wp-admin/index.php HTTP/1.1" 302 0 "http://rafikisprings.co.uk/wp-login.php" "Mozilla/5.0 (Windows NT 6.1; Win64; x64) AppleWebKit/537.36 (KHTML, like Gecko) Chrome/94.0.4606.71 Safari/537.36"
141.98.11.181 - - [13/Mar/2026:21:13:56 +0300] "GET /wp-admin/index.php HTTP/1.1" 302 0 "http://rafikisprings.co.uk/wp-login.php" "Mozilla/5.0 (Windows NT 6.1; Win64; x64) AppleWebKit/537.36 (KHTML, like Gecko) Chrome/94.0.4606.71 Safari/537.36"
141.98.11.181 - - [13/Mar/2026:21:14:04 +0300] "POST /wp-login.php HTTP/1.1" 302 0 "http://rafikisprings.co.uk/wp-login.php" "Mozilla/5.0 (Windows NT 6.1; Win64; x64) AppleWebKit/537.36 (KHTML, like Gecko) Chrome/94.0.4606.71 Safari/537.36"
141.98.11.181 - - [13/Mar/2026:21:14:05 +0300] "GET /wp-admin/index.php HTTP/1.1" 302 0 "http://rafikisprings.co.uk/wp-login.php" "Mozilla/5.0 (X11; Linux x86_64; rv:90.0) Gecko/20100101 Firefox/90.0.1"
141.98.11.181 - - [13/Mar/2026:21:14:10 +0300] "GET /wp-admin/index.php HTTP/1.1" 302 0 "http://rafikisprings.co.uk/wp-login.php" "Mozilla/5.0 (X11; Linux x86_64; rv:90.0) Gecko/20100101 Firefox/90.0.1"
141.98.11.181 - - [13/Mar/2026:21:14:15 +0300] "POST /wp-login.php HTTP/1.1" 302 0 "http://rafikisprings.co.uk/wp-login.php" "Mozilla/5.0 (Windows NT 10.0; Win64; x64; rv:91.0) Gecko/20100101 Firefox/91.0"
141.98.11.181 - - [13/Mar/2026:21:14:15 +0300] "GET /wp-admin/index.php HTTP/1.1" 302 0 "http://rafikisprings.co.uk/wp-login.php" "Mozilla/5.0 (Macintosh; Intel Mac OS X 10_15_7) AppleWebKit/605.1.15 (KHTML, like Gecko) Version/14.1.2 Safari/605.1.15"
141.98.11.181 - - [13/Mar/2026:21:14:19 +0300] "GET /wp-admin/index.php HTTP/1.1" 302 0 "http://rafikisprings.co.uk/wp-login.php" "Mozilla/5.0 (Macintosh; Intel Mac OS X 10_15_7) AppleWebKit/605.1.15 (KHTML, like Gecko) Version/14.1.2 Safari/605.1.15"
141.98.11.181 - - [13/Mar/2026:21:14:23 +0300] "POST /wp-login.php HTTP/1.1" 302 0 "http://rafikisprings.co.uk/wp-login.php" "Mozilla/5.0 (Macintosh; Intel Mac OS X 10_15_7) AppleWebKit/537.36 (KHTML, like Gecko) Chrome/94.0.4606.71 Safari/537.36"
141.98.11.181 - - [13/Mar/2026:21:14:24 +0300] "GET /wp-admin/index.php HTTP/1.1" 302 0 "http://rafikisprings.co.uk/wp-login.php" "Mozilla/5.0 (Windows NT 10.0; Win64; x64) AppleWebKit/605.1.15 (KHTML, like Gecko) Version/14.1 Safari/605.1.15"
141.98.11.181 - - [13/Mar/2026:21:14:27 +0300] "GET /wp-admin/index.php HTTP/1.1" 302 0 "http://rafikisprings.co.uk/wp-login.php" "Mozilla/5.0 (Windows NT 10.0; Win64; x64) AppleWebKit/605.1.15 (KHTML, like Gecko) Version/14.1 Safari/605.1.15"
141.98.11.181 - - [13/Mar/2026:21:14:31 +0300] "POST /wp-login.php HTTP/1.1" 302 0 "http://rafikisprings.co.uk/wp-login.php" "Mozilla/5.0 (Windows NT 6.1; Win64; x64; rv:89.0) Gecko/20100101 Firefox/89.0.2"
141.98.11.181 - - [13/Mar/2026:21:14:32 +0300] "GET /wp-admin/index.php HTTP/1.1" 302 0 "http://rafikisprings.co.uk/wp-login.php" "Mozilla/5.0 (Macintosh; Intel Mac OS X 10_15_7) AppleWebKit/537.36 (KHTML, like Gecko) Chrome/93.0.4577.63 Safari/537.36"
141.98.11.181 - - [13/Mar/2026:21:14:35 +0300] "GET /wp-admin/index.php HTTP/1.1" 302 0 "http://rafikisprings.co.uk/wp-login.php" "Mozilla/5.0 (Macintosh; Intel Mac OS X 10_15_7) AppleWebKit/537.36 (KHTML, like Gecko) Chrome/93.0.4577.63 Safari/537.36"
141.98.11.181 - - [13/Mar/2026:21:14:41 +0300] "POST /wp-login.php HTTP/1.1" 302 0 "http://rafikisprings.co.uk/wp-login.php" "Mozilla/5.0 (X11; Linux x86_64) AppleWebKit/537.36 (KHTML, like Gecko) Chrome/90.0.4430.212 Safari/537.36"
141.98.11.181 - - [13/Mar/2026:21:14:43 +0300] "GET /wp-admin/index.php HTTP/1.1" 302 0 "http://rafikisprings.co.uk/wp-login.php" "Mozilla/5.0 (X11; Linux x86_64) AppleWebKit/537.36 (KHTML, like Gecko) Chrome/91.0.4472.124 Safari/537.36"
141.98.11.181 - - [13/Mar/2026:21:14:47 +0300] "GET /wp-admin/index.php HTTP/1.1" 302 0 "http://rafikisprings.co.uk/wp-login.php" "Mozilla/5.0 (X11; Linux x86_64) AppleWebKit/537.36 (KHTML, like Gecko) Chrome/91.0.4472.124 Safari/537.36"
141.98.11.181 - - [13/Mar/2026:21:14:52 +0300] "POST /wp-login.php HTTP/1.1" 302 0 "http://rafikisprings.co.uk/wp-login.php" "Mozilla/5.0 (Macintosh; Intel Mac OS X 10_15_7) AppleWebKit/537.36 (KHTML, like Gecko) Chrome/90.0.4430.212 Safari/537.36"
141.98.11.181 - - [13/Mar/2026:21:14:53 +0300] "GET /wp-admin/index.php HTTP/1.1" 302 0 "http://rafikisprings.co.uk/wp-login.php" "Mozilla/5.0 (Macintosh; Intel Mac OS X 10_15_7) AppleWebKit/537.36 (KHTML, like Gecko) Chrome/92.0.4515.131 Safari/537.36"
141.98.11.181 - - [13/Mar/2026:21:14:58 +0300] "GET /wp-admin/index.php HTTP/1.1" 302 0 "http://rafikisprings.co.uk/wp-login.php" "Mozilla/5.0 (Macintosh; Intel Mac OS X 10_15_7) AppleWebKit/537.36 (KHTML, like Gecko) Chrome/92.0.4515.131 Safari/537.36"
141.98.11.181 - - [13/Mar/2026:21:15:03 +0300] "POST /wp-login.php HTTP/1.1" 302 0 "http://rafikisprings.co.uk/wp-login.php" "Mozilla/5.0 (Windows NT 6.1; Win64; x64) AppleWebKit/537.36 (KHTML, like Gecko) Chrome/90.0.4430.212 Safari/537.36"
141.98.11.181 - - [13/Mar/2026:21:15:05 +0300] "GET /wp-admin/index.php HTTP/1.1" 302 0 "http://rafikisprings.co.uk/wp-login.php" "Mozilla/5.0 (Windows NT 10.0; Win64; x64) AppleWebKit/605.1.15 (KHTML, like Gecko) Version/15.0 Safari/605.1.15"
141.98.11.181 - - [13/Mar/2026:21:15:09 +0300] "GET /wp-admin/index.php HTTP/1.1" 302 0 "http://rafikisprings.co.uk/wp-login.php" "Mozilla/5.0 (Windows NT 10.0; Win64; x64) AppleWebKit/605.1.15 (KHTML, like Gecko) Version/15.0 Safari/605.1.15"
141.98.11.181 - - [13/Mar/2026:21:15:14 +0300] "POST /wp-login.php HTTP/1.1" 302 0 "http://rafikisprings.co.uk/wp-login.php" "Mozilla/5.0 (Windows NT 6.1; Win64; x64; rv:90.0) Gecko/20100101 Firefox/90.0.1"
141.98.11.181 - - [13/Mar/2026:21:15:16 +0300] "GET /wp-admin/index.php HTTP/1.1" 302 0 "http://rafikisprings.co.uk/wp-login.php" "Mozilla/5.0 (Macintosh; Intel Mac OS X 10_15_7) AppleWebKit/537.36 (KHTML, like Gecko) Chrome/90.0.4430.212 Safari/537.36"
141.98.11.181 - - [13/Mar/2026:21:15:24 +0300] "GET /wp-admin/index.php HTTP/1.1" 302 0 "http://rafikisprings.co.uk/wp-login.php" "Mozilla/5.0 (Macintosh; Intel Mac OS X 10_15_7) AppleWebKit/537.36 (KHTML, like Gecko) Chrome/90.0.4430.212 Safari/537.36"
141.98.11.181 - - [13/Mar/2026:21:15:37 +0300] "POST /wp-login.php HTTP/1.1" 302 0 "http://rafikisprings.co.uk/wp-login.php" "Mozilla/5.0 (Windows NT 10.0; Win64; x64) AppleWebKit/537.36 (KHTML, like Gecko) Chrome/94.0.4606.71 Safari/537.36"
141.98.11.181 - - [13/Mar/2026:21:15:43 +0300] "GET /wp-admin/index.php HTTP/1.1" 302 0 "http://rafikisprings.co.uk/wp-login.php" "Mozilla/5.0 (Windows NT 10.0; Win64; x64) AppleWebKit/605.1.15 (KHTML, like Gecko) Version/14.0.3 Safari/605.1.15"
102.212.247.146 - - [13/Mar/2026:21:12:16 +0300] "POST /wp-cron.php?doing_wp_cron=1773425536.3142890930175781250000 HTTP/1.1" 200 0 "-" "WordPress/6.9.4; https://rafikisprings.co.uk"
102.212.247.146 - - [13/Mar/2026:21:12:30 +0300] "POST /wp-cron.php?doing_wp_cron=1773425550.4092109203338623046875 HTTP/1.1" 200 0 "-" "WordPress/6.9.4; https://rafikisprings.co.uk"
141.98.11.181 - - [13/Mar/2026:21:12:47 +0300] "POST /wp-login.php HTTP/1.1" 200 0 "http://rafikisprings.co.uk/wp-login.php" "Mozilla/5.0 (Windows NT 6.1; Win64; x64; rv:91.0) Gecko/20100101 Firefox/91.0"
141.98.11.181 - - [13/Mar/2026:21:16:29 +0300] "GET /wp-admin/index.php HTTP/1.1" 302 0 "http://rafikisprings.co.uk/wp-login.php" "Mozilla/5.0 (Windows NT 10.0; Win64; x64; rv:90.0) Gecko/20100101 Firefox/90.0.1"
141.98.11.181 - - [13/Mar/2026:21:17:22 +0300] "GET /wp-admin/index.php HTTP/1.1" 302 0 "http://rafikisprings.co.uk/wp-login.php" "Mozilla/5.0 (Macintosh; Intel Mac OS X 10_15_7) AppleWebKit/537.36 (KHTML, like Gecko) Chrome/92.0.4515.131 Safari/537.36"
141.98.11.181 - - [13/Mar/2026:21:17:27 +0300] "POST /wp-login.php HTTP/1.1" 302 0 "http://rafikisprings.co.uk/wp-login.php" "Mozilla/5.0 (Macintosh; Intel Mac OS X 10_15_7) AppleWebKit/605.1.15 (KHTML, like Gecko) Version/14.1.2 Safari/605.1.15"
141.98.11.181 - - [13/Mar/2026:21:17:39 +0300] "GET /wp-admin/index.php HTTP/1.1" 200 0 "http://rafikisprings.co.uk/wp-login.php" "Mozilla/5.0 (Macintosh; Intel Mac OS X 10_15_7) AppleWebKit/605.1.15 (KHTML, like Gecko) Version/14.1 Safari/605.1.15"
141.98.11.181 - - [13/Mar/2026:21:18:15 +0300] "POST /wp-login.php HTTP/1.1" 302 0 "http://rafikisprings.co.uk/wp-login.php" "Mozilla/5.0 (Windows NT 6.1; Win64; x64) AppleWebKit/537.36 (KHTML, like Gecko) Chrome/94.0.4606.71 Safari/537.36"
141.98.11.181 - - [13/Mar/2026:21:18:32 +0300] "GET /wp-admin/index.php HTTP/1.1" 200 0 "http://rafikisprings.co.uk/wp-login.php" "Mozilla/5.0 (Windows NT 10.0; Win64; x64) AppleWebKit/605.1.15 (KHTML, like Gecko) Version/14.1 Safari/605.1.15"
102.212.247.146 - - [13/Mar/2026:21:18:56 +0300] "POST /wp-cron.php?doing_wp_cron=1773425936.3122448921203613281250 HTTP/1.1" 200 0 "-" "WordPress/6.9.4; https://rafikisprings.co.uk"
141.98.11.181 - - [13/Mar/2026:21:20:37 +0300] "POST /wp-login.php HTTP/1.1" 200 0 "http://rafikisprings.co.uk/wp-login.php" "Mozilla/5.0 (Macintosh; Intel Mac OS X 10_15_7; rv:93.0) Gecko/20100101 Firefox/93.0"
102.212.247.146 - - [13/Mar/2026:21:21:14 +0300] "POST /wp-cron.php?doing_wp_cron=1773426073.2080259323120117187500 HTTP/1.1" 200 0 "-" "WordPress/6.9.4; https://rafikisprings.co.uk"
141.98.11.181 - - [13/Mar/2026:21:21:17 +0300] "POST /wp-login.php HTTP/1.1" 200 0 "http://rafikisprings.co.uk/wp-login.php" "Mozilla/5.0 (Macintosh; Intel Mac OS X 10_15_7) AppleWebKit/537.36 (KHTML, like Gecko) Chrome/92.0.4515.131 Safari/537.36"
141.98.11.181 - - [13/Mar/2026:21:21:40 +0300] "GET /wp-admin/index.php HTTP/1.1" 200 0 "http://rafikisprings.co.uk/wp-login.php" "Mozilla/5.0 (Windows NT 10.0; Win64; x64) AppleWebKit/605.1.15 (KHTML, like Gecko) Version/14.1.2 Safari/605.1.15"
141.98.11.181 - - [13/Mar/2026:21:21:46 +0300] "POST /wp-login.php HTTP/1.1" 200 0 "http://rafikisprings.co.uk/wp-login.php" "Mozilla/5.0 (Macintosh; Intel Mac OS X 10_15_7; rv:93.0) Gecko/20100101 Firefox/93.0"
141.98.11.181 - - [13/Mar/2026:21:22:08 +0300] "GET /wp-admin/index.php HTTP/1.1" 200 0 "http://rafikisprings.co.uk/wp-login.php" "Mozilla/5.0 (Windows NT 6.1; Win64; x64) AppleWebKit/537.36 (KHTML, like Gecko) Chrome/92.0.4515.131 Safari/537.36"
141.98.11.181 - - [13/Mar/2026:21:23:39 +0300] "POST /wp-login.php HTTP/1.1" 302 0 "http://rafikisprings.co.uk/wp-login.php" "Mozilla/5.0 (Windows NT 6.1; Win64; x64; rv:89.0) Gecko/20100101 Firefox/89.0.2"
141.98.11.181 - - [13/Mar/2026:21:23:46 +0300] "GET /wp-admin/index.php HTTP/1.1" 302 0 "http://rafikisprings.co.uk/wp-login.php" "Mozilla/5.0 (Macintosh; Intel Mac OS X 10_15_7) AppleWebKit/537.36 (KHTML, like Gecko) Chrome/92.0.4515.131 Safari/537.36"
141.98.11.181 - - [13/Mar/2026:21:10:16 +0300] "GET /wp-login.php HTTP/1.1" 200 0 "-" "Mozilla/5.0 (Macintosh; Intel Mac OS X 10_15_7) AppleWebKit/605.1.15 (KHTML, like Gecko) Version/14.1 Safari/605.1.15"
141.98.11.181 - - [13/Mar/2026:21:10:57 +0300] "GET / HTTP/1.1" 200 0 "-" "Mozilla/5.0 (Windows NT 10.0; Win64; x64) AppleWebKit/537.36 (KHTML, like Gecko) Chrome/90.0.4430.212 Safari/537.36"
141.98.11.181 - - [13/Mar/2026:21:16:03 +0300] "POST /wp-login.php HTTP/1.1" 302 0 "http://rafikisprings.co.uk/wp-login.php" "Mozilla/5.0 (Macintosh; Intel Mac OS X 10_15_7) AppleWebKit/605.1.15 (KHTML, like Gecko) Version/14.0.3 Safari/605.1.15"
141.98.11.181 - - [13/Mar/2026:21:16:09 +0300] "GET /wp-admin/index.php HTTP/1.1" 302 0 "http://rafikisprings.co.uk/wp-login.php" "Mozilla/5.0 (Windows NT 10.0; Win64; x64) AppleWebKit/537.36 (KHTML, like Gecko) Chrome/91.0.4472.124 Safari/537.36"
141.98.11.181 - - [13/Mar/2026:21:16:50 +0300] "POST /wp-login.php HTTP/1.1" 302 0 "http://rafikisprings.co.uk/wp-login.php" "Mozilla/5.0 (Windows NT 6.1; Win64; x64) AppleWebKit/537.36 (KHTML, like Gecko) Chrome/94.0.4606.71 Safari/537.36"
141.98.11.181 - - [13/Mar/2026:21:16:56 +0300] "GET /wp-admin/index.php HTTP/1.1" 302 0 "http://rafikisprings.co.uk/wp-login.php" "Mozilla/5.0 (Windows NT 10.0; Win64; x64) AppleWebKit/537.36 (KHTML, like Gecko) Chrome/94.0.4606.71 Safari/537.36"
141.98.11.181 - - [13/Mar/2026:21:17:49 +0300] "POST /wp-login.php HTTP/1.1" 302 0 "http://rafikisprings.co.uk/wp-login.php" "Mozilla/5.0 (X11; Linux x86_64) AppleWebKit/537.36 (KHTML, like Gecko) Chrome/93.0.4577.63 Safari/537.36"
141.98.11.181 - - [13/Mar/2026:21:18:05 +0300] "GET /wp-admin/index.php HTTP/1.1" 200 0 "http://rafikisprings.co.uk/wp-login.php" "Mozilla/5.0 (Windows NT 10.0; Win64; x64) AppleWebKit/605.1.15 (KHTML, like Gecko) Version/14.1 Safari/605.1.15"
141.98.11.181 - - [13/Mar/2026:21:19:07 +0300] "POST /wp-login.php HTTP/1.1" 302 0 "http://rafikisprings.co.uk/wp-login.php" "Mozilla/5.0 (Windows NT 10.0; Win64; x64) AppleWebKit/605.1.15 (KHTML, like Gecko) Version/14.1.1 Safari/605.1.15"
141.98.11.181 - - [13/Mar/2026:21:19:26 +0300] "GET /wp-admin/index.php HTTP/1.1" 200 0 "http://rafikisprings.co.uk/wp-login.php" "Mozilla/5.0 (Windows NT 10.0; Win64; x64) AppleWebKit/537.36 (KHTML, like Gecko) Chrome/90.0.4430.212 Safari/537.36"
141.98.11.181 - - [13/Mar/2026:21:19:36 +0300] "POST /wp-login.php HTTP/1.1" 200 0 "http://rafikisprings.co.uk/wp-login.php" "Mozilla/5.0 (Windows NT 10.0; Win64; x64) AppleWebKit/605.1.15 (KHTML, like Gecko) Version/14.1 Safari/605.1.15"
141.98.11.181 - - [13/Mar/2026:21:22:45 +0300] "POST /wp-login.php HTTP/1.1" 200 0 "http://rafikisprings.co.uk/wp-login.php" "Mozilla/5.0 (Macintosh; Intel Mac OS X 10_15_7) AppleWebKit/537.36 (KHTML, like Gecko) Chrome/94.0.4606.71 Safari/537.36"
141.98.11.181 - - [13/Mar/2026:21:23:09 +0300] "GET /wp-admin/index.php HTTP/1.1" 503 807 "http://rafikisprings.co.uk/wp-login.php" "Mozilla/5.0 (Macintosh; Intel Mac OS X 10_15_7) AppleWebKit/605.1.15 (KHTML, like Gecko) Version/14.0.3 Safari/605.1.15"
141.98.11.181 - - [13/Mar/2026:21:24:34 +0300] "POST /wp-login.php HTTP/1.1" 302 0 "http://rafikisprings.co.uk/wp-login.php" "Mozilla/5.0 (Windows NT 10.0; Win64; x64) AppleWebKit/605.1.15 (KHTML, like Gecko) Version/14.1.2 Safari/605.1.15"
141.98.11.181 - - [13/Mar/2026:21:24:41 +0300] "GET /wp-admin/index.php HTTP/1.1" 302 0 "http://rafikisprings.co.uk/wp-login.php" "Mozilla/5.0 (Windows NT 10.0; Win64; x64) AppleWebKit/537.36 (KHTML, like Gecko) Chrome/94.0.4606.71 Safari/537.36"
141.98.11.181 - - [13/Mar/2026:21:25:23 +0300] "GET /wp-admin/index.php HTTP/1.1" 302 0 "http://rafikisprings.co.uk/wp-login.php" "Mozilla/5.0 (Macintosh; Intel Mac OS X 10_15_7) AppleWebKit/537.36 (KHTML, like Gecko) Chrome/91.0.4472.124 Safari/537.36"
141.98.11.181 - - [13/Mar/2026:21:26:34 +0300] "POST /wp-login.php HTTP/1.1" 302 0 "http://rafikisprings.co.uk/wp-login.php" "Mozilla/5.0 (X11; Linux x86_64; rv:90.0) Gecko/20100101 Firefox/90.0.1"
141.98.11.181 - - [13/Mar/2026:21:16:45 +0300] "GET /wp-admin/index.php HTTP/1.1" 302 0 "http://rafikisprings.co.uk/wp-login.php" "Mozilla/5.0 (Macintosh; Intel Mac OS X 10_15_7) AppleWebKit/537.36 (KHTML, like Gecko) Chrome/91.0.4472.124 Safari/537.36"
141.98.11.181 - - [13/Mar/2026:21:17:06 +0300] "POST /wp-login.php HTTP/1.1" 302 0 "http://rafikisprings.co.uk/wp-login.php" "Mozilla/5.0 (Macintosh; Intel Mac OS X 10_15_7; rv:92.0) Gecko/20100101 Firefox/92.0"
141.98.11.181 - - [13/Mar/2026:21:17:17 +0300] "GET /wp-admin/index.php HTTP/1.1" 302 0 "http://rafikisprings.co.uk/wp-login.php" "Mozilla/5.0 (Macintosh; Intel Mac OS X 10_15_7) AppleWebKit/537.36 (KHTML, like Gecko) Chrome/92.0.4515.131 Safari/537.36"
141.98.11.181 - - [13/Mar/2026:21:23:10 +0300] "GET /wp-admin/index.php HTTP/1.1" 503 807 "http://rafikisprings.co.uk/wp-login.php" "Mozilla/5.0 (Macintosh; Intel Mac OS X 10_15_7) AppleWebKit/605.1.15 (KHTML, like Gecko) Version/14.0.3 Safari/605.1.15"
141.98.11.181 - - [13/Mar/2026:21:24:52 +0300] "POST /wp-login.php HTTP/1.1" 302 0 "http://rafikisprings.co.uk/wp-login.php" "Mozilla/5.0 (Macintosh; Intel Mac OS X 10_15_7) AppleWebKit/537.36 (KHTML, like Gecko) Chrome/94.0.4606.71 Safari/537.36"
141.98.11.181 - - [13/Mar/2026:21:25:00 +0300] "GET /wp-admin/index.php HTTP/1.1" 302 0 "http://rafikisprings.co.uk/wp-login.php" "Mozilla/5.0 (Windows NT 6.1; Win64; x64) AppleWebKit/537.36 (KHTML, like Gecko) Chrome/90.0.4430.212 Safari/537.36"
141.98.11.181 - - [13/Mar/2026:21:25:10 +0300] "POST /wp-login.php HTTP/1.1" 302 0 "http://rafikisprings.co.uk/wp-login.php" "Mozilla/5.0 (Macintosh; Intel Mac OS X 10_15_7) AppleWebKit/605.1.15 (KHTML, like Gecko) Version/14.1 Safari/605.1.15"
141.98.11.181 - - [13/Mar/2026:21:25:18 +0300] "GET /wp-admin/index.php HTTP/1.1" 302 0 "http://rafikisprings.co.uk/wp-login.php" "Mozilla/5.0 (Macintosh; Intel Mac OS X 10_15_7) AppleWebKit/537.36 (KHTML, like Gecko) Chrome/91.0.4472.124 Safari/537.36"
141.98.11.181 - - [13/Mar/2026:21:11:46 +0300] "POST /wp-login.php HTTP/1.1" 200 0 "http://rafikisprings.co.uk/wp-login.php" "Mozilla/5.0 (Windows NT 10.0; Win64; x64; rv:90.0) Gecko/20100101 Firefox/90.0.1"
102.212.247.146 - - [13/Mar/2026:21:17:11 +0300] "POST /wp-cron.php?doing_wp_cron=1773425831.6234800815582275390625 HTTP/1.1" 200 0 "-" "WordPress/6.9.4; https://rafikisprings.co.uk"
141.98.11.181 - - [13/Mar/2026:21:17:01 +0300] "GET /wp-admin/index.php HTTP/1.1" 302 0 "http://rafikisprings.co.uk/wp-login.php" "Mozilla/5.0 (Windows NT 10.0; Win64; x64) AppleWebKit/537.36 (KHTML, like Gecko) Chrome/94.0.4606.71 Safari/537.36"
141.98.11.181 - - [13/Mar/2026:21:18:37 +0300] "GET /wp-admin/index.php HTTP/1.1" 200 0 "http://rafikisprings.co.uk/wp-login.php" "Mozilla/5.0 (Windows NT 10.0; Win64; x64) AppleWebKit/605.1.15 (KHTML, like Gecko) Version/14.1 Safari/605.1.15"
141.98.11.181 - - [13/Mar/2026:21:18:42 +0300] "POST /wp-login.php HTTP/1.1" 302 0 "http://rafikisprings.co.uk/wp-login.php" "Mozilla/5.0 (Windows NT 6.1; Win64; x64) AppleWebKit/537.36 (KHTML, like Gecko) Chrome/94.0.4606.71 Safari/537.36"
141.98.11.181 - - [13/Mar/2026:21:18:56 +0300] "GET /wp-admin/index.php HTTP/1.1" 200 0 "http://rafikisprings.co.uk/wp-login.php" "Mozilla/5.0 (Macintosh; Intel Mac OS X 10_15_7) AppleWebKit/605.1.15 (KHTML, like Gecko) Version/14.1.2 Safari/605.1.15"
141.98.11.181 - - [13/Mar/2026:21:20:17 +0300] "POST /wp-login.php HTTP/1.1" 200 0 "http://rafikisprings.co.uk/wp-login.php" "Mozilla/5.0 (Macintosh; Intel Mac OS X 10_15_7) AppleWebKit/605.1.15 (KHTML, like Gecko) Version/14.1.1 Safari/605.1.15"
141.98.11.181 - - [13/Mar/2026:21:22:20 +0300] "GET /wp-admin/index.php HTTP/1.1" 200 0 "http://rafikisprings.co.uk/wp-login.php" "Mozilla/5.0 (Windows NT 10.0; Win64; x64) AppleWebKit/537.36 (KHTML, like Gecko) Chrome/92.0.4515.131 Safari/537.36"
141.98.11.181 - - [13/Mar/2026:21:22:25 +0300] "POST /wp-login.php HTTP/1.1" 200 0 "http://rafikisprings.co.uk/wp-login.php" "Mozilla/5.0 (Windows NT 6.1; Win64; x64) AppleWebKit/537.36 (KHTML, like Gecko) Chrome/90.0.4430.212 Safari/537.36"
141.98.11.181 - - [13/Mar/2026:21:23:51 +0300] "GET /wp-admin/index.php HTTP/1.1" 302 0 "http://rafikisprings.co.uk/wp-login.php" "Mozilla/5.0 (Macintosh; Intel Mac OS X 10_15_7) AppleWebKit/537.36 (KHTML, like Gecko) Chrome/92.0.4515.131 Safari/537.36"
141.98.11.181 - - [13/Mar/2026:21:23:57 +0300] "POST /wp-login.php HTTP/1.1" 302 0 "http://rafikisprings.co.uk/wp-login.php" "Mozilla/5.0 (X11; Linux x86_64) AppleWebKit/537.36 (KHTML, like Gecko) Chrome/93.0.4577.63 Safari/537.36"
141.98.11.181 - - [13/Mar/2026:21:24:01 +0300] "GET /wp-admin/index.php HTTP/1.1" 302 0 "http://rafikisprings.co.uk/wp-login.php" "Mozilla/5.0 (X11; Linux x86_64; rv:92.0) Gecko/20100101 Firefox/92.0"
141.98.11.181 - - [13/Mar/2026:21:24:06 +0300] "GET /wp-admin/index.php HTTP/1.1" 302 0 "http://rafikisprings.co.uk/wp-login.php" "Mozilla/5.0 (X11; Linux x86_64; rv:92.0) Gecko/20100101 Firefox/92.0"
141.98.11.181 - - [13/Mar/2026:21:24:15 +0300] "POST /wp-login.php HTTP/1.1" 302 0 "http://rafikisprings.co.uk/wp-login.php" "Mozilla/5.0 (Windows NT 10.0; Win64; x64) AppleWebKit/605.1.15 (KHTML, like Gecko) Version/14.1.2 Safari/605.1.15"
141.98.11.181 - - [13/Mar/2026:21:24:24 +0300] "GET /wp-admin/index.php HTTP/1.1" 302 0 "http://rafikisprings.co.uk/wp-login.php" "Mozilla/5.0 (Windows NT 6.1; Win64; x64) AppleWebKit/537.36 (KHTML, like Gecko) Chrome/94.0.4606.71 Safari/537.36"
141.98.11.181 - - [13/Mar/2026:21:25:28 +0300] "POST /wp-login.php HTTP/1.1" 302 0 "http://rafikisprings.co.uk/wp-login.php" "Mozilla/5.0 (X11; Linux x86_64) AppleWebKit/537.36 (KHTML, like Gecko) Chrome/90.0.4430.212 Safari/537.36"
141.98.11.181 - - [13/Mar/2026:21:25:36 +0300] "GET /wp-admin/index.php HTTP/1.1" 302 0 "http://rafikisprings.co.uk/wp-login.php" "Mozilla/5.0 (Windows NT 10.0; Win64; x64; rv:93.0) Gecko/20100101 Firefox/93.0"
102.212.247.146 - - [13/Mar/2026:21:11:29 +0300] "POST /wp-cron.php?doing_wp_cron=1773425488.8128459453582763671875 HTTP/1.1" 200 0 "-" "WordPress/6.9.4; https://rafikisprings.co.uk"
102.212.247.146 - - [13/Mar/2026:21:13:50 +0300] "POST /wp-cron.php?doing_wp_cron=1773425630.5430119037628173828125 HTTP/1.1" 200 0 "-" "WordPress/6.9.4; https://rafikisprings.co.uk"
102.212.247.146 - - [13/Mar/2026:21:17:04 +0300] "POST /wp-cron.php?doing_wp_cron=1773425823.9326460361480712890625 HTTP/1.1" 200 0 "-" "WordPress/6.9.4; https://rafikisprings.co.uk"
141.98.11.181 - - [13/Mar/2026:21:19:56 +0300] "POST /wp-login.php HTTP/1.1" 200 0 "http://rafikisprings.co.uk/wp-login.php" "Mozilla/5.0 (Windows NT 6.1; Win64; x64) AppleWebKit/537.36 (KHTML, like Gecko) Chrome/94.0.4606.71 Safari/537.36"
141.98.11.181 - - [13/Mar/2026:21:20:57 +0300] "POST /wp-login.php HTTP/1.1" 200 0 "http://rafikisprings.co.uk/wp-login.php" "Mozilla/5.0 (Windows NT 6.1; Win64; x64) AppleWebKit/537.36 (KHTML, like Gecko) Chrome/91.0.4472.124 Safari/537.36"
141.98.11.181 - - [13/Mar/2026:21:22:07 +0300] "GET /wp-admin/index.php HTTP/1.1" 503 807 "http://rafikisprings.co.uk/wp-login.php" "Mozilla/5.0 (Windows NT 6.1; Win64; x64) AppleWebKit/537.36 (KHTML, like Gecko) Chrome/92.0.4515.131 Safari/537.36"
141.98.11.181 - - [13/Mar/2026:21:22:13 +0300] "POST /wp-login.php HTTP/1.1" 503 807 "http://rafikisprings.co.uk/wp-login.php" "Mozilla/5.0 (Windows NT 6.1; Win64; x64) AppleWebKit/537.36 (KHTML, like Gecko) Chrome/93.0.4577.63 Safari/537.36"
141.98.11.181 - - [13/Mar/2026:21:22:15 +0300] "GET /wp-admin/index.php HTTP/1.1" 200 0 "http://rafikisprings.co.uk/wp-login.php" "Mozilla/5.0 (Windows NT 10.0; Win64; x64) AppleWebKit/537.36 (KHTML, like Gecko) Chrome/92.0.4515.131 Safari/537.36"
141.98.11.181 - - [13/Mar/2026:21:23:28 +0300] "GET /wp-admin/index.php HTTP/1.1" 302 0 "http://rafikisprings.co.uk/wp-login.php" "Mozilla/5.0 (Windows NT 10.0; Win64; x64) AppleWebKit/537.36 (KHTML, like Gecko) Chrome/94.0.4606.71 Safari/537.36"
141.98.11.181 - - [13/Mar/2026:21:25:47 +0300] "POST /wp-login.php HTTP/1.1" 302 0 "http://rafikisprings.co.uk/wp-login.php" "Mozilla/5.0 (Windows NT 10.0; Win64; x64; rv:91.0) Gecko/20100101 Firefox/91.0"
